[INFO] fetching crate xql-sqlx-mysql 0.2.0...
[INFO] testing xql-sqlx-mysql-0.2.0 against beta-2023-04-20 for beta-1.70-1
[INFO] extracting crate xql-sqlx-mysql 0.2.0 into /workspace/builds/worker-3-tc2/source
[INFO] validating manifest of crates.io crate xql-sqlx-mysql 0.2.0 on toolchain beta-2023-04-20
[INFO] running `Command { std: CARGO_HOME="/workspace/cargo-home" RUSTUP_HOME="/workspace/rustup-home" "/workspace/cargo-home/bin/cargo" "+beta-2023-04-20" "metadata" "--manifest-path" "Cargo.toml" "--no-deps", kill_on_drop: false }`
[INFO] started tweaking crates.io crate xql-sqlx-mysql 0.2.0
[INFO] finished tweaking crates.io crate xql-sqlx-mysql 0.2.0
[INFO] tweaked toml for crates.io crate xql-sqlx-mysql 0.2.0 written to /workspace/builds/worker-3-tc2/source/Cargo.toml
[INFO] running `Command { std: CARGO_HOME="/workspace/cargo-home" RUSTUP_HOME="/workspace/rustup-home" __CARGO_TEST_CHANNEL_OVERRIDE_DO_NOT_USE_THIS="nightly" "/workspace/cargo-home/bin/cargo" "+beta-2023-04-20" "generate-lockfile" "--manifest-path" "Cargo.toml" "-Zno-index-update", kill_on_drop: false }`
[INFO] running `Command { std: CARGO_HOME="/workspace/cargo-home" RUSTUP_HOME="/workspace/rustup-home" "/workspace/cargo-home/bin/cargo" "+beta-2023-04-20" "fetch" "--manifest-path" "Cargo.toml", kill_on_drop: false }`
[INFO] [stderr]     Blocking waiting for file lock on package cache
[INFO] [stderr]  Downloading crates ...
[INFO] [stderr]   Downloaded sqlx-rt v0.5.13
[INFO] [stderr]   Downloaded sqlx v0.5.13
[INFO] [stderr]   Downloaded sqlx-macros v0.5.13
[INFO] [stderr]   Downloaded sqlx-core v0.5.13
[INFO] running `Command { std: "docker" "create" "-v" "/var/lib/crater-agent-workspace/builds/worker-3-tc2/target:/opt/rustwide/target:rw,Z" "-v" "/var/lib/crater-agent-workspace/builds/worker-3-tc2/source:/opt/rustwide/workdir:ro,Z" "-v" "/var/lib/crater-agent-workspace/cargo-home:/opt/rustwide/cargo-home:ro,Z" "-v" "/var/lib/crater-agent-workspace/rustup-home:/opt/rustwide/rustup-home:ro,Z" "-e" "SOURCE_DIR=/opt/rustwide/workdir" "-e" "CARGO_TARGET_DIR=/opt/rustwide/target" "-e" "CARGO_HOME=/opt/rustwide/cargo-home" "-e" "RUSTUP_HOME=/opt/rustwide/rustup-home" "-w" "/opt/rustwide/workdir" "-m" "1610612736" "--user" "0:0" "--network" "none" "ghcr.io/rust-lang/crates-build-env/linux@sha256:5ff2268d62e97bff2cde7d5815dd6ed5b47097566f13b8d0ca110b04b60e07ed" "/opt/rustwide/cargo-home/bin/cargo" "+beta-2023-04-20" "metadata" "--no-deps" "--format-version=1", kill_on_drop: false }`
[INFO] [stdout] c23dc91158e13e2f70d1e39787b32430226d9ac5aa4542fcceb3cb29de6e4baa
[INFO] running `Command { std: "docker" "start" "-a" "c23dc91158e13e2f70d1e39787b32430226d9ac5aa4542fcceb3cb29de6e4baa", kill_on_drop: false }`
[INFO] running `Command { std: "docker" "inspect" "c23dc91158e13e2f70d1e39787b32430226d9ac5aa4542fcceb3cb29de6e4baa", kill_on_drop: false }`
[INFO] running `Command { std: "docker" "rm" "-f" "c23dc91158e13e2f70d1e39787b32430226d9ac5aa4542fcceb3cb29de6e4baa", kill_on_drop: false }`
[INFO] [stdout] c23dc91158e13e2f70d1e39787b32430226d9ac5aa4542fcceb3cb29de6e4baa
[INFO] running `Command { std: "docker" "create" "-v" "/var/lib/crater-agent-workspace/builds/worker-3-tc2/target:/opt/rustwide/target:rw,Z" "-v" "/var/lib/crater-agent-workspace/builds/worker-3-tc2/source:/opt/rustwide/workdir:ro,Z" "-v" "/var/lib/crater-agent-workspace/cargo-home:/opt/rustwide/cargo-home:ro,Z" "-v" "/var/lib/crater-agent-workspace/rustup-home:/opt/rustwide/rustup-home:ro,Z" "-e" "SOURCE_DIR=/opt/rustwide/workdir" "-e" "CARGO_TARGET_DIR=/opt/rustwide/target" "-e" "CARGO_INCREMENTAL=0" "-e" "RUST_BACKTRACE=full" "-e" "RUSTFLAGS=--cap-lints=warn" "-e" "RUSTDOCFLAGS=--cap-lints=warn" "-e" "CARGO_HOME=/opt/rustwide/cargo-home" "-e" "RUSTUP_HOME=/opt/rustwide/rustup-home" "-w" "/opt/rustwide/workdir" "-m" "1610612736" "--user" "0:0" "--network" "none" "ghcr.io/rust-lang/crates-build-env/linux@sha256:5ff2268d62e97bff2cde7d5815dd6ed5b47097566f13b8d0ca110b04b60e07ed" "/opt/rustwide/cargo-home/bin/cargo" "+beta-2023-04-20" "build" "--frozen" "--message-format=json", kill_on_drop: false }`
[INFO] [stdout] 299ac8c21659d44198ae0c684493d9ac9afacf3b45e2b5ddd5722aebf18dfbff
[INFO] running `Command { std: "docker" "start" "-a" "299ac8c21659d44198ae0c684493d9ac9afacf3b45e2b5ddd5722aebf18dfbff", kill_on_drop: false }`
[INFO] [stderr]    Compiling typenum v1.16.0
[INFO] [stderr]    Compiling libm v0.2.6
[INFO] [stderr]    Compiling num-traits v0.2.15
[INFO] [stderr]    Compiling num-integer v0.1.45
[INFO] [stderr]    Compiling base64ct v1.6.0
[INFO] [stderr]    Compiling subtle v2.5.0
[INFO] [stderr]    Compiling generic-array v0.14.7
[INFO] [stderr]    Compiling tokio v1.28.0
[INFO] [stderr]    Compiling const-oid v0.7.1
[INFO] [stderr]    Compiling smallvec v1.10.0
[INFO] [stderr]    Compiling getrandom v0.2.9
[INFO] [stderr]    Compiling mio v0.8.6
[INFO] [stderr]    Compiling socket2 v0.4.9
[INFO] [stderr]    Compiling num_cpus v1.15.0
[INFO] [stderr]    Compiling webpki v0.21.4
[INFO] [stderr]    Compiling ahash v0.7.6
[INFO] [stderr]    Compiling rand_core v0.6.4
[INFO] [stderr]    Compiling lock_api v0.4.9
[INFO] [stderr]    Compiling num-iter v0.1.43
[INFO] [stderr]    Compiling memchr v2.5.0
[INFO] [stderr]    Compiling pem-rfc7468 v0.3.1
[INFO] [stderr]    Compiling parking_lot_core v0.8.6
[INFO] [stderr]    Compiling zeroize v1.6.0
[INFO] [stderr]    Compiling rand_chacha v0.3.1
[INFO] [stderr]    Compiling sct v0.6.1
[INFO] [stderr]    Compiling instant v0.1.12
[INFO] [stderr]    Compiling futures-task v0.3.28
[INFO] [stderr]    Compiling scopeguard v1.1.0
[INFO] [stderr]    Compiling num-bigint-dig v0.8.2
[INFO] [stderr]    Compiling crossbeam-utils v0.8.15
[INFO] [stderr]    Compiling rustls v0.19.1
[INFO] [stderr]    Compiling rand v0.8.5
[INFO] [stderr]    Compiling lazy_static v1.4.0
[INFO] [stderr]    Compiling num-bigint v0.3.3
[INFO] [stderr]    Compiling indexmap v1.9.3
[INFO] [stderr]    Compiling futures-sink v0.3.28
[INFO] [stderr]    Compiling byteorder v1.4.3
[INFO] [stderr]    Compiling crossbeam-queue v0.3.8
[INFO] [stderr]    Compiling either v1.8.1
[INFO] [stderr]    Compiling minimal-lexical v0.2.1
[INFO] [stderr]    Compiling cpufeatures v0.2.7
[INFO] [stderr]    Compiling futures-util v0.3.28
[INFO] [stderr]    Compiling paste v1.0.12
[INFO] [stderr]    Compiling futures-channel v0.3.28
[INFO] [stderr]    Compiling itertools v0.10.5
[INFO] [stderr]    Compiling nom v7.1.3
[INFO] [stderr]    Compiling parking_lot v0.11.2
[INFO] [stderr]    Compiling hashbrown v0.11.2
[INFO] [stderr]    Compiling syn v1.0.109
[INFO] [stderr]    Compiling unicode_categories v0.1.1
[INFO] [stderr]    Compiling futures-intrusive v0.4.2
[INFO] [stderr]    Compiling hashlink v0.7.0
[INFO] [stderr]    Compiling atoi v0.4.0
[INFO] [stderr]    Compiling url v2.3.1
[INFO] [stderr]    Compiling crypto-bigint v0.3.2
[INFO] [stderr]    Compiling crypto-common v0.1.6
[INFO] [stderr]    Compiling block-buffer v0.10.4
[INFO] [stderr]    Compiling stringprep v0.1.2
[INFO] [stderr]    Compiling webpki-roots v0.21.1
[INFO] [stderr]    Compiling unicode-segmentation v1.10.1
[INFO] [stderr]    Compiling digest v0.10.6
[INFO] [stderr]    Compiling bitflags v1.3.2
[INFO] [stderr]    Compiling dotenv v0.15.0
[INFO] [stderr]    Compiling sha-1 v0.10.1
[INFO] [stderr]    Compiling sha2 v0.10.6
[INFO] [stderr]    Compiling heck v0.4.1
[INFO] [stderr]    Compiling der v0.5.1
[INFO] [stderr]    Compiling sqlformat v0.1.8
[INFO] [stderr]    Compiling spki v0.5.4
[INFO] [stderr]    Compiling pkcs8 v0.8.0
[INFO] [stderr]    Compiling pkcs1 v0.3.3
[INFO] [stderr]    Compiling tokio-rustls v0.22.0
[INFO] [stderr]    Compiling tokio-stream v0.1.14
[INFO] [stderr]    Compiling rsa v0.6.1
[INFO] [stderr]    Compiling sqlx-rt v0.5.13
[INFO] [stderr]    Compiling sqlx-core v0.5.13
[INFO] [stderr]    Compiling sqlx-macros v0.5.13
[INFO] [stdout] error[E0432]: unresolved import `syn::spanned`
[INFO] [stdout]  --> /opt/rustwide/cargo-home/registry/src/index.crates.io-6f17d22bba15001f/sqlx-macros-0.5.13/src/derives/attributes.rs:4:10
[INFO] [stdout]   |
[INFO] [stdout] 4 | use syn::spanned::Spanned;
[INFO] [stdout]   |          ^^^^^^^ could not find `spanned` in `syn`
[INFO] [stdout] 
[INFO] [stdout] 
[INFO] [stdout] error[E0432]: unresolved import `syn::DeriveInput`
[INFO] [stdout]  --> /opt/rustwide/cargo-home/registry/src/index.crates.io-6f17d22bba15001f/sqlx-macros-0.5.13/src/derives/attributes.rs:6:22
[INFO] [stdout]   |
[INFO] [stdout] 6 | use syn::{Attribute, DeriveInput, Field, Lit, Meta, MetaNameValue, NestedMeta, Variant};
[INFO] [stdout]   |                      ^^^^^^^^^^^ no `DeriveInput` in the root
[INFO] [stdout] 
[INFO] [stdout] 
[INFO] [stdout] error[E0432]: unresolved imports `syn::parse_quote`, `syn::Data`, `syn::DataEnum`, `syn::DataStruct`, `syn::DeriveInput`
[INFO] [stdout]   --> /opt/rustwide/cargo-home/registry/src/index.crates.io-6f17d22bba15001f/sqlx-macros-0.5.13/src/derives/decode.rs:11:5
[INFO] [stdout]    |
[INFO] [stdout] 11 |     parse_quote, Arm, Data, DataEnum, DataStruct, DeriveInput, Field, Fields, FieldsNamed,
[INFO] [stdout]    |     ^^^^^^^^^^^       ^^^^  ^^^^^^^^  ^^^^^^^^^^  ^^^^^^^^^^^ no `DeriveInput` in the root
[INFO] [stdout]    |     |                 |     |         |
[INFO] [stdout]    |     |                 |     |         no `DataStruct` in the root
[INFO] [stdout]    |     |                 |     no `DataEnum` in the root
[INFO] [stdout]    |     |                 no `Data` in the root
[INFO] [stdout]    |     no `parse_quote` in the root
[INFO] [stdout]    |
[INFO] [stdout] help: a similar name exists in the module
[INFO] [stdout]    |
[INFO] [stdout] 11 |     parse_quote, Arm, data, DataEnum, DataStruct, DeriveInput, Field, Fields, FieldsNamed,
[INFO] [stdout]    |                       ~~~~
[INFO] [stdout] help: a similar name exists in the module
[INFO] [stdout]    |
[INFO] [stdout] 11 |     parse_quote, Arm, Data, DataEnum, PatStruct, DeriveInput, Field, Fields, FieldsNamed,
[INFO] [stdout]    |                                       ~~~~~~~~~
[INFO] [stdout] 
[INFO] [stdout] 
[INFO] [stdout] error[E0432]: unresolved imports `syn::parse_quote`, `syn::Data`, `syn::DataEnum`, `syn::DataStruct`, `syn::DeriveInput`
[INFO] [stdout]   --> /opt/rustwide/cargo-home/registry/src/index.crates.io-6f17d22bba15001f/sqlx-macros-0.5.13/src/derives/encode.rs:11:5
[INFO] [stdout]    |
[INFO] [stdout] 11 |     parse_quote, Data, DataEnum, DataStruct, DeriveInput, Expr, Field, Fields, FieldsNamed,
[INFO] [stdout]    |     ^^^^^^^^^^^  ^^^^  ^^^^^^^^  ^^^^^^^^^^  ^^^^^^^^^^^ no `DeriveInput` in the root
[INFO] [stdout]    |     |            |     |         |
[INFO] [stdout]    |     |            |     |         no `DataStruct` in the root
[INFO] [stdout]    |     |            |     no `DataEnum` in the root
[INFO] [stdout]    |     |            no `Data` in the root
[INFO] [stdout]    |     no `parse_quote` in the root
[INFO] [stdout]    |
[INFO] [stdout] help: a similar name exists in the module
[INFO] [stdout]    |
[INFO] [stdout] 11 |     parse_quote, data, DataEnum, DataStruct, DeriveInput, Expr, Field, Fields, FieldsNamed,
[INFO] [stdout]    |                  ~~~~
[INFO] [stdout] help: a similar name exists in the module
[INFO] [stdout]    |
[INFO] [stdout] 11 |     parse_quote, Data, DataEnum, PatStruct, DeriveInput, Expr, Field, Fields, FieldsNamed,
[INFO] [stdout]    |                                  ~~~~~~~~~
[INFO] [stdout] 
[INFO] [stdout] 
[INFO] [stdout] error[E0432]: unresolved imports `syn::parse_quote`, `syn::Data`, `syn::DataStruct`, `syn::DeriveInput`
[INFO] [stdout]  --> /opt/rustwide/cargo-home/registry/src/index.crates.io-6f17d22bba15001f/sqlx-macros-0.5.13/src/derives/row.rs:4:5
[INFO] [stdout]   |
[INFO] [stdout] 4 |     parse_quote, punctuated::Punctuated, token::Comma, Data, DataStruct, DeriveInput, Field,
[INFO] [stdout]   |     ^^^^^^^^^^^                                        ^^^^  ^^^^^^^^^^  ^^^^^^^^^^^ no `DeriveInput` in the root
[INFO] [stdout]   |     |                                                  |     |
[INFO] [stdout]   |     |                                                  |     no `DataStruct` in the root
[INFO] [stdout]   |     no `parse_quote` in the root                       no `Data` in the root
[INFO] [stdout]   |
[INFO] [stdout] help: a similar name exists in the module
[INFO] [stdout]   |
[INFO] [stdout] 4 |     parse_quote, punctuated::Punctuated, token::Comma, data, DataStruct, DeriveInput, Field,
[INFO] [stdout]   |                                                        ~~~~
[INFO] [stdout] help: a similar name exists in the module
[INFO] [stdout]   |
[INFO] [stdout] 4 |     parse_quote, punctuated::Punctuated, token::Comma, Data, PatStruct, DeriveInput, Field,
[INFO] [stdout]   |                                                              ~~~~~~~~~
[INFO] [stdout] 
[INFO] [stdout] 
[INFO] [stdout] error[E0432]: unresolved imports `syn::parse_quote`, `syn::Data`, `syn::DataEnum`, `syn::DataStruct`, `syn::DeriveInput`
[INFO] [stdout]   --> /opt/rustwide/cargo-home/registry/src/index.crates.io-6f17d22bba15001f/sqlx-macros-0.5.13/src/derives/type.rs:10:5
[INFO] [stdout]    |
[INFO] [stdout] 10 |     parse_quote, Data, DataEnum, DataStruct, DeriveInput, Field, Fields, FieldsNamed,
[INFO] [stdout]    |     ^^^^^^^^^^^  ^^^^  ^^^^^^^^  ^^^^^^^^^^  ^^^^^^^^^^^ no `DeriveInput` in the root
[INFO] [stdout]    |     |            |     |         |
[INFO] [stdout]    |     |            |     |         no `DataStruct` in the root
[INFO] [stdout]    |     |            |     no `DataEnum` in the root
[INFO] [stdout]    |     |            no `Data` in the root
[INFO] [stdout]    |     no `parse_quote` in the root
[INFO] [stdout]    |
[INFO] [stdout] help: a similar name exists in the module
[INFO] [stdout]    |
[INFO] [stdout] 10 |     parse_quote, data, DataEnum, DataStruct, DeriveInput, Field, Fields, FieldsNamed,
[INFO] [stdout]    |                  ~~~~
[INFO] [stdout] help: a similar name exists in the module
[INFO] [stdout]    |
[INFO] [stdout] 10 |     parse_quote, Data, DataEnum, PatStruct, DeriveInput, Field, Fields, FieldsNamed,
[INFO] [stdout]    |                                  ~~~~~~~~~
[INFO] [stdout] 
[INFO] [stdout] 
[INFO] [stdout] error[E0432]: unresolved import `syn::DeriveInput`
[INFO] [stdout]   --> /opt/rustwide/cargo-home/registry/src/index.crates.io-6f17d22bba15001f/sqlx-macros-0.5.13/src/derives/mod.rs:16:5
[INFO] [stdout]    |
[INFO] [stdout] 16 | use syn::DeriveInput;
[INFO] [stdout]    |     ^^^^^^^^^^^^^^^^ no `DeriveInput` in the root
[INFO] [stdout] 
[INFO] [stdout] 
[INFO] [stdout] error[E0432]: unresolved import `syn::spanned`
[INFO] [stdout]  --> /opt/rustwide/cargo-home/registry/src/index.crates.io-6f17d22bba15001f/sqlx-macros-0.5.13/src/query/args.rs:7:10
[INFO] [stdout]   |
[INFO] [stdout] 7 | use syn::spanned::Spanned;
[INFO] [stdout]   |          ^^^^^^^ could not find `spanned` in `syn`
[INFO] [stdout] 
[INFO] [stdout] 
[INFO] [stdout] error[E0432]: unresolved import `syn::parse`
[INFO] [stdout]  --> /opt/rustwide/cargo-home/registry/src/index.crates.io-6f17d22bba15001f/sqlx-macros-0.5.13/src/query/input.rs:4:10
[INFO] [stdout]   |
[INFO] [stdout] 4 | use syn::parse::{Parse, ParseStream};
[INFO] [stdout]   |          ^^^^^ could not find `parse` in `syn`
[INFO] [stdout] 
[INFO] [stdout] 
[INFO] [stdout] error[E0432]: unresolved import `syn::parse`
[INFO] [stdout]   --> /opt/rustwide/cargo-home/registry/src/index.crates.io-6f17d22bba15001f/sqlx-macros-0.5.13/src/query/output.rs:12:10
[INFO] [stdout]    |
[INFO] [stdout] 12 | use syn::parse::{Parse, ParseStream};
[INFO] [stdout]    |          ^^^^^ could not find `parse` in `syn`
[INFO] [stdout] 
[INFO] [stdout] 
[INFO] [stdout] error[E0433]: failed to resolve: could not find `parse_macro_input` in `syn`
[INFO] [stdout]   --> /opt/rustwide/cargo-home/registry/src/index.crates.io-6f17d22bba15001f/sqlx-macros-0.5.13/src/lib.rs:29:22
[INFO] [stdout]    |
[INFO] [stdout] 29 |     let input = syn::parse_macro_input!(input as query::QueryMacroInput);
[INFO] [stdout]    |                      ^^^^^^^^^^^^^^^^^ could not find `parse_macro_input` in `syn`
[INFO] [stdout] 
[INFO] [stdout] 
[INFO] [stdout] error[E0433]: failed to resolve: could not find `parse_macro_input` in `syn`
[INFO] [stdout]   --> /opt/rustwide/cargo-home/registry/src/index.crates.io-6f17d22bba15001f/sqlx-macros-0.5.13/src/lib.rs:46:22
[INFO] [stdout]    |
[INFO] [stdout] 46 |     let input = syn::parse_macro_input!(tokenstream as syn::DeriveInput);
[INFO] [stdout]    |                      ^^^^^^^^^^^^^^^^^ could not find `parse_macro_input` in `syn`
[INFO] [stdout] 
[INFO] [stdout] 
[INFO] [stdout] error[E0433]: failed to resolve: could not find `parse_macro_input` in `syn`
[INFO] [stdout]   --> /opt/rustwide/cargo-home/registry/src/index.crates.io-6f17d22bba15001f/sqlx-macros-0.5.13/src/lib.rs:55:22
[INFO] [stdout]    |
[INFO] [stdout] 55 |     let input = syn::parse_macro_input!(tokenstream as syn::DeriveInput);
[INFO] [stdout]    |                      ^^^^^^^^^^^^^^^^^ could not find `parse_macro_input` in `syn`
[INFO] [stdout] 
[INFO] [stdout] 
[INFO] [stdout] error[E0433]: failed to resolve: could not find `parse_macro_input` in `syn`
[INFO] [stdout]   --> /opt/rustwide/cargo-home/registry/src/index.crates.io-6f17d22bba15001f/sqlx-macros-0.5.13/src/lib.rs:64:22
[INFO] [stdout]    |
[INFO] [stdout] 64 |     let input = syn::parse_macro_input!(tokenstream as syn::DeriveInput);
[INFO] [stdout]    |                      ^^^^^^^^^^^^^^^^^ could not find `parse_macro_input` in `syn`
[INFO] [stdout] 
[INFO] [stdout] 
[INFO] [stdout] error[E0433]: failed to resolve: could not find `parse_macro_input` in `syn`
[INFO] [stdout]   --> /opt/rustwide/cargo-home/registry/src/index.crates.io-6f17d22bba15001f/sqlx-macros-0.5.13/src/lib.rs:73:22
[INFO] [stdout]    |
[INFO] [stdout] 73 |     let input = syn::parse_macro_input!(input as syn::DeriveInput);
[INFO] [stdout]    |                      ^^^^^^^^^^^^^^^^^ could not find `parse_macro_input` in `syn`
[INFO] [stdout] 
[INFO] [stdout] 
[INFO] [stdout] error[E0433]: failed to resolve: could not find `parse_macro_input` in `syn`
[INFO] [stdout]    --> /opt/rustwide/cargo-home/registry/src/index.crates.io-6f17d22bba15001f/sqlx-macros-0.5.13/src/lib.rs:103:22
[INFO] [stdout]     |
[INFO] [stdout] 103 |     let input = syn::parse_macro_input!(input as syn::ItemFn);
[INFO] [stdout]     |                      ^^^^^^^^^^^^^^^^^ could not find `parse_macro_input` in `syn`
[INFO] [stdout] 
[INFO] [stdout] 
[INFO] [stdout] error: cannot determine resolution for the macro `parse_quote`
[INFO] [stdout]   --> /opt/rustwide/cargo-home/registry/src/index.crates.io-6f17d22bba15001f/sqlx-macros-0.5.13/src/derives/decode.rs:67:20
[INFO] [stdout]    |
[INFO] [stdout] 67 |         .insert(0, parse_quote!(DB: ::sqlx::Database));
[INFO] [stdout]    |                    ^^^^^^^^^^^
[INFO] [stdout]    |
[INFO] [stdout]    = note: import resolution is stuck, try simplifying macro imports
[INFO] [stdout] 
[INFO] [stdout] 
[INFO] [stdout] error: cannot determine resolution for the macro `parse_quote`
[INFO] [stdout]   --> /opt/rustwide/cargo-home/registry/src/index.crates.io-6f17d22bba15001f/sqlx-macros-0.5.13/src/derives/decode.rs:68:31
[INFO] [stdout]    |
[INFO] [stdout] 68 |     generics.params.insert(0, parse_quote!('r));
[INFO] [stdout]    |                               ^^^^^^^^^^^
[INFO] [stdout]    |
[INFO] [stdout]    = note: import resolution is stuck, try simplifying macro imports
[INFO] [stdout] 
[INFO] [stdout] 
[INFO] [stdout] error: cannot determine resolution for the macro `parse_quote`
[INFO] [stdout]   --> /opt/rustwide/cargo-home/registry/src/index.crates.io-6f17d22bba15001f/sqlx-macros-0.5.13/src/derives/decode.rs:72:15
[INFO] [stdout]    |
[INFO] [stdout] 72 |         .push(parse_quote!(#ty: ::sqlx::decode::Decode<'r, DB>));
[INFO] [stdout]    |               ^^^^^^^^^^^
[INFO] [stdout]    |
[INFO] [stdout]    = note: import resolution is stuck, try simplifying macro imports
[INFO] [stdout] 
[INFO] [stdout] 
[INFO] [stdout] error: cannot determine resolution for the macro `parse_quote`
[INFO] [stdout]    --> /opt/rustwide/cargo-home/registry/src/index.crates.io-6f17d22bba15001f/sqlx-macros-0.5.13/src/derives/decode.rs:155:13
[INFO] [stdout]     |
[INFO] [stdout] 155 |             parse_quote!(#rename => ::std::result::Result::Ok(#ident :: #id),)
[INFO] [stdout]     |             ^^^^^^^^^^^
[INFO] [stdout]     |
[INFO] [stdout]     = note: import resolution is stuck, try simplifying macro imports
[INFO] [stdout] 
[INFO] [stdout] 
[INFO] [stdout] error: cannot determine resolution for the macro `parse_quote`
[INFO] [stdout]    --> /opt/rustwide/cargo-home/registry/src/index.crates.io-6f17d22bba15001f/sqlx-macros-0.5.13/src/derives/decode.rs:159:13
[INFO] [stdout]     |
[INFO] [stdout] 159 |             parse_quote!(#name => ::std::result::Result::Ok(#ident :: #id),)
[INFO] [stdout]     |             ^^^^^^^^^^^
[INFO] [stdout]     |
[INFO] [stdout]     = note: import resolution is stuck, try simplifying macro imports
[INFO] [stdout] 
[INFO] [stdout] 
[INFO] [stdout] error: cannot determine resolution for the macro `parse_quote`
[INFO] [stdout]    --> /opt/rustwide/cargo-home/registry/src/index.crates.io-6f17d22bba15001f/sqlx-macros-0.5.13/src/derives/decode.rs:162:13
[INFO] [stdout]     |
[INFO] [stdout] 162 |             parse_quote!(#name => ::std::result::Result::Ok(#ident :: #id),)
[INFO] [stdout]     |             ^^^^^^^^^^^
[INFO] [stdout]     |
[INFO] [stdout]     = note: import resolution is stuck, try simplifying macro imports
[INFO] [stdout] 
[INFO] [stdout] 
[INFO] [stdout] error: cannot determine resolution for the macro `parse_quote`
[INFO] [stdout]    --> /opt/rustwide/cargo-home/registry/src/index.crates.io-6f17d22bba15001f/sqlx-macros-0.5.13/src/derives/decode.rs:274:35
[INFO] [stdout]     |
[INFO] [stdout] 274 |         generics.params.insert(0, parse_quote!('r));
[INFO] [stdout]     |                                   ^^^^^^^^^^^
[INFO] [stdout]     |
[INFO] [stdout]     = note: import resolution is stuck, try simplifying macro imports
[INFO] [stdout] 
[INFO] [stdout] 
[INFO] [stdout] error: cannot determine resolution for the macro `parse_quote`
[INFO] [stdout]    --> /opt/rustwide/cargo-home/registry/src/index.crates.io-6f17d22bba15001f/sqlx-macros-0.5.13/src/derives/decode.rs:281:29
[INFO] [stdout]     |
[INFO] [stdout] 281 |             predicates.push(parse_quote!(#ty: ::sqlx::decode::Decode<'r, ::sqlx::Postgres>));
[INFO] [stdout]     |                             ^^^^^^^^^^^
[INFO] [stdout]     |
[INFO] [stdout]     = note: import resolution is stuck, try simplifying macro imports
[INFO] [stdout] 
[INFO] [stdout] 
[INFO] [stdout] error: cannot determine resolution for the macro `parse_quote`
[INFO] [stdout]    --> /opt/rustwide/cargo-home/registry/src/index.crates.io-6f17d22bba15001f/sqlx-macros-0.5.13/src/derives/decode.rs:282:29
[INFO] [stdout]     |
[INFO] [stdout] 282 |             predicates.push(parse_quote!(#ty: ::sqlx::types::Type<::sqlx::Postgres>));
[INFO] [stdout]     |                             ^^^^^^^^^^^
[INFO] [stdout]     |
[INFO] [stdout]     = note: import resolution is stuck, try simplifying macro imports
[INFO] [stdout] 
[INFO] [stdout] 
[INFO] [stdout] error: cannot determine resolution for the macro `parse_quote`
[INFO] [stdout]    --> /opt/rustwide/cargo-home/registry/src/index.crates.io-6f17d22bba15001f/sqlx-macros-0.5.13/src/derives/decode.rs:291:13
[INFO] [stdout]     |
[INFO] [stdout] 291 |             parse_quote!(
[INFO] [stdout]     |             ^^^^^^^^^^^
[INFO] [stdout]     |
[INFO] [stdout]     = note: import resolution is stuck, try simplifying macro imports
[INFO] [stdout] 
[INFO] [stdout] 
[INFO] [stdout] error: cannot determine resolution for the macro `parse_quote`
[INFO] [stdout]   --> /opt/rustwide/cargo-home/registry/src/index.crates.io-6f17d22bba15001f/sqlx-macros-0.5.13/src/derives/encode.rs:73:20
[INFO] [stdout]    |
[INFO] [stdout] 73 |         .insert(0, parse_quote!(DB: ::sqlx::Database));
[INFO] [stdout]    |                    ^^^^^^^^^^^
[INFO] [stdout]    |
[INFO] [stdout]    = note: import resolution is stuck, try simplifying macro imports
[INFO] [stdout] 
[INFO] [stdout] 
[INFO] [stdout] error: cannot determine resolution for the macro `parse_quote`
[INFO] [stdout]   --> /opt/rustwide/cargo-home/registry/src/index.crates.io-6f17d22bba15001f/sqlx-macros-0.5.13/src/derives/encode.rs:77:15
[INFO] [stdout]    |
[INFO] [stdout] 77 |         .push(parse_quote!(#ty: ::sqlx::encode::Encode<#lifetime, DB>));
[INFO] [stdout]    |               ^^^^^^^^^^^
[INFO] [stdout]    |
[INFO] [stdout]    = note: import resolution is stuck, try simplifying macro imports
[INFO] [stdout] 
[INFO] [stdout] 
[INFO] [stdout] error: cannot determine resolution for the macro `parse_quote`
[INFO] [stdout]    --> /opt/rustwide/cargo-home/registry/src/index.crates.io-6f17d22bba15001f/sqlx-macros-0.5.13/src/derives/encode.rs:221:23
[INFO] [stdout]     |
[INFO] [stdout] 221 |                 .push(parse_quote!(#ty: for<'q> ::sqlx::encode::Encode<'q, ::sqlx::Postgres>));
[INFO] [stdout]     |                       ^^^^^^^^^^^
[INFO] [stdout]     |
[INFO] [stdout]     = note: import resolution is stuck, try simplifying macro imports
[INFO] [stdout] 
[INFO] [stdout] 
[INFO] [stdout] error: cannot determine resolution for the macro `parse_quote`
[INFO] [stdout]    --> /opt/rustwide/cargo-home/registry/src/index.crates.io-6f17d22bba15001f/sqlx-macros-0.5.13/src/derives/encode.rs:222:29
[INFO] [stdout]     |
[INFO] [stdout] 222 |             predicates.push(parse_quote!(#ty: ::sqlx::types::Type<::sqlx::Postgres>));
[INFO] [stdout]     |                             ^^^^^^^^^^^
[INFO] [stdout]     |
[INFO] [stdout]     = note: import resolution is stuck, try simplifying macro imports
[INFO] [stdout] 
[INFO] [stdout] 
[INFO] [stdout] error: cannot determine resolution for the macro `parse_quote`
[INFO] [stdout]    --> /opt/rustwide/cargo-home/registry/src/index.crates.io-6f17d22bba15001f/sqlx-macros-0.5.13/src/derives/encode.rs:230:13
[INFO] [stdout]     |
[INFO] [stdout] 230 |             parse_quote!(
[INFO] [stdout]     |             ^^^^^^^^^^^
[INFO] [stdout]     |
[INFO] [stdout]     = note: import resolution is stuck, try simplifying macro imports
[INFO] [stdout] 
[INFO] [stdout] 
[INFO] [stdout] error: cannot determine resolution for the macro `parse_quote`
[INFO] [stdout]    --> /opt/rustwide/cargo-home/registry/src/index.crates.io-6f17d22bba15001f/sqlx-macros-0.5.13/src/derives/encode.rs:239:13
[INFO] [stdout]     |
[INFO] [stdout] 239 |             parse_quote!(
[INFO] [stdout]     |             ^^^^^^^^^^^
[INFO] [stdout]     |
[INFO] [stdout]     = note: import resolution is stuck, try simplifying macro imports
[INFO] [stdout] 
[INFO] [stdout] 
[INFO] [stdout] error: cannot determine resolution for the macro `parse_quote`
[INFO] [stdout]   --> /opt/rustwide/cargo-home/registry/src/index.crates.io-6f17d22bba15001f/sqlx-macros-0.5.13/src/derives/row.rs:56:31
[INFO] [stdout]    |
[INFO] [stdout] 56 |     generics.params.insert(0, parse_quote!(R: ::sqlx::Row));
[INFO] [stdout]    |                               ^^^^^^^^^^^
[INFO] [stdout]    |
[INFO] [stdout]    = note: import resolution is stuck, try simplifying macro imports
[INFO] [stdout] 
[INFO] [stdout] 
[INFO] [stdout] error: cannot determine resolution for the macro `parse_quote`
[INFO] [stdout]   --> /opt/rustwide/cargo-home/registry/src/index.crates.io-6f17d22bba15001f/sqlx-macros-0.5.13/src/derives/row.rs:59:35
[INFO] [stdout]    |
[INFO] [stdout] 59 |         generics.params.insert(0, parse_quote!(#lifetime));
[INFO] [stdout]    |                                   ^^^^^^^^^^^
[INFO] [stdout]    |
[INFO] [stdout]    = note: import resolution is stuck, try simplifying macro imports
[INFO] [stdout] 
[INFO] [stdout] 
[INFO] [stdout] error: cannot determine resolution for the macro `parse_quote`
[INFO] [stdout]   --> /opt/rustwide/cargo-home/registry/src/index.crates.io-6f17d22bba15001f/sqlx-macros-0.5.13/src/derives/row.rs:64:21
[INFO] [stdout]    |
[INFO] [stdout] 64 |     predicates.push(parse_quote!(&#lifetime ::std::primitive::str: ::sqlx::ColumnIndex<R>));
[INFO] [stdout]    |                     ^^^^^^^^^^^
[INFO] [stdout]    |
[INFO] [stdout]    = note: import resolution is stuck, try simplifying macro imports
[INFO] [stdout] 
[INFO] [stdout] 
[INFO] [stdout] error: cannot determine resolution for the macro `parse_quote`
[INFO] [stdout]   --> /opt/rustwide/cargo-home/registry/src/index.crates.io-6f17d22bba15001f/sqlx-macros-0.5.13/src/derives/row.rs:69:25
[INFO] [stdout]    |
[INFO] [stdout] 69 |         predicates.push(parse_quote!(#ty: ::sqlx::decode::Decode<#lifetime, R::Database>));
[INFO] [stdout]    |                         ^^^^^^^^^^^
[INFO] [stdout]    |
[INFO] [stdout]    = note: import resolution is stuck, try simplifying macro imports
[INFO] [stdout] 
[INFO] [stdout] 
[INFO] [stdout] error: cannot determine resolution for the macro `parse_quote`
[INFO] [stdout]   --> /opt/rustwide/cargo-home/registry/src/index.crates.io-6f17d22bba15001f/sqlx-macros-0.5.13/src/derives/row.rs:70:25
[INFO] [stdout]    |
[INFO] [stdout] 70 |         predicates.push(parse_quote!(#ty: ::sqlx::types::Type<R::Database>));
[INFO] [stdout]    |                         ^^^^^^^^^^^
[INFO] [stdout]    |
[INFO] [stdout]    = note: import resolution is stuck, try simplifying macro imports
[INFO] [stdout] 
[INFO] [stdout] 
[INFO] [stdout] error: cannot determine resolution for the macro `parse_quote`
[INFO] [stdout]   --> /opt/rustwide/cargo-home/registry/src/index.crates.io-6f17d22bba15001f/sqlx-macros-0.5.13/src/derives/row.rs:93:17
[INFO] [stdout]    |
[INFO] [stdout] 93 |                 parse_quote!(let #id: #ty = row.try_get(#id_s).or_else(|e| match e {
[INFO] [stdout]    |                 ^^^^^^^^^^^
[INFO] [stdout]    |
[INFO] [stdout]    = note: import resolution is stuck, try simplifying macro imports
[INFO] [stdout] 
[INFO] [stdout] 
[INFO] [stdout] error: cannot determine resolution for the macro `parse_quote`
[INFO] [stdout]    --> /opt/rustwide/cargo-home/registry/src/index.crates.io-6f17d22bba15001f/sqlx-macros-0.5.13/src/derives/row.rs:101:18
[INFO] [stdout]     |
[INFO] [stdout] 101 |             Some(parse_quote!(
[INFO] [stdout]     |                  ^^^^^^^^^^^
[INFO] [stdout]     |
[INFO] [stdout]     = note: import resolution is stuck, try simplifying macro imports
[INFO] [stdout] 
[INFO] [stdout] 
[INFO] [stdout] error: cannot determine resolution for the macro `parse_quote`
[INFO] [stdout]    --> /opt/rustwide/cargo-home/registry/src/index.crates.io-6f17d22bba15001f/sqlx-macros-0.5.13/src/derives/row.rs:140:31
[INFO] [stdout]     |
[INFO] [stdout] 140 |     generics.params.insert(0, parse_quote!(R: ::sqlx::Row));
[INFO] [stdout]     |                               ^^^^^^^^^^^
[INFO] [stdout]     |
[INFO] [stdout]     = note: import resolution is stuck, try simplifying macro imports
[INFO] [stdout] 
[INFO] [stdout] 
[INFO] [stdout] error: cannot determine resolution for the macro `parse_quote`
[INFO] [stdout]    --> /opt/rustwide/cargo-home/registry/src/index.crates.io-6f17d22bba15001f/sqlx-macros-0.5.13/src/derives/row.rs:143:35
[INFO] [stdout]     |
[INFO] [stdout] 143 |         generics.params.insert(0, parse_quote!(#lifetime));
[INFO] [stdout]     |                                   ^^^^^^^^^^^
[INFO] [stdout]     |
[INFO] [stdout]     = note: import resolution is stuck, try simplifying macro imports
[INFO] [stdout] 
[INFO] [stdout] 
[INFO] [stdout] error: cannot determine resolution for the macro `parse_quote`
[INFO] [stdout]    --> /opt/rustwide/cargo-home/registry/src/index.crates.io-6f17d22bba15001f/sqlx-macros-0.5.13/src/derives/row.rs:148:21
[INFO] [stdout]     |
[INFO] [stdout] 148 |     predicates.push(parse_quote!(
[INFO] [stdout]     |                     ^^^^^^^^^^^
[INFO] [stdout]     |
[INFO] [stdout]     = note: import resolution is stuck, try simplifying macro imports
[INFO] [stdout] 
[INFO] [stdout] 
[INFO] [stdout] error: cannot determine resolution for the macro `parse_quote`
[INFO] [stdout]    --> /opt/rustwide/cargo-home/registry/src/index.crates.io-6f17d22bba15001f/sqlx-macros-0.5.13/src/derives/row.rs:155:25
[INFO] [stdout]     |
[INFO] [stdout] 155 |         predicates.push(parse_quote!(#ty: ::sqlx::decode::Decode<#lifetime, R::Database>));
[INFO] [stdout]     |                         ^^^^^^^^^^^
[INFO] [stdout]     |
[INFO] [stdout]     = note: import resolution is stuck, try simplifying macro imports
[INFO] [stdout] 
[INFO] [stdout] 
[INFO] [stdout] error: cannot determine resolution for the macro `parse_quote`
[INFO] [stdout]    --> /opt/rustwide/cargo-home/registry/src/index.crates.io-6f17d22bba15001f/sqlx-macros-0.5.13/src/derives/row.rs:156:25
[INFO] [stdout]     |
[INFO] [stdout] 156 |         predicates.push(parse_quote!(#ty: ::sqlx::types::Type<R::Database>));
[INFO] [stdout]     |                         ^^^^^^^^^^^
[INFO] [stdout]     |
[INFO] [stdout]     = note: import resolution is stuck, try simplifying macro imports
[INFO] [stdout] 
[INFO] [stdout] 
[INFO] [stdout] error: cannot determine resolution for the macro `parse_quote`
[INFO] [stdout]   --> /opt/rustwide/cargo-home/registry/src/index.crates.io-6f17d22bba15001f/sqlx-macros-0.5.13/src/derives/type.rs:65:24
[INFO] [stdout]    |
[INFO] [stdout] 65 |             .insert(0, parse_quote!(DB: ::sqlx::Database));
[INFO] [stdout]    |                        ^^^^^^^^^^^
[INFO] [stdout]    |
[INFO] [stdout]    = note: import resolution is stuck, try simplifying macro imports
[INFO] [stdout] 
[INFO] [stdout] 
[INFO] [stdout] error: cannot determine resolution for the macro `parse_quote`
[INFO] [stdout]   --> /opt/rustwide/cargo-home/registry/src/index.crates.io-6f17d22bba15001f/sqlx-macros-0.5.13/src/derives/type.rs:69:19
[INFO] [stdout]    |
[INFO] [stdout] 69 |             .push(parse_quote!(#ty: ::sqlx::Type<DB>));
[INFO] [stdout]    |                   ^^^^^^^^^^^
[INFO] [stdout]    |
[INFO] [stdout]    = note: import resolution is stuck, try simplifying macro imports
[INFO] [stdout] 
[INFO] [stdout] 
[INFO] [stdout] error: cannot determine resolution for the macro `parse_quote`
[INFO] [stdout]    --> /opt/rustwide/cargo-home/registry/src/index.crates.io-6f17d22bba15001f/sqlx-macros-0.5.13/src/derives/decode.rs:108:13
[INFO] [stdout]     |
[INFO] [stdout] 108 |             parse_quote! {
[INFO] [stdout]     |             ^^^^^^^^^^^
[INFO] [stdout]     |
[INFO] [stdout]     = note: import resolution is stuck, try simplifying macro imports
[INFO] [stdout] 
[INFO] [stdout] 
[INFO] [stdout] error[E0425]: cannot find function `parse_str` in crate `syn`
[INFO] [stdout]   --> /opt/rustwide/cargo-home/registry/src/index.crates.io-6f17d22bba15001f/sqlx-macros-0.5.13/src/database/mod.rs:18:14
[INFO] [stdout]    |
[INFO] [stdout] 18 |         syn::parse_str(Self::DATABASE_PATH).unwrap()
[INFO] [stdout]    |              ^^^^^^^^^ not found in `syn`
[INFO] [stdout] 
[INFO] [stdout] 
[INFO] [stdout] error[E0425]: cannot find function `parse_str` in crate `syn`
[INFO] [stdout]   --> /opt/rustwide/cargo-home/registry/src/index.crates.io-6f17d22bba15001f/sqlx-macros-0.5.13/src/database/mod.rs:22:14
[INFO] [stdout]    |
[INFO] [stdout] 22 |         syn::parse_str(Self::ROW_PATH).unwrap()
[INFO] [stdout]    |              ^^^^^^^^^ not found in `syn`
[INFO] [stdout] 
[INFO] [stdout] 
[INFO] [stdout] error[E0425]: cannot find function `parse_str` in crate `syn`
[INFO] [stdout]    --> /opt/rustwide/cargo-home/registry/src/index.crates.io-6f17d22bba15001f/sqlx-macros-0.5.13/src/query/output.rs:270:22
[INFO] [stdout]     |
[INFO] [stdout] 270 |                 syn::parse_str(remainder)?
[INFO] [stdout]     |                      ^^^^^^^^^ not found in `syn`
[INFO] [stdout] 
[INFO] [stdout] 
[INFO] [stdout] error[E0425]: cannot find function `parse_str` in crate `syn`
[INFO] [stdout]    --> /opt/rustwide/cargo-home/registry/src/index.crates.io-6f17d22bba15001f/sqlx-macros-0.5.13/src/query/output.rs:325:33
[INFO] [stdout]     |
[INFO] [stdout] 325 |         if let Ok(ident) = syn::parse_str(&ident) {
[INFO] [stdout]     |                                 ^^^^^^^^^ not found in `syn`
[INFO] [stdout] 
[INFO] [stdout] 
[INFO] [stdout] error[E0425]: cannot find function `parse_str` in crate `syn`
[INFO] [stdout]    --> /opt/rustwide/cargo-home/registry/src/index.crates.io-6f17d22bba15001f/sqlx-macros-0.5.13/src/query/mod.rs:318:46
[INFO] [stdout]     |
[INFO] [stdout] 318 |                 let record_name: Type = syn::parse_str("Record").unwrap();
[INFO] [stdout]     |                                              ^^^^^^^^^ not found in `syn`
[INFO] [stdout] 
[INFO] [stdout] 
[INFO] [stdout] error: aborting due to 52 previous errors
[INFO] [stdout] 
[INFO] [stdout] 
[INFO] [stdout] Some errors have detailed explanations: E0425, E0432, E0433.
[INFO] [stdout] 
[INFO] [stdout] For more information about an error, try `rustc --explain E0425`.
[INFO] [stdout] 
[INFO] [stderr] error: could not compile `sqlx-macros` (lib) due to 53 previous errors
[INFO] running `Command { std: "docker" "inspect" "299ac8c21659d44198ae0c684493d9ac9afacf3b45e2b5ddd5722aebf18dfbff", kill_on_drop: false }`
[INFO] running `Command { std: "docker" "rm" "-f" "299ac8c21659d44198ae0c684493d9ac9afacf3b45e2b5ddd5722aebf18dfbff", kill_on_drop: false }`
[INFO] [stdout] 299ac8c21659d44198ae0c684493d9ac9afacf3b45e2b5ddd5722aebf18dfbff
