[INFO] fetching crate xlsx_writer 0.1.5...
[INFO] testing xlsx_writer-0.1.5 against beta-2023-04-20 for beta-1.70-1
[INFO] extracting crate xlsx_writer 0.1.5 into /workspace/builds/worker-7-tc2/source
[INFO] validating manifest of crates.io crate xlsx_writer 0.1.5 on toolchain beta-2023-04-20
[INFO] running `Command { std: CARGO_HOME="/workspace/cargo-home" RUSTUP_HOME="/workspace/rustup-home" "/workspace/cargo-home/bin/cargo" "+beta-2023-04-20" "metadata" "--manifest-path" "Cargo.toml" "--no-deps", kill_on_drop: false }`
[INFO] started tweaking crates.io crate xlsx_writer 0.1.5
[INFO] finished tweaking crates.io crate xlsx_writer 0.1.5
[INFO] tweaked toml for crates.io crate xlsx_writer 0.1.5 written to /workspace/builds/worker-7-tc2/source/Cargo.toml
[INFO] crate crates.io crate xlsx_writer 0.1.5 already has a lockfile, it will not be regenerated
[INFO] running `Command { std: CARGO_HOME="/workspace/cargo-home" RUSTUP_HOME="/workspace/rustup-home" "/workspace/cargo-home/bin/cargo" "+beta-2023-04-20" "fetch" "--manifest-path" "Cargo.toml", kill_on_drop: false }`
[INFO] [stderr]     Updating crates.io index
[INFO] [stderr]  Downloading crates ...
[INFO] [stderr]   Downloaded rm_rf v0.6.2
[INFO] running `Command { std: "docker" "create" "-v" "/var/lib/crater-agent-workspace/builds/worker-7-tc2/target:/opt/rustwide/target:rw,Z" "-v" "/var/lib/crater-agent-workspace/builds/worker-7-tc2/source:/opt/rustwide/workdir:ro,Z" "-v" "/var/lib/crater-agent-workspace/cargo-home:/opt/rustwide/cargo-home:ro,Z" "-v" "/var/lib/crater-agent-workspace/rustup-home:/opt/rustwide/rustup-home:ro,Z" "-e" "SOURCE_DIR=/opt/rustwide/workdir" "-e" "CARGO_TARGET_DIR=/opt/rustwide/target" "-e" "CARGO_HOME=/opt/rustwide/cargo-home" "-e" "RUSTUP_HOME=/opt/rustwide/rustup-home" "-w" "/opt/rustwide/workdir" "-m" "1610612736" "--user" "0:0" "--network" "none" "ghcr.io/rust-lang/crates-build-env/linux@sha256:5ff2268d62e97bff2cde7d5815dd6ed5b47097566f13b8d0ca110b04b60e07ed" "/opt/rustwide/cargo-home/bin/cargo" "+beta-2023-04-20" "metadata" "--no-deps" "--format-version=1", kill_on_drop: false }`
[INFO] [stdout] 7c27b8a22479e136b7c63c9ae1e0c637c10b64349c2633c463d9c9636fd889c6
[INFO] running `Command { std: "docker" "start" "-a" "7c27b8a22479e136b7c63c9ae1e0c637c10b64349c2633c463d9c9636fd889c6", kill_on_drop: false }`
[INFO] running `Command { std: "docker" "inspect" "7c27b8a22479e136b7c63c9ae1e0c637c10b64349c2633c463d9c9636fd889c6", kill_on_drop: false }`
[INFO] running `Command { std: "docker" "rm" "-f" "7c27b8a22479e136b7c63c9ae1e0c637c10b64349c2633c463d9c9636fd889c6", kill_on_drop: false }`
[INFO] [stdout] 7c27b8a22479e136b7c63c9ae1e0c637c10b64349c2633c463d9c9636fd889c6
[INFO] running `Command { std: "docker" "create" "-v" "/var/lib/crater-agent-workspace/builds/worker-7-tc2/target:/opt/rustwide/target:rw,Z" "-v" "/var/lib/crater-agent-workspace/builds/worker-7-tc2/source:/opt/rustwide/workdir:ro,Z" "-v" "/var/lib/crater-agent-workspace/cargo-home:/opt/rustwide/cargo-home:ro,Z" "-v" "/var/lib/crater-agent-workspace/rustup-home:/opt/rustwide/rustup-home:ro,Z" "-e" "SOURCE_DIR=/opt/rustwide/workdir" "-e" "CARGO_TARGET_DIR=/opt/rustwide/target" "-e" "CARGO_INCREMENTAL=0" "-e" "RUST_BACKTRACE=full" "-e" "RUSTFLAGS=--cap-lints=warn" "-e" "RUSTDOCFLAGS=--cap-lints=warn" "-e" "CARGO_HOME=/opt/rustwide/cargo-home" "-e" "RUSTUP_HOME=/opt/rustwide/rustup-home" "-w" "/opt/rustwide/workdir" "-m" "1610612736" "--user" "0:0" "--network" "none" "ghcr.io/rust-lang/crates-build-env/linux@sha256:5ff2268d62e97bff2cde7d5815dd6ed5b47097566f13b8d0ca110b04b60e07ed" "/opt/rustwide/cargo-home/bin/cargo" "+beta-2023-04-20" "build" "--frozen" "--message-format=json", kill_on_drop: false }`
[INFO] [stdout] 1b5e57ee91ec958408d0220f07222111b294f58ddc932bf85f849691dfa8afc4
[INFO] running `Command { std: "docker" "start" "-a" "1b5e57ee91ec958408d0220f07222111b294f58ddc932bf85f849691dfa8afc4", kill_on_drop: false }`
[INFO] [stderr]    Compiling libc v0.2.139
[INFO] [stderr]    Compiling cc v1.0.78
[INFO] [stderr]    Compiling num-traits v0.2.15
[INFO] [stderr]    Compiling num-integer v0.1.45
[INFO] [stderr]    Compiling encoding_rs v0.8.31
[INFO] [stderr]    Compiling iana-time-zone v0.1.53
[INFO] [stderr]    Compiling psm v0.1.21
[INFO] [stderr]    Compiling stacker v0.1.15
[INFO] [stderr]    Compiling dirs-sys v0.3.7
[INFO] [stderr]    Compiling time v0.1.45
[INFO] [stderr]    Compiling dirs v3.0.2
[INFO] [stderr]    Compiling rm_rf v0.6.2
[INFO] [stderr]    Compiling chrono v0.4.23
[INFO] [stderr]    Compiling xlsx_writer v0.1.5 (/opt/rustwide/workdir)
[INFO] [stdout] error[E0433]: failed to resolve: could not find `windows` in `os`
[INFO] [stdout]  --> src/lib.rs:3:14
[INFO] [stdout]   |
[INFO] [stdout] 3 | use std::os::windows::process::CommandExt;
[INFO] [stdout]   |              ^^^^^^^ could not find `windows` in `os`
[INFO] [stdout] 
[INFO] [stdout] 
[INFO] [stdout] error[E0599]: no method named `creation_flags` found for mutable reference `&mut Command` in the current scope
[INFO] [stdout]    --> src/lib.rs:175:14
[INFO] [stdout]     |
[INFO] [stdout] 173 | /         std::process::Command::new("cmd")
[INFO] [stdout] 174 | |             .args(&["/C", &self.xlsx_path])
[INFO] [stdout] 175 | |             .creation_flags(0x08000000)
[INFO] [stdout]     | |             -^^^^^^^^^^^^^^ method not found in `&mut Command`
[INFO] [stdout]     | |_____________|
[INFO] [stdout]     | 
[INFO] [stdout] 
[INFO] [stdout] 
[INFO] [stdout] error[E0599]: no method named `creation_flags` found for mutable reference `&mut Command` in the current scope
[INFO] [stdout]    --> src/lib.rs:222:14
[INFO] [stdout]     |
[INFO] [stdout] 220 |           let mut child = std::process::Command::new("cmd")
[INFO] [stdout]     |  _________________________-
[INFO] [stdout] 221 | |             .args(&["/C", "powershell -NoProfile -ExecutionPolicy Unrestricted",&ps_path])
[INFO] [stdout] 222 | |             .creation_flags(0x08000000)
[INFO] [stdout]     | |             -^^^^^^^^^^^^^^ method not found in `&mut Command`
[INFO] [stdout]     | |_____________|
[INFO] [stdout]     | 
[INFO] [stdout] 
[INFO] [stdout] 
[INFO] [stdout] error: aborting due to 3 previous errors
[INFO] [stdout] 
[INFO] [stdout] 
[INFO] [stderr] error: could not compile `xlsx_writer` (lib) due to 4 previous errors
[INFO] [stdout] Some errors have detailed explanations: E0433, E0599.
[INFO] [stdout] 
[INFO] [stderr] warning: build failed, waiting for other jobs to finish...
[INFO] [stdout] For more information about an error, try `rustc --explain E0433`.
[INFO] [stdout] 
[INFO] running `Command { std: "docker" "inspect" "1b5e57ee91ec958408d0220f07222111b294f58ddc932bf85f849691dfa8afc4", kill_on_drop: false }`
[INFO] running `Command { std: "docker" "rm" "-f" "1b5e57ee91ec958408d0220f07222111b294f58ddc932bf85f849691dfa8afc4", kill_on_drop: false }`
[INFO] [stdout] 1b5e57ee91ec958408d0220f07222111b294f58ddc932bf85f849691dfa8afc4
