[INFO] fetching crate wrapgen 0.2.0...
[INFO] testing wrapgen-0.2.0 against beta-2023-04-20 for beta-1.70-1
[INFO] extracting crate wrapgen 0.2.0 into /workspace/builds/worker-2-tc2/source
[INFO] validating manifest of crates.io crate wrapgen 0.2.0 on toolchain beta-2023-04-20
[INFO] running `Command { std: CARGO_HOME="/workspace/cargo-home" RUSTUP_HOME="/workspace/rustup-home" "/workspace/cargo-home/bin/cargo" "+beta-2023-04-20" "metadata" "--manifest-path" "Cargo.toml" "--no-deps", kill_on_drop: false }`
[INFO] started tweaking crates.io crate wrapgen 0.2.0
[INFO] finished tweaking crates.io crate wrapgen 0.2.0
[INFO] tweaked toml for crates.io crate wrapgen 0.2.0 written to /workspace/builds/worker-2-tc2/source/Cargo.toml
[INFO] crate crates.io crate wrapgen 0.2.0 already has a lockfile, it will not be regenerated
[INFO] running `Command { std: CARGO_HOME="/workspace/cargo-home" RUSTUP_HOME="/workspace/rustup-home" "/workspace/cargo-home/bin/cargo" "+beta-2023-04-20" "fetch" "--manifest-path" "Cargo.toml", kill_on_drop: false }`
[INFO] running `Command { std: "docker" "create" "-v" "/var/lib/crater-agent-workspace/builds/worker-2-tc2/target:/opt/rustwide/target:rw,Z" "-v" "/var/lib/crater-agent-workspace/builds/worker-2-tc2/source:/opt/rustwide/workdir:ro,Z" "-v" "/var/lib/crater-agent-workspace/cargo-home:/opt/rustwide/cargo-home:ro,Z" "-v" "/var/lib/crater-agent-workspace/rustup-home:/opt/rustwide/rustup-home:ro,Z" "-e" "SOURCE_DIR=/opt/rustwide/workdir" "-e" "CARGO_TARGET_DIR=/opt/rustwide/target" "-e" "CARGO_HOME=/opt/rustwide/cargo-home" "-e" "RUSTUP_HOME=/opt/rustwide/rustup-home" "-w" "/opt/rustwide/workdir" "-m" "1610612736" "--user" "0:0" "--network" "none" "ghcr.io/rust-lang/crates-build-env/linux@sha256:5ff2268d62e97bff2cde7d5815dd6ed5b47097566f13b8d0ca110b04b60e07ed" "/opt/rustwide/cargo-home/bin/cargo" "+beta-2023-04-20" "metadata" "--no-deps" "--format-version=1", kill_on_drop: false }`
[INFO] [stdout] 2dc24c18640864b3e61864fcc48cfe76d794cd9e7015c66678b3325ed02525e8
[INFO] running `Command { std: "docker" "start" "-a" "2dc24c18640864b3e61864fcc48cfe76d794cd9e7015c66678b3325ed02525e8", kill_on_drop: false }`
[INFO] running `Command { std: "docker" "inspect" "2dc24c18640864b3e61864fcc48cfe76d794cd9e7015c66678b3325ed02525e8", kill_on_drop: false }`
[INFO] running `Command { std: "docker" "rm" "-f" "2dc24c18640864b3e61864fcc48cfe76d794cd9e7015c66678b3325ed02525e8", kill_on_drop: false }`
[INFO] [stdout] 2dc24c18640864b3e61864fcc48cfe76d794cd9e7015c66678b3325ed02525e8
[INFO] running `Command { std: "docker" "create" "-v" "/var/lib/crater-agent-workspace/builds/worker-2-tc2/target:/opt/rustwide/target:rw,Z" "-v" "/var/lib/crater-agent-workspace/builds/worker-2-tc2/source:/opt/rustwide/workdir:ro,Z" "-v" "/var/lib/crater-agent-workspace/cargo-home:/opt/rustwide/cargo-home:ro,Z" "-v" "/var/lib/crater-agent-workspace/rustup-home:/opt/rustwide/rustup-home:ro,Z" "-e" "SOURCE_DIR=/opt/rustwide/workdir" "-e" "CARGO_TARGET_DIR=/opt/rustwide/target" "-e" "CARGO_INCREMENTAL=0" "-e" "RUST_BACKTRACE=full" "-e" "RUSTFLAGS=--cap-lints=warn" "-e" "RUSTDOCFLAGS=--cap-lints=warn" "-e" "CARGO_HOME=/opt/rustwide/cargo-home" "-e" "RUSTUP_HOME=/opt/rustwide/rustup-home" "-w" "/opt/rustwide/workdir" "-m" "1610612736" "--user" "0:0" "--network" "none" "ghcr.io/rust-lang/crates-build-env/linux@sha256:5ff2268d62e97bff2cde7d5815dd6ed5b47097566f13b8d0ca110b04b60e07ed" "/opt/rustwide/cargo-home/bin/cargo" "+beta-2023-04-20" "build" "--frozen" "--message-format=json", kill_on_drop: false }`
[INFO] [stdout] c8a4db29eb0a882c62a6fff0bc668e9b9748224bd18b011bb4b2fbcff0b16a8d
[INFO] running `Command { std: "docker" "start" "-a" "c8a4db29eb0a882c62a6fff0bc668e9b9748224bd18b011bb4b2fbcff0b16a8d", kill_on_drop: false }`
[INFO] [stderr]    Compiling memchr v2.3.3
[INFO] [stderr]    Compiling lazy_static v1.4.0
[INFO] [stderr]    Compiling regex-syntax v0.6.18
[INFO] [stderr]    Compiling thread_local v1.0.1
[INFO] [stderr]    Compiling aho-corasick v0.7.13
[INFO] [stderr]    Compiling regex v1.3.9
[INFO] [stderr]    Compiling wrapgen v0.2.0 (/opt/rustwide/workdir)
[INFO] [stderr]     Finished dev [unoptimized + debuginfo] target(s) in 4.43s
[INFO] running `Command { std: "docker" "inspect" "c8a4db29eb0a882c62a6fff0bc668e9b9748224bd18b011bb4b2fbcff0b16a8d", kill_on_drop: false }`
[INFO] running `Command { std: "docker" "rm" "-f" "c8a4db29eb0a882c62a6fff0bc668e9b9748224bd18b011bb4b2fbcff0b16a8d", kill_on_drop: false }`
[INFO] [stdout] c8a4db29eb0a882c62a6fff0bc668e9b9748224bd18b011bb4b2fbcff0b16a8d
[INFO] running `Command { std: "docker" "create" "-v" "/var/lib/crater-agent-workspace/builds/worker-2-tc2/target:/opt/rustwide/target:rw,Z" "-v" "/var/lib/crater-agent-workspace/builds/worker-2-tc2/source:/opt/rustwide/workdir:ro,Z" "-v" "/var/lib/crater-agent-workspace/cargo-home:/opt/rustwide/cargo-home:ro,Z" "-v" "/var/lib/crater-agent-workspace/rustup-home:/opt/rustwide/rustup-home:ro,Z" "-e" "SOURCE_DIR=/opt/rustwide/workdir" "-e" "CARGO_TARGET_DIR=/opt/rustwide/target" "-e" "CARGO_INCREMENTAL=0" "-e" "RUST_BACKTRACE=full" "-e" "RUSTFLAGS=--cap-lints=warn" "-e" "RUSTDOCFLAGS=--cap-lints=warn" "-e" "CARGO_HOME=/opt/rustwide/cargo-home" "-e" "RUSTUP_HOME=/opt/rustwide/rustup-home" "-w" "/opt/rustwide/workdir" "-m" "1610612736" "--user" "0:0" "--network" "none" "ghcr.io/rust-lang/crates-build-env/linux@sha256:5ff2268d62e97bff2cde7d5815dd6ed5b47097566f13b8d0ca110b04b60e07ed" "/opt/rustwide/cargo-home/bin/cargo" "+beta-2023-04-20" "test" "--frozen" "--no-run" "--message-format=json", kill_on_drop: false }`
[INFO] [stdout] 09f9f74a0900332adddaa54a0cdcf23a9adf74df2b8311920e96c61c650ee71b
[INFO] running `Command { std: "docker" "start" "-a" "09f9f74a0900332adddaa54a0cdcf23a9adf74df2b8311920e96c61c650ee71b", kill_on_drop: false }`
[INFO] [stderr]    Compiling wrapgen v0.2.0 (/opt/rustwide/workdir)
[INFO] [stdout] error: free function without a body
[INFO] [stdout]  --> examples/to_wrap.rs:1:1
[INFO] [stdout]   |
[INFO] [stdout] 1 | fn page_symlink(inode: *mut inode, symname: *const cty::c_char, len: cty::c_int) -> cty::c_int;
[INFO] [stdout]   | ^^^^^^^^^^^^^^^^^^^^^^^^^^^^^^^^^^^^^^^^^^^^^^^^^^^^^^^^^^^^^^^^^^^^^^^^^^^^^^^^^^^^^^^^^^^^^^-
[INFO] [stdout]   |                                                                                               |
[INFO] [stdout]   |                                                                                               help: provide a definition for the function: `{ <body> }`
[INFO] [stdout] 
[INFO] [stdout] 
[INFO] [stdout] error: free function without a body
[INFO] [stdout]  --> examples/to_wrap.rs:2:1
[INFO] [stdout]   |
[INFO] [stdout] 2 | fn c_dget(dentry: *mut dentry) -> *mut dentry;
[INFO] [stdout]   | ^^^^^^^^^^^^^^^^^^^^^^^^^^^^^^^^^^^^^^^^^^^^^-
[INFO] [stdout]   |                                              |
[INFO] [stdout]   |                                              help: provide a definition for the function: `{ <body> }`
[INFO] [stdout] 
[INFO] [stdout] 
[INFO] [stdout] error: free function without a body
[INFO] [stdout]  --> examples/to_wrap.rs:3:1
[INFO] [stdout]   |
[INFO] [stdout] 3 | fn test_fn();
[INFO] [stdout]   | ^^^^^^^^^^^^-
[INFO] [stdout]   |             |
[INFO] [stdout]   |             help: provide a definition for the function: `{ <body> }`
[INFO] [stdout] 
[INFO] [stdout] 
[INFO] [stdout] error[E0433]: failed to resolve: use of undeclared crate or module `cty`
[INFO] [stdout]  --> examples/to_wrap.rs:1:52
[INFO] [stdout]   |
[INFO] [stdout] 1 | fn page_symlink(inode: *mut inode, symname: *const cty::c_char, len: cty::c_int) -> cty::c_int;
[INFO] [stdout]   |                                                    ^^^ use of undeclared crate or module `cty`
[INFO] [stdout] 
[INFO] [stdout] 
[INFO] [stdout] error[E0433]: failed to resolve: use of undeclared crate or module `cty`
[INFO] [stdout]  --> examples/to_wrap.rs:1:70
[INFO] [stdout]   |
[INFO] [stdout] 1 | fn page_symlink(inode: *mut inode, symname: *const cty::c_char, len: cty::c_int) -> cty::c_int;
[INFO] [stdout]   |                                                                      ^^^ use of undeclared crate or module `cty`
[INFO] [stdout] 
[INFO] [stdout] 
[INFO] [stdout] error[E0433]: failed to resolve: use of undeclared crate or module `cty`
[INFO] [stdout]  --> examples/to_wrap.rs:1:85
[INFO] [stdout]   |
[INFO] [stdout] 1 | fn page_symlink(inode: *mut inode, symname: *const cty::c_char, len: cty::c_int) -> cty::c_int;
[INFO] [stdout]   |                                                                                     ^^^ use of undeclared crate or module `cty`
[INFO] [stdout] 
[INFO] [stdout] 
[INFO] [stdout] error[E0412]: cannot find type `inode` in this scope
[INFO] [stdout]  --> examples/to_wrap.rs:1:29
[INFO] [stdout]   |
[INFO] [stdout] 1 | fn page_symlink(inode: *mut inode, symname: *const cty::c_char, len: cty::c_int) -> cty::c_int;
[INFO] [stdout]   |                             ^^^^^ not found in this scope
[INFO] [stdout] 
[INFO] [stdout] 
[INFO] [stdout] error[E0412]: cannot find type `dentry` in this scope
[INFO] [stdout]  --> examples/to_wrap.rs:2:24
[INFO] [stdout]   |
[INFO] [stdout] 2 | fn c_dget(dentry: *mut dentry) -> *mut dentry;
[INFO] [stdout]   |                        ^^^^^^ not found in this scope
[INFO] [stdout] 
[INFO] [stdout] 
[INFO] [stdout] error[E0412]: cannot find type `dentry` in this scope
[INFO] [stdout]  --> examples/to_wrap.rs:2:40
[INFO] [stdout]   |
[INFO] [stdout] 2 | fn c_dget(dentry: *mut dentry) -> *mut dentry;
[INFO] [stdout]   |                                        ^^^^^^ not found in this scope
[INFO] [stdout] 
[INFO] [stdout] 
[INFO] [stdout] error[E0601]: `main` function not found in crate `to_wrap`
[INFO] [stdout]  --> examples/to_wrap.rs:3:14
[INFO] [stdout]   |
[INFO] [stdout] 3 | fn test_fn();
[INFO] [stdout]   |              ^ consider adding a `main` function to `examples/to_wrap.rs`
[INFO] [stdout] 
[INFO] [stdout] 
[INFO] [stdout] error: aborting due to 10 previous errors
[INFO] [stdout] 
[INFO] [stdout] 
[INFO] [stdout] Some errors have detailed explanations: E0412, E0433, E0601.
[INFO] [stdout] 
[INFO] [stdout] For more information about an error, try `rustc --explain E0412`.
[INFO] [stdout] 
[INFO] [stderr] error: could not compile `wrapgen` (example "to_wrap") due to 11 previous errors
[INFO] [stderr] warning: build failed, waiting for other jobs to finish...
[INFO] running `Command { std: "docker" "inspect" "09f9f74a0900332adddaa54a0cdcf23a9adf74df2b8311920e96c61c650ee71b", kill_on_drop: false }`
[INFO] running `Command { std: "docker" "rm" "-f" "09f9f74a0900332adddaa54a0cdcf23a9adf74df2b8311920e96c61c650ee71b", kill_on_drop: false }`
[INFO] [stdout] 09f9f74a0900332adddaa54a0cdcf23a9adf74df2b8311920e96c61c650ee71b
