[INFO] fetching crate wit-bindgen-cli 0.6.0...
[INFO] testing wit-bindgen-cli-0.6.0 against 1.69.0 for beta-1.70-1
[INFO] extracting crate wit-bindgen-cli 0.6.0 into /workspace/builds/worker-1-tc1/source
[INFO] validating manifest of crates.io crate wit-bindgen-cli 0.6.0 on toolchain 1.69.0
[INFO] running `Command { std: CARGO_HOME="/workspace/cargo-home" RUSTUP_HOME="/workspace/rustup-home" "/workspace/cargo-home/bin/cargo" "+1.69.0" "metadata" "--manifest-path" "Cargo.toml" "--no-deps", kill_on_drop: false }`
[INFO] started tweaking crates.io crate wit-bindgen-cli 0.6.0
[INFO] finished tweaking crates.io crate wit-bindgen-cli 0.6.0
[INFO] tweaked toml for crates.io crate wit-bindgen-cli 0.6.0 written to /workspace/builds/worker-1-tc1/source/Cargo.toml
[INFO] crate crates.io crate wit-bindgen-cli 0.6.0 already has a lockfile, it will not be regenerated
[INFO] running `Command { std: CARGO_HOME="/workspace/cargo-home" RUSTUP_HOME="/workspace/rustup-home" "/workspace/cargo-home/bin/cargo" "+1.69.0" "fetch" "--manifest-path" "Cargo.toml", kill_on_drop: false }`
[INFO] [stderr]  Downloading crates ...
[INFO] [stderr]   Downloaded wit-component v0.8.2
[INFO] [stderr]   Downloaded wast v57.0.0
[INFO] [stderr]   Downloaded wat v1.0.63
[INFO] [stderr]   Downloaded clap_builder v4.2.2
[INFO] [stderr]   Downloaded wasmtime v8.0.0
[INFO] [stderr]   Downloaded regalloc2 v0.6.1
[INFO] [stderr]   Downloaded cranelift-codegen-shared v0.95.0
[INFO] [stderr]   Downloaded cranelift-frontend v0.95.0
[INFO] [stderr]   Downloaded wasmtime-wit-bindgen v8.0.0
[INFO] [stderr]   Downloaded wit-bindgen-core v0.6.0
[INFO] [stderr]   Downloaded cranelift-native v0.95.0
[INFO] [stderr]   Downloaded wasmtime-component-util v8.0.0
[INFO] [stderr]   Downloaded wit-bindgen-c v0.6.0
[INFO] [stderr]   Downloaded wit-bindgen-markdown v0.6.0
[INFO] [stderr]   Downloaded wit-bindgen-rust-lib v0.6.0
[INFO] [stderr]   Downloaded wasmparser v0.103.0
[INFO] [stderr]   Downloaded wasmtime-cache v8.0.0
[INFO] [stderr]   Downloaded wit-bindgen-go v0.4.0
[INFO] [stderr]   Downloaded wit-bindgen-teavm-java v0.6.0
[INFO] [stderr]   Downloaded rustix v0.36.12
[INFO] [stderr]   Downloaded linux-raw-sys v0.3.2
[INFO] [stderr]   Downloaded cranelift-codegen v0.95.0
[INFO] [stderr]   Downloaded ittapi-sys v0.3.3
[INFO] [stderr]   Downloaded clap v4.2.2
[INFO] [stderr]   Downloaded wasmprinter v0.2.55
[INFO] [stderr]   Downloaded cranelift-entity v0.95.0
[INFO] [stderr]   Downloaded wasm-metadata v0.5.0
[INFO] [stderr]   Downloaded wit-parser v0.7.1
[INFO] [stderr]   Downloaded wasmtime-component-macro v8.0.0
[INFO] [stderr]   Downloaded cranelift-wasm v0.95.0
[INFO] [stderr]   Downloaded cranelift-bforest v0.95.0
[INFO] [stderr]   Downloaded cranelift-codegen-meta v0.95.0
[INFO] [stderr]   Downloaded wasmtime-cranelift v8.0.0
[INFO] [stderr]   Downloaded cranelift-isle v0.95.0
[INFO] [stderr]   Downloaded wasmtime-cranelift-shared v8.0.0
[INFO] [stderr]   Downloaded ittapi v0.3.3
[INFO] [stderr]   Downloaded wasmtime-jit-icache-coherence v8.0.0
[INFO] [stderr]   Downloaded wasmtime-jit v8.0.0
[INFO] [stderr]   Downloaded wasmtime-types v8.0.0
[INFO] [stderr]   Downloaded wasmtime-environ v8.0.0
[INFO] [stderr]   Downloaded wasmtime-asm-macros v8.0.0
[INFO] [stderr]   Downloaded wasmtime-fiber v8.0.0
[INFO] [stderr]   Downloaded wasmtime-jit-debug v8.0.0
[INFO] [stderr]   Downloaded wasmtime-runtime v8.0.0
[INFO] [stderr]   Downloaded wit-bindgen-rust v0.6.0
[INFO] running `Command { std: "docker" "create" "-v" "/var/lib/crater-agent-workspace/builds/worker-1-tc1/target:/opt/rustwide/target:rw,Z" "-v" "/var/lib/crater-agent-workspace/builds/worker-1-tc1/source:/opt/rustwide/workdir:ro,Z" "-v" "/var/lib/crater-agent-workspace/cargo-home:/opt/rustwide/cargo-home:ro,Z" "-v" "/var/lib/crater-agent-workspace/rustup-home:/opt/rustwide/rustup-home:ro,Z" "-e" "SOURCE_DIR=/opt/rustwide/workdir" "-e" "CARGO_TARGET_DIR=/opt/rustwide/target" "-e" "CARGO_HOME=/opt/rustwide/cargo-home" "-e" "RUSTUP_HOME=/opt/rustwide/rustup-home" "-w" "/opt/rustwide/workdir" "-m" "1610612736" "--user" "0:0" "--network" "none" "ghcr.io/rust-lang/crates-build-env/linux@sha256:5ff2268d62e97bff2cde7d5815dd6ed5b47097566f13b8d0ca110b04b60e07ed" "/opt/rustwide/cargo-home/bin/cargo" "+1.69.0" "metadata" "--no-deps" "--format-version=1", kill_on_drop: false }`
[INFO] [stdout] 706b3c809eeaee54f4ccae650766bbabb1b608672bfd14c46cf8a6daba4b3b68
[INFO] running `Command { std: "docker" "start" "-a" "706b3c809eeaee54f4ccae650766bbabb1b608672bfd14c46cf8a6daba4b3b68", kill_on_drop: false }`
[INFO] running `Command { std: "docker" "inspect" "706b3c809eeaee54f4ccae650766bbabb1b608672bfd14c46cf8a6daba4b3b68", kill_on_drop: false }`
[INFO] running `Command { std: "docker" "rm" "-f" "706b3c809eeaee54f4ccae650766bbabb1b608672bfd14c46cf8a6daba4b3b68", kill_on_drop: false }`
[INFO] [stdout] 706b3c809eeaee54f4ccae650766bbabb1b608672bfd14c46cf8a6daba4b3b68
[INFO] running `Command { std: "docker" "create" "-v" "/var/lib/crater-agent-workspace/builds/worker-1-tc1/target:/opt/rustwide/target:rw,Z" "-v" "/var/lib/crater-agent-workspace/builds/worker-1-tc1/source:/opt/rustwide/workdir:ro,Z" "-v" "/var/lib/crater-agent-workspace/cargo-home:/opt/rustwide/cargo-home:ro,Z" "-v" "/var/lib/crater-agent-workspace/rustup-home:/opt/rustwide/rustup-home:ro,Z" "-e" "SOURCE_DIR=/opt/rustwide/workdir" "-e" "CARGO_TARGET_DIR=/opt/rustwide/target" "-e" "CARGO_INCREMENTAL=0" "-e" "RUST_BACKTRACE=full" "-e" "RUSTFLAGS=--cap-lints=warn" "-e" "RUSTDOCFLAGS=--cap-lints=warn" "-e" "CARGO_HOME=/opt/rustwide/cargo-home" "-e" "RUSTUP_HOME=/opt/rustwide/rustup-home" "-w" "/opt/rustwide/workdir" "-m" "1610612736" "--user" "0:0" "--network" "none" "ghcr.io/rust-lang/crates-build-env/linux@sha256:5ff2268d62e97bff2cde7d5815dd6ed5b47097566f13b8d0ca110b04b60e07ed" "/opt/rustwide/cargo-home/bin/cargo" "+1.69.0" "build" "--frozen" "--message-format=json", kill_on_drop: false }`
[INFO] [stdout] 1a58e27a160aeb8cd8466d74846bcdba0d72649720387f73c3e1a2992d532ec8
[INFO] running `Command { std: "docker" "start" "-a" "1a58e27a160aeb8cd8466d74846bcdba0d72649720387f73c3e1a2992d532ec8", kill_on_drop: false }`
[INFO] [stderr]    Compiling unicase v2.6.0
[INFO] [stderr]    Compiling indexmap v1.9.3
[INFO] [stderr]    Compiling syn v2.0.15
[INFO] [stderr]    Compiling libc v0.2.141
[INFO] [stderr]    Compiling leb128 v0.2.5
[INFO] [stderr]    Compiling anyhow v1.0.70
[INFO] [stderr]    Compiling io-lifetimes v1.0.10
[INFO] [stderr]    Compiling rustix v0.37.11
[INFO] [stderr]    Compiling wasm-encoder v0.26.0
[INFO] [stderr]    Compiling pulldown-cmark v0.8.0
[INFO] [stderr]    Compiling linux-raw-sys v0.3.2
[INFO] [stderr]    Compiling id-arena v2.2.1
[INFO] [stderr]    Compiling unicode-xid v0.2.4
[INFO] [stderr]    Compiling anstyle-parse v0.2.0
[INFO] [stderr]    Compiling anstyle-query v1.0.0
[INFO] [stderr]    Compiling colorchoice v1.0.0
[INFO] [stderr]    Compiling anstyle v1.0.0
[INFO] [stderr]    Compiling unicode-segmentation v1.10.1
[INFO] [stderr]    Compiling pulldown-cmark v0.9.2
[INFO] [stderr]    Compiling wit-bindgen-rust v0.6.0
[INFO] [stderr]    Compiling wast v57.0.0
[INFO] [stderr]    Compiling wit-bindgen-cli v0.6.0 (/opt/rustwide/workdir)
[INFO] [stderr]    Compiling heck v0.4.1
[INFO] [stderr]    Compiling is-terminal v0.4.7
[INFO] [stderr]    Compiling serde_derive v1.0.160
[INFO] [stderr]    Compiling clap_derive v4.2.0
[INFO] [stderr]    Compiling anstream v0.3.0
[INFO] [stderr]    Compiling clap_builder v4.2.2
[INFO] [stderr]    Compiling clap v4.2.2
[INFO] [stderr]    Compiling serde v1.0.160
[INFO] [stderr]    Compiling wat v1.0.63
[INFO] [stderr]    Compiling wasmparser v0.104.0
[INFO] [stderr]    Compiling wit-parser v0.7.1
[INFO] [stderr]    Compiling wasm-metadata v0.5.0
[INFO] [stderr]    Compiling wit-component v0.8.2
[INFO] [stderr]    Compiling wit-bindgen-core v0.6.0
[INFO] [stderr]    Compiling wit-bindgen-rust-lib v0.6.0
[INFO] [stderr]    Compiling wit-bindgen-c v0.6.0
[INFO] [stderr]    Compiling wit-bindgen-markdown v0.6.0
[INFO] [stderr]    Compiling wit-bindgen-teavm-java v0.6.0
[INFO] [stderr]    Compiling wit-bindgen-go v0.4.0
[INFO] [stderr]     Finished dev [unoptimized + debuginfo] target(s) in 18.72s
[INFO] running `Command { std: "docker" "inspect" "1a58e27a160aeb8cd8466d74846bcdba0d72649720387f73c3e1a2992d532ec8", kill_on_drop: false }`
[INFO] running `Command { std: "docker" "rm" "-f" "1a58e27a160aeb8cd8466d74846bcdba0d72649720387f73c3e1a2992d532ec8", kill_on_drop: false }`
[INFO] [stdout] 1a58e27a160aeb8cd8466d74846bcdba0d72649720387f73c3e1a2992d532ec8
[INFO] running `Command { std: "docker" "create" "-v" "/var/lib/crater-agent-workspace/builds/worker-1-tc1/target:/opt/rustwide/target:rw,Z" "-v" "/var/lib/crater-agent-workspace/builds/worker-1-tc1/source:/opt/rustwide/workdir:ro,Z" "-v" "/var/lib/crater-agent-workspace/cargo-home:/opt/rustwide/cargo-home:ro,Z" "-v" "/var/lib/crater-agent-workspace/rustup-home:/opt/rustwide/rustup-home:ro,Z" "-e" "SOURCE_DIR=/opt/rustwide/workdir" "-e" "CARGO_TARGET_DIR=/opt/rustwide/target" "-e" "CARGO_INCREMENTAL=0" "-e" "RUST_BACKTRACE=full" "-e" "RUSTFLAGS=--cap-lints=warn" "-e" "RUSTDOCFLAGS=--cap-lints=warn" "-e" "CARGO_HOME=/opt/rustwide/cargo-home" "-e" "RUSTUP_HOME=/opt/rustwide/rustup-home" "-w" "/opt/rustwide/workdir" "-m" "1610612736" "--user" "0:0" "--network" "none" "ghcr.io/rust-lang/crates-build-env/linux@sha256:5ff2268d62e97bff2cde7d5815dd6ed5b47097566f13b8d0ca110b04b60e07ed" "/opt/rustwide/cargo-home/bin/cargo" "+1.69.0" "test" "--frozen" "--no-run" "--message-format=json", kill_on_drop: false }`
[INFO] [stdout] 727969a49002734b92189a5524e3c993f2628a31ba480fb93e1c7be686b15518
[INFO] running `Command { std: "docker" "start" "-a" "727969a49002734b92189a5524e3c993f2628a31ba480fb93e1c7be686b15518", kill_on_drop: false }`
[INFO] [stderr]    Compiling indexmap v1.9.3
[INFO] [stderr]    Compiling libc v0.2.141
[INFO] [stderr]    Compiling syn v2.0.15
[INFO] [stderr]    Compiling rustix v0.37.11
[INFO] [stderr]    Compiling ahash v0.8.3
[INFO] [stderr]    Compiling fallible-iterator v0.2.0
[INFO] [stderr]    Compiling stable_deref_trait v1.2.0
[INFO] [stderr]    Compiling target-lexicon v0.12.6
[INFO] [stderr]    Compiling cranelift-isle v0.95.0
[INFO] [stderr]    Compiling cranelift-codegen-shared v0.95.0
[INFO] [stderr]    Compiling crc32fast v1.3.2
[INFO] [stderr]    Compiling cranelift-codegen-meta v0.95.0
[INFO] [stderr]    Compiling hashbrown v0.13.2
[INFO] [stderr]    Compiling memoffset v0.8.0
[INFO] [stderr]    Compiling typenum v1.16.0
[INFO] [stderr]    Compiling fxhash v0.2.1
[INFO] [stderr]    Compiling jobserver v0.1.26
[INFO] [stderr]    Compiling generic-array v0.14.7
[INFO] [stderr]    Compiling rustix v0.36.12
[INFO] [stderr]    Compiling cc v1.0.79
[INFO] [stderr]    Compiling slice-group-by v0.3.0
[INFO] [stderr]    Compiling crossbeam-utils v0.8.15
[INFO] [stderr]    Compiling smallvec v1.10.0
[INFO] [stderr]    Compiling regalloc2 v0.6.1
[INFO] [stderr]    Compiling is-terminal v0.4.7
[INFO] [stderr]    Compiling anstream v0.3.0
[INFO] [stderr]    Compiling clap_builder v4.2.2
[INFO] [stderr]    Compiling wasmtime-fiber v8.0.0
[INFO] [stderr]    Compiling zstd-sys v2.0.8+zstd.1.5.5
[INFO] [stderr]    Compiling wasmtime-component-util v8.0.0
[INFO] [stderr]    Compiling bumpalo v3.12.0
[INFO] [stderr]    Compiling wasm-encoder v0.25.0
[INFO] [stderr]    Compiling cranelift-codegen v0.95.0
[INFO] [stderr]    Compiling getrandom v0.2.9
[INFO] [stderr]    Compiling crossbeam-epoch v0.9.14
[INFO] [stderr]    Compiling serde_derive v1.0.160
[INFO] [stderr]    Compiling thiserror-impl v1.0.40
[INFO] [stderr]    Compiling clap_derive v4.2.0
[INFO] [stderr]    Compiling log v0.4.17
[INFO] [stderr]    Compiling rand_core v0.6.4
[INFO] [stderr]    Compiling ittapi-sys v0.3.3
[INFO] [stderr]    Compiling aho-corasick v0.7.20
[INFO] [stderr]    Compiling regex-syntax v0.6.29
[INFO] [stderr]    Compiling either v1.8.1
[INFO] [stderr]    Compiling zstd-safe v5.0.2+zstd.1.5.2
[INFO] [stderr]    Compiling thiserror v1.0.40
[INFO] [stderr]    Compiling rand_chacha v0.3.1
[INFO] [stderr]    Compiling regex v1.7.3
[INFO] [stderr]    Compiling clap v4.2.2
[INFO] [stderr]    Compiling block-buffer v0.10.4
[INFO] [stderr]    Compiling crypto-common v0.1.6
[INFO] [stderr]    Compiling wasmtime-runtime v8.0.0
[INFO] [stderr]    Compiling wasmtime-asm-macros v8.0.0
[INFO] [stderr]    Compiling syn v1.0.109
[INFO] [stderr]    Compiling cpp_demangle v0.3.5
[INFO] [stderr]    Compiling rayon-core v1.11.0
[INFO] [stderr]    Compiling env_logger v0.10.0
[INFO] [stderr]    Compiling wit-parser v0.6.4
[INFO] [stderr]    Compiling digest v0.10.6
[INFO] [stderr]    Compiling serde v1.0.160
[INFO] [stderr]    Compiling rand v0.8.5
[INFO] [stderr]    Compiling crossbeam-deque v0.8.3
[INFO] [stderr]    Compiling itertools v0.10.5
[INFO] [stderr]    Compiling crossbeam-channel v0.5.8
[INFO] [stderr]    Compiling psm v0.1.21
[INFO] [stderr]    Compiling memfd v0.6.3
[INFO] [stderr]    Compiling num_cpus v1.15.0
[INFO] [stderr]    Compiling dirs-sys-next v0.1.2
[INFO] [stderr]    Compiling wasmtime-cache v8.0.0
[INFO] [stderr]    Compiling cpufeatures v0.2.6
[INFO] [stderr]    Compiling sha2 v0.10.6
[INFO] [stderr]    Compiling directories-next v2.0.0
[INFO] [stderr]    Compiling wasmtime-wit-bindgen v8.0.0
[INFO] [stderr]    Compiling file-per-thread-logger v0.1.6
[INFO] [stderr]    Compiling wasmtime-jit-icache-coherence v8.0.0
[INFO] [stderr]    Compiling wasmtime v8.0.0
[INFO] [stderr]    Compiling rayon v1.7.0
[INFO] [stderr]    Compiling async-trait v0.1.68
[INFO] [stderr]    Compiling cranelift-entity v0.95.0
[INFO] [stderr]    Compiling bincode v1.3.3
[INFO] [stderr]    Compiling toml v0.5.11
[INFO] [stderr]    Compiling gimli v0.27.2
[INFO] [stderr]    Compiling wasmparser v0.104.0
[INFO] [stderr]    Compiling wit-parser v0.7.1
[INFO] [stderr]    Compiling wasmparser v0.102.0
[INFO] [stderr]    Compiling cranelift-bforest v0.95.0
[INFO] [stderr]    Compiling wasmparser v0.103.0
[INFO] [stderr]    Compiling object v0.30.3
[INFO] [stderr]    Compiling wasmtime-component-macro v8.0.0
[INFO] [stderr]    Compiling ittapi v0.3.3
[INFO] [stderr]    Compiling wasm-metadata v0.5.0
[INFO] [stderr]    Compiling wasmtime-types v8.0.0
[INFO] [stderr]    Compiling wit-component v0.8.2
[INFO] [stderr]    Compiling wasmprinter v0.2.55
[INFO] [stderr]    Compiling wasmtime-jit-debug v8.0.0
[INFO] [stderr]    Compiling addr2line v0.19.0
[INFO] [stderr]    Compiling wasmtime-environ v8.0.0
[INFO] [stderr]    Compiling wit-bindgen-core v0.6.0
[INFO] [stderr]    Compiling wit-bindgen-rust-lib v0.6.0
[INFO] [stderr]    Compiling wit-bindgen-c v0.6.0
[INFO] [stderr]    Compiling wit-bindgen-rust v0.6.0
[INFO] [stderr]    Compiling wit-bindgen-teavm-java v0.6.0
[INFO] [stderr]    Compiling wit-bindgen-markdown v0.6.0
[INFO] [stderr]    Compiling wit-bindgen-go v0.4.0
[INFO] [stderr]    Compiling wit-bindgen-cli v0.6.0 (/opt/rustwide/workdir)
[INFO] [stderr]    Compiling wasmtime-jit v8.0.0
[INFO] [stderr]    Compiling cranelift-frontend v0.95.0
[INFO] [stderr]    Compiling cranelift-native v0.95.0
[INFO] [stderr]    Compiling cranelift-wasm v0.95.0
[INFO] [stderr]    Compiling wasmtime-cranelift-shared v8.0.0
[INFO] [stderr]    Compiling wasmtime-cranelift v8.0.0
[INFO] [stderr]    Compiling zstd v0.11.2+zstd.1.5.2
[INFO] [stdout] error: failed to read file "/opt/rustwide/workdir/crates/wasi_snapshot_preview1/wit"
[INFO] [stdout]        
[INFO] [stdout]        Caused by:
[INFO] [stdout]            No such file or directory (os error 2)
[INFO] [stdout]   --> tests/runtime/main.rs:23:1
[INFO] [stdout]    |
[INFO] [stdout] 23 | wasmtime::component::bindgen!("testwasi" in "crates/wasi_snapshot_preview1/wit");
[INFO] [stdout]    | ^^^^^^^^^^^^^^^^^^^^^^^^^^^^^^^^^^^^^^^^^^^^^^^^^^^^^^^^^^^^^^^^^^^^^^^^^^^^^^^^
[INFO] [stdout]    |
[INFO] [stdout]    = note: this error originates in the macro `wasmtime::component::bindgen` (in Nightly builds, run with -Z macro-backtrace for more info)
[INFO] [stdout] 
[INFO] [stdout] 
[INFO] [stdout] error: couldn't read tests/runtime/../../crates/teavm-java/tests/Main.java: No such file or directory (os error 2)
[INFO] [stdout]    --> tests/runtime/main.rs:342:13
[INFO] [stdout]     |
[INFO] [stdout] 342 |             include_bytes!("../../crates/teavm-java/tests/Main.java"),
[INFO] [stdout]     |             ^^^^^^^^^^^^^^^^^^^^^^^^^^^^^^^^^^^^^^^^^^^^^^^^^^^^^^^^^
[INFO] [stdout]     |
[INFO] [stdout]     = note: this error originates in the macro `include_bytes` (in Nightly builds, run with -Z macro-backtrace for more info)
[INFO] [stdout] 
[INFO] [stdout] 
[INFO] [stdout] error[E0433]: failed to resolve: use of undeclared crate or module `testwasi`
[INFO] [stdout]   --> tests/runtime/main.rs:28:9
[INFO] [stdout]    |
[INFO] [stdout] 28 | impl<T> testwasi::Host for Wasi<T> {
[INFO] [stdout]    |         ^^^^^^^^ use of undeclared crate or module `testwasi`
[INFO] [stdout] 
[INFO] [stdout] 
[INFO] [stdout] error[E0433]: failed to resolve: could not find `testwasi` in the crate root
[INFO] [stdout]   --> tests/runtime/main.rs:62:16
[INFO] [stdout]    |
[INFO] [stdout] 62 |         crate::testwasi::add_to_linker(&mut linker, |x| x)?;
[INFO] [stdout]    |                ^^^^^^^^ could not find `testwasi` in the crate root
[INFO] [stdout] 
[INFO] [stdout] 
[INFO] [stdout] error[E0433]: failed to resolve: use of undeclared crate or module `test_artifacts`
[INFO] [stdout]    --> tests/runtime/main.rs:105:37
[INFO] [stdout]     |
[INFO] [stdout] 105 |     println!("wasi adapter = {:?}", test_artifacts::ADAPTER);
[INFO] [stdout]     |                                     ^^^^^^^^^^^^^^ use of undeclared crate or module `test_artifacts`
[INFO] [stdout] 
[INFO] [stdout] 
[INFO] [stdout] error[E0433]: failed to resolve: use of undeclared crate or module `test_artifacts`
[INFO] [stdout]    --> tests/runtime/main.rs:106:39
[INFO] [stdout]     |
[INFO] [stdout] 106 |     let wasi_adapter = std::fs::read(&test_artifacts::ADAPTER)?;
[INFO] [stdout]     |                                       ^^^^^^^^^^^^^^ use of undeclared crate or module `test_artifacts`
[INFO] [stdout] 
[INFO] [stdout] 
[INFO] [stdout] error[E0433]: failed to resolve: use of undeclared crate or module `test_artifacts`
[INFO] [stdout]    --> tests/runtime/main.rs:112:20
[INFO] [stdout]     |
[INFO] [stdout] 112 |         let core = test_artifacts::WASMS
[INFO] [stdout]     |                    ^^^^^^^^^^^^^^ use of undeclared crate or module `test_artifacts`
[INFO] [stdout] 
[INFO] [stdout] 
[INFO] [stdout] error: aborting due to 7 previous errors
[INFO] [stdout] 
[INFO] [stdout] 
[INFO] [stdout] For more information about this error, try `rustc --explain E0433`.
[INFO] [stdout] 
[INFO] [stderr] error: could not compile `wit-bindgen-cli` due to 8 previous errors
[INFO] [stderr] warning: build failed, waiting for other jobs to finish...
[INFO] running `Command { std: "docker" "inspect" "727969a49002734b92189a5524e3c993f2628a31ba480fb93e1c7be686b15518", kill_on_drop: false }`
[INFO] running `Command { std: "docker" "rm" "-f" "727969a49002734b92189a5524e3c993f2628a31ba480fb93e1c7be686b15518", kill_on_drop: false }`
[INFO] [stdout] 727969a49002734b92189a5524e3c993f2628a31ba480fb93e1c7be686b15518
