[INFO] fetching crate winter 0.1.0...
[INFO] testing winter-0.1.0 against 1.69.0 for beta-1.70-1
[INFO] extracting crate winter 0.1.0 into /workspace/builds/worker-2-tc1/source
[INFO] validating manifest of crates.io crate winter 0.1.0 on toolchain 1.69.0
[INFO] running `Command { std: CARGO_HOME="/workspace/cargo-home" RUSTUP_HOME="/workspace/rustup-home" "/workspace/cargo-home/bin/cargo" "+1.69.0" "metadata" "--manifest-path" "Cargo.toml" "--no-deps", kill_on_drop: false }`
[INFO] started tweaking crates.io crate winter 0.1.0
[INFO] finished tweaking crates.io crate winter 0.1.0
[INFO] tweaked toml for crates.io crate winter 0.1.0 written to /workspace/builds/worker-2-tc1/source/Cargo.toml
[INFO] running `Command { std: CARGO_HOME="/workspace/cargo-home" RUSTUP_HOME="/workspace/rustup-home" __CARGO_TEST_CHANNEL_OVERRIDE_DO_NOT_USE_THIS="nightly" "/workspace/cargo-home/bin/cargo" "+1.69.0" "generate-lockfile" "--manifest-path" "Cargo.toml" "-Zno-index-update", kill_on_drop: false }`
[INFO] running `Command { std: CARGO_HOME="/workspace/cargo-home" RUSTUP_HOME="/workspace/rustup-home" "/workspace/cargo-home/bin/cargo" "+1.69.0" "fetch" "--manifest-path" "Cargo.toml", kill_on_drop: false }`
[INFO] running `Command { std: "docker" "create" "-v" "/var/lib/crater-agent-workspace/builds/worker-2-tc1/target:/opt/rustwide/target:rw,Z" "-v" "/var/lib/crater-agent-workspace/builds/worker-2-tc1/source:/opt/rustwide/workdir:ro,Z" "-v" "/var/lib/crater-agent-workspace/cargo-home:/opt/rustwide/cargo-home:ro,Z" "-v" "/var/lib/crater-agent-workspace/rustup-home:/opt/rustwide/rustup-home:ro,Z" "-e" "SOURCE_DIR=/opt/rustwide/workdir" "-e" "CARGO_TARGET_DIR=/opt/rustwide/target" "-e" "CARGO_HOME=/opt/rustwide/cargo-home" "-e" "RUSTUP_HOME=/opt/rustwide/rustup-home" "-w" "/opt/rustwide/workdir" "-m" "1610612736" "--user" "0:0" "--network" "none" "ghcr.io/rust-lang/crates-build-env/linux@sha256:5ff2268d62e97bff2cde7d5815dd6ed5b47097566f13b8d0ca110b04b60e07ed" "/opt/rustwide/cargo-home/bin/cargo" "+1.69.0" "metadata" "--no-deps" "--format-version=1", kill_on_drop: false }`
[INFO] [stdout] 41131dc6bf67081bf0c91c13b99b777a046f2c13c28873caad708060d523e41a
[INFO] running `Command { std: "docker" "start" "-a" "41131dc6bf67081bf0c91c13b99b777a046f2c13c28873caad708060d523e41a", kill_on_drop: false }`
[INFO] running `Command { std: "docker" "inspect" "41131dc6bf67081bf0c91c13b99b777a046f2c13c28873caad708060d523e41a", kill_on_drop: false }`
[INFO] running `Command { std: "docker" "rm" "-f" "41131dc6bf67081bf0c91c13b99b777a046f2c13c28873caad708060d523e41a", kill_on_drop: false }`
[INFO] [stdout] 41131dc6bf67081bf0c91c13b99b777a046f2c13c28873caad708060d523e41a
[INFO] running `Command { std: "docker" "create" "-v" "/var/lib/crater-agent-workspace/builds/worker-2-tc1/target:/opt/rustwide/target:rw,Z" "-v" "/var/lib/crater-agent-workspace/builds/worker-2-tc1/source:/opt/rustwide/workdir:ro,Z" "-v" "/var/lib/crater-agent-workspace/cargo-home:/opt/rustwide/cargo-home:ro,Z" "-v" "/var/lib/crater-agent-workspace/rustup-home:/opt/rustwide/rustup-home:ro,Z" "-e" "SOURCE_DIR=/opt/rustwide/workdir" "-e" "CARGO_TARGET_DIR=/opt/rustwide/target" "-e" "CARGO_INCREMENTAL=0" "-e" "RUST_BACKTRACE=full" "-e" "RUSTFLAGS=--cap-lints=warn" "-e" "RUSTDOCFLAGS=--cap-lints=warn" "-e" "CARGO_HOME=/opt/rustwide/cargo-home" "-e" "RUSTUP_HOME=/opt/rustwide/rustup-home" "-w" "/opt/rustwide/workdir" "-m" "1610612736" "--user" "0:0" "--network" "none" "ghcr.io/rust-lang/crates-build-env/linux@sha256:5ff2268d62e97bff2cde7d5815dd6ed5b47097566f13b8d0ca110b04b60e07ed" "/opt/rustwide/cargo-home/bin/cargo" "+1.69.0" "build" "--frozen" "--message-format=json", kill_on_drop: false }`
[INFO] [stdout] 23a6ebbbf9bdcbcb20ffb72650518c4dbb19d55599a8dd2e119e02222325fa2e
[INFO] running `Command { std: "docker" "start" "-a" "23a6ebbbf9bdcbcb20ffb72650518c4dbb19d55599a8dd2e119e02222325fa2e", kill_on_drop: false }`
[INFO] [stderr]    Compiling winapi v0.3.9
[INFO] [stderr]    Compiling winter v0.1.0 (/opt/rustwide/workdir)
[INFO] [stdout] error[E0433]: failed to resolve: could not find `um` in `winapi`
[INFO] [stdout]  --> src/lib.rs:5:13
[INFO] [stdout]   |
[INFO] [stdout] 5 | use winapi::um::wincon::*;
[INFO] [stdout]   |             ^^ could not find `um` in `winapi`
[INFO] [stdout] 
[INFO] [stdout] 
[INFO] [stdout] error[E0433]: failed to resolve: could not find `um` in `winapi`
[INFO] [stdout]  --> src/lib.rs:6:13
[INFO] [stdout]   |
[INFO] [stdout] 6 | use winapi::um::processenv::*;
[INFO] [stdout]   |             ^^ could not find `um` in `winapi`
[INFO] [stdout] 
[INFO] [stdout] 
[INFO] [stdout] error[E0433]: failed to resolve: could not find `um` in `winapi`
[INFO] [stdout]  --> src/lib.rs:7:13
[INFO] [stdout]   |
[INFO] [stdout] 7 | use winapi::um::winbase::*;
[INFO] [stdout]   |             ^^ could not find `um` in `winapi`
[INFO] [stdout] 
[INFO] [stdout] 
[INFO] [stdout] error[E0433]: failed to resolve: could not find `um` in `winapi`
[INFO] [stdout]  --> src/lib.rs:8:13
[INFO] [stdout]   |
[INFO] [stdout] 8 | use winapi::um::consoleapi::*;
[INFO] [stdout]   |             ^^ could not find `um` in `winapi`
[INFO] [stdout] 
[INFO] [stdout] 
[INFO] [stdout] error[E0425]: cannot find value `STD_OUTPUT_HANDLE` in this scope
[INFO] [stdout]   --> src/lib.rs:22:30
[INFO] [stdout]    |
[INFO] [stdout] 22 |                 GetStdHandle(STD_OUTPUT_HANDLE),
[INFO] [stdout]    |                              ^^^^^^^^^^^^^^^^^ not found in this scope
[INFO] [stdout] 
[INFO] [stdout] 
[INFO] [stdout] error[E0422]: cannot find struct, variant or union type `COORD` in this scope
[INFO] [stdout]   --> src/lib.rs:23:17
[INFO] [stdout]    |
[INFO] [stdout] 23 |                 COORD { X: pos.0 as i16, Y: pos.1 as i16 },
[INFO] [stdout]    |                 ^^^^^ not found in this scope
[INFO] [stdout] 
[INFO] [stdout] 
[INFO] [stdout] error[E0425]: cannot find value `STD_OUTPUT_HANDLE` in this scope
[INFO] [stdout]    --> src/lib.rs:139:30
[INFO] [stdout]     |
[INFO] [stdout] 139 |                 GetStdHandle(STD_OUTPUT_HANDLE),
[INFO] [stdout]     |                              ^^^^^^^^^^^^^^^^^ not found in this scope
[INFO] [stdout] 
[INFO] [stdout] 
[INFO] [stdout] error[E0412]: cannot find type `CONSOLE_CURSOR_INFO` in this scope
[INFO] [stdout]    --> src/lib.rs:150:16
[INFO] [stdout]     |
[INFO] [stdout] 150 |     type CCI = CONSOLE_CURSOR_INFO;
[INFO] [stdout]     |                ^^^^^^^^^^^^^^^^^^^ not found in this scope
[INFO] [stdout] 
[INFO] [stdout] 
[INFO] [stdout] error[E0412]: cannot find type `CONSOLE_SCREEN_BUFFER_INFO` in this scope
[INFO] [stdout]    --> src/lib.rs:151:17
[INFO] [stdout]     |
[INFO] [stdout] 151 |     type CSBI = CONSOLE_SCREEN_BUFFER_INFO;
[INFO] [stdout]     |                 ^^^^^^^^^^^^^^^^^^^^^^^^^^ not found in this scope
[INFO] [stdout] 
[INFO] [stdout] 
[INFO] [stdout] error[E0425]: cannot find value `STD_OUTPUT_HANDLE` in this scope
[INFO] [stdout]    --> src/lib.rs:161:30
[INFO] [stdout]     |
[INFO] [stdout] 161 |                 GetStdHandle(STD_OUTPUT_HANDLE),
[INFO] [stdout]     |                              ^^^^^^^^^^^^^^^^^ not found in this scope
[INFO] [stdout] 
[INFO] [stdout] 
[INFO] [stdout] error[E0425]: cannot find value `STD_OUTPUT_HANDLE` in this scope
[INFO] [stdout]    --> src/lib.rs:172:30
[INFO] [stdout]     |
[INFO] [stdout] 172 |                 GetStdHandle(STD_OUTPUT_HANDLE),
[INFO] [stdout]     |                              ^^^^^^^^^^^^^^^^^ not found in this scope
[INFO] [stdout] 
[INFO] [stdout] 
[INFO] [stdout] error[E0422]: cannot find struct, variant or union type `COORD` in this scope
[INFO] [stdout]    --> src/lib.rs:180:21
[INFO] [stdout]     |
[INFO] [stdout] 180 |             dwSize: COORD {X: 0, Y: 0},
[INFO] [stdout]     |                     ^^^^^ not found in this scope
[INFO] [stdout] 
[INFO] [stdout] 
[INFO] [stdout] error[E0422]: cannot find struct, variant or union type `COORD` in this scope
[INFO] [stdout]    --> src/lib.rs:181:31
[INFO] [stdout]     |
[INFO] [stdout] 181 |             dwCursorPosition: COORD {X: 0, Y: 0},
[INFO] [stdout]     |                               ^^^^^ not found in this scope
[INFO] [stdout] 
[INFO] [stdout] 
[INFO] [stdout] error[E0422]: cannot find struct, variant or union type `SMALL_RECT` in this scope
[INFO] [stdout]    --> src/lib.rs:183:23
[INFO] [stdout]     |
[INFO] [stdout] 183 |             srWindow: SMALL_RECT {
[INFO] [stdout]     |                       ^^^^^^^^^^ not found in this scope
[INFO] [stdout] 
[INFO] [stdout] 
[INFO] [stdout] error[E0422]: cannot find struct, variant or union type `COORD` in this scope
[INFO] [stdout]    --> src/lib.rs:189:34
[INFO] [stdout]     |
[INFO] [stdout] 189 |             dwMaximumWindowSize: COORD {X: 0, Y: 0},
[INFO] [stdout]     |                                  ^^^^^ not found in this scope
[INFO] [stdout] 
[INFO] [stdout] 
[INFO] [stdout] error[E0425]: cannot find value `STD_OUTPUT_HANDLE` in this scope
[INFO] [stdout]    --> src/lib.rs:194:30
[INFO] [stdout]     |
[INFO] [stdout] 194 |                 GetStdHandle(STD_OUTPUT_HANDLE),
[INFO] [stdout]     |                              ^^^^^^^^^^^^^^^^^ not found in this scope
[INFO] [stdout] 
[INFO] [stdout] 
[INFO] [stdout] warning: unused import: `super::*`
[INFO] [stdout]    --> src/lib.rs:148:9
[INFO] [stdout]     |
[INFO] [stdout] 148 |     use super::*;
[INFO] [stdout]     |         ^^^^^^^^
[INFO] [stdout]     |
[INFO] [stdout]     = note: `#[warn(unused_imports)]` on by default
[INFO] [stdout] 
[INFO] [stdout] 
[INFO] [stdout] error[E0425]: cannot find function, tuple struct or tuple variant `GetStdHandle` in this scope
[INFO] [stdout]   --> src/lib.rs:22:17
[INFO] [stdout]    |
[INFO] [stdout] 22 |                 GetStdHandle(STD_OUTPUT_HANDLE),
[INFO] [stdout]    |                 ^^^^^^^^^^^^ not found in this scope
[INFO] [stdout] 
[INFO] [stdout] 
[INFO] [stdout] error[E0425]: cannot find function, tuple struct or tuple variant `SetConsoleCursorPosition` in this scope
[INFO] [stdout]   --> src/lib.rs:21:13
[INFO] [stdout]    |
[INFO] [stdout] 21 |             SetConsoleCursorPosition(
[INFO] [stdout]    |             ^^^^^^^^^^^^^^^^^^^^^^^^ not found in this scope
[INFO] [stdout] 
[INFO] [stdout] 
[INFO] [stdout] error[E0425]: cannot find function, tuple struct or tuple variant `GetConsoleTitleA` in this scope
[INFO] [stdout]   --> src/lib.rs:65:13
[INFO] [stdout]    |
[INFO] [stdout] 65 |             GetConsoleTitleA(
[INFO] [stdout]    |             ^^^^^^^^^^^^^^^^ not found in this scope
[INFO] [stdout] 
[INFO] [stdout] 
[INFO] [stdout] error[E0425]: cannot find function, tuple struct or tuple variant `SetConsoleTitleA` in this scope
[INFO] [stdout]   --> src/lib.rs:78:13
[INFO] [stdout]    |
[INFO] [stdout] 78 |             SetConsoleTitleA(bytes.as_mut_ptr());
[INFO] [stdout]    |             ^^^^^^^^^^^^^^^^ not found in this scope
[INFO] [stdout] 
[INFO] [stdout] 
[INFO] [stdout] error[E0425]: cannot find function, tuple struct or tuple variant `GetConsoleCP` in this scope
[INFO] [stdout]   --> src/lib.rs:84:13
[INFO] [stdout]    |
[INFO] [stdout] 84 |             GetConsoleCP()
[INFO] [stdout]    |             ^^^^^^^^^^^^ not found in this scope
[INFO] [stdout] 
[INFO] [stdout] 
[INFO] [stdout] error[E0425]: cannot find function, tuple struct or tuple variant `GetStdHandle` in this scope
[INFO] [stdout]    --> src/lib.rs:139:17
[INFO] [stdout]     |
[INFO] [stdout] 139 |                 GetStdHandle(STD_OUTPUT_HANDLE),
[INFO] [stdout]     |                 ^^^^^^^^^^^^ not found in this scope
[INFO] [stdout] 
[INFO] [stdout] 
[INFO] [stdout] error[E0425]: cannot find function, tuple struct or tuple variant `SetConsoleTextAttribute` in this scope
[INFO] [stdout]    --> src/lib.rs:138:13
[INFO] [stdout]     |
[INFO] [stdout] 138 |             SetConsoleTextAttribute(
[INFO] [stdout]     |             ^^^^^^^^^^^^^^^^^^^^^^^ not found in this scope
[INFO] [stdout] 
[INFO] [stdout] 
[INFO] [stdout] error[E0425]: cannot find function, tuple struct or tuple variant `GetStdHandle` in this scope
[INFO] [stdout]    --> src/lib.rs:161:17
[INFO] [stdout]     |
[INFO] [stdout] 161 |                 GetStdHandle(STD_OUTPUT_HANDLE),
[INFO] [stdout]     |                 ^^^^^^^^^^^^ not found in this scope
[INFO] [stdout] 
[INFO] [stdout] 
[INFO] [stdout] error[E0425]: cannot find function, tuple struct or tuple variant `GetConsoleCursorInfo` in this scope
[INFO] [stdout]    --> src/lib.rs:160:13
[INFO] [stdout]     |
[INFO] [stdout] 160 |             GetConsoleCursorInfo(
[INFO] [stdout]     |             ^^^^^^^^^^^^^^^^^^^^ not found in this scope
[INFO] [stdout] 
[INFO] [stdout] 
[INFO] [stdout] error[E0425]: cannot find function, tuple struct or tuple variant `GetStdHandle` in this scope
[INFO] [stdout]    --> src/lib.rs:172:17
[INFO] [stdout]     |
[INFO] [stdout] 172 |                 GetStdHandle(STD_OUTPUT_HANDLE),
[INFO] [stdout]     |                 ^^^^^^^^^^^^ not found in this scope
[INFO] [stdout] 
[INFO] [stdout] 
[INFO] [stdout] error[E0425]: cannot find function, tuple struct or tuple variant `SetConsoleCursorInfo` in this scope
[INFO] [stdout]    --> src/lib.rs:171:13
[INFO] [stdout]     |
[INFO] [stdout] 171 |             SetConsoleCursorInfo(
[INFO] [stdout]     |             ^^^^^^^^^^^^^^^^^^^^ not found in this scope
[INFO] [stdout] 
[INFO] [stdout] 
[INFO] [stdout] error[E0425]: cannot find function, tuple struct or tuple variant `GetStdHandle` in this scope
[INFO] [stdout]    --> src/lib.rs:194:17
[INFO] [stdout]     |
[INFO] [stdout] 194 |                 GetStdHandle(STD_OUTPUT_HANDLE),
[INFO] [stdout]     |                 ^^^^^^^^^^^^ not found in this scope
[INFO] [stdout] 
[INFO] [stdout] 
[INFO] [stdout] error[E0425]: cannot find function, tuple struct or tuple variant `GetConsoleScreenBufferInfo` in this scope
[INFO] [stdout]    --> src/lib.rs:193:13
[INFO] [stdout]     |
[INFO] [stdout] 193 |             GetConsoleScreenBufferInfo(
[INFO] [stdout]     |             ^^^^^^^^^^^^^^^^^^^^^^^^^^ not found in this scope
[INFO] [stdout] 
[INFO] [stdout] 
[INFO] [stdout] error: aborting due to 29 previous errors; 1 warning emitted
[INFO] [stdout] 
[INFO] [stdout] 
[INFO] [stdout] Some errors have detailed explanations: E0412, E0422, E0425, E0433.
[INFO] [stdout] 
[INFO] [stdout] For more information about an error, try `rustc --explain E0412`.
[INFO] [stdout] 
[INFO] [stderr] error: could not compile `winter` due to 30 previous errors; 1 warning emitted
[INFO] running `Command { std: "docker" "inspect" "23a6ebbbf9bdcbcb20ffb72650518c4dbb19d55599a8dd2e119e02222325fa2e", kill_on_drop: false }`
[INFO] running `Command { std: "docker" "rm" "-f" "23a6ebbbf9bdcbcb20ffb72650518c4dbb19d55599a8dd2e119e02222325fa2e", kill_on_drop: false }`
[INFO] [stdout] 23a6ebbbf9bdcbcb20ffb72650518c4dbb19d55599a8dd2e119e02222325fa2e
