[INFO] fetching crate windows-error 1.1.0...
[INFO] testing windows-error-1.1.0 against 1.69.0 for beta-1.70-1
[INFO] extracting crate windows-error 1.1.0 into /workspace/builds/worker-0-tc1/source
[INFO] validating manifest of crates.io crate windows-error 1.1.0 on toolchain 1.69.0
[INFO] running `Command { std: CARGO_HOME="/workspace/cargo-home" RUSTUP_HOME="/workspace/rustup-home" "/workspace/cargo-home/bin/cargo" "+1.69.0" "metadata" "--manifest-path" "Cargo.toml" "--no-deps", kill_on_drop: false }`
[INFO] started tweaking crates.io crate windows-error 1.1.0
[INFO] finished tweaking crates.io crate windows-error 1.1.0
[INFO] tweaked toml for crates.io crate windows-error 1.1.0 written to /workspace/builds/worker-0-tc1/source/Cargo.toml
[INFO] running `Command { std: CARGO_HOME="/workspace/cargo-home" RUSTUP_HOME="/workspace/rustup-home" __CARGO_TEST_CHANNEL_OVERRIDE_DO_NOT_USE_THIS="nightly" "/workspace/cargo-home/bin/cargo" "+1.69.0" "generate-lockfile" "--manifest-path" "Cargo.toml" "-Zno-index-update", kill_on_drop: false }`
[INFO] running `Command { std: CARGO_HOME="/workspace/cargo-home" RUSTUP_HOME="/workspace/rustup-home" "/workspace/cargo-home/bin/cargo" "+1.69.0" "fetch" "--manifest-path" "Cargo.toml", kill_on_drop: false }`
[INFO] running `Command { std: "docker" "create" "-v" "/var/lib/crater-agent-workspace/builds/worker-0-tc1/target:/opt/rustwide/target:rw,Z" "-v" "/var/lib/crater-agent-workspace/builds/worker-0-tc1/source:/opt/rustwide/workdir:ro,Z" "-v" "/var/lib/crater-agent-workspace/cargo-home:/opt/rustwide/cargo-home:ro,Z" "-v" "/var/lib/crater-agent-workspace/rustup-home:/opt/rustwide/rustup-home:ro,Z" "-e" "SOURCE_DIR=/opt/rustwide/workdir" "-e" "CARGO_TARGET_DIR=/opt/rustwide/target" "-e" "CARGO_HOME=/opt/rustwide/cargo-home" "-e" "RUSTUP_HOME=/opt/rustwide/rustup-home" "-w" "/opt/rustwide/workdir" "-m" "1610612736" "--user" "0:0" "--network" "none" "ghcr.io/rust-lang/crates-build-env/linux@sha256:5ff2268d62e97bff2cde7d5815dd6ed5b47097566f13b8d0ca110b04b60e07ed" "/opt/rustwide/cargo-home/bin/cargo" "+1.69.0" "metadata" "--no-deps" "--format-version=1", kill_on_drop: false }`
[INFO] [stdout] a65e517495b347778aec032d9ec88966c77e438e6ca48298daba04ca4bddac87
[INFO] running `Command { std: "docker" "start" "-a" "a65e517495b347778aec032d9ec88966c77e438e6ca48298daba04ca4bddac87", kill_on_drop: false }`
[INFO] running `Command { std: "docker" "inspect" "a65e517495b347778aec032d9ec88966c77e438e6ca48298daba04ca4bddac87", kill_on_drop: false }`
[INFO] running `Command { std: "docker" "rm" "-f" "a65e517495b347778aec032d9ec88966c77e438e6ca48298daba04ca4bddac87", kill_on_drop: false }`
[INFO] [stdout] a65e517495b347778aec032d9ec88966c77e438e6ca48298daba04ca4bddac87
[INFO] running `Command { std: "docker" "create" "-v" "/var/lib/crater-agent-workspace/builds/worker-0-tc1/target:/opt/rustwide/target:rw,Z" "-v" "/var/lib/crater-agent-workspace/builds/worker-0-tc1/source:/opt/rustwide/workdir:ro,Z" "-v" "/var/lib/crater-agent-workspace/cargo-home:/opt/rustwide/cargo-home:ro,Z" "-v" "/var/lib/crater-agent-workspace/rustup-home:/opt/rustwide/rustup-home:ro,Z" "-e" "SOURCE_DIR=/opt/rustwide/workdir" "-e" "CARGO_TARGET_DIR=/opt/rustwide/target" "-e" "CARGO_INCREMENTAL=0" "-e" "RUST_BACKTRACE=full" "-e" "RUSTFLAGS=--cap-lints=warn" "-e" "RUSTDOCFLAGS=--cap-lints=warn" "-e" "CARGO_HOME=/opt/rustwide/cargo-home" "-e" "RUSTUP_HOME=/opt/rustwide/rustup-home" "-w" "/opt/rustwide/workdir" "-m" "1610612736" "--user" "0:0" "--network" "none" "ghcr.io/rust-lang/crates-build-env/linux@sha256:5ff2268d62e97bff2cde7d5815dd6ed5b47097566f13b8d0ca110b04b60e07ed" "/opt/rustwide/cargo-home/bin/cargo" "+1.69.0" "build" "--frozen" "--message-format=json", kill_on_drop: false }`
[INFO] [stdout] d3595b42e79671fe414f7536ef4f56f2380983de07521747a5af2fb1f17b8900
[INFO] running `Command { std: "docker" "start" "-a" "d3595b42e79671fe414f7536ef4f56f2380983de07521747a5af2fb1f17b8900", kill_on_drop: false }`
[INFO] [stderr]    Compiling windows-error v1.1.0 (/opt/rustwide/workdir)
[INFO] [stderr]     Finished dev [unoptimized + debuginfo] target(s) in 0.08s
[INFO] running `Command { std: "docker" "inspect" "d3595b42e79671fe414f7536ef4f56f2380983de07521747a5af2fb1f17b8900", kill_on_drop: false }`
[INFO] running `Command { std: "docker" "rm" "-f" "d3595b42e79671fe414f7536ef4f56f2380983de07521747a5af2fb1f17b8900", kill_on_drop: false }`
[INFO] [stdout] d3595b42e79671fe414f7536ef4f56f2380983de07521747a5af2fb1f17b8900
[INFO] running `Command { std: "docker" "create" "-v" "/var/lib/crater-agent-workspace/builds/worker-0-tc1/target:/opt/rustwide/target:rw,Z" "-v" "/var/lib/crater-agent-workspace/builds/worker-0-tc1/source:/opt/rustwide/workdir:ro,Z" "-v" "/var/lib/crater-agent-workspace/cargo-home:/opt/rustwide/cargo-home:ro,Z" "-v" "/var/lib/crater-agent-workspace/rustup-home:/opt/rustwide/rustup-home:ro,Z" "-e" "SOURCE_DIR=/opt/rustwide/workdir" "-e" "CARGO_TARGET_DIR=/opt/rustwide/target" "-e" "CARGO_INCREMENTAL=0" "-e" "RUST_BACKTRACE=full" "-e" "RUSTFLAGS=--cap-lints=warn" "-e" "RUSTDOCFLAGS=--cap-lints=warn" "-e" "CARGO_HOME=/opt/rustwide/cargo-home" "-e" "RUSTUP_HOME=/opt/rustwide/rustup-home" "-w" "/opt/rustwide/workdir" "-m" "1610612736" "--user" "0:0" "--network" "none" "ghcr.io/rust-lang/crates-build-env/linux@sha256:5ff2268d62e97bff2cde7d5815dd6ed5b47097566f13b8d0ca110b04b60e07ed" "/opt/rustwide/cargo-home/bin/cargo" "+1.69.0" "test" "--frozen" "--no-run" "--message-format=json", kill_on_drop: false }`
[INFO] [stdout] 70e043f403a9051cf026cb475f4329620c32a74d16d4b533bcf907da9f81a802
[INFO] running `Command { std: "docker" "start" "-a" "70e043f403a9051cf026cb475f4329620c32a74d16d4b533bcf907da9f81a802", kill_on_drop: false }`
[INFO] [stderr]    Compiling windows-error v1.1.0 (/opt/rustwide/workdir)
[INFO] [stdout] warning: unused import: `windows_error::*`
[INFO] [stdout]  --> tests/error.rs:3:5
[INFO] [stdout]   |
[INFO] [stdout] 3 | use windows_error::*;
[INFO] [stdout]   |     ^^^^^^^^^^^^^^^^
[INFO] [stdout]   |
[INFO] [stdout]   = note: `#[warn(unused_imports)]` on by default
[INFO] [stdout] 
[INFO] [stdout] 
[INFO] [stdout] error[E0433]: failed to resolve: use of undeclared type `WindowsError`
[INFO] [stdout]  --> tests/error.rs:8:13
[INFO] [stdout]   |
[INFO] [stdout] 8 |     assert!(WindowsError::new(0) == 0 as u16);
[INFO] [stdout]   |             ^^^^^^^^^^^^ use of undeclared type `WindowsError`
[INFO] [stdout] 
[INFO] [stdout] 
[INFO] [stdout] error[E0433]: failed to resolve: use of undeclared type `WindowsError`
[INFO] [stdout]  --> tests/error.rs:9:13
[INFO] [stdout]   |
[INFO] [stdout] 9 |     assert!(WindowsError::new(0) == WindowsError::from(0));
[INFO] [stdout]   |             ^^^^^^^^^^^^ use of undeclared type `WindowsError`
[INFO] [stdout] 
[INFO] [stdout] 
[INFO] [stdout] error[E0433]: failed to resolve: use of undeclared type `WindowsError`
[INFO] [stdout]  --> tests/error.rs:9:37
[INFO] [stdout]   |
[INFO] [stdout] 9 |     assert!(WindowsError::new(0) == WindowsError::from(0));
[INFO] [stdout]   |                                     ^^^^^^^^^^^^ use of undeclared type `WindowsError`
[INFO] [stdout] 
[INFO] [stdout] 
[INFO] [stdout] error[E0433]: failed to resolve: use of undeclared type `WindowsError`
[INFO] [stdout]   --> tests/error.rs:10:13
[INFO] [stdout]    |
[INFO] [stdout] 10 |     assert!(WindowsError::new(1) != WindowsError::from(0));
[INFO] [stdout]    |             ^^^^^^^^^^^^ use of undeclared type `WindowsError`
[INFO] [stdout] 
[INFO] [stdout] 
[INFO] [stdout] error[E0433]: failed to resolve: use of undeclared type `WindowsError`
[INFO] [stdout]   --> tests/error.rs:10:37
[INFO] [stdout]    |
[INFO] [stdout] 10 |     assert!(WindowsError::new(1) != WindowsError::from(0));
[INFO] [stdout]    |                                     ^^^^^^^^^^^^ use of undeclared type `WindowsError`
[INFO] [stdout] 
[INFO] [stdout] 
[INFO] [stdout] error[E0433]: failed to resolve: use of undeclared type `WindowsError`
[INFO] [stdout]   --> tests/error.rs:12:18
[INFO] [stdout]    |
[INFO] [stdout] 12 |     let result = WindowsError::new(0);
[INFO] [stdout]    |                  ^^^^^^^^^^^^ use of undeclared type `WindowsError`
[INFO] [stdout] 
[INFO] [stdout] 
[INFO] [stdout] error[E0433]: failed to resolve: use of undeclared type `WindowsError`
[INFO] [stdout]   --> tests/error.rs:16:18
[INFO] [stdout]    |
[INFO] [stdout] 16 |     let result = WindowsError::new(1);
[INFO] [stdout]    |                  ^^^^^^^^^^^^ use of undeclared type `WindowsError`
[INFO] [stdout] 
[INFO] [stdout] 
[INFO] [stdout] error[E0433]: failed to resolve: use of undeclared type `WindowsError`
[INFO] [stdout]   --> tests/error.rs:20:18
[INFO] [stdout]    |
[INFO] [stdout] 20 |     let result = WindowsError::new(666);
[INFO] [stdout]    |                  ^^^^^^^^^^^^ use of undeclared type `WindowsError`
[INFO] [stdout] 
[INFO] [stdout] 
[INFO] [stdout] error: aborting due to 8 previous errors; 1 warning emitted
[INFO] [stdout] 
[INFO] [stdout] 
[INFO] [stdout] For more information about this error, try `rustc --explain E0433`.
[INFO] [stdout] 
[INFO] [stderr] error: could not compile `windows-error` due to 9 previous errors; 1 warning emitted
[INFO] [stderr] warning: build failed, waiting for other jobs to finish...
[INFO] running `Command { std: "docker" "inspect" "70e043f403a9051cf026cb475f4329620c32a74d16d4b533bcf907da9f81a802", kill_on_drop: false }`
[INFO] running `Command { std: "docker" "rm" "-f" "70e043f403a9051cf026cb475f4329620c32a74d16d4b533bcf907da9f81a802", kill_on_drop: false }`
[INFO] [stdout] 70e043f403a9051cf026cb475f4329620c32a74d16d4b533bcf907da9f81a802
