[INFO] fetching crate windows-accesstoken 0.1.0...
[INFO] testing windows-accesstoken-0.1.0 against beta-2023-04-20 for beta-1.70-1
[INFO] extracting crate windows-accesstoken 0.1.0 into /workspace/builds/worker-0-tc2/source
[INFO] validating manifest of crates.io crate windows-accesstoken 0.1.0 on toolchain beta-2023-04-20
[INFO] running `Command { std: CARGO_HOME="/workspace/cargo-home" RUSTUP_HOME="/workspace/rustup-home" "/workspace/cargo-home/bin/cargo" "+beta-2023-04-20" "metadata" "--manifest-path" "Cargo.toml" "--no-deps", kill_on_drop: false }`
[INFO] started tweaking crates.io crate windows-accesstoken 0.1.0
[INFO] finished tweaking crates.io crate windows-accesstoken 0.1.0
[INFO] tweaked toml for crates.io crate windows-accesstoken 0.1.0 written to /workspace/builds/worker-0-tc2/source/Cargo.toml
[INFO] crate crates.io crate windows-accesstoken 0.1.0 already has a lockfile, it will not be regenerated
[INFO] running `Command { std: CARGO_HOME="/workspace/cargo-home" RUSTUP_HOME="/workspace/rustup-home" "/workspace/cargo-home/bin/cargo" "+beta-2023-04-20" "fetch" "--manifest-path" "Cargo.toml", kill_on_drop: false }`
[INFO] running `Command { std: "docker" "create" "-v" "/var/lib/crater-agent-workspace/builds/worker-0-tc2/target:/opt/rustwide/target:rw,Z" "-v" "/var/lib/crater-agent-workspace/builds/worker-0-tc2/source:/opt/rustwide/workdir:ro,Z" "-v" "/var/lib/crater-agent-workspace/cargo-home:/opt/rustwide/cargo-home:ro,Z" "-v" "/var/lib/crater-agent-workspace/rustup-home:/opt/rustwide/rustup-home:ro,Z" "-e" "SOURCE_DIR=/opt/rustwide/workdir" "-e" "CARGO_TARGET_DIR=/opt/rustwide/target" "-e" "CARGO_HOME=/opt/rustwide/cargo-home" "-e" "RUSTUP_HOME=/opt/rustwide/rustup-home" "-w" "/opt/rustwide/workdir" "-m" "1610612736" "--user" "0:0" "--network" "none" "ghcr.io/rust-lang/crates-build-env/linux@sha256:5ff2268d62e97bff2cde7d5815dd6ed5b47097566f13b8d0ca110b04b60e07ed" "/opt/rustwide/cargo-home/bin/cargo" "+beta-2023-04-20" "metadata" "--no-deps" "--format-version=1", kill_on_drop: false }`
[INFO] [stdout] a617b37599197e880019f9b3fcd38c490535ee921ca3f7a9532ce335ddd80286
[INFO] running `Command { std: "docker" "start" "-a" "a617b37599197e880019f9b3fcd38c490535ee921ca3f7a9532ce335ddd80286", kill_on_drop: false }`
[INFO] running `Command { std: "docker" "inspect" "a617b37599197e880019f9b3fcd38c490535ee921ca3f7a9532ce335ddd80286", kill_on_drop: false }`
[INFO] running `Command { std: "docker" "rm" "-f" "a617b37599197e880019f9b3fcd38c490535ee921ca3f7a9532ce335ddd80286", kill_on_drop: false }`
[INFO] [stdout] a617b37599197e880019f9b3fcd38c490535ee921ca3f7a9532ce335ddd80286
[INFO] running `Command { std: "docker" "create" "-v" "/var/lib/crater-agent-workspace/builds/worker-0-tc2/target:/opt/rustwide/target:rw,Z" "-v" "/var/lib/crater-agent-workspace/builds/worker-0-tc2/source:/opt/rustwide/workdir:ro,Z" "-v" "/var/lib/crater-agent-workspace/cargo-home:/opt/rustwide/cargo-home:ro,Z" "-v" "/var/lib/crater-agent-workspace/rustup-home:/opt/rustwide/rustup-home:ro,Z" "-e" "SOURCE_DIR=/opt/rustwide/workdir" "-e" "CARGO_TARGET_DIR=/opt/rustwide/target" "-e" "CARGO_INCREMENTAL=0" "-e" "RUST_BACKTRACE=full" "-e" "RUSTFLAGS=--cap-lints=warn" "-e" "RUSTDOCFLAGS=--cap-lints=warn" "-e" "CARGO_HOME=/opt/rustwide/cargo-home" "-e" "RUSTUP_HOME=/opt/rustwide/rustup-home" "-w" "/opt/rustwide/workdir" "-m" "1610612736" "--user" "0:0" "--network" "none" "ghcr.io/rust-lang/crates-build-env/linux@sha256:5ff2268d62e97bff2cde7d5815dd6ed5b47097566f13b8d0ca110b04b60e07ed" "/opt/rustwide/cargo-home/bin/cargo" "+beta-2023-04-20" "build" "--frozen" "--message-format=json", kill_on_drop: false }`
[INFO] [stdout] 4eb2fde24226ac46305d470a301fce213eeea6ca95fe0a7cc9a2aaefdc8f4b5d
[INFO] running `Command { std: "docker" "start" "-a" "4eb2fde24226ac46305d470a301fce213eeea6ca95fe0a7cc9a2aaefdc8f4b5d", kill_on_drop: false }`
[INFO] [stderr]    Compiling winapi v0.3.9
[INFO] [stderr]    Compiling windows-accesstoken v0.1.0 (/opt/rustwide/workdir)
[INFO] [stderr]     Finished dev [unoptimized + debuginfo] target(s) in 1.06s
[INFO] running `Command { std: "docker" "inspect" "4eb2fde24226ac46305d470a301fce213eeea6ca95fe0a7cc9a2aaefdc8f4b5d", kill_on_drop: false }`
[INFO] running `Command { std: "docker" "rm" "-f" "4eb2fde24226ac46305d470a301fce213eeea6ca95fe0a7cc9a2aaefdc8f4b5d", kill_on_drop: false }`
[INFO] [stdout] 4eb2fde24226ac46305d470a301fce213eeea6ca95fe0a7cc9a2aaefdc8f4b5d
[INFO] running `Command { std: "docker" "create" "-v" "/var/lib/crater-agent-workspace/builds/worker-0-tc2/target:/opt/rustwide/target:rw,Z" "-v" "/var/lib/crater-agent-workspace/builds/worker-0-tc2/source:/opt/rustwide/workdir:ro,Z" "-v" "/var/lib/crater-agent-workspace/cargo-home:/opt/rustwide/cargo-home:ro,Z" "-v" "/var/lib/crater-agent-workspace/rustup-home:/opt/rustwide/rustup-home:ro,Z" "-e" "SOURCE_DIR=/opt/rustwide/workdir" "-e" "CARGO_TARGET_DIR=/opt/rustwide/target" "-e" "CARGO_INCREMENTAL=0" "-e" "RUST_BACKTRACE=full" "-e" "RUSTFLAGS=--cap-lints=warn" "-e" "RUSTDOCFLAGS=--cap-lints=warn" "-e" "CARGO_HOME=/opt/rustwide/cargo-home" "-e" "RUSTUP_HOME=/opt/rustwide/rustup-home" "-w" "/opt/rustwide/workdir" "-m" "1610612736" "--user" "0:0" "--network" "none" "ghcr.io/rust-lang/crates-build-env/linux@sha256:5ff2268d62e97bff2cde7d5815dd6ed5b47097566f13b8d0ca110b04b60e07ed" "/opt/rustwide/cargo-home/bin/cargo" "+beta-2023-04-20" "test" "--frozen" "--no-run" "--message-format=json", kill_on_drop: false }`
[INFO] [stdout] 313ec0039d36e9b1041633a5fc2324ab73bd3783231b669a862249b4b0590c6b
[INFO] running `Command { std: "docker" "start" "-a" "313ec0039d36e9b1041633a5fc2324ab73bd3783231b669a862249b4b0590c6b", kill_on_drop: false }`
[INFO] [stderr]    Compiling windows-accesstoken v0.1.0 (/opt/rustwide/workdir)
[INFO] [stdout] error[E0432]: unresolved import `windows_accesstoken::information`
[INFO] [stdout]  --> examples/is-admin.rs:1:26
[INFO] [stdout]   |
[INFO] [stdout] 1 | use windows_accesstoken::information::TokenElevation;
[INFO] [stdout]   |                          ^^^^^^^^^^^ could not find `information` in `windows_accesstoken`
[INFO] [stdout] 
[INFO] [stdout] 
[INFO] [stdout] error[E0432]: unresolved import `windows_accesstoken::AccessToken`
[INFO] [stdout]  --> examples/is-admin.rs:2:5
[INFO] [stdout]   |
[INFO] [stdout] 2 | use windows_accesstoken::AccessToken;
[INFO] [stdout]   |     ^^^^^^^^^^^^^^^^^^^^^^^^^^^^^^^^ no `AccessToken` in the root
[INFO] [stdout] 
[INFO] [stdout] 
[INFO] [stdout] error[E0432]: unresolved import `windows_accesstoken::TokenAccessLevel`
[INFO] [stdout]  --> examples/is-admin.rs:3:5
[INFO] [stdout]   |
[INFO] [stdout] 3 | use windows_accesstoken::TokenAccessLevel;
[INFO] [stdout]   |     ^^^^^^^^^^^^^^^^^^^^^^^^^^^^^^^^^^^^^ no `TokenAccessLevel` in the root
[INFO] [stdout] 
[INFO] [stdout] 
[INFO] [stdout] error[E0432]: unresolved imports `windows_accesstoken::information`, `windows_accesstoken::security`
[INFO] [stdout]  --> examples/is-admin.rs:5:5
[INFO] [stdout]   |
[INFO] [stdout] 5 |     information::{Groups, LinkedToken},
[INFO] [stdout]   |     ^^^^^^^^^^^ could not find `information` in `windows_accesstoken`
[INFO] [stdout] 6 |     security::{GroupSidAttributes, SecurityIdentifier, WellKnownSid},
[INFO] [stdout]   |     ^^^^^^^^ could not find `security` in `windows_accesstoken`
[INFO] [stdout] 
[INFO] [stdout] 
[INFO] [stdout] error: aborting due to 4 previous errors
[INFO] [stdout] 
[INFO] [stdout] 
[INFO] [stdout] For more information about this error, try `rustc --explain E0432`.
[INFO] [stdout] 
[INFO] [stderr] error: could not compile `windows-accesstoken` (example "is-admin") due to 5 previous errors
[INFO] [stderr] warning: build failed, waiting for other jobs to finish...
[INFO] running `Command { std: "docker" "inspect" "313ec0039d36e9b1041633a5fc2324ab73bd3783231b669a862249b4b0590c6b", kill_on_drop: false }`
[INFO] running `Command { std: "docker" "rm" "-f" "313ec0039d36e9b1041633a5fc2324ab73bd3783231b669a862249b4b0590c6b", kill_on_drop: false }`
[INFO] [stdout] 313ec0039d36e9b1041633a5fc2324ab73bd3783231b669a862249b4b0590c6b
