[INFO] fetching crate win-base64 0.1.2...
[INFO] testing win-base64-0.1.2 against 1.69.0 for beta-1.70-1
[INFO] extracting crate win-base64 0.1.2 into /workspace/builds/worker-6-tc1/source
[INFO] validating manifest of crates.io crate win-base64 0.1.2 on toolchain 1.69.0
[INFO] running `Command { std: CARGO_HOME="/workspace/cargo-home" RUSTUP_HOME="/workspace/rustup-home" "/workspace/cargo-home/bin/cargo" "+1.69.0" "metadata" "--manifest-path" "Cargo.toml" "--no-deps", kill_on_drop: false }`
[INFO] started tweaking crates.io crate win-base64 0.1.2
[INFO] removed 1 missing examples
[INFO] finished tweaking crates.io crate win-base64 0.1.2
[INFO] tweaked toml for crates.io crate win-base64 0.1.2 written to /workspace/builds/worker-6-tc1/source/Cargo.toml
[INFO] crate crates.io crate win-base64 0.1.2 already has a lockfile, it will not be regenerated
[INFO] running `Command { std: CARGO_HOME="/workspace/cargo-home" RUSTUP_HOME="/workspace/rustup-home" "/workspace/cargo-home/bin/cargo" "+1.69.0" "fetch" "--manifest-path" "Cargo.toml", kill_on_drop: false }`
[INFO] running `Command { std: "docker" "create" "-v" "/var/lib/crater-agent-workspace/builds/worker-6-tc1/target:/opt/rustwide/target:rw,Z" "-v" "/var/lib/crater-agent-workspace/builds/worker-6-tc1/source:/opt/rustwide/workdir:ro,Z" "-v" "/var/lib/crater-agent-workspace/cargo-home:/opt/rustwide/cargo-home:ro,Z" "-v" "/var/lib/crater-agent-workspace/rustup-home:/opt/rustwide/rustup-home:ro,Z" "-e" "SOURCE_DIR=/opt/rustwide/workdir" "-e" "CARGO_TARGET_DIR=/opt/rustwide/target" "-e" "CARGO_HOME=/opt/rustwide/cargo-home" "-e" "RUSTUP_HOME=/opt/rustwide/rustup-home" "-w" "/opt/rustwide/workdir" "-m" "1610612736" "--user" "0:0" "--network" "none" "ghcr.io/rust-lang/crates-build-env/linux@sha256:5ff2268d62e97bff2cde7d5815dd6ed5b47097566f13b8d0ca110b04b60e07ed" "/opt/rustwide/cargo-home/bin/cargo" "+1.69.0" "metadata" "--no-deps" "--format-version=1", kill_on_drop: false }`
[INFO] [stdout] 92610cc1ac2990e6a116e23238ae016b73104a43f482e653a78d7cb62696dac4
[INFO] running `Command { std: "docker" "start" "-a" "92610cc1ac2990e6a116e23238ae016b73104a43f482e653a78d7cb62696dac4", kill_on_drop: false }`
[INFO] running `Command { std: "docker" "inspect" "92610cc1ac2990e6a116e23238ae016b73104a43f482e653a78d7cb62696dac4", kill_on_drop: false }`
[INFO] running `Command { std: "docker" "rm" "-f" "92610cc1ac2990e6a116e23238ae016b73104a43f482e653a78d7cb62696dac4", kill_on_drop: false }`
[INFO] [stdout] 92610cc1ac2990e6a116e23238ae016b73104a43f482e653a78d7cb62696dac4
[INFO] running `Command { std: "docker" "create" "-v" "/var/lib/crater-agent-workspace/builds/worker-6-tc1/target:/opt/rustwide/target:rw,Z" "-v" "/var/lib/crater-agent-workspace/builds/worker-6-tc1/source:/opt/rustwide/workdir:ro,Z" "-v" "/var/lib/crater-agent-workspace/cargo-home:/opt/rustwide/cargo-home:ro,Z" "-v" "/var/lib/crater-agent-workspace/rustup-home:/opt/rustwide/rustup-home:ro,Z" "-e" "SOURCE_DIR=/opt/rustwide/workdir" "-e" "CARGO_TARGET_DIR=/opt/rustwide/target" "-e" "CARGO_INCREMENTAL=0" "-e" "RUST_BACKTRACE=full" "-e" "RUSTFLAGS=--cap-lints=warn" "-e" "RUSTDOCFLAGS=--cap-lints=warn" "-e" "CARGO_HOME=/opt/rustwide/cargo-home" "-e" "RUSTUP_HOME=/opt/rustwide/rustup-home" "-w" "/opt/rustwide/workdir" "-m" "1610612736" "--user" "0:0" "--network" "none" "ghcr.io/rust-lang/crates-build-env/linux@sha256:5ff2268d62e97bff2cde7d5815dd6ed5b47097566f13b8d0ca110b04b60e07ed" "/opt/rustwide/cargo-home/bin/cargo" "+1.69.0" "build" "--frozen" "--message-format=json", kill_on_drop: false }`
[INFO] [stdout] 57058cb148478aa25afa0f59fc97333a521da866262eb7ccff3d5f34f38c5b6d
[INFO] running `Command { std: "docker" "start" "-a" "57058cb148478aa25afa0f59fc97333a521da866262eb7ccff3d5f34f38c5b6d", kill_on_drop: false }`
[INFO] [stderr]     Blocking waiting for file lock on package cache
[INFO] [stderr]    Compiling windows v0.30.0
[INFO] [stdout] error[E0433]: failed to resolve: could not find `windows` in `os`
[INFO] [stdout]     --> /opt/rustwide/cargo-home/registry/src/github.com-1ecc6299db9ec823/windows-0.30.0/src/Windows/Win32/Foundation/mod.rs:5874:22
[INFO] [stdout]      |
[INFO] [stdout] 5874 |         use std::os::windows::ffi::OsStrExt;
[INFO] [stdout]      |                      ^^^^^^^ could not find `windows` in `os`
[INFO] [stdout] 
[INFO] [stdout] 
[INFO] [stdout] error[E0433]: failed to resolve: could not find `windows` in `os`
[INFO] [stdout]     --> /opt/rustwide/cargo-home/registry/src/github.com-1ecc6299db9ec823/windows-0.30.0/src/core/bindings.rs:1537:22
[INFO] [stdout]      |
[INFO] [stdout] 1537 |         use std::os::windows::ffi::OsStrExt;
[INFO] [stdout]      |                      ^^^^^^^ could not find `windows` in `os`
[INFO] [stdout] 
[INFO] [stdout] 
[INFO] [stdout] error[E0599]: no method named `encode_wide` found for reference `&OsStr` in the current scope
[INFO] [stdout]     --> /opt/rustwide/cargo-home/registry/src/github.com-1ecc6299db9ec823/windows-0.30.0/src/Windows/Win32/Foundation/mod.rs:5875:104
[INFO] [stdout]      |
[INFO] [stdout] 5875 | ...ore::alloc::boxed::Box::<[u16]>::into_raw(self.encode_wide().chain(::core::iter::once(0)).collect::<::windows::core::alloc::vec::Vec<u...
[INFO] [stdout]      |                                                   ^^^^^^^^^^^ method not found in `&OsStr`
[INFO] [stdout] 
[INFO] [stdout] 
[INFO] [stdout] error[E0599]: no method named `encode_wide` found for reference `&OsStr` in the current scope
[INFO] [stdout]     --> /opt/rustwide/cargo-home/registry/src/github.com-1ecc6299db9ec823/windows-0.30.0/src/core/bindings.rs:1538:104
[INFO] [stdout]      |
[INFO] [stdout] 1538 | ...ore::alloc::boxed::Box::<[u16]>::into_raw(self.encode_wide().chain(::core::iter::once(0)).collect::<::windows::core::alloc::vec::Vec<u...
[INFO] [stdout]      |                                                   ^^^^^^^^^^^ method not found in `&OsStr`
[INFO] [stdout] 
[INFO] [stdout] 
[INFO] [stdout] error: aborting due to 4 previous errors
[INFO] [stdout] 
[INFO] [stdout] 
[INFO] [stdout] Some errors have detailed explanations: E0433, E0599.
[INFO] [stdout] 
[INFO] [stdout] For more information about an error, try `rustc --explain E0433`.
[INFO] [stdout] 
[INFO] [stderr] error: could not compile `windows` due to 5 previous errors
[INFO] running `Command { std: "docker" "inspect" "57058cb148478aa25afa0f59fc97333a521da866262eb7ccff3d5f34f38c5b6d", kill_on_drop: false }`
[INFO] running `Command { std: "docker" "rm" "-f" "57058cb148478aa25afa0f59fc97333a521da866262eb7ccff3d5f34f38c5b6d", kill_on_drop: false }`
[INFO] [stdout] 57058cb148478aa25afa0f59fc97333a521da866262eb7ccff3d5f34f38c5b6d
