[INFO] fetching crate welds 0.1.4...
[INFO] testing welds-0.1.4 against 1.69.0 for beta-1.70-1
[INFO] extracting crate welds 0.1.4 into /workspace/builds/worker-1-tc1/source
[INFO] validating manifest of crates.io crate welds 0.1.4 on toolchain 1.69.0
[INFO] running `Command { std: CARGO_HOME="/workspace/cargo-home" RUSTUP_HOME="/workspace/rustup-home" "/workspace/cargo-home/bin/cargo" "+1.69.0" "metadata" "--manifest-path" "Cargo.toml" "--no-deps", kill_on_drop: false }`
[INFO] started tweaking crates.io crate welds 0.1.4
[INFO] finished tweaking crates.io crate welds 0.1.4
[INFO] tweaked toml for crates.io crate welds 0.1.4 written to /workspace/builds/worker-1-tc1/source/Cargo.toml
[INFO] crate crates.io crate welds 0.1.4 already has a lockfile, it will not be regenerated
[INFO] running `Command { std: CARGO_HOME="/workspace/cargo-home" RUSTUP_HOME="/workspace/rustup-home" "/workspace/cargo-home/bin/cargo" "+1.69.0" "fetch" "--manifest-path" "Cargo.toml", kill_on_drop: false }`
[INFO] [stderr]  Downloading crates ...
[INFO] [stderr]   Downloaded pkcs1 v0.3.3
[INFO] [stderr]   Downloaded pem-rfc7468 v0.3.1
[INFO] [stderr]   Downloaded crypto-bigint v0.3.2
[INFO] [stderr]   Downloaded rsa v0.6.1
[INFO] [stderr]   Downloaded welds-macros v0.1.4
[INFO] running `Command { std: "docker" "create" "-v" "/var/lib/crater-agent-workspace/builds/worker-1-tc1/target:/opt/rustwide/target:rw,Z" "-v" "/var/lib/crater-agent-workspace/builds/worker-1-tc1/source:/opt/rustwide/workdir:ro,Z" "-v" "/var/lib/crater-agent-workspace/cargo-home:/opt/rustwide/cargo-home:ro,Z" "-v" "/var/lib/crater-agent-workspace/rustup-home:/opt/rustwide/rustup-home:ro,Z" "-e" "SOURCE_DIR=/opt/rustwide/workdir" "-e" "CARGO_TARGET_DIR=/opt/rustwide/target" "-e" "CARGO_HOME=/opt/rustwide/cargo-home" "-e" "RUSTUP_HOME=/opt/rustwide/rustup-home" "-w" "/opt/rustwide/workdir" "-m" "1610612736" "--user" "0:0" "--network" "none" "ghcr.io/rust-lang/crates-build-env/linux@sha256:5ff2268d62e97bff2cde7d5815dd6ed5b47097566f13b8d0ca110b04b60e07ed" "/opt/rustwide/cargo-home/bin/cargo" "+1.69.0" "metadata" "--no-deps" "--format-version=1", kill_on_drop: false }`
[INFO] [stdout] 2edc41eace5cdd82e60a2c1dd294ec568e961757c4fccab05cf3311ac0be92d4
[INFO] running `Command { std: "docker" "start" "-a" "2edc41eace5cdd82e60a2c1dd294ec568e961757c4fccab05cf3311ac0be92d4", kill_on_drop: false }`
[INFO] running `Command { std: "docker" "inspect" "2edc41eace5cdd82e60a2c1dd294ec568e961757c4fccab05cf3311ac0be92d4", kill_on_drop: false }`
[INFO] running `Command { std: "docker" "rm" "-f" "2edc41eace5cdd82e60a2c1dd294ec568e961757c4fccab05cf3311ac0be92d4", kill_on_drop: false }`
[INFO] [stdout] 2edc41eace5cdd82e60a2c1dd294ec568e961757c4fccab05cf3311ac0be92d4
[INFO] running `Command { std: "docker" "create" "-v" "/var/lib/crater-agent-workspace/builds/worker-1-tc1/target:/opt/rustwide/target:rw,Z" "-v" "/var/lib/crater-agent-workspace/builds/worker-1-tc1/source:/opt/rustwide/workdir:ro,Z" "-v" "/var/lib/crater-agent-workspace/cargo-home:/opt/rustwide/cargo-home:ro,Z" "-v" "/var/lib/crater-agent-workspace/rustup-home:/opt/rustwide/rustup-home:ro,Z" "-e" "SOURCE_DIR=/opt/rustwide/workdir" "-e" "CARGO_TARGET_DIR=/opt/rustwide/target" "-e" "CARGO_INCREMENTAL=0" "-e" "RUST_BACKTRACE=full" "-e" "RUSTFLAGS=--cap-lints=warn" "-e" "RUSTDOCFLAGS=--cap-lints=warn" "-e" "CARGO_HOME=/opt/rustwide/cargo-home" "-e" "RUSTUP_HOME=/opt/rustwide/rustup-home" "-w" "/opt/rustwide/workdir" "-m" "1610612736" "--user" "0:0" "--network" "none" "ghcr.io/rust-lang/crates-build-env/linux@sha256:5ff2268d62e97bff2cde7d5815dd6ed5b47097566f13b8d0ca110b04b60e07ed" "/opt/rustwide/cargo-home/bin/cargo" "+1.69.0" "build" "--frozen" "--message-format=json", kill_on_drop: false }`
[INFO] [stdout] 20f91bcf0e57608fff46a4fc9e867bdf5c927c361c4366cc663877188661b525
[INFO] running `Command { std: "docker" "start" "-a" "20f91bcf0e57608fff46a4fc9e867bdf5c927c361c4366cc663877188661b525", kill_on_drop: false }`
[INFO] [stderr]    Compiling libc v0.2.142
[INFO] [stderr]    Compiling syn v1.0.109
[INFO] [stderr]    Compiling futures-core v0.3.28
[INFO] [stderr]    Compiling value-bag v1.0.0-alpha.9
[INFO] [stderr]    Compiling once_cell v1.17.1
[INFO] [stderr]    Compiling log v0.4.17
[INFO] [stderr]    Compiling crossbeam-utils v0.8.15
[INFO] [stderr]    Compiling cc v1.0.79
[INFO] [stderr]    Compiling futures-io v0.3.28
[INFO] [stderr]    Compiling pin-project-lite v0.2.9
[INFO] [stderr]    Compiling event-listener v2.5.3
[INFO] [stderr]    Compiling slab v0.4.8
[INFO] [stderr]    Compiling waker-fn v1.1.0
[INFO] [stderr]    Compiling parking v2.1.0
[INFO] [stderr]    Compiling io-lifetimes v1.0.10
[INFO] [stderr]    Compiling fastrand v1.9.0
[INFO] [stderr]    Compiling async-lock v2.7.0
[INFO] [stderr]    Compiling concurrent-queue v2.2.0
[INFO] [stderr]    Compiling futures-lite v1.13.0
[INFO] [stderr]    Compiling polling v2.8.0
[INFO] [stderr]    Compiling rustix v0.37.13
[INFO] [stderr]    Compiling untrusted v0.7.1
[INFO] [stderr]    Compiling typenum v1.16.0
[INFO] [stderr]    Compiling ring v0.16.20
[INFO] [stderr]    Compiling spin v0.5.2
[INFO] [stderr]    Compiling generic-array v0.14.7
[INFO] [stderr]    Compiling async-io v1.13.0
[INFO] [stderr]    Compiling linux-raw-sys v0.3.3
[INFO] [stderr]    Compiling socket2 v0.4.9
[INFO] [stderr]    Compiling ahash v0.7.6
[INFO] [stderr]    Compiling async-task v4.4.0
[INFO] [stderr]    Compiling signal-hook v0.3.15
[INFO] [stderr]    Compiling getrandom v0.2.9
[INFO] [stderr]    Compiling signal-hook-registry v1.4.1
[INFO] [stderr]    Compiling async-channel v1.8.0
[INFO] [stderr]    Compiling lock_api v0.4.9
[INFO] [stderr]    Compiling async-process v1.7.0
[INFO] [stderr]    Compiling rustls v0.20.8
[INFO] [stderr]    Compiling atomic-waker v1.1.1
[INFO] [stderr]    Compiling parking_lot_core v0.8.6
[INFO] [stderr]    Compiling async-executor v1.5.1
[INFO] [stderr]    Compiling syn v2.0.15
[INFO] [stderr]    Compiling instant v0.1.12
[INFO] [stderr]    Compiling num-traits v0.2.15
[INFO] [stderr]    Compiling pin-utils v0.1.0
[INFO] [stderr]    Compiling futures-task v0.3.28
[INFO] [stderr]    Compiling scopeguard v1.1.0
[INFO] [stderr]    Compiling crypto-common v0.1.6
[INFO] [stderr]    Compiling block-buffer v0.10.4
[INFO] [stderr]    Compiling hashbrown v0.12.3
[INFO] [stderr]    Compiling indexmap v1.9.3
[INFO] [stderr]    Compiling futures-util v0.3.28
[INFO] [stderr]    Compiling crossbeam-queue v0.3.8
[INFO] [stderr]    Compiling futures-sink v0.3.28
[INFO] [stderr]    Compiling futures-channel v0.3.28
[INFO] [stderr]    Compiling paste v1.0.12
[INFO] [stderr]    Compiling minimal-lexical v0.2.1
[INFO] [stderr]    Compiling either v1.8.1
[INFO] [stderr]    Compiling itertools v0.10.5
[INFO] [stderr]    Compiling nom v7.1.3
[INFO] [stderr]    Compiling webpki v0.22.0
[INFO] [stderr]    Compiling sct v0.7.0
[INFO] [stderr]    Compiling digest v0.10.6
[INFO] [stderr]    Compiling parking_lot v0.11.2
[INFO] [stderr]    Compiling unicode_categories v0.1.1
[INFO] [stderr]    Compiling crc-catalog v2.2.0
[INFO] [stderr]    Compiling cpufeatures v0.2.7
[INFO] [stderr]    Compiling base64 v0.21.0
[INFO] [stderr]    Compiling crc v3.0.1
[INFO] [stderr]    Compiling sha2 v0.10.6
[INFO] [stderr]    Compiling url v2.3.1
[INFO] [stderr]    Compiling rustls-pemfile v1.0.2
[INFO] [stderr]    Compiling atoi v1.0.0
[INFO] [stderr]    Compiling futures-intrusive v0.4.2
[INFO] [stderr]    Compiling webpki-roots v0.22.6
[INFO] [stderr]    Compiling ctor v0.1.26
[INFO] [stderr]    Compiling async-attributes v1.1.2
[INFO] [stderr]    Compiling sqlformat v0.2.1
[INFO] [stderr]    Compiling hashlink v0.8.1
[INFO] [stderr]    Compiling stringprep v0.1.2
[INFO] [stderr]    Compiling itoa v1.0.6
[INFO] [stderr]    Compiling byteorder v1.4.3
[INFO] [stderr]    Compiling hex v0.4.3
[INFO] [stderr]    Compiling dotenvy v0.15.7
[INFO] [stderr]    Compiling unicode-segmentation v1.10.1
[INFO] [stderr]    Compiling bytes v1.4.0
[INFO] [stderr]    Compiling anyhow v1.0.70
[INFO] [stderr]    Compiling blocking v1.3.1
[INFO] [stderr]    Compiling kv-log-macro v1.0.7
[INFO] [stderr]    Compiling thiserror-impl v1.0.40
[INFO] [stderr]    Compiling heck v0.4.1
[INFO] [stderr]    Compiling async-trait v0.1.68
[INFO] [stderr]    Compiling async-global-executor v2.3.1
[INFO] [stderr]    Compiling async-std v1.12.0
[INFO] [stderr]    Compiling thiserror v1.0.40
[INFO] [stderr]    Compiling futures-rustls v0.22.2
[INFO] [stderr]    Compiling sqlx-rt v0.6.3
[INFO] [stderr]    Compiling sqlx-core v0.6.3
[INFO] [stderr]    Compiling sqlx-macros v0.6.3
[INFO] [stderr]    Compiling sqlx v0.6.3
[INFO] [stderr]    Compiling welds-macros v0.1.4
[INFO] [stderr]    Compiling welds v0.1.4 (/opt/rustwide/workdir)
[INFO] [stdout] warning: unused import: `super::Pool`
[INFO] [stdout]  --> src/connection/any.rs:1:5
[INFO] [stdout]   |
[INFO] [stdout] 1 | use super::Pool;
[INFO] [stdout]   |     ^^^^^^^^^^^
[INFO] [stdout]   |
[INFO] [stdout]   = note: `#[warn(unused_imports)]` on by default
[INFO] [stdout] 
[INFO] [stdout] 
[INFO] [stdout] warning: unused import: `super::column::ColumnWriter`
[INFO] [stdout]  --> src/writers/insert.rs:2:5
[INFO] [stdout]   |
[INFO] [stdout] 2 | use super::column::ColumnWriter;
[INFO] [stdout]   |     ^^^^^^^^^^^^^^^^^^^^^^^^^^^
[INFO] [stdout] 
[INFO] [stdout] 
[INFO] [stdout] warning: unused variable: `url`
[INFO] [stdout]    --> src/connection/any.rs:104:49
[INFO] [stdout]     |
[INFO] [stdout] 104 |     pub async fn connect_with_connection_string(url: &str) -> Result<AnyPool> {
[INFO] [stdout]     |                                                 ^^^ help: if this is intentional, prefix it with an underscore: `_url`
[INFO] [stdout]     |
[INFO] [stdout]     = note: `#[warn(unused_variables)]` on by default
[INFO] [stdout] 
[INFO] [stdout] 
[INFO] [stdout] warning: function `mssql_type_overrides` is never used
[INFO] [stdout]   --> src/writers/column.rs:72:4
[INFO] [stdout]    |
[INFO] [stdout] 72 | fn mssql_type_overrides(dbtype: &str) -> &str {
[INFO] [stdout]    |    ^^^^^^^^^^^^^^^^^^^^
[INFO] [stdout]    |
[INFO] [stdout]    = note: `#[warn(dead_code)]` on by default
[INFO] [stdout] 
[INFO] [stdout] 
[INFO] [stdout] warning: 4 warnings emitted
[INFO] [stdout] 
[INFO] [stdout] 
[INFO] [stderr]     Finished dev [unoptimized + debuginfo] target(s) in 1m 02s
[INFO] running `Command { std: "docker" "inspect" "20f91bcf0e57608fff46a4fc9e867bdf5c927c361c4366cc663877188661b525", kill_on_drop: false }`
[INFO] running `Command { std: "docker" "rm" "-f" "20f91bcf0e57608fff46a4fc9e867bdf5c927c361c4366cc663877188661b525", kill_on_drop: false }`
[INFO] [stdout] 20f91bcf0e57608fff46a4fc9e867bdf5c927c361c4366cc663877188661b525
[INFO] running `Command { std: "docker" "create" "-v" "/var/lib/crater-agent-workspace/builds/worker-1-tc1/target:/opt/rustwide/target:rw,Z" "-v" "/var/lib/crater-agent-workspace/builds/worker-1-tc1/source:/opt/rustwide/workdir:ro,Z" "-v" "/var/lib/crater-agent-workspace/cargo-home:/opt/rustwide/cargo-home:ro,Z" "-v" "/var/lib/crater-agent-workspace/rustup-home:/opt/rustwide/rustup-home:ro,Z" "-e" "SOURCE_DIR=/opt/rustwide/workdir" "-e" "CARGO_TARGET_DIR=/opt/rustwide/target" "-e" "CARGO_INCREMENTAL=0" "-e" "RUST_BACKTRACE=full" "-e" "RUSTFLAGS=--cap-lints=warn" "-e" "RUSTDOCFLAGS=--cap-lints=warn" "-e" "CARGO_HOME=/opt/rustwide/cargo-home" "-e" "RUSTUP_HOME=/opt/rustwide/rustup-home" "-w" "/opt/rustwide/workdir" "-m" "1610612736" "--user" "0:0" "--network" "none" "ghcr.io/rust-lang/crates-build-env/linux@sha256:5ff2268d62e97bff2cde7d5815dd6ed5b47097566f13b8d0ca110b04b60e07ed" "/opt/rustwide/cargo-home/bin/cargo" "+1.69.0" "test" "--frozen" "--no-run" "--message-format=json", kill_on_drop: false }`
[INFO] [stdout] e68e3bb4fc59ea97605662ef0b7f415eaaab676e55fbfebfb56fc0db34de52c3
[INFO] running `Command { std: "docker" "start" "-a" "e68e3bb4fc59ea97605662ef0b7f415eaaab676e55fbfebfb56fc0db34de52c3", kill_on_drop: false }`
[INFO] [stdout] warning: unused import: `super::Pool`
[INFO] [stdout]  --> src/connection/any.rs:1:5
[INFO] [stdout]   |
[INFO] [stdout] 1 | use super::Pool;
[INFO] [stdout]   |     ^^^^^^^^^^^
[INFO] [stdout]   |
[INFO] [stdout]   = note: `#[warn(unused_imports)]` on by default
[INFO] [stdout] 
[INFO] [stdout] 
[INFO] [stdout] warning: unused import: `super::column::ColumnWriter`
[INFO] [stdout]  --> src/writers/insert.rs:2:5
[INFO] [stdout]   |
[INFO] [stdout] 2 | use super::column::ColumnWriter;
[INFO] [stdout]   |     ^^^^^^^^^^^^^^^^^^^^^^^^^^^
[INFO] [stdout] 
[INFO] [stdout] 
[INFO] [stdout] warning: unused variable: `url`
[INFO] [stdout]    --> src/connection/any.rs:104:49
[INFO] [stdout]     |
[INFO] [stdout] 104 |     pub async fn connect_with_connection_string(url: &str) -> Result<AnyPool> {
[INFO] [stdout]     |                                                 ^^^ help: if this is intentional, prefix it with an underscore: `_url`
[INFO] [stdout]     |
[INFO] [stdout]     = note: `#[warn(unused_variables)]` on by default
[INFO] [stdout] 
[INFO] [stdout] 
[INFO] [stdout] warning: function `mssql_type_overrides` is never used
[INFO] [stdout]   --> src/writers/column.rs:72:4
[INFO] [stdout]    |
[INFO] [stdout] 72 | fn mssql_type_overrides(dbtype: &str) -> &str {
[INFO] [stdout]    |    ^^^^^^^^^^^^^^^^^^^^
[INFO] [stdout]    |
[INFO] [stdout]    = note: `#[warn(dead_code)]` on by default
[INFO] [stdout] 
[INFO] [stdout] 
[INFO] [stdout] warning: 4 warnings emitted
[INFO] [stdout] 
[INFO] [stdout] 
[INFO] [stderr]    Compiling welds v0.1.4 (/opt/rustwide/workdir)
[INFO] [stdout] error[E0433]: failed to resolve: could not find `check` in `welds`
[INFO] [stdout]   --> examples/verify_tables.rs:40:23
[INFO] [stdout]    |
[INFO] [stdout] 40 |     let diff = welds::check::schema::<NotInDb, _, _>(&pool).await?;
[INFO] [stdout]    |                       ^^^^^ could not find `check` in `welds`
[INFO] [stdout] 
[INFO] [stdout] 
[INFO] [stdout] error[E0433]: failed to resolve: could not find `check` in `welds`
[INFO] [stdout]   --> examples/verify_tables.rs:46:23
[INFO] [stdout]    |
[INFO] [stdout] 46 |     let diff = welds::check::schema::<Order, _, _>(&pool).await?;
[INFO] [stdout]    |                       ^^^^^ could not find `check` in `welds`
[INFO] [stdout] 
[INFO] [stdout] 
[INFO] [stdout] error[E0412]: cannot find type `MySql` in crate `sqlx`
[INFO] [stdout]   --> examples/verify_tables.rs:14:12
[INFO] [stdout]    |
[INFO] [stdout] 14 | pub struct NotInDb {
[INFO] [stdout]    |            ^^^^^^^ not found in `sqlx`
[INFO] [stdout]    |
[INFO] [stdout] help: there is an enum variant `welds::connection::DbProvider::MySql`; try using the variant's enum
[INFO] [stdout]    |
[INFO] [stdout] 11 | #[derive(Debug, sqlx::FromRow, welds::connection::DbProvider)]
[INFO] [stdout]    |                                ~~~~~~~~~~~~~~~~~~~~~~~~~~~~~
[INFO] [stdout] 
[INFO] [stdout] 
[INFO] [stdout] error[E0412]: cannot find type `MySql` in crate `sqlx`
[INFO] [stdout]   --> examples/verify_tables.rs:22:12
[INFO] [stdout]    |
[INFO] [stdout] 22 | pub struct Order {
[INFO] [stdout]    |            ^^^^^ not found in `sqlx`
[INFO] [stdout]    |
[INFO] [stdout] help: there is an enum variant `welds::connection::DbProvider::MySql`; try using the variant's enum
[INFO] [stdout]    |
[INFO] [stdout] 19 | #[derive(Debug, sqlx::FromRow, welds::connection::DbProvider)]
[INFO] [stdout]    |                                ~~~~~~~~~~~~~~~~~~~~~~~~~~~~~
[INFO] [stdout] 
[INFO] [stdout] 
[INFO] [stdout] error[E0412]: cannot find type `Postgres` in crate `sqlx`
[INFO] [stdout]   --> examples/custom_database_types.rs:30:12
[INFO] [stdout]    |
[INFO] [stdout] 30 | pub struct Balloon {
[INFO] [stdout]    |            ^^^^^^^ not found in `sqlx`
[INFO] [stdout]    |
[INFO] [stdout] help: there is an enum variant `welds::connection::DbProvider::Postgres`; try using the variant's enum
[INFO] [stdout]    |
[INFO] [stdout] 27 | #[derive(Debug, sqlx::FromRow, welds::connection::DbProvider)]
[INFO] [stdout]    |                                ~~~~~~~~~~~~~~~~~~~~~~~~~~~~~
[INFO] [stdout] 
[INFO] [stdout] 
[INFO] [stdout] error: couldn't read examples/../../tests/testlib/databases/sqlite/01_create_tables.sql: No such file or directory (os error 2)
[INFO] [stdout]   --> examples/crud.rs:41:18
[INFO] [stdout]    |
[INFO] [stdout] 41 |     let schema = include_str!("../../tests/testlib/databases/sqlite/01_create_tables.sql");
[INFO] [stdout]    |                  ^^^^^^^^^^^^^^^^^^^^^^^^^^^^^^^^^^^^^^^^^^^^^^^^^^^^^^^^^^^^^^^^^^^^^^^^^
[INFO] [stdout]    |
[INFO] [stdout]    = note: this error originates in the macro `include_str` (in Nightly builds, run with -Z macro-backtrace for more info)
[INFO] [stdout] 
[INFO] [stdout] 
[INFO] [stdout] error[E0432]: unresolved import `sqlx::Sqlite`
[INFO] [stdout]  --> examples/crud.rs:1:22
[INFO] [stdout]   |
[INFO] [stdout] 1 | use sqlx::{Executor, Sqlite};
[INFO] [stdout]   |                      ^^^^^^ no `Sqlite` in the root
[INFO] [stdout]   |
[INFO] [stdout]   = help: consider importing this variant instead:
[INFO] [stdout]           welds::connection::DbProvider::Sqlite
[INFO] [stdout] 
[INFO] [stdout] 
[INFO] [stdout] error[E0412]: cannot find type `Postgres` in crate `sqlx`
[INFO] [stdout]   --> src/query/clause/nextparam.rs:56:36
[INFO] [stdout]    |
[INFO] [stdout] 56 |     let p = NextParam::new::<sqlx::Postgres>();
[INFO] [stdout]    |                                    ^^^^^^^^ not found in `sqlx`
[INFO] [stdout]    |
[INFO] [stdout] help: there is an enum variant `crate::connection::DbProvider::Postgres`; try using the variant's enum
[INFO] [stdout]    |
[INFO] [stdout] 56 |     let p = NextParam::new::<crate::connection::DbProvider>();
[INFO] [stdout]    |                              ~~~~~~~~~~~~~~~~~~~~~~~~~~~~~
[INFO] [stdout] 
[INFO] [stdout] 
[INFO] [stdout] error[E0425]: cannot find function `connect_sqlite` in module `welds::connection`
[INFO] [stdout]   --> examples/crud.rs:38:35
[INFO] [stdout]    |
[INFO] [stdout] 38 |     let pool = welds::connection::connect_sqlite(connection_string).await?;
[INFO] [stdout]    |                                   ^^^^^^^^^^^^^^ not found in `welds::connection`
[INFO] [stdout] 
[INFO] [stdout] 
[INFO] [stdout] error[E0412]: cannot find type `Mssql` in crate `sqlx`
[INFO] [stdout]   --> src/query/clause/nextparam.rs:65:36
[INFO] [stdout]    |
[INFO] [stdout] 65 |     let p = NextParam::new::<sqlx::Mssql>();
[INFO] [stdout]    |                                    ^^^^^ not found in `sqlx`
[INFO] [stdout]    |
[INFO] [stdout] help: there is an enum variant `crate::connection::DbProvider::Mssql`; try using the variant's enum
[INFO] [stdout]    |
[INFO] [stdout] 65 |     let p = NextParam::new::<crate::connection::DbProvider>();
[INFO] [stdout]    |                              ~~~~~~~~~~~~~~~~~~~~~~~~~~~~~
[INFO] [stdout] 
[INFO] [stdout] 
[INFO] [stdout] error[E0412]: cannot find type `MySql` in crate `sqlx`
[INFO] [stdout]   --> src/query/clause/nextparam.rs:74:36
[INFO] [stdout]    |
[INFO] [stdout] 74 |     let p = NextParam::new::<sqlx::MySql>();
[INFO] [stdout]    |                                    ^^^^^ not found in `sqlx`
[INFO] [stdout]    |
[INFO] [stdout] help: there is an enum variant `crate::connection::DbProvider::MySql`; try using the variant's enum
[INFO] [stdout]    |
[INFO] [stdout] 74 |     let p = NextParam::new::<crate::connection::DbProvider>();
[INFO] [stdout]    |                              ~~~~~~~~~~~~~~~~~~~~~~~~~~~~~
[INFO] [stdout] 
[INFO] [stdout] 
[INFO] [stdout] error[E0412]: cannot find type `Sqlite` in crate `sqlx`
[INFO] [stdout]   --> src/query/clause/nextparam.rs:83:36
[INFO] [stdout]    |
[INFO] [stdout] 83 |     let p = NextParam::new::<sqlx::Sqlite>();
[INFO] [stdout]    |                                    ^^^^^^ not found in `sqlx`
[INFO] [stdout]    |
[INFO] [stdout] help: there is an enum variant `crate::connection::DbProvider::Sqlite`; try using the variant's enum
[INFO] [stdout]    |
[INFO] [stdout] 83 |     let p = NextParam::new::<crate::connection::DbProvider>();
[INFO] [stdout]    |                              ~~~~~~~~~~~~~~~~~~~~~~~~~~~~~
[INFO] [stdout] 
[INFO] [stdout] 
[INFO] [stdout] warning: unused import: `super::Pool`
[INFO] [stdout]  --> src/connection/any.rs:1:5
[INFO] [stdout]   |
[INFO] [stdout] 1 | use super::Pool;
[INFO] [stdout]   |     ^^^^^^^^^^^
[INFO] [stdout]   |
[INFO] [stdout]   = note: `#[warn(unused_imports)]` on by default
[INFO] [stdout] 
[INFO] [stdout] 
[INFO] [stdout] warning: unused import: `super::column::ColumnWriter`
[INFO] [stdout]  --> src/writers/insert.rs:2:5
[INFO] [stdout]   |
[INFO] [stdout] 2 | use super::column::ColumnWriter;
[INFO] [stdout]   |     ^^^^^^^^^^^^^^^^^^^^^^^^^^^
[INFO] [stdout] 
[INFO] [stdout] 
[INFO] [stdout] error[E0599]: no method named `as_mysql` found for enum `AnyPool` in the current scope
[INFO] [stdout]   --> examples/verify_tables.rs:34:10
[INFO] [stdout]    |
[INFO] [stdout] 33 |       let pool = unknown
[INFO] [stdout]    |  ________________-
[INFO] [stdout] 34 | |         .as_mysql()
[INFO] [stdout]    | |         -^^^^^^^^ method not found in `AnyPool`
[INFO] [stdout]    | |_________|
[INFO] [stdout]    | 
[INFO] [stdout] 
[INFO] [stdout] 
[INFO] [stdout] error: aborting due to 5 previous errors
[INFO] [stdout] 
[INFO] [stdout] 
[INFO] [stdout] Some errors have detailed explanations: E0412, E0433, E0599.
[INFO] [stdout] 
[INFO] [stdout] For more information about an error, try `rustc --explain E0412`.
[INFO] [stdout] 
[INFO] [stderr] error: could not compile `welds` due to 6 previous errors
[INFO] [stderr] warning: build failed, waiting for other jobs to finish...
[INFO] [stdout] error[E0599]: no method named `as_postgres` found for enum `AnyPool` in the current scope
[INFO] [stdout]   --> examples/custom_database_types.rs:56:24
[INFO] [stdout]    |
[INFO] [stdout] 56 |     let pool = unknown.as_postgres().unwrap().clone();
[INFO] [stdout]    |                        ^^^^^^^^^^^ method not found in `AnyPool`
[INFO] [stdout] 
[INFO] [stdout] 
[INFO] [stdout] error[E0277]: the trait bound `Balloon: WriteToArgs<_>` is not satisfied
[INFO] [stdout]   --> examples/custom_database_types.rs:66:17
[INFO] [stdout]    |
[INFO] [stdout] 66 |         balloon.save(&trans).await?;
[INFO] [stdout]    |                 ^^^^ the trait `WriteToArgs<_>` is not implemented for `Balloon`
[INFO] [stdout]    |
[INFO] [stdout]    = help: the trait `WriteToArgs<[type error]>` is implemented for `Balloon`
[INFO] [stdout] note: required by a bound in `DbState::<T>::save`
[INFO] [stdout]   --> /opt/rustwide/workdir/src/state.rs:66:12
[INFO] [stdout]    |
[INFO] [stdout] 66 |         T: WriteToArgs<DB> + HasSchema + for<'fr> sqlx::FromRow<'fr, DB::Row>,
[INFO] [stdout]    |            ^^^^^^^^^^^^^^^ required by this bound in `DbState::<T>::save`
[INFO] [stdout] 
[INFO] [stdout] 
[INFO] [stdout] error[E0277]: the trait bound `BalloonSchema: TableColumns<_>` is not satisfied
[INFO] [stdout]   --> examples/custom_database_types.rs:66:17
[INFO] [stdout]    |
[INFO] [stdout] 66 |         balloon.save(&trans).await?;
[INFO] [stdout]    |                 ^^^^ the trait `TableColumns<_>` is not implemented for `BalloonSchema`
[INFO] [stdout]    |
[INFO] [stdout]    = help: the trait `TableColumns<[type error]>` is implemented for `BalloonSchema`
[INFO] [stdout] note: required by a bound in `DbState::<T>::save`
[INFO] [stdout]   --> /opt/rustwide/workdir/src/state.rs:69:47
[INFO] [stdout]    |
[INFO] [stdout] 69 |         <T as HasSchema>::Schema: TableInfo + TableColumns<DB>,
[INFO] [stdout]    |                                               ^^^^^^^^^^^^^^^^ required by this bound in `DbState::<T>::save`
[INFO] [stdout] 
[INFO] [stdout] 
[INFO] [stdout] error[E0277]: the trait bound `i32: sqlx::Decode<'_, _>` is not satisfied
[INFO] [stdout]   --> examples/custom_database_types.rs:66:17
[INFO] [stdout]    |
[INFO] [stdout] 66 |         balloon.save(&trans).await?;
[INFO] [stdout]    |                 ^^^^ the trait `sqlx::Decode<'_, _>` is not implemented for `i32`
[INFO] [stdout]    |
[INFO] [stdout]    = help: the trait `sqlx::Decode<'r, DB>` is implemented for `Option<T>`
[INFO] [stdout] note: required for `Balloon` to implement `for<'fr> FromRow<'fr, _>`
[INFO] [stdout]   --> examples/custom_database_types.rs:27:17
[INFO] [stdout]    |
[INFO] [stdout] 27 | #[derive(Debug, sqlx::FromRow, WeldsModel)]
[INFO] [stdout]    |                 ^^^^^^^^^^^^^ unsatisfied trait bound introduced in this `derive` macro
[INFO] [stdout] ...
[INFO] [stdout] 30 | pub struct Balloon {
[INFO] [stdout]    |            ^^^^^^^
[INFO] [stdout] note: required by a bound in `DbState::<T>::save`
[INFO] [stdout]   --> /opt/rustwide/workdir/src/state.rs:66:42
[INFO] [stdout]    |
[INFO] [stdout] 66 |         T: WriteToArgs<DB> + HasSchema + for<'fr> sqlx::FromRow<'fr, DB::Row>,
[INFO] [stdout]    |                                          ^^^^^^^^^^^^^^^^^^^^^^^^^^^^^^^^^^^^ required by this bound in `DbState::<T>::save`
[INFO] [stdout]    = note: this error originates in the derive macro `sqlx::FromRow` (in Nightly builds, run with -Z macro-backtrace for more info)
[INFO] [stdout] 
[INFO] [stdout] 
[INFO] [stdout] error[E0277]: the trait bound `i32: Type<_>` is not satisfied
[INFO] [stdout]   --> examples/custom_database_types.rs:66:17
[INFO] [stdout]    |
[INFO] [stdout] 66 |         balloon.save(&trans).await?;
[INFO] [stdout]    |                 ^^^^ the trait `Type<_>` is not implemented for `i32`
[INFO] [stdout]    |
[INFO] [stdout]    = help: the following other types implement trait `Type<DB>`:
[INFO] [stdout]              &T
[INFO] [stdout]              Option<T>
[INFO] [stdout]              Optional<T>
[INFO] [stdout] note: required for `Balloon` to implement `for<'fr> FromRow<'fr, _>`
[INFO] [stdout]   --> examples/custom_database_types.rs:27:17
[INFO] [stdout]    |
[INFO] [stdout] 27 | #[derive(Debug, sqlx::FromRow, WeldsModel)]
[INFO] [stdout]    |                 ^^^^^^^^^^^^^ unsatisfied trait bound introduced in this `derive` macro
[INFO] [stdout] ...
[INFO] [stdout] 30 | pub struct Balloon {
[INFO] [stdout]    |            ^^^^^^^
[INFO] [stdout] note: required by a bound in `DbState::<T>::save`
[INFO] [stdout]   --> /opt/rustwide/workdir/src/state.rs:66:42
[INFO] [stdout]    |
[INFO] [stdout] 66 |         T: WriteToArgs<DB> + HasSchema + for<'fr> sqlx::FromRow<'fr, DB::Row>,
[INFO] [stdout]    |                                          ^^^^^^^^^^^^^^^^^^^^^^^^^^^^^^^^^^^^ required by this bound in `DbState::<T>::save`
[INFO] [stdout]    = note: this error originates in the derive macro `sqlx::FromRow` (in Nightly builds, run with -Z macro-backtrace for more info)
[INFO] [stdout] 
[INFO] [stdout] 
[INFO] [stdout] error[E0277]: the trait bound `Color: sqlx::Decode<'_, _>` is not satisfied
[INFO] [stdout]   --> examples/custom_database_types.rs:66:17
[INFO] [stdout]    |
[INFO] [stdout] 66 |         balloon.save(&trans).await?;
[INFO] [stdout]    |                 ^^^^ the trait `sqlx::Decode<'_, _>` is not implemented for `Color`
[INFO] [stdout]    |
[INFO] [stdout]    = help: the trait `sqlx::Decode<'r, DB>` is implemented for `Option<T>`
[INFO] [stdout] note: required for `Balloon` to implement `for<'fr> FromRow<'fr, _>`
[INFO] [stdout]   --> examples/custom_database_types.rs:27:17
[INFO] [stdout]    |
[INFO] [stdout] 27 | #[derive(Debug, sqlx::FromRow, WeldsModel)]
[INFO] [stdout]    |                 ^^^^^^^^^^^^^ unsatisfied trait bound introduced in this `derive` macro
[INFO] [stdout] ...
[INFO] [stdout] 30 | pub struct Balloon {
[INFO] [stdout]    |            ^^^^^^^
[INFO] [stdout] note: required by a bound in `DbState::<T>::save`
[INFO] [stdout]   --> /opt/rustwide/workdir/src/state.rs:66:42
[INFO] [stdout]    |
[INFO] [stdout] 66 |         T: WriteToArgs<DB> + HasSchema + for<'fr> sqlx::FromRow<'fr, DB::Row>,
[INFO] [stdout]    |                                          ^^^^^^^^^^^^^^^^^^^^^^^^^^^^^^^^^^^^ required by this bound in `DbState::<T>::save`
[INFO] [stdout]    = note: this error originates in the derive macro `sqlx::FromRow` (in Nightly builds, run with -Z macro-backtrace for more info)
[INFO] [stdout] 
[INFO] [stdout] 
[INFO] [stdout] error[E0277]: the trait bound `Color: Type<_>` is not satisfied
[INFO] [stdout]   --> examples/custom_database_types.rs:66:17
[INFO] [stdout]    |
[INFO] [stdout] 66 |         balloon.save(&trans).await?;
[INFO] [stdout]    |                 ^^^^ the trait `Type<_>` is not implemented for `Color`
[INFO] [stdout]    |
[INFO] [stdout]    = help: the following other types implement trait `Type<DB>`:
[INFO] [stdout]              &T
[INFO] [stdout]              Option<T>
[INFO] [stdout]              Optional<T>
[INFO] [stdout] note: required for `Balloon` to implement `for<'fr> FromRow<'fr, _>`
[INFO] [stdout]   --> examples/custom_database_types.rs:27:17
[INFO] [stdout]    |
[INFO] [stdout] 27 | #[derive(Debug, sqlx::FromRow, WeldsModel)]
[INFO] [stdout]    |                 ^^^^^^^^^^^^^ unsatisfied trait bound introduced in this `derive` macro
[INFO] [stdout] ...
[INFO] [stdout] 30 | pub struct Balloon {
[INFO] [stdout]    |            ^^^^^^^
[INFO] [stdout] note: required by a bound in `DbState::<T>::save`
[INFO] [stdout]   --> /opt/rustwide/workdir/src/state.rs:66:42
[INFO] [stdout]    |
[INFO] [stdout] 66 |         T: WriteToArgs<DB> + HasSchema + for<'fr> sqlx::FromRow<'fr, DB::Row>,
[INFO] [stdout]    |                                          ^^^^^^^^^^^^^^^^^^^^^^^^^^^^^^^^^^^^ required by this bound in `DbState::<T>::save`
[INFO] [stdout]    = note: this error originates in the derive macro `sqlx::FromRow` (in Nightly builds, run with -Z macro-backtrace for more info)
[INFO] [stdout] 
[INFO] [stdout] 
[INFO] [stdout] error[E0277]: the trait bound `str: ColumnIndex<_>` is not satisfied
[INFO] [stdout]   --> examples/custom_database_types.rs:66:17
[INFO] [stdout]    |
[INFO] [stdout] 66 |         balloon.save(&trans).await?;
[INFO] [stdout]    |                 ^^^^ the trait `ColumnIndex<_>` is not implemented for `str`
[INFO] [stdout]    |
[INFO] [stdout]    = help: the trait `ColumnIndex<T>` is implemented for `&I`
[INFO] [stdout]    = note: required for `&str` to implement `ColumnIndex<_>`
[INFO] [stdout] note: required for `Balloon` to implement `for<'fr> FromRow<'fr, _>`
[INFO] [stdout]   --> examples/custom_database_types.rs:27:17
[INFO] [stdout]    |
[INFO] [stdout] 27 | #[derive(Debug, sqlx::FromRow, WeldsModel)]
[INFO] [stdout]    |                 ^^^^^^^^^^^^^ unsatisfied trait bound introduced in this `derive` macro
[INFO] [stdout] ...
[INFO] [stdout] 30 | pub struct Balloon {
[INFO] [stdout]    |            ^^^^^^^
[INFO] [stdout] note: required by a bound in `DbState::<T>::save`
[INFO] [stdout]   --> /opt/rustwide/workdir/src/state.rs:66:42
[INFO] [stdout]    |
[INFO] [stdout] 66 |         T: WriteToArgs<DB> + HasSchema + for<'fr> sqlx::FromRow<'fr, DB::Row>,
[INFO] [stdout]    |                                          ^^^^^^^^^^^^^^^^^^^^^^^^^^^^^^^^^^^^ required by this bound in `DbState::<T>::save`
[INFO] [stdout]    = note: this error originates in the derive macro `sqlx::FromRow` (in Nightly builds, run with -Z macro-backtrace for more info)
[INFO] [stdout] 
[INFO] [stdout] 
[INFO] [stdout] error[E0277]: the trait bound `BalloonSchema: TableColumns<_>` is not satisfied
[INFO] [stdout]   --> examples/custom_database_types.rs:70:17
[INFO] [stdout]    |
[INFO] [stdout] 70 |     let count = Balloon::all().count(&trans).await?;
[INFO] [stdout]    |                 ^^^^^^^^^^^^ the trait `TableColumns<_>` is not implemented for `BalloonSchema`
[INFO] [stdout]    |
[INFO] [stdout]    = help: the trait `TableColumns<[type error]>` is implemented for `BalloonSchema`
[INFO] [stdout] note: required by a bound in `Balloon::all`
[INFO] [stdout]   --> examples/custom_database_types.rs:27:32
[INFO] [stdout]    |
[INFO] [stdout] 27 | #[derive(Debug, sqlx::FromRow, WeldsModel)]
[INFO] [stdout]    |                                ^^^^^^^^^^ required by this bound in `Balloon::all`
[INFO] [stdout]    = note: this error originates in the derive macro `WeldsModel` (in Nightly builds, run with -Z macro-backtrace for more info)
[INFO] [stdout] 
[INFO] [stdout] 
[INFO] [stdout] error[E0277]: the trait bound `Product: WriteToArgs<_>` is not satisfied
[INFO] [stdout]   --> examples/crud.rs:70:7
[INFO] [stdout]    |
[INFO] [stdout] 70 |     p.save(conn).await?;
[INFO] [stdout]    |       ^^^^ the trait `WriteToArgs<_>` is not implemented for `Product`
[INFO] [stdout]    |
[INFO] [stdout] note: required by a bound in `DbState::<T>::save`
[INFO] [stdout]   --> /opt/rustwide/workdir/src/state.rs:66:12
[INFO] [stdout]    |
[INFO] [stdout] 66 |         T: WriteToArgs<DB> + HasSchema + for<'fr> sqlx::FromRow<'fr, DB::Row>,
[INFO] [stdout]    |            ^^^^^^^^^^^^^^^ required by this bound in `DbState::<T>::save`
[INFO] [stdout] 
[INFO] [stdout] 
[INFO] [stdout] error[E0277]: the trait bound `i32: sqlx::Decode<'_, _>` is not satisfied
[INFO] [stdout]   --> examples/custom_database_types.rs:70:17
[INFO] [stdout]    |
[INFO] [stdout] 70 |     let count = Balloon::all().count(&trans).await?;
[INFO] [stdout]    |                 ^^^^^^^^^^^^ the trait `sqlx::Decode<'_, _>` is not implemented for `i32`
[INFO] [stdout]    |
[INFO] [stdout]    = help: the trait `sqlx::Decode<'r, DB>` is implemented for `Option<T>`
[INFO] [stdout] note: required for `Balloon` to implement `for<'r> FromRow<'r, _>`
[INFO] [stdout]   --> examples/custom_database_types.rs:27:17
[INFO] [stdout]    |
[INFO] [stdout] 27 | #[derive(Debug, sqlx::FromRow, WeldsModel)]
[INFO] [stdout]    |                 ^^^^^^^^^^^^^ unsatisfied trait bound introduced in this `derive` macro
[INFO] [stdout] ...
[INFO] [stdout] 30 | pub struct Balloon {
[INFO] [stdout]    |            ^^^^^^^
[INFO] [stdout] note: required by a bound in `Balloon::all`
[INFO] [stdout]   --> examples/custom_database_types.rs:27:32
[INFO] [stdout]    |
[INFO] [stdout] 27 | #[derive(Debug, sqlx::FromRow, WeldsModel)]
[INFO] [stdout]    |                                ^^^^^^^^^^ required by this bound in `Balloon::all`
[INFO] [stdout]    = note: this error originates in the derive macro `sqlx::FromRow` which comes from the expansion of the derive macro `WeldsModel` (in Nightly builds, run with -Z macro-backtrace for more info)
[INFO] [stdout] 
[INFO] [stdout] 
[INFO] [stdout] error[E0277]: the trait bound `ProductSchema: TableColumns<_>` is not satisfied
[INFO] [stdout]   --> examples/crud.rs:70:7
[INFO] [stdout]    |
[INFO] [stdout] 70 |     p.save(conn).await?;
[INFO] [stdout]    |       ^^^^ the trait `TableColumns<_>` is not implemented for `ProductSchema`
[INFO] [stdout]    |
[INFO] [stdout] note: required by a bound in `DbState::<T>::save`
[INFO] [stdout]   --> /opt/rustwide/workdir/src/state.rs:69:47
[INFO] [stdout]    |
[INFO] [stdout] 69 |         <T as HasSchema>::Schema: TableInfo + TableColumns<DB>,
[INFO] [stdout]    |                                               ^^^^^^^^^^^^^^^^ required by this bound in `DbState::<T>::save`
[INFO] [stdout] 
[INFO] [stdout] 
[INFO] [stdout] error[E0277]: the trait bound `i32: Type<_>` is not satisfied
[INFO] [stdout]   --> examples/custom_database_types.rs:70:17
[INFO] [stdout]    |
[INFO] [stdout] 70 |     let count = Balloon::all().count(&trans).await?;
[INFO] [stdout]    |                 ^^^^^^^^^^^^ the trait `Type<_>` is not implemented for `i32`
[INFO] [stdout]    |
[INFO] [stdout]    = help: the following other types implement trait `Type<DB>`:
[INFO] [stdout]              &T
[INFO] [stdout]              Option<T>
[INFO] [stdout]              Optional<T>
[INFO] [stdout] note: required for `Balloon` to implement `for<'r> FromRow<'r, _>`
[INFO] [stdout]   --> examples/custom_database_types.rs:27:17
[INFO] [stdout]    |
[INFO] [stdout] 27 | #[derive(Debug, sqlx::FromRow, WeldsModel)]
[INFO] [stdout]    |                 ^^^^^^^^^^^^^ unsatisfied trait bound introduced in this `derive` macro
[INFO] [stdout] ...
[INFO] [stdout] 30 | pub struct Balloon {
[INFO] [stdout]    |            ^^^^^^^
[INFO] [stdout] note: required by a bound in `Balloon::all`
[INFO] [stdout]   --> examples/custom_database_types.rs:27:32
[INFO] [stdout]    |
[INFO] [stdout] 27 | #[derive(Debug, sqlx::FromRow, WeldsModel)]
[INFO] [stdout]    |                                ^^^^^^^^^^ required by this bound in `Balloon::all`
[INFO] [stdout]    = note: this error originates in the derive macro `sqlx::FromRow` which comes from the expansion of the derive macro `WeldsModel` (in Nightly builds, run with -Z macro-backtrace for more info)
[INFO] [stdout] 
[INFO] [stdout] 
[INFO] [stdout] error[E0277]: the trait bound `Color: sqlx::Decode<'_, _>` is not satisfied
[INFO] [stdout]   --> examples/custom_database_types.rs:70:17
[INFO] [stdout]    |
[INFO] [stdout] 70 |     let count = Balloon::all().count(&trans).await?;
[INFO] [stdout]    |                 ^^^^^^^^^^^^ the trait `sqlx::Decode<'_, _>` is not implemented for `Color`
[INFO] [stdout]    |
[INFO] [stdout]    = help: the trait `sqlx::Decode<'r, DB>` is implemented for `Option<T>`
[INFO] [stdout] note: required for `Balloon` to implement `for<'r> FromRow<'r, _>`
[INFO] [stdout]   --> examples/custom_database_types.rs:27:17
[INFO] [stdout]    |
[INFO] [stdout] 27 | #[derive(Debug, sqlx::FromRow, WeldsModel)]
[INFO] [stdout]    |                 ^^^^^^^^^^^^^ unsatisfied trait bound introduced in this `derive` macro
[INFO] [stdout] ...
[INFO] [stdout] 30 | pub struct Balloon {
[INFO] [stdout]    |            ^^^^^^^
[INFO] [stdout] note: required by a bound in `Balloon::all`
[INFO] [stdout]   --> examples/custom_database_types.rs:27:32
[INFO] [stdout]    |
[INFO] [stdout] 27 | #[derive(Debug, sqlx::FromRow, WeldsModel)]
[INFO] [stdout]    |                                ^^^^^^^^^^ required by this bound in `Balloon::all`
[INFO] [stdout]    = note: this error originates in the derive macro `sqlx::FromRow` which comes from the expansion of the derive macro `WeldsModel` (in Nightly builds, run with -Z macro-backtrace for more info)
[INFO] [stdout] 
[INFO] [stdout] 
[INFO] [stdout] error[E0277]: the trait bound `i32: sqlx::Decode<'_, _>` is not satisfied
[INFO] [stdout]   --> examples/crud.rs:70:7
[INFO] [stdout]    |
[INFO] [stdout] 70 |     p.save(conn).await?;
[INFO] [stdout]    |       ^^^^ the trait `sqlx::Decode<'_, _>` is not implemented for `i32`
[INFO] [stdout]    |
[INFO] [stdout]    = help: the trait `sqlx::Decode<'r, DB>` is implemented for `Option<T>`
[INFO] [stdout] note: required for `Product` to implement `for<'fr> FromRow<'fr, _>`
[INFO] [stdout]   --> examples/crud.rs:7:17
[INFO] [stdout]    |
[INFO] [stdout] 7  | #[derive(Debug, sqlx::FromRow, WeldsModel)]
[INFO] [stdout]    |                 ^^^^^^^^^^^^^ unsatisfied trait bound introduced in this `derive` macro
[INFO] [stdout] ...
[INFO] [stdout] 11 | pub struct Product {
[INFO] [stdout]    |            ^^^^^^^
[INFO] [stdout] note: required by a bound in `DbState::<T>::save`
[INFO] [stdout]   --> /opt/rustwide/workdir/src/state.rs:66:42
[INFO] [stdout]    |
[INFO] [stdout] 66 |         T: WriteToArgs<DB> + HasSchema + for<'fr> sqlx::FromRow<'fr, DB::Row>,
[INFO] [stdout]    |                                          ^^^^^^^^^^^^^^^^^^^^^^^^^^^^^^^^^^^^ required by this bound in `DbState::<T>::save`
[INFO] [stdout]    = note: this error originates in the derive macro `sqlx::FromRow` (in Nightly builds, run with -Z macro-backtrace for more info)
[INFO] [stdout] 
[INFO] [stdout] 
[INFO] [stdout] error[E0277]: the trait bound `Color: Type<_>` is not satisfied
[INFO] [stdout]   --> examples/custom_database_types.rs:70:17
[INFO] [stdout]    |
[INFO] [stdout] 70 |     let count = Balloon::all().count(&trans).await?;
[INFO] [stdout]    |                 ^^^^^^^^^^^^ the trait `Type<_>` is not implemented for `Color`
[INFO] [stdout]    |
[INFO] [stdout]    = help: the following other types implement trait `Type<DB>`:
[INFO] [stdout]              &T
[INFO] [stdout]              Option<T>
[INFO] [stdout]              Optional<T>
[INFO] [stdout] note: required for `Balloon` to implement `for<'r> FromRow<'r, _>`
[INFO] [stdout]   --> examples/custom_database_types.rs:27:17
[INFO] [stdout]    |
[INFO] [stdout] 27 | #[derive(Debug, sqlx::FromRow, WeldsModel)]
[INFO] [stdout]    |                 ^^^^^^^^^^^^^ unsatisfied trait bound introduced in this `derive` macro
[INFO] [stdout] ...
[INFO] [stdout] 30 | pub struct Balloon {
[INFO] [stdout]    |            ^^^^^^^
[INFO] [stdout] note: required by a bound in `Balloon::all`
[INFO] [stdout]   --> examples/custom_database_types.rs:27:32
[INFO] [stdout]    |
[INFO] [stdout] 27 | #[derive(Debug, sqlx::FromRow, WeldsModel)]
[INFO] [stdout]    |                                ^^^^^^^^^^ required by this bound in `Balloon::all`
[INFO] [stdout]    = note: this error originates in the derive macro `sqlx::FromRow` which comes from the expansion of the derive macro `WeldsModel` (in Nightly builds, run with -Z macro-backtrace for more info)
[INFO] [stdout] 
[INFO] [stdout] 
[INFO] [stdout] error[E0277]: the trait bound `str: ColumnIndex<_>` is not satisfied
[INFO] [stdout]   --> examples/custom_database_types.rs:70:17
[INFO] [stdout]    |
[INFO] [stdout] 70 |     let count = Balloon::all().count(&trans).await?;
[INFO] [stdout]    |                 ^^^^^^^^^^^^ the trait `ColumnIndex<_>` is not implemented for `str`
[INFO] [stdout]    |
[INFO] [stdout]    = help: the trait `ColumnIndex<T>` is implemented for `&I`
[INFO] [stdout]    = note: required for `&str` to implement `ColumnIndex<_>`
[INFO] [stdout] note: required for `Balloon` to implement `for<'r> FromRow<'r, _>`
[INFO] [stdout]   --> examples/custom_database_types.rs:27:17
[INFO] [stdout]    |
[INFO] [stdout] 27 | #[derive(Debug, sqlx::FromRow, WeldsModel)]
[INFO] [stdout]    |                 ^^^^^^^^^^^^^ unsatisfied trait bound introduced in this `derive` macro
[INFO] [stdout] ...
[INFO] [stdout] 30 | pub struct Balloon {
[INFO] [stdout]    |            ^^^^^^^
[INFO] [stdout] note: required by a bound in `Balloon::all`
[INFO] [stdout]   --> examples/custom_database_types.rs:27:32
[INFO] [stdout]    |
[INFO] [stdout] 27 | #[derive(Debug, sqlx::FromRow, WeldsModel)]
[INFO] [stdout]    |                                ^^^^^^^^^^ required by this bound in `Balloon::all`
[INFO] [stdout]    = note: this error originates in the derive macro `sqlx::FromRow` which comes from the expansion of the derive macro `WeldsModel` (in Nightly builds, run with -Z macro-backtrace for more info)
[INFO] [stdout] 
[INFO] [stdout] 
[INFO] [stdout] error[E0277]: the trait bound `i32: Type<_>` is not satisfied
[INFO] [stdout]   --> examples/crud.rs:70:7
[INFO] [stdout]    |
[INFO] [stdout] 70 |     p.save(conn).await?;
[INFO] [stdout]    |       ^^^^ the trait `Type<_>` is not implemented for `i32`
[INFO] [stdout]    |
[INFO] [stdout]    = help: the following other types implement trait `Type<DB>`:
[INFO] [stdout]              &T
[INFO] [stdout]              Option<T>
[INFO] [stdout]              Optional<T>
[INFO] [stdout] note: required for `Product` to implement `for<'fr> FromRow<'fr, _>`
[INFO] [stdout]   --> examples/crud.rs:7:17
[INFO] [stdout]    |
[INFO] [stdout] 7  | #[derive(Debug, sqlx::FromRow, WeldsModel)]
[INFO] [stdout]    |                 ^^^^^^^^^^^^^ unsatisfied trait bound introduced in this `derive` macro
[INFO] [stdout] ...
[INFO] [stdout] 11 | pub struct Product {
[INFO] [stdout]    |            ^^^^^^^
[INFO] [stdout] note: required by a bound in `DbState::<T>::save`
[INFO] [stdout]   --> /opt/rustwide/workdir/src/state.rs:66:42
[INFO] [stdout]    |
[INFO] [stdout] 66 |         T: WriteToArgs<DB> + HasSchema + for<'fr> sqlx::FromRow<'fr, DB::Row>,
[INFO] [stdout]    |                                          ^^^^^^^^^^^^^^^^^^^^^^^^^^^^^^^^^^^^ required by this bound in `DbState::<T>::save`
[INFO] [stdout]    = note: this error originates in the derive macro `sqlx::FromRow` (in Nightly builds, run with -Z macro-backtrace for more info)
[INFO] [stdout] 
[INFO] [stdout] 
[INFO] [stdout] error[E0277]: the trait bound `String: sqlx::Decode<'_, _>` is not satisfied
[INFO] [stdout]   --> examples/crud.rs:70:7
[INFO] [stdout]    |
[INFO] [stdout] 70 |     p.save(conn).await?;
[INFO] [stdout]    |       ^^^^ the trait `sqlx::Decode<'_, _>` is not implemented for `String`
[INFO] [stdout]    |
[INFO] [stdout]    = help: the trait `sqlx::Decode<'r, DB>` is implemented for `Option<T>`
[INFO] [stdout] note: required for `Product` to implement `for<'fr> FromRow<'fr, _>`
[INFO] [stdout]   --> examples/crud.rs:7:17
[INFO] [stdout]    |
[INFO] [stdout] 7  | #[derive(Debug, sqlx::FromRow, WeldsModel)]
[INFO] [stdout]    |                 ^^^^^^^^^^^^^ unsatisfied trait bound introduced in this `derive` macro
[INFO] [stdout] ...
[INFO] [stdout] 11 | pub struct Product {
[INFO] [stdout]    |            ^^^^^^^
[INFO] [stdout] note: required by a bound in `DbState::<T>::save`
[INFO] [stdout]   --> /opt/rustwide/workdir/src/state.rs:66:42
[INFO] [stdout]    |
[INFO] [stdout] 66 |         T: WriteToArgs<DB> + HasSchema + for<'fr> sqlx::FromRow<'fr, DB::Row>,
[INFO] [stdout]    |                                          ^^^^^^^^^^^^^^^^^^^^^^^^^^^^^^^^^^^^ required by this bound in `DbState::<T>::save`
[INFO] [stdout]    = note: this error originates in the derive macro `sqlx::FromRow` (in Nightly builds, run with -Z macro-backtrace for more info)
[INFO] [stdout] 
[INFO] [stdout] 
[INFO] [stdout] error[E0599]: the method `count` exists for struct `SelectBuilder<'_, Balloon, _>`, but its trait bounds were not satisfied
[INFO] [stdout]    --> examples/custom_database_types.rs:70:32
[INFO] [stdout]     |
[INFO] [stdout] 30  | pub struct Balloon {
[INFO] [stdout]     | ------------------ doesn't satisfy `Balloon: FromRow<'r, _>`
[INFO] [stdout] ...
[INFO] [stdout] 70  |     let count = Balloon::all().count(&trans).await?;
[INFO] [stdout]     |                                ^^^^^ method cannot be called on `SelectBuilder<'_, Balloon, _>` due to unsatisfied trait bounds
[INFO] [stdout]     |
[INFO] [stdout]    ::: /opt/rustwide/workdir/src/query/select/mod.rs:25:1
[INFO] [stdout]     |
[INFO] [stdout] 25  | pub struct SelectBuilder<'schema, T, DB: sqlx::Database> {
[INFO] [stdout]     | -------------------------------------------------------- doesn't satisfy `SelectBuilder<'_, Balloon, _>: Iterator`
[INFO] [stdout]     |
[INFO] [stdout]     = note: the following trait bounds were not satisfied:
[INFO] [stdout]             `Balloon: FromRow<'r, _>`
[INFO] [stdout]             `SelectBuilder<'_, Balloon, _>: Iterator`
[INFO] [stdout]             which is required by `&mut SelectBuilder<'_, Balloon, _>: Iterator`
[INFO] [stdout] note: the trait `FromRow` must be implemented
[INFO] [stdout]    --> /opt/rustwide/cargo-home/registry/src/github.com-1ecc6299db9ec823/sqlx-core-0.6.3/src/from_row.rs:178:1
[INFO] [stdout]     |
[INFO] [stdout] 178 | pub trait FromRow<'r, R: Row>: Sized {
[INFO] [stdout]     | ^^^^^^^^^^^^^^^^^^^^^^^^^^^^^^^^^^^^
[INFO] [stdout] 
[INFO] [stdout] 
[INFO] [stdout] error[E0277]: the trait bound `String: Type<_>` is not satisfied
[INFO] [stdout]   --> examples/crud.rs:70:7
[INFO] [stdout]    |
[INFO] [stdout] 70 |     p.save(conn).await?;
[INFO] [stdout]    |       ^^^^ the trait `Type<_>` is not implemented for `String`
[INFO] [stdout]    |
[INFO] [stdout]    = help: the following other types implement trait `Type<DB>`:
[INFO] [stdout]              &T
[INFO] [stdout]              Option<T>
[INFO] [stdout]              Optional<T>
[INFO] [stdout] note: required for `Product` to implement `for<'fr> FromRow<'fr, _>`
[INFO] [stdout]   --> examples/crud.rs:7:17
[INFO] [stdout]    |
[INFO] [stdout] 7  | #[derive(Debug, sqlx::FromRow, WeldsModel)]
[INFO] [stdout]    |                 ^^^^^^^^^^^^^ unsatisfied trait bound introduced in this `derive` macro
[INFO] [stdout] ...
[INFO] [stdout] 11 | pub struct Product {
[INFO] [stdout]    |            ^^^^^^^
[INFO] [stdout] note: required by a bound in `DbState::<T>::save`
[INFO] [stdout]   --> /opt/rustwide/workdir/src/state.rs:66:42
[INFO] [stdout]    |
[INFO] [stdout] 66 |         T: WriteToArgs<DB> + HasSchema + for<'fr> sqlx::FromRow<'fr, DB::Row>,
[INFO] [stdout]    |                                          ^^^^^^^^^^^^^^^^^^^^^^^^^^^^^^^^^^^^ required by this bound in `DbState::<T>::save`
[INFO] [stdout]    = note: this error originates in the derive macro `sqlx::FromRow` (in Nightly builds, run with -Z macro-backtrace for more info)
[INFO] [stdout] 
[INFO] [stdout] 
[INFO] [stdout] error[E0277]: the trait bound `bool: sqlx::Decode<'_, _>` is not satisfied
[INFO] [stdout]   --> examples/crud.rs:70:7
[INFO] [stdout]    |
[INFO] [stdout] 70 |     p.save(conn).await?;
[INFO] [stdout]    |       ^^^^ the trait `sqlx::Decode<'_, _>` is not implemented for `bool`
[INFO] [stdout]    |
[INFO] [stdout]    = help: the trait `sqlx::Decode<'r, DB>` is implemented for `Option<T>`
[INFO] [stdout] note: required for `Product` to implement `for<'fr> FromRow<'fr, _>`
[INFO] [stdout]   --> examples/crud.rs:7:17
[INFO] [stdout]    |
[INFO] [stdout] 7  | #[derive(Debug, sqlx::FromRow, WeldsModel)]
[INFO] [stdout]    |                 ^^^^^^^^^^^^^ unsatisfied trait bound introduced in this `derive` macro
[INFO] [stdout] ...
[INFO] [stdout] 11 | pub struct Product {
[INFO] [stdout]    |            ^^^^^^^
[INFO] [stdout] note: required by a bound in `DbState::<T>::save`
[INFO] [stdout]   --> /opt/rustwide/workdir/src/state.rs:66:42
[INFO] [stdout]    |
[INFO] [stdout] 66 |         T: WriteToArgs<DB> + HasSchema + for<'fr> sqlx::FromRow<'fr, DB::Row>,
[INFO] [stdout]    |                                          ^^^^^^^^^^^^^^^^^^^^^^^^^^^^^^^^^^^^ required by this bound in `DbState::<T>::save`
[INFO] [stdout]    = note: this error originates in the derive macro `sqlx::FromRow` (in Nightly builds, run with -Z macro-backtrace for more info)
[INFO] [stdout] 
[INFO] [stdout] 
[INFO] [stdout] error[E0277]: the trait bound `bool: Type<_>` is not satisfied
[INFO] [stdout]   --> examples/crud.rs:70:7
[INFO] [stdout]    |
[INFO] [stdout] 70 |     p.save(conn).await?;
[INFO] [stdout]    |       ^^^^ the trait `Type<_>` is not implemented for `bool`
[INFO] [stdout]    |
[INFO] [stdout]    = help: the following other types implement trait `Type<DB>`:
[INFO] [stdout]              &T
[INFO] [stdout]              Option<T>
[INFO] [stdout]              Optional<T>
[INFO] [stdout] note: required for `Product` to implement `for<'fr> FromRow<'fr, _>`
[INFO] [stdout]   --> examples/crud.rs:7:17
[INFO] [stdout]    |
[INFO] [stdout] 7  | #[derive(Debug, sqlx::FromRow, WeldsModel)]
[INFO] [stdout]    |                 ^^^^^^^^^^^^^ unsatisfied trait bound introduced in this `derive` macro
[INFO] [stdout] ...
[INFO] [stdout] 11 | pub struct Product {
[INFO] [stdout]    |            ^^^^^^^
[INFO] [stdout] note: required by a bound in `DbState::<T>::save`
[INFO] [stdout]   --> /opt/rustwide/workdir/src/state.rs:66:42
[INFO] [stdout]    |
[INFO] [stdout] 66 |         T: WriteToArgs<DB> + HasSchema + for<'fr> sqlx::FromRow<'fr, DB::Row>,
[INFO] [stdout]    |                                          ^^^^^^^^^^^^^^^^^^^^^^^^^^^^^^^^^^^^ required by this bound in `DbState::<T>::save`
[INFO] [stdout]    = note: this error originates in the derive macro `sqlx::FromRow` (in Nightly builds, run with -Z macro-backtrace for more info)
[INFO] [stdout] 
[INFO] [stdout] 
[INFO] [stdout] error[E0277]: the trait bound `str: ColumnIndex<_>` is not satisfied
[INFO] [stdout]   --> examples/crud.rs:70:7
[INFO] [stdout]    |
[INFO] [stdout] 70 |     p.save(conn).await?;
[INFO] [stdout]    |       ^^^^ the trait `ColumnIndex<_>` is not implemented for `str`
[INFO] [stdout]    |
[INFO] [stdout]    = help: the trait `ColumnIndex<T>` is implemented for `&I`
[INFO] [stdout]    = note: required for `&str` to implement `ColumnIndex<_>`
[INFO] [stdout] note: required for `Product` to implement `for<'fr> FromRow<'fr, _>`
[INFO] [stdout]   --> examples/crud.rs:7:17
[INFO] [stdout]    |
[INFO] [stdout] 7  | #[derive(Debug, sqlx::FromRow, WeldsModel)]
[INFO] [stdout]    |                 ^^^^^^^^^^^^^ unsatisfied trait bound introduced in this `derive` macro
[INFO] [stdout] ...
[INFO] [stdout] 11 | pub struct Product {
[INFO] [stdout]    |            ^^^^^^^
[INFO] [stdout] note: required by a bound in `DbState::<T>::save`
[INFO] [stdout]   --> /opt/rustwide/workdir/src/state.rs:66:42
[INFO] [stdout]    |
[INFO] [stdout] 66 |         T: WriteToArgs<DB> + HasSchema + for<'fr> sqlx::FromRow<'fr, DB::Row>,
[INFO] [stdout]    |                                          ^^^^^^^^^^^^^^^^^^^^^^^^^^^^^^^^^^^^ required by this bound in `DbState::<T>::save`
[INFO] [stdout]    = note: this error originates in the derive macro `sqlx::FromRow` (in Nightly builds, run with -Z macro-backtrace for more info)
[INFO] [stdout] 
[INFO] [stdout] 
[INFO] [stdout] error[E0277]: the trait bound `f32: sqlx::Decode<'_, _>` is not satisfied
[INFO] [stdout]   --> examples/crud.rs:70:7
[INFO] [stdout]    |
[INFO] [stdout] 70 |     p.save(conn).await?;
[INFO] [stdout]    |       ^^^^ the trait `sqlx::Decode<'_, _>` is not implemented for `f32`
[INFO] [stdout]    |
[INFO] [stdout]    = help: the trait `sqlx::Decode<'r, DB>` is implemented for `Option<T>`
[INFO] [stdout]    = note: required for `Option<f32>` to implement `sqlx::Decode<'_, _>`
[INFO] [stdout] note: required for `Product` to implement `for<'fr> FromRow<'fr, _>`
[INFO] [stdout]   --> examples/crud.rs:7:17
[INFO] [stdout]    |
[INFO] [stdout] 7  | #[derive(Debug, sqlx::FromRow, WeldsModel)]
[INFO] [stdout]    |                 ^^^^^^^^^^^^^ unsatisfied trait bound introduced in this `derive` macro
[INFO] [stdout] ...
[INFO] [stdout] 11 | pub struct Product {
[INFO] [stdout]    |            ^^^^^^^
[INFO] [stdout] note: required by a bound in `DbState::<T>::save`
[INFO] [stdout]   --> /opt/rustwide/workdir/src/state.rs:66:42
[INFO] [stdout]    |
[INFO] [stdout] 66 |         T: WriteToArgs<DB> + HasSchema + for<'fr> sqlx::FromRow<'fr, DB::Row>,
[INFO] [stdout]    |                                          ^^^^^^^^^^^^^^^^^^^^^^^^^^^^^^^^^^^^ required by this bound in `DbState::<T>::save`
[INFO] [stdout]    = note: this error originates in the derive macro `sqlx::FromRow` (in Nightly builds, run with -Z macro-backtrace for more info)
[INFO] [stdout] 
[INFO] [stdout] 
[INFO] [stdout] error[E0277]: the trait bound `f32: Type<_>` is not satisfied
[INFO] [stdout]   --> examples/crud.rs:70:7
[INFO] [stdout]    |
[INFO] [stdout] 70 |     p.save(conn).await?;
[INFO] [stdout]    |       ^^^^ the trait `Type<_>` is not implemented for `f32`
[INFO] [stdout]    |
[INFO] [stdout]    = help: the following other types implement trait `Type<DB>`:
[INFO] [stdout]              &T
[INFO] [stdout]              Option<T>
[INFO] [stdout]              Optional<T>
[INFO] [stdout]    = note: required for `Option<f32>` to implement `Type<_>`
[INFO] [stdout] note: required for `Product` to implement `for<'fr> FromRow<'fr, _>`
[INFO] [stdout]   --> examples/crud.rs:7:17
[INFO] [stdout]    |
[INFO] [stdout] 7  | #[derive(Debug, sqlx::FromRow, WeldsModel)]
[INFO] [stdout]    |                 ^^^^^^^^^^^^^ unsatisfied trait bound introduced in this `derive` macro
[INFO] [stdout] ...
[INFO] [stdout] 11 | pub struct Product {
[INFO] [stdout]    |            ^^^^^^^
[INFO] [stdout] note: required by a bound in `DbState::<T>::save`
[INFO] [stdout]   --> /opt/rustwide/workdir/src/state.rs:66:42
[INFO] [stdout]    |
[INFO] [stdout] 66 |         T: WriteToArgs<DB> + HasSchema + for<'fr> sqlx::FromRow<'fr, DB::Row>,
[INFO] [stdout]    |                                          ^^^^^^^^^^^^^^^^^^^^^^^^^^^^^^^^^^^^ required by this bound in `DbState::<T>::save`
[INFO] [stdout]    = note: this error originates in the derive macro `sqlx::FromRow` (in Nightly builds, run with -Z macro-backtrace for more info)
[INFO] [stdout] 
[INFO] [stdout] 
[INFO] [stdout] error[E0277]: the trait bound `impl Connection<Sqlite>: welds::connection::Connection<_>` is not satisfied
[INFO] [stdout]   --> examples/crud.rs:70:12
[INFO] [stdout]    |
[INFO] [stdout] 70 |     p.save(conn).await?;
[INFO] [stdout]    |       ---- ^^^^ the trait `welds::connection::Connection<_>` is not implemented for `impl Connection<Sqlite>`
[INFO] [stdout]    |       |
[INFO] [stdout]    |       required by a bound introduced by this call
[INFO] [stdout]    |
[INFO] [stdout] note: required by a bound in `DbState::<T>::save`
[INFO] [stdout]   --> /opt/rustwide/workdir/src/state.rs:70:12
[INFO] [stdout]    |
[INFO] [stdout] 70 |         C: Connection<DB>,
[INFO] [stdout]    |            ^^^^^^^^^^^^^^ required by this bound in `DbState::<T>::save`
[INFO] [stdout] 
[INFO] [stdout] 
[INFO] [stdout] warning: unused import: `welds::connection::Connection`
[INFO] [stdout]  --> examples/custom_database_types.rs:1:5
[INFO] [stdout]   |
[INFO] [stdout] 1 | use welds::connection::Connection;
[INFO] [stdout]   |     ^^^^^^^^^^^^^^^^^^^^^^^^^^^^^
[INFO] [stdout]   |
[INFO] [stdout]   = note: `#[warn(unused_imports)]` on by default
[INFO] [stdout] 
[INFO] [stdout] 
[INFO] [stdout] error[E0277]: the trait bound `Product: WriteToArgs<_>` is not satisfied
[INFO] [stdout]   --> examples/crud.rs:75:7
[INFO] [stdout]    |
[INFO] [stdout] 75 |     p.save(conn).await?;
[INFO] [stdout]    |       ^^^^ the trait `WriteToArgs<_>` is not implemented for `Product`
[INFO] [stdout]    |
[INFO] [stdout] note: required by a bound in `DbState::<T>::save`
[INFO] [stdout]   --> /opt/rustwide/workdir/src/state.rs:66:12
[INFO] [stdout]    |
[INFO] [stdout] 66 |         T: WriteToArgs<DB> + HasSchema + for<'fr> sqlx::FromRow<'fr, DB::Row>,
[INFO] [stdout]    |            ^^^^^^^^^^^^^^^ required by this bound in `DbState::<T>::save`
[INFO] [stdout] 
[INFO] [stdout] 
[INFO] [stdout] error[E0277]: the trait bound `ProductSchema: TableColumns<_>` is not satisfied
[INFO] [stdout]   --> examples/crud.rs:75:7
[INFO] [stdout]    |
[INFO] [stdout] 75 |     p.save(conn).await?;
[INFO] [stdout]    |       ^^^^ the trait `TableColumns<_>` is not implemented for `ProductSchema`
[INFO] [stdout]    |
[INFO] [stdout] note: required by a bound in `DbState::<T>::save`
[INFO] [stdout]   --> /opt/rustwide/workdir/src/state.rs:69:47
[INFO] [stdout]    |
[INFO] [stdout] 69 |         <T as HasSchema>::Schema: TableInfo + TableColumns<DB>,
[INFO] [stdout]    |                                               ^^^^^^^^^^^^^^^^ required by this bound in `DbState::<T>::save`
[INFO] [stdout] 
[INFO] [stdout] 
[INFO] [stdout] error[E0277]: the trait bound `i32: sqlx::Decode<'_, _>` is not satisfied
[INFO] [stdout]   --> examples/crud.rs:75:7
[INFO] [stdout]    |
[INFO] [stdout] 75 |     p.save(conn).await?;
[INFO] [stdout]    |       ^^^^ the trait `sqlx::Decode<'_, _>` is not implemented for `i32`
[INFO] [stdout]    |
[INFO] [stdout]    = help: the trait `sqlx::Decode<'r, DB>` is implemented for `Option<T>`
[INFO] [stdout] note: required for `Product` to implement `for<'fr> FromRow<'fr, _>`
[INFO] [stdout]   --> examples/crud.rs:7:17
[INFO] [stdout]    |
[INFO] [stdout] 7  | #[derive(Debug, sqlx::FromRow, WeldsModel)]
[INFO] [stdout]    |                 ^^^^^^^^^^^^^ unsatisfied trait bound introduced in this `derive` macro
[INFO] [stdout] ...
[INFO] [stdout] 11 | pub struct Product {
[INFO] [stdout]    |            ^^^^^^^
[INFO] [stdout] note: required by a bound in `DbState::<T>::save`
[INFO] [stdout]   --> /opt/rustwide/workdir/src/state.rs:66:42
[INFO] [stdout]    |
[INFO] [stdout] 66 |         T: WriteToArgs<DB> + HasSchema + for<'fr> sqlx::FromRow<'fr, DB::Row>,
[INFO] [stdout]    |                                          ^^^^^^^^^^^^^^^^^^^^^^^^^^^^^^^^^^^^ required by this bound in `DbState::<T>::save`
[INFO] [stdout]    = note: this error originates in the derive macro `sqlx::FromRow` (in Nightly builds, run with -Z macro-backtrace for more info)
[INFO] [stdout] 
[INFO] [stdout] 
[INFO] [stdout] error[E0277]: the trait bound `i32: Type<_>` is not satisfied
[INFO] [stdout]   --> examples/crud.rs:75:7
[INFO] [stdout]    |
[INFO] [stdout] 75 |     p.save(conn).await?;
[INFO] [stdout]    |       ^^^^ the trait `Type<_>` is not implemented for `i32`
[INFO] [stdout]    |
[INFO] [stdout]    = help: the following other types implement trait `Type<DB>`:
[INFO] [stdout]              &T
[INFO] [stdout]              Option<T>
[INFO] [stdout]              Optional<T>
[INFO] [stdout] note: required for `Product` to implement `for<'fr> FromRow<'fr, _>`
[INFO] [stdout]   --> examples/crud.rs:7:17
[INFO] [stdout]    |
[INFO] [stdout] 7  | #[derive(Debug, sqlx::FromRow, WeldsModel)]
[INFO] [stdout]    |                 ^^^^^^^^^^^^^ unsatisfied trait bound introduced in this `derive` macro
[INFO] [stdout] ...
[INFO] [stdout] 11 | pub struct Product {
[INFO] [stdout]    |            ^^^^^^^
[INFO] [stdout] note: required by a bound in `DbState::<T>::save`
[INFO] [stdout]   --> /opt/rustwide/workdir/src/state.rs:66:42
[INFO] [stdout]    |
[INFO] [stdout] 66 |         T: WriteToArgs<DB> + HasSchema + for<'fr> sqlx::FromRow<'fr, DB::Row>,
[INFO] [stdout]    |                                          ^^^^^^^^^^^^^^^^^^^^^^^^^^^^^^^^^^^^ required by this bound in `DbState::<T>::save`
[INFO] [stdout]    = note: this error originates in the derive macro `sqlx::FromRow` (in Nightly builds, run with -Z macro-backtrace for more info)
[INFO] [stdout] 
[INFO] [stdout] 
[INFO] [stdout] error[E0277]: the trait bound `String: sqlx::Decode<'_, _>` is not satisfied
[INFO] [stdout]   --> examples/crud.rs:75:7
[INFO] [stdout]    |
[INFO] [stdout] 75 |     p.save(conn).await?;
[INFO] [stdout]    |       ^^^^ the trait `sqlx::Decode<'_, _>` is not implemented for `String`
[INFO] [stdout]    |
[INFO] [stdout]    = help: the trait `sqlx::Decode<'r, DB>` is implemented for `Option<T>`
[INFO] [stdout] note: required for `Product` to implement `for<'fr> FromRow<'fr, _>`
[INFO] [stdout]   --> examples/crud.rs:7:17
[INFO] [stdout]    |
[INFO] [stdout] 7  | #[derive(Debug, sqlx::FromRow, WeldsModel)]
[INFO] [stdout]    |                 ^^^^^^^^^^^^^ unsatisfied trait bound introduced in this `derive` macro
[INFO] [stdout] ...
[INFO] [stdout] 11 | pub struct Product {
[INFO] [stdout]    |            ^^^^^^^
[INFO] [stdout] note: required by a bound in `DbState::<T>::save`
[INFO] [stdout]   --> /opt/rustwide/workdir/src/state.rs:66:42
[INFO] [stdout]    |
[INFO] [stdout] 66 |         T: WriteToArgs<DB> + HasSchema + for<'fr> sqlx::FromRow<'fr, DB::Row>,
[INFO] [stdout]    |                                          ^^^^^^^^^^^^^^^^^^^^^^^^^^^^^^^^^^^^ required by this bound in `DbState::<T>::save`
[INFO] [stdout]    = note: this error originates in the derive macro `sqlx::FromRow` (in Nightly builds, run with -Z macro-backtrace for more info)
[INFO] [stdout] 
[INFO] [stdout] 
[INFO] [stdout] error[E0277]: the trait bound `String: Type<_>` is not satisfied
[INFO] [stdout]   --> examples/crud.rs:75:7
[INFO] [stdout]    |
[INFO] [stdout] 75 |     p.save(conn).await?;
[INFO] [stdout]    |       ^^^^ the trait `Type<_>` is not implemented for `String`
[INFO] [stdout]    |
[INFO] [stdout]    = help: the following other types implement trait `Type<DB>`:
[INFO] [stdout]              &T
[INFO] [stdout]              Option<T>
[INFO] [stdout]              Optional<T>
[INFO] [stdout] note: required for `Product` to implement `for<'fr> FromRow<'fr, _>`
[INFO] [stdout]   --> examples/crud.rs:7:17
[INFO] [stdout]    |
[INFO] [stdout] 7  | #[derive(Debug, sqlx::FromRow, WeldsModel)]
[INFO] [stdout]    |                 ^^^^^^^^^^^^^ unsatisfied trait bound introduced in this `derive` macro
[INFO] [stdout] ...
[INFO] [stdout] 11 | pub struct Product {
[INFO] [stdout]    |            ^^^^^^^
[INFO] [stdout] note: required by a bound in `DbState::<T>::save`
[INFO] [stdout]   --> /opt/rustwide/workdir/src/state.rs:66:42
[INFO] [stdout]    |
[INFO] [stdout] 66 |         T: WriteToArgs<DB> + HasSchema + for<'fr> sqlx::FromRow<'fr, DB::Row>,
[INFO] [stdout]    |                                          ^^^^^^^^^^^^^^^^^^^^^^^^^^^^^^^^^^^^ required by this bound in `DbState::<T>::save`
[INFO] [stdout]    = note: this error originates in the derive macro `sqlx::FromRow` (in Nightly builds, run with -Z macro-backtrace for more info)
[INFO] [stdout] 
[INFO] [stdout] 
[INFO] [stdout] error: aborting due to 16 previous errors; 1 warning emitted
[INFO] [stdout] 
[INFO] [stdout] 
[INFO] [stdout] error[E0277]: the trait bound `bool: sqlx::Decode<'_, _>` is not satisfied
[INFO] [stdout]   --> examples/crud.rs:75:7
[INFO] [stdout]    |
[INFO] [stdout] 75 |     p.save(conn).await?;
[INFO] [stdout]    |       ^^^^ the trait `sqlx::Decode<'_, _>` is not implemented for `bool`
[INFO] [stdout]    |
[INFO] [stdout]    = help: the trait `sqlx::Decode<'r, DB>` is implemented for `Option<T>`
[INFO] [stdout] note: required for `Product` to implement `for<'fr> FromRow<'fr, _>`
[INFO] [stdout]   --> examples/crud.rs:7:17
[INFO] [stdout]    |
[INFO] [stdout] 7  | #[derive(Debug, sqlx::FromRow, WeldsModel)]
[INFO] [stdout]    |                 ^^^^^^^^^^^^^ unsatisfied trait bound introduced in this `derive` macro
[INFO] [stdout] ...
[INFO] [stdout] 11 | pub struct Product {
[INFO] [stdout]    |            ^^^^^^^
[INFO] [stdout] note: required by a bound in `DbState::<T>::save`
[INFO] [stdout]   --> /opt/rustwide/workdir/src/state.rs:66:42
[INFO] [stdout]    |
[INFO] [stdout] 66 |         T: WriteToArgs<DB> + HasSchema + for<'fr> sqlx::FromRow<'fr, DB::Row>,
[INFO] [stdout]    |                                          ^^^^^^^^^^^^^^^^^^^^^^^^^^^^^^^^^^^^ required by this bound in `DbState::<T>::save`
[INFO] [stdout]    = note: this error originates in the derive macro `sqlx::FromRow` (in Nightly builds, run with -Z macro-backtrace for more info)
[INFO] [stdout] 
[INFO] [stdout] 
[INFO] [stdout] error[E0277]: the trait bound `bool: Type<_>` is not satisfied
[INFO] [stdout]   --> examples/crud.rs:75:7
[INFO] [stdout]    |
[INFO] [stdout] 75 |     p.save(conn).await?;
[INFO] [stdout]    |       ^^^^ the trait `Type<_>` is not implemented for `bool`
[INFO] [stdout]    |
[INFO] [stdout]    = help: the following other types implement trait `Type<DB>`:
[INFO] [stdout]              &T
[INFO] [stdout]              Option<T>
[INFO] [stdout]              Optional<T>
[INFO] [stdout] note: required for `Product` to implement `for<'fr> FromRow<'fr, _>`
[INFO] [stdout]   --> examples/crud.rs:7:17
[INFO] [stdout]    |
[INFO] [stdout] 7  | #[derive(Debug, sqlx::FromRow, WeldsModel)]
[INFO] [stdout]    |                 ^^^^^^^^^^^^^ unsatisfied trait bound introduced in this `derive` macro
[INFO] [stdout] ...
[INFO] [stdout] 11 | pub struct Product {
[INFO] [stdout]    |            ^^^^^^^
[INFO] [stdout] note: required by a bound in `DbState::<T>::save`
[INFO] [stdout]   --> /opt/rustwide/workdir/src/state.rs:66:42
[INFO] [stdout]    |
[INFO] [stdout] 66 |         T: WriteToArgs<DB> + HasSchema + for<'fr> sqlx::FromRow<'fr, DB::Row>,
[INFO] [stdout]    |                                          ^^^^^^^^^^^^^^^^^^^^^^^^^^^^^^^^^^^^ required by this bound in `DbState::<T>::save`
[INFO] [stdout]    = note: this error originates in the derive macro `sqlx::FromRow` (in Nightly builds, run with -Z macro-backtrace for more info)
[INFO] [stdout] 
[INFO] [stdout] 
[INFO] [stdout] error[E0277]: the trait bound `str: ColumnIndex<_>` is not satisfied
[INFO] [stdout]   --> examples/crud.rs:75:7
[INFO] [stdout]    |
[INFO] [stdout] 75 |     p.save(conn).await?;
[INFO] [stdout]    |       ^^^^ the trait `ColumnIndex<_>` is not implemented for `str`
[INFO] [stdout]    |
[INFO] [stdout]    = help: the trait `ColumnIndex<T>` is implemented for `&I`
[INFO] [stdout]    = note: required for `&str` to implement `ColumnIndex<_>`
[INFO] [stdout] note: required for `Product` to implement `for<'fr> FromRow<'fr, _>`
[INFO] [stdout]   --> examples/crud.rs:7:17
[INFO] [stdout]    |
[INFO] [stdout] 7  | #[derive(Debug, sqlx::FromRow, WeldsModel)]
[INFO] [stdout]    |                 ^^^^^^^^^^^^^ unsatisfied trait bound introduced in this `derive` macro
[INFO] [stdout] ...
[INFO] [stdout] 11 | pub struct Product {
[INFO] [stdout]    |            ^^^^^^^
[INFO] [stdout] note: required by a bound in `DbState::<T>::save`
[INFO] [stdout]   --> /opt/rustwide/workdir/src/state.rs:66:42
[INFO] [stdout]    |
[INFO] [stdout] 66 |         T: WriteToArgs<DB> + HasSchema + for<'fr> sqlx::FromRow<'fr, DB::Row>,
[INFO] [stdout]    |                                          ^^^^^^^^^^^^^^^^^^^^^^^^^^^^^^^^^^^^ required by this bound in `DbState::<T>::save`
[INFO] [stdout]    = note: this error originates in the derive macro `sqlx::FromRow` (in Nightly builds, run with -Z macro-backtrace for more info)
[INFO] [stdout] 
[INFO] [stdout] 
[INFO] [stdout] error[E0277]: the trait bound `f32: sqlx::Decode<'_, _>` is not satisfied
[INFO] [stdout]   --> examples/crud.rs:75:7
[INFO] [stdout]    |
[INFO] [stdout] 75 |     p.save(conn).await?;
[INFO] [stdout]    |       ^^^^ the trait `sqlx::Decode<'_, _>` is not implemented for `f32`
[INFO] [stdout]    |
[INFO] [stdout]    = help: the trait `sqlx::Decode<'r, DB>` is implemented for `Option<T>`
[INFO] [stdout]    = note: required for `Option<f32>` to implement `sqlx::Decode<'_, _>`
[INFO] [stdout] note: required for `Product` to implement `for<'fr> FromRow<'fr, _>`
[INFO] [stdout]   --> examples/crud.rs:7:17
[INFO] [stdout]    |
[INFO] [stdout] 7  | #[derive(Debug, sqlx::FromRow, WeldsModel)]
[INFO] [stdout]    |                 ^^^^^^^^^^^^^ unsatisfied trait bound introduced in this `derive` macro
[INFO] [stdout] ...
[INFO] [stdout] 11 | pub struct Product {
[INFO] [stdout]    |            ^^^^^^^
[INFO] [stdout] note: required by a bound in `DbState::<T>::save`
[INFO] [stdout]   --> /opt/rustwide/workdir/src/state.rs:66:42
[INFO] [stdout]    |
[INFO] [stdout] 66 |         T: WriteToArgs<DB> + HasSchema + for<'fr> sqlx::FromRow<'fr, DB::Row>,
[INFO] [stdout]    |                                          ^^^^^^^^^^^^^^^^^^^^^^^^^^^^^^^^^^^^ required by this bound in `DbState::<T>::save`
[INFO] [stdout]    = note: this error originates in the derive macro `sqlx::FromRow` (in Nightly builds, run with -Z macro-backtrace for more info)
[INFO] [stdout] 
[INFO] [stdout] 
[INFO] [stdout] Some errors have detailed explanations: E0277, E0412, E0599.
[INFO] [stdout] 
[INFO] [stdout] For more information about an error, try `rustc --explain E0277`.
[INFO] [stdout] 
[INFO] [stdout] error[E0277]: the trait bound `f32: Type<_>` is not satisfied
[INFO] [stdout]   --> examples/crud.rs:75:7
[INFO] [stdout]    |
[INFO] [stdout] 75 |     p.save(conn).await?;
[INFO] [stdout]    |       ^^^^ the trait `Type<_>` is not implemented for `f32`
[INFO] [stdout]    |
[INFO] [stdout]    = help: the following other types implement trait `Type<DB>`:
[INFO] [stdout]              &T
[INFO] [stdout]              Option<T>
[INFO] [stdout]              Optional<T>
[INFO] [stdout]    = note: required for `Option<f32>` to implement `Type<_>`
[INFO] [stdout] note: required for `Product` to implement `for<'fr> FromRow<'fr, _>`
[INFO] [stdout]   --> examples/crud.rs:7:17
[INFO] [stdout]    |
[INFO] [stdout] 7  | #[derive(Debug, sqlx::FromRow, WeldsModel)]
[INFO] [stdout]    |                 ^^^^^^^^^^^^^ unsatisfied trait bound introduced in this `derive` macro
[INFO] [stdout] ...
[INFO] [stdout] 11 | pub struct Product {
[INFO] [stdout]    |            ^^^^^^^
[INFO] [stdout] note: required by a bound in `DbState::<T>::save`
[INFO] [stdout]   --> /opt/rustwide/workdir/src/state.rs:66:42
[INFO] [stdout]    |
[INFO] [stdout] 66 |         T: WriteToArgs<DB> + HasSchema + for<'fr> sqlx::FromRow<'fr, DB::Row>,
[INFO] [stdout]    |                                          ^^^^^^^^^^^^^^^^^^^^^^^^^^^^^^^^^^^^ required by this bound in `DbState::<T>::save`
[INFO] [stdout]    = note: this error originates in the derive macro `sqlx::FromRow` (in Nightly builds, run with -Z macro-backtrace for more info)
[INFO] [stdout] 
[INFO] [stdout] 
[INFO] [stdout] error[E0277]: the trait bound `impl Connection<Sqlite>: welds::connection::Connection<_>` is not satisfied
[INFO] [stdout]   --> examples/crud.rs:75:12
[INFO] [stdout]    |
[INFO] [stdout] 75 |     p.save(conn).await?;
[INFO] [stdout]    |       ---- ^^^^ the trait `welds::connection::Connection<_>` is not implemented for `impl Connection<Sqlite>`
[INFO] [stdout]    |       |
[INFO] [stdout]    |       required by a bound introduced by this call
[INFO] [stdout]    |
[INFO] [stdout] note: required by a bound in `DbState::<T>::save`
[INFO] [stdout]   --> /opt/rustwide/workdir/src/state.rs:70:12
[INFO] [stdout]    |
[INFO] [stdout] 70 |         C: Connection<DB>,
[INFO] [stdout]    |            ^^^^^^^^^^^^^^ required by this bound in `DbState::<T>::save`
[INFO] [stdout] 
[INFO] [stdout] 
[INFO] [stdout] error[E0277]: the trait bound `Order: WriteToArgs<_>` is not satisfied
[INFO] [stdout]   --> examples/crud.rs:88:11
[INFO] [stdout]    |
[INFO] [stdout] 88 |         o.save(conn).await?;
[INFO] [stdout]    |           ^^^^ the trait `WriteToArgs<_>` is not implemented for `Order`
[INFO] [stdout]    |
[INFO] [stdout] note: required by a bound in `DbState::<T>::save`
[INFO] [stdout]   --> /opt/rustwide/workdir/src/state.rs:66:12
[INFO] [stdout]    |
[INFO] [stdout] 66 |         T: WriteToArgs<DB> + HasSchema + for<'fr> sqlx::FromRow<'fr, DB::Row>,
[INFO] [stdout]    |            ^^^^^^^^^^^^^^^ required by this bound in `DbState::<T>::save`
[INFO] [stdout] 
[INFO] [stdout] 
[INFO] [stderr] error: could not compile `welds` due to 17 previous errors; 1 warning emitted
[INFO] [stdout] error[E0277]: the trait bound `OrderSchema: TableColumns<_>` is not satisfied
[INFO] [stdout]   --> examples/crud.rs:88:11
[INFO] [stdout]    |
[INFO] [stdout] 88 |         o.save(conn).await?;
[INFO] [stdout]    |           ^^^^ the trait `TableColumns<_>` is not implemented for `OrderSchema`
[INFO] [stdout]    |
[INFO] [stdout] note: required by a bound in `DbState::<T>::save`
[INFO] [stdout]   --> /opt/rustwide/workdir/src/state.rs:69:47
[INFO] [stdout]    |
[INFO] [stdout] 69 |         <T as HasSchema>::Schema: TableInfo + TableColumns<DB>,
[INFO] [stdout]    |                                               ^^^^^^^^^^^^^^^^ required by this bound in `DbState::<T>::save`
[INFO] [stdout] 
[INFO] [stdout] 
[INFO] [stdout] error[E0277]: the trait bound `i32: sqlx::Decode<'_, _>` is not satisfied
[INFO] [stdout]   --> examples/crud.rs:88:11
[INFO] [stdout]    |
[INFO] [stdout] 88 |         o.save(conn).await?;
[INFO] [stdout]    |           ^^^^ the trait `sqlx::Decode<'_, _>` is not implemented for `i32`
[INFO] [stdout]    |
[INFO] [stdout]    = help: the trait `sqlx::Decode<'r, DB>` is implemented for `Option<T>`
[INFO] [stdout] note: required for `Order` to implement `for<'fr> FromRow<'fr, _>`
[INFO] [stdout]   --> examples/crud.rs:23:17
[INFO] [stdout]    |
[INFO] [stdout] 23 | #[derive(Debug, sqlx::FromRow, WeldsModel)]
[INFO] [stdout]    |                 ^^^^^^^^^^^^^ unsatisfied trait bound introduced in this `derive` macro
[INFO] [stdout] ...
[INFO] [stdout] 27 | pub struct Order {
[INFO] [stdout]    |            ^^^^^
[INFO] [stdout] note: required by a bound in `DbState::<T>::save`
[INFO] [stdout]   --> /opt/rustwide/workdir/src/state.rs:66:42
[INFO] [stdout]    |
[INFO] [stdout] 66 |         T: WriteToArgs<DB> + HasSchema + for<'fr> sqlx::FromRow<'fr, DB::Row>,
[INFO] [stdout]    |                                          ^^^^^^^^^^^^^^^^^^^^^^^^^^^^^^^^^^^^ required by this bound in `DbState::<T>::save`
[INFO] [stdout]    = note: this error originates in the derive macro `sqlx::FromRow` (in Nightly builds, run with -Z macro-backtrace for more info)
[INFO] [stdout] 
[INFO] [stdout] 
[INFO] [stdout] error[E0277]: the trait bound `i32: Type<_>` is not satisfied
[INFO] [stdout]   --> examples/crud.rs:88:11
[INFO] [stdout]    |
[INFO] [stdout] 88 |         o.save(conn).await?;
[INFO] [stdout]    |           ^^^^ the trait `Type<_>` is not implemented for `i32`
[INFO] [stdout]    |
[INFO] [stdout]    = help: the following other types implement trait `Type<DB>`:
[INFO] [stdout]              &T
[INFO] [stdout]              Option<T>
[INFO] [stdout]              Optional<T>
[INFO] [stdout] note: required for `Order` to implement `for<'fr> FromRow<'fr, _>`
[INFO] [stdout]   --> examples/crud.rs:23:17
[INFO] [stdout]    |
[INFO] [stdout] 23 | #[derive(Debug, sqlx::FromRow, WeldsModel)]
[INFO] [stdout]    |                 ^^^^^^^^^^^^^ unsatisfied trait bound introduced in this `derive` macro
[INFO] [stdout] ...
[INFO] [stdout] 27 | pub struct Order {
[INFO] [stdout]    |            ^^^^^
[INFO] [stdout] note: required by a bound in `DbState::<T>::save`
[INFO] [stdout]   --> /opt/rustwide/workdir/src/state.rs:66:42
[INFO] [stdout]    |
[INFO] [stdout] 66 |         T: WriteToArgs<DB> + HasSchema + for<'fr> sqlx::FromRow<'fr, DB::Row>,
[INFO] [stdout]    |                                          ^^^^^^^^^^^^^^^^^^^^^^^^^^^^^^^^^^^^ required by this bound in `DbState::<T>::save`
[INFO] [stdout]    = note: this error originates in the derive macro `sqlx::FromRow` (in Nightly builds, run with -Z macro-backtrace for more info)
[INFO] [stdout] 
[INFO] [stdout] 
[INFO] [stdout] error[E0277]: the trait bound `str: ColumnIndex<_>` is not satisfied
[INFO] [stdout]   --> examples/crud.rs:88:11
[INFO] [stdout]    |
[INFO] [stdout] 88 |         o.save(conn).await?;
[INFO] [stdout]    |           ^^^^ the trait `ColumnIndex<_>` is not implemented for `str`
[INFO] [stdout]    |
[INFO] [stdout]    = help: the trait `ColumnIndex<T>` is implemented for `&I`
[INFO] [stdout]    = note: required for `&str` to implement `ColumnIndex<_>`
[INFO] [stdout] note: required for `Order` to implement `for<'fr> FromRow<'fr, _>`
[INFO] [stdout]   --> examples/crud.rs:23:17
[INFO] [stdout]    |
[INFO] [stdout] 23 | #[derive(Debug, sqlx::FromRow, WeldsModel)]
[INFO] [stdout]    |                 ^^^^^^^^^^^^^ unsatisfied trait bound introduced in this `derive` macro
[INFO] [stdout] ...
[INFO] [stdout] 27 | pub struct Order {
[INFO] [stdout]    |            ^^^^^
[INFO] [stdout] note: required by a bound in `DbState::<T>::save`
[INFO] [stdout]   --> /opt/rustwide/workdir/src/state.rs:66:42
[INFO] [stdout]    |
[INFO] [stdout] 66 |         T: WriteToArgs<DB> + HasSchema + for<'fr> sqlx::FromRow<'fr, DB::Row>,
[INFO] [stdout]    |                                          ^^^^^^^^^^^^^^^^^^^^^^^^^^^^^^^^^^^^ required by this bound in `DbState::<T>::save`
[INFO] [stdout]    = note: this error originates in the derive macro `sqlx::FromRow` (in Nightly builds, run with -Z macro-backtrace for more info)
[INFO] [stdout] 
[INFO] [stdout] 
[INFO] [stdout] error[E0277]: the trait bound `f32: sqlx::Decode<'_, _>` is not satisfied
[INFO] [stdout]   --> examples/crud.rs:88:11
[INFO] [stdout]    |
[INFO] [stdout] 88 |         o.save(conn).await?;
[INFO] [stdout]    |           ^^^^ the trait `sqlx::Decode<'_, _>` is not implemented for `f32`
[INFO] [stdout]    |
[INFO] [stdout]    = help: the trait `sqlx::Decode<'r, DB>` is implemented for `Option<T>`
[INFO] [stdout]    = note: required for `Option<f32>` to implement `sqlx::Decode<'_, _>`
[INFO] [stdout] note: required for `Order` to implement `for<'fr> FromRow<'fr, _>`
[INFO] [stdout]   --> examples/crud.rs:23:17
[INFO] [stdout]    |
[INFO] [stdout] 23 | #[derive(Debug, sqlx::FromRow, WeldsModel)]
[INFO] [stdout]    |                 ^^^^^^^^^^^^^ unsatisfied trait bound introduced in this `derive` macro
[INFO] [stdout] ...
[INFO] [stdout] 27 | pub struct Order {
[INFO] [stdout]    |            ^^^^^
[INFO] [stdout] note: required by a bound in `DbState::<T>::save`
[INFO] [stdout]   --> /opt/rustwide/workdir/src/state.rs:66:42
[INFO] [stdout]    |
[INFO] [stdout] 66 |         T: WriteToArgs<DB> + HasSchema + for<'fr> sqlx::FromRow<'fr, DB::Row>,
[INFO] [stdout]    |                                          ^^^^^^^^^^^^^^^^^^^^^^^^^^^^^^^^^^^^ required by this bound in `DbState::<T>::save`
[INFO] [stdout]    = note: this error originates in the derive macro `sqlx::FromRow` (in Nightly builds, run with -Z macro-backtrace for more info)
[INFO] [stdout] 
[INFO] [stdout] 
[INFO] [stdout] error[E0277]: the trait bound `f32: Type<_>` is not satisfied
[INFO] [stdout]   --> examples/crud.rs:88:11
[INFO] [stdout]    |
[INFO] [stdout] 88 |         o.save(conn).await?;
[INFO] [stdout]    |           ^^^^ the trait `Type<_>` is not implemented for `f32`
[INFO] [stdout]    |
[INFO] [stdout]    = help: the following other types implement trait `Type<DB>`:
[INFO] [stdout]              &T
[INFO] [stdout]              Option<T>
[INFO] [stdout]              Optional<T>
[INFO] [stdout]    = note: required for `Option<f32>` to implement `Type<_>`
[INFO] [stdout] note: required for `Order` to implement `for<'fr> FromRow<'fr, _>`
[INFO] [stdout]   --> examples/crud.rs:23:17
[INFO] [stdout]    |
[INFO] [stdout] 23 | #[derive(Debug, sqlx::FromRow, WeldsModel)]
[INFO] [stdout]    |                 ^^^^^^^^^^^^^ unsatisfied trait bound introduced in this `derive` macro
[INFO] [stdout] ...
[INFO] [stdout] 27 | pub struct Order {
[INFO] [stdout]    |            ^^^^^
[INFO] [stdout] note: required by a bound in `DbState::<T>::save`
[INFO] [stdout]   --> /opt/rustwide/workdir/src/state.rs:66:42
[INFO] [stdout]    |
[INFO] [stdout] 66 |         T: WriteToArgs<DB> + HasSchema + for<'fr> sqlx::FromRow<'fr, DB::Row>,
[INFO] [stdout]    |                                          ^^^^^^^^^^^^^^^^^^^^^^^^^^^^^^^^^^^^ required by this bound in `DbState::<T>::save`
[INFO] [stdout]    = note: this error originates in the derive macro `sqlx::FromRow` (in Nightly builds, run with -Z macro-backtrace for more info)
[INFO] [stdout] 
[INFO] [stdout] 
[INFO] [stdout] error[E0277]: the trait bound `impl Connection<Sqlite>: welds::connection::Connection<_>` is not satisfied
[INFO] [stdout]   --> examples/crud.rs:88:16
[INFO] [stdout]    |
[INFO] [stdout] 88 |         o.save(conn).await?;
[INFO] [stdout]    |           ---- ^^^^ the trait `welds::connection::Connection<_>` is not implemented for `impl Connection<Sqlite>`
[INFO] [stdout]    |           |
[INFO] [stdout]    |           required by a bound introduced by this call
[INFO] [stdout]    |
[INFO] [stdout] note: required by a bound in `DbState::<T>::save`
[INFO] [stdout]   --> /opt/rustwide/workdir/src/state.rs:70:12
[INFO] [stdout]    |
[INFO] [stdout] 70 |         C: Connection<DB>,
[INFO] [stdout]    |            ^^^^^^^^^^^^^^ required by this bound in `DbState::<T>::save`
[INFO] [stdout] 
[INFO] [stdout] 
[INFO] [stdout] error[E0277]: the trait bound `OrderSchema: TableColumns<_>` is not satisfied
[INFO] [stdout]   --> examples/crud.rs:90:17
[INFO] [stdout]    |
[INFO] [stdout] 90 |     let total = Order::all().count(conn).await?;
[INFO] [stdout]    |                 ^^^^^^^^^^ the trait `TableColumns<_>` is not implemented for `OrderSchema`
[INFO] [stdout]    |
[INFO] [stdout] note: required by a bound in `Order::all`
[INFO] [stdout]   --> examples/crud.rs:23:32
[INFO] [stdout]    |
[INFO] [stdout] 23 | #[derive(Debug, sqlx::FromRow, WeldsModel)]
[INFO] [stdout]    |                                ^^^^^^^^^^ required by this bound in `Order::all`
[INFO] [stdout]    = note: this error originates in the derive macro `WeldsModel` (in Nightly builds, run with -Z macro-backtrace for more info)
[INFO] [stdout] 
[INFO] [stdout] 
[INFO] [stdout] error[E0277]: the trait bound `i32: sqlx::Decode<'_, _>` is not satisfied
[INFO] [stdout]   --> examples/crud.rs:90:17
[INFO] [stdout]    |
[INFO] [stdout] 90 |     let total = Order::all().count(conn).await?;
[INFO] [stdout]    |                 ^^^^^^^^^^ the trait `sqlx::Decode<'_, _>` is not implemented for `i32`
[INFO] [stdout]    |
[INFO] [stdout]    = help: the trait `sqlx::Decode<'r, DB>` is implemented for `Option<T>`
[INFO] [stdout] note: required for `Order` to implement `for<'r> FromRow<'r, _>`
[INFO] [stdout]   --> examples/crud.rs:23:17
[INFO] [stdout]    |
[INFO] [stdout] 23 | #[derive(Debug, sqlx::FromRow, WeldsModel)]
[INFO] [stdout]    |                 ^^^^^^^^^^^^^ unsatisfied trait bound introduced in this `derive` macro
[INFO] [stdout] ...
[INFO] [stdout] 27 | pub struct Order {
[INFO] [stdout]    |            ^^^^^
[INFO] [stdout] note: required by a bound in `Order::all`
[INFO] [stdout]   --> examples/crud.rs:23:32
[INFO] [stdout]    |
[INFO] [stdout] 23 | #[derive(Debug, sqlx::FromRow, WeldsModel)]
[INFO] [stdout]    |                                ^^^^^^^^^^ required by this bound in `Order::all`
[INFO] [stdout]    = note: this error originates in the derive macro `sqlx::FromRow` which comes from the expansion of the derive macro `WeldsModel` (in Nightly builds, run with -Z macro-backtrace for more info)
[INFO] [stdout] 
[INFO] [stdout] 
[INFO] [stdout] error[E0277]: the trait bound `i32: Type<_>` is not satisfied
[INFO] [stdout]   --> examples/crud.rs:90:17
[INFO] [stdout]    |
[INFO] [stdout] 90 |     let total = Order::all().count(conn).await?;
[INFO] [stdout]    |                 ^^^^^^^^^^ the trait `Type<_>` is not implemented for `i32`
[INFO] [stdout]    |
[INFO] [stdout]    = help: the following other types implement trait `Type<DB>`:
[INFO] [stdout]              &T
[INFO] [stdout]              Option<T>
[INFO] [stdout]              Optional<T>
[INFO] [stdout] note: required for `Order` to implement `for<'r> FromRow<'r, _>`
[INFO] [stdout]   --> examples/crud.rs:23:17
[INFO] [stdout]    |
[INFO] [stdout] 23 | #[derive(Debug, sqlx::FromRow, WeldsModel)]
[INFO] [stdout]    |                 ^^^^^^^^^^^^^ unsatisfied trait bound introduced in this `derive` macro
[INFO] [stdout] ...
[INFO] [stdout] 27 | pub struct Order {
[INFO] [stdout]    |            ^^^^^
[INFO] [stdout] note: required by a bound in `Order::all`
[INFO] [stdout]   --> examples/crud.rs:23:32
[INFO] [stdout]    |
[INFO] [stdout] 23 | #[derive(Debug, sqlx::FromRow, WeldsModel)]
[INFO] [stdout]    |                                ^^^^^^^^^^ required by this bound in `Order::all`
[INFO] [stdout]    = note: this error originates in the derive macro `sqlx::FromRow` which comes from the expansion of the derive macro `WeldsModel` (in Nightly builds, run with -Z macro-backtrace for more info)
[INFO] [stdout] 
[INFO] [stdout] 
[INFO] [stdout] error[E0277]: the trait bound `str: ColumnIndex<_>` is not satisfied
[INFO] [stdout]   --> examples/crud.rs:90:17
[INFO] [stdout]    |
[INFO] [stdout] 90 |     let total = Order::all().count(conn).await?;
[INFO] [stdout]    |                 ^^^^^^^^^^ the trait `ColumnIndex<_>` is not implemented for `str`
[INFO] [stdout]    |
[INFO] [stdout]    = help: the trait `ColumnIndex<T>` is implemented for `&I`
[INFO] [stdout]    = note: required for `&str` to implement `ColumnIndex<_>`
[INFO] [stdout] note: required for `Order` to implement `for<'r> FromRow<'r, _>`
[INFO] [stdout]   --> examples/crud.rs:23:17
[INFO] [stdout]    |
[INFO] [stdout] 23 | #[derive(Debug, sqlx::FromRow, WeldsModel)]
[INFO] [stdout]    |                 ^^^^^^^^^^^^^ unsatisfied trait bound introduced in this `derive` macro
[INFO] [stdout] ...
[INFO] [stdout] 27 | pub struct Order {
[INFO] [stdout]    |            ^^^^^
[INFO] [stdout] note: required by a bound in `Order::all`
[INFO] [stdout]   --> examples/crud.rs:23:32
[INFO] [stdout]    |
[INFO] [stdout] 23 | #[derive(Debug, sqlx::FromRow, WeldsModel)]
[INFO] [stdout]    |                                ^^^^^^^^^^ required by this bound in `Order::all`
[INFO] [stdout]    = note: this error originates in the derive macro `sqlx::FromRow` which comes from the expansion of the derive macro `WeldsModel` (in Nightly builds, run with -Z macro-backtrace for more info)
[INFO] [stdout] 
[INFO] [stdout] 
[INFO] [stdout] error[E0277]: the trait bound `f32: sqlx::Decode<'_, _>` is not satisfied
[INFO] [stdout]   --> examples/crud.rs:90:17
[INFO] [stdout]    |
[INFO] [stdout] 90 |     let total = Order::all().count(conn).await?;
[INFO] [stdout]    |                 ^^^^^^^^^^ the trait `sqlx::Decode<'_, _>` is not implemented for `f32`
[INFO] [stdout]    |
[INFO] [stdout]    = help: the trait `sqlx::Decode<'r, DB>` is implemented for `Option<T>`
[INFO] [stdout]    = note: required for `Option<f32>` to implement `sqlx::Decode<'_, _>`
[INFO] [stdout] note: required for `Order` to implement `for<'r> FromRow<'r, _>`
[INFO] [stdout]   --> examples/crud.rs:23:17
[INFO] [stdout]    |
[INFO] [stdout] 23 | #[derive(Debug, sqlx::FromRow, WeldsModel)]
[INFO] [stdout]    |                 ^^^^^^^^^^^^^ unsatisfied trait bound introduced in this `derive` macro
[INFO] [stdout] ...
[INFO] [stdout] 27 | pub struct Order {
[INFO] [stdout]    |            ^^^^^
[INFO] [stdout] note: required by a bound in `Order::all`
[INFO] [stdout]   --> examples/crud.rs:23:32
[INFO] [stdout]    |
[INFO] [stdout] 23 | #[derive(Debug, sqlx::FromRow, WeldsModel)]
[INFO] [stdout]    |                                ^^^^^^^^^^ required by this bound in `Order::all`
[INFO] [stdout]    = note: this error originates in the derive macro `sqlx::FromRow` which comes from the expansion of the derive macro `WeldsModel` (in Nightly builds, run with -Z macro-backtrace for more info)
[INFO] [stdout] 
[INFO] [stdout] 
[INFO] [stdout] error[E0277]: the trait bound `f32: Type<_>` is not satisfied
[INFO] [stdout]   --> examples/crud.rs:90:17
[INFO] [stdout]    |
[INFO] [stdout] 90 |     let total = Order::all().count(conn).await?;
[INFO] [stdout]    |                 ^^^^^^^^^^ the trait `Type<_>` is not implemented for `f32`
[INFO] [stdout]    |
[INFO] [stdout]    = help: the following other types implement trait `Type<DB>`:
[INFO] [stdout]              &T
[INFO] [stdout]              Option<T>
[INFO] [stdout]              Optional<T>
[INFO] [stdout]    = note: required for `Option<f32>` to implement `Type<_>`
[INFO] [stdout] note: required for `Order` to implement `for<'r> FromRow<'r, _>`
[INFO] [stdout]   --> examples/crud.rs:23:17
[INFO] [stdout]    |
[INFO] [stdout] 23 | #[derive(Debug, sqlx::FromRow, WeldsModel)]
[INFO] [stdout]    |                 ^^^^^^^^^^^^^ unsatisfied trait bound introduced in this `derive` macro
[INFO] [stdout] ...
[INFO] [stdout] 27 | pub struct Order {
[INFO] [stdout]    |            ^^^^^
[INFO] [stdout] note: required by a bound in `Order::all`
[INFO] [stdout]   --> examples/crud.rs:23:32
[INFO] [stdout]    |
[INFO] [stdout] 23 | #[derive(Debug, sqlx::FromRow, WeldsModel)]
[INFO] [stdout]    |                                ^^^^^^^^^^ required by this bound in `Order::all`
[INFO] [stdout]    = note: this error originates in the derive macro `sqlx::FromRow` which comes from the expansion of the derive macro `WeldsModel` (in Nightly builds, run with -Z macro-backtrace for more info)
[INFO] [stdout] 
[INFO] [stdout] 
[INFO] [stdout] error[E0599]: the method `count` exists for struct `SelectBuilder<'_, Order, _>`, but its trait bounds were not satisfied
[INFO] [stdout]    --> examples/crud.rs:90:30
[INFO] [stdout]     |
[INFO] [stdout] 27  | pub struct Order {
[INFO] [stdout]     | ---------------- doesn't satisfy `Order: FromRow<'r, _>`
[INFO] [stdout] ...
[INFO] [stdout] 90  |     let total = Order::all().count(conn).await?;
[INFO] [stdout]     |                              ^^^^^ method cannot be called on `SelectBuilder<'_, Order, _>` due to unsatisfied trait bounds
[INFO] [stdout]     |
[INFO] [stdout]    ::: /opt/rustwide/workdir/src/query/select/mod.rs:25:1
[INFO] [stdout]     |
[INFO] [stdout] 25  | pub struct SelectBuilder<'schema, T, DB: sqlx::Database> {
[INFO] [stdout]     | -------------------------------------------------------- doesn't satisfy `SelectBuilder<'_, Order, _>: Iterator`
[INFO] [stdout]     |
[INFO] [stdout]     = note: the following trait bounds were not satisfied:
[INFO] [stdout]             `Order: FromRow<'r, _>`
[INFO] [stdout]             `SelectBuilder<'_, Order, _>: Iterator`
[INFO] [stdout]             which is required by `&mut SelectBuilder<'_, Order, _>: Iterator`
[INFO] [stdout] note: the trait `FromRow` must be implemented
[INFO] [stdout]    --> /opt/rustwide/cargo-home/registry/src/github.com-1ecc6299db9ec823/sqlx-core-0.6.3/src/from_row.rs:178:1
[INFO] [stdout]     |
[INFO] [stdout] 178 | pub trait FromRow<'r, R: Row>: Sized {
[INFO] [stdout]     | ^^^^^^^^^^^^^^^^^^^^^^^^^^^^^^^^^^^^
[INFO] [stdout] 
[INFO] [stdout] 
[INFO] [stdout] error[E0277]: the trait bound `ProductSchema: TableColumns<_>` is not satisfied
[INFO] [stdout]    --> examples/crud.rs:100:23
[INFO] [stdout]     |
[INFO] [stdout] 100 |     let order_query = Product::all()
[INFO] [stdout]     |                       ^^^^^^^^^^^^ the trait `TableColumns<_>` is not implemented for `ProductSchema`
[INFO] [stdout]     |
[INFO] [stdout] note: required by a bound in `Product::all`
[INFO] [stdout]    --> examples/crud.rs:7:32
[INFO] [stdout]     |
[INFO] [stdout] 7   | #[derive(Debug, sqlx::FromRow, WeldsModel)]
[INFO] [stdout]     |                                ^^^^^^^^^^ required by this bound in `Product::all`
[INFO] [stdout]     = note: this error originates in the derive macro `WeldsModel` (in Nightly builds, run with -Z macro-backtrace for more info)
[INFO] [stdout] 
[INFO] [stdout] 
[INFO] [stdout] error[E0277]: the trait bound `i32: sqlx::Decode<'_, _>` is not satisfied
[INFO] [stdout]    --> examples/crud.rs:100:23
[INFO] [stdout]     |
[INFO] [stdout] 100 |     let order_query = Product::all()
[INFO] [stdout]     |                       ^^^^^^^^^^^^ the trait `sqlx::Decode<'_, _>` is not implemented for `i32`
[INFO] [stdout]     |
[INFO] [stdout]     = help: the trait `sqlx::Decode<'r, DB>` is implemented for `Option<T>`
[INFO] [stdout] note: required for `Product` to implement `for<'r> FromRow<'r, _>`
[INFO] [stdout]    --> examples/crud.rs:7:17
[INFO] [stdout]     |
[INFO] [stdout] 7   | #[derive(Debug, sqlx::FromRow, WeldsModel)]
[INFO] [stdout]     |                 ^^^^^^^^^^^^^ unsatisfied trait bound introduced in this `derive` macro
[INFO] [stdout] ...
[INFO] [stdout] 11  | pub struct Product {
[INFO] [stdout]     |            ^^^^^^^
[INFO] [stdout] note: required by a bound in `Product::all`
[INFO] [stdout]    --> examples/crud.rs:7:32
[INFO] [stdout]     |
[INFO] [stdout] 7   | #[derive(Debug, sqlx::FromRow, WeldsModel)]
[INFO] [stdout]     |                                ^^^^^^^^^^ required by this bound in `Product::all`
[INFO] [stdout]     = note: this error originates in the derive macro `sqlx::FromRow` which comes from the expansion of the derive macro `WeldsModel` (in Nightly builds, run with -Z macro-backtrace for more info)
[INFO] [stdout] 
[INFO] [stdout] 
[INFO] [stdout] error[E0277]: the trait bound `i32: Type<_>` is not satisfied
[INFO] [stdout]    --> examples/crud.rs:100:23
[INFO] [stdout]     |
[INFO] [stdout] 100 |     let order_query = Product::all()
[INFO] [stdout]     |                       ^^^^^^^^^^^^ the trait `Type<_>` is not implemented for `i32`
[INFO] [stdout]     |
[INFO] [stdout]     = help: the following other types implement trait `Type<DB>`:
[INFO] [stdout]               &T
[INFO] [stdout]               Option<T>
[INFO] [stdout]               Optional<T>
[INFO] [stdout] note: required for `Product` to implement `for<'r> FromRow<'r, _>`
[INFO] [stdout]    --> examples/crud.rs:7:17
[INFO] [stdout]     |
[INFO] [stdout] 7   | #[derive(Debug, sqlx::FromRow, WeldsModel)]
[INFO] [stdout]     |                 ^^^^^^^^^^^^^ unsatisfied trait bound introduced in this `derive` macro
[INFO] [stdout] ...
[INFO] [stdout] 11  | pub struct Product {
[INFO] [stdout]     |            ^^^^^^^
[INFO] [stdout] note: required by a bound in `Product::all`
[INFO] [stdout]    --> examples/crud.rs:7:32
[INFO] [stdout]     |
[INFO] [stdout] 7   | #[derive(Debug, sqlx::FromRow, WeldsModel)]
[INFO] [stdout]     |                                ^^^^^^^^^^ required by this bound in `Product::all`
[INFO] [stdout]     = note: this error originates in the derive macro `sqlx::FromRow` which comes from the expansion of the derive macro `WeldsModel` (in Nightly builds, run with -Z macro-backtrace for more info)
[INFO] [stdout] 
[INFO] [stdout] 
[INFO] [stdout] error[E0277]: the trait bound `String: sqlx::Decode<'_, _>` is not satisfied
[INFO] [stdout]    --> examples/crud.rs:100:23
[INFO] [stdout]     |
[INFO] [stdout] 100 |     let order_query = Product::all()
[INFO] [stdout]     |                       ^^^^^^^^^^^^ the trait `sqlx::Decode<'_, _>` is not implemented for `String`
[INFO] [stdout]     |
[INFO] [stdout]     = help: the trait `sqlx::Decode<'r, DB>` is implemented for `Option<T>`
[INFO] [stdout] note: required for `Product` to implement `for<'r> FromRow<'r, _>`
[INFO] [stdout]    --> examples/crud.rs:7:17
[INFO] [stdout]     |
[INFO] [stdout] 7   | #[derive(Debug, sqlx::FromRow, WeldsModel)]
[INFO] [stdout]     |                 ^^^^^^^^^^^^^ unsatisfied trait bound introduced in this `derive` macro
[INFO] [stdout] ...
[INFO] [stdout] 11  | pub struct Product {
[INFO] [stdout]     |            ^^^^^^^
[INFO] [stdout] note: required by a bound in `Product::all`
[INFO] [stdout]    --> examples/crud.rs:7:32
[INFO] [stdout]     |
[INFO] [stdout] 7   | #[derive(Debug, sqlx::FromRow, WeldsModel)]
[INFO] [stdout]     |                                ^^^^^^^^^^ required by this bound in `Product::all`
[INFO] [stdout]     = note: this error originates in the derive macro `sqlx::FromRow` which comes from the expansion of the derive macro `WeldsModel` (in Nightly builds, run with -Z macro-backtrace for more info)
[INFO] [stdout] 
[INFO] [stdout] 
[INFO] [stdout] error[E0277]: the trait bound `String: Type<_>` is not satisfied
[INFO] [stdout]    --> examples/crud.rs:100:23
[INFO] [stdout]     |
[INFO] [stdout] 100 |     let order_query = Product::all()
[INFO] [stdout]     |                       ^^^^^^^^^^^^ the trait `Type<_>` is not implemented for `String`
[INFO] [stdout]     |
[INFO] [stdout]     = help: the following other types implement trait `Type<DB>`:
[INFO] [stdout]               &T
[INFO] [stdout]               Option<T>
[INFO] [stdout]               Optional<T>
[INFO] [stdout] note: required for `Product` to implement `for<'r> FromRow<'r, _>`
[INFO] [stdout]    --> examples/crud.rs:7:17
[INFO] [stdout]     |
[INFO] [stdout] 7   | #[derive(Debug, sqlx::FromRow, WeldsModel)]
[INFO] [stdout]     |                 ^^^^^^^^^^^^^ unsatisfied trait bound introduced in this `derive` macro
[INFO] [stdout] ...
[INFO] [stdout] 11  | pub struct Product {
[INFO] [stdout]     |            ^^^^^^^
[INFO] [stdout] note: required by a bound in `Product::all`
[INFO] [stdout]    --> examples/crud.rs:7:32
[INFO] [stdout]     |
[INFO] [stdout] 7   | #[derive(Debug, sqlx::FromRow, WeldsModel)]
[INFO] [stdout]     |                                ^^^^^^^^^^ required by this bound in `Product::all`
[INFO] [stdout]     = note: this error originates in the derive macro `sqlx::FromRow` which comes from the expansion of the derive macro `WeldsModel` (in Nightly builds, run with -Z macro-backtrace for more info)
[INFO] [stdout] 
[INFO] [stdout] 
[INFO] [stdout] error[E0277]: the trait bound `bool: sqlx::Decode<'_, _>` is not satisfied
[INFO] [stdout]    --> examples/crud.rs:100:23
[INFO] [stdout]     |
[INFO] [stdout] 100 |     let order_query = Product::all()
[INFO] [stdout]     |                       ^^^^^^^^^^^^ the trait `sqlx::Decode<'_, _>` is not implemented for `bool`
[INFO] [stdout]     |
[INFO] [stdout]     = help: the trait `sqlx::Decode<'r, DB>` is implemented for `Option<T>`
[INFO] [stdout] note: required for `Product` to implement `for<'r> FromRow<'r, _>`
[INFO] [stdout]    --> examples/crud.rs:7:17
[INFO] [stdout]     |
[INFO] [stdout] 7   | #[derive(Debug, sqlx::FromRow, WeldsModel)]
[INFO] [stdout]     |                 ^^^^^^^^^^^^^ unsatisfied trait bound introduced in this `derive` macro
[INFO] [stdout] ...
[INFO] [stdout] 11  | pub struct Product {
[INFO] [stdout]     |            ^^^^^^^
[INFO] [stdout] note: required by a bound in `Product::all`
[INFO] [stdout]    --> examples/crud.rs:7:32
[INFO] [stdout]     |
[INFO] [stdout] 7   | #[derive(Debug, sqlx::FromRow, WeldsModel)]
[INFO] [stdout]     |                                ^^^^^^^^^^ required by this bound in `Product::all`
[INFO] [stdout]     = note: this error originates in the derive macro `sqlx::FromRow` which comes from the expansion of the derive macro `WeldsModel` (in Nightly builds, run with -Z macro-backtrace for more info)
[INFO] [stdout] 
[INFO] [stdout] 
[INFO] [stdout] error[E0277]: the trait bound `bool: Type<_>` is not satisfied
[INFO] [stdout]    --> examples/crud.rs:100:23
[INFO] [stdout]     |
[INFO] [stdout] 100 |     let order_query = Product::all()
[INFO] [stdout]     |                       ^^^^^^^^^^^^ the trait `Type<_>` is not implemented for `bool`
[INFO] [stdout]     |
[INFO] [stdout]     = help: the following other types implement trait `Type<DB>`:
[INFO] [stdout]               &T
[INFO] [stdout]               Option<T>
[INFO] [stdout]               Optional<T>
[INFO] [stdout] note: required for `Product` to implement `for<'r> FromRow<'r, _>`
[INFO] [stdout]    --> examples/crud.rs:7:17
[INFO] [stdout]     |
[INFO] [stdout] 7   | #[derive(Debug, sqlx::FromRow, WeldsModel)]
[INFO] [stdout]     |                 ^^^^^^^^^^^^^ unsatisfied trait bound introduced in this `derive` macro
[INFO] [stdout] ...
[INFO] [stdout] 11  | pub struct Product {
[INFO] [stdout]     |            ^^^^^^^
[INFO] [stdout] note: required by a bound in `Product::all`
[INFO] [stdout]    --> examples/crud.rs:7:32
[INFO] [stdout]     |
[INFO] [stdout] 7   | #[derive(Debug, sqlx::FromRow, WeldsModel)]
[INFO] [stdout]     |                                ^^^^^^^^^^ required by this bound in `Product::all`
[INFO] [stdout]     = note: this error originates in the derive macro `sqlx::FromRow` which comes from the expansion of the derive macro `WeldsModel` (in Nightly builds, run with -Z macro-backtrace for more info)
[INFO] [stdout] 
[INFO] [stdout] 
[INFO] [stdout] error[E0277]: the trait bound `str: ColumnIndex<_>` is not satisfied
[INFO] [stdout]    --> examples/crud.rs:100:23
[INFO] [stdout]     |
[INFO] [stdout] 100 |     let order_query = Product::all()
[INFO] [stdout]     |                       ^^^^^^^^^^^^ the trait `ColumnIndex<_>` is not implemented for `str`
[INFO] [stdout]     |
[INFO] [stdout]     = help: the trait `ColumnIndex<T>` is implemented for `&I`
[INFO] [stdout]     = note: required for `&str` to implement `ColumnIndex<_>`
[INFO] [stdout] note: required for `Product` to implement `for<'r> FromRow<'r, _>`
[INFO] [stdout]    --> examples/crud.rs:7:17
[INFO] [stdout]     |
[INFO] [stdout] 7   | #[derive(Debug, sqlx::FromRow, WeldsModel)]
[INFO] [stdout]     |                 ^^^^^^^^^^^^^ unsatisfied trait bound introduced in this `derive` macro
[INFO] [stdout] ...
[INFO] [stdout] 11  | pub struct Product {
[INFO] [stdout]     |            ^^^^^^^
[INFO] [stdout] note: required by a bound in `Product::all`
[INFO] [stdout]    --> examples/crud.rs:7:32
[INFO] [stdout]     |
[INFO] [stdout] 7   | #[derive(Debug, sqlx::FromRow, WeldsModel)]
[INFO] [stdout]     |                                ^^^^^^^^^^ required by this bound in `Product::all`
[INFO] [stdout]     = note: this error originates in the derive macro `sqlx::FromRow` which comes from the expansion of the derive macro `WeldsModel` (in Nightly builds, run with -Z macro-backtrace for more info)
[INFO] [stdout] 
[INFO] [stdout] 
[INFO] [stdout] error[E0277]: the trait bound `f32: sqlx::Decode<'_, _>` is not satisfied
[INFO] [stdout]    --> examples/crud.rs:100:23
[INFO] [stdout]     |
[INFO] [stdout] 100 |     let order_query = Product::all()
[INFO] [stdout]     |                       ^^^^^^^^^^^^ the trait `sqlx::Decode<'_, _>` is not implemented for `f32`
[INFO] [stdout]     |
[INFO] [stdout]     = help: the trait `sqlx::Decode<'r, DB>` is implemented for `Option<T>`
[INFO] [stdout]     = note: required for `Option<f32>` to implement `sqlx::Decode<'_, _>`
[INFO] [stdout] note: required for `Product` to implement `for<'r> FromRow<'r, _>`
[INFO] [stdout]    --> examples/crud.rs:7:17
[INFO] [stdout]     |
[INFO] [stdout] 7   | #[derive(Debug, sqlx::FromRow, WeldsModel)]
[INFO] [stdout]     |                 ^^^^^^^^^^^^^ unsatisfied trait bound introduced in this `derive` macro
[INFO] [stdout] ...
[INFO] [stdout] 11  | pub struct Product {
[INFO] [stdout]     |            ^^^^^^^
[INFO] [stdout] note: required by a bound in `Product::all`
[INFO] [stdout]    --> examples/crud.rs:7:32
[INFO] [stdout]     |
[INFO] [stdout] 7   | #[derive(Debug, sqlx::FromRow, WeldsModel)]
[INFO] [stdout]     |                                ^^^^^^^^^^ required by this bound in `Product::all`
[INFO] [stdout]     = note: this error originates in the derive macro `sqlx::FromRow` which comes from the expansion of the derive macro `WeldsModel` (in Nightly builds, run with -Z macro-backtrace for more info)
[INFO] [stdout] 
[INFO] [stdout] 
[INFO] [stdout] error[E0277]: the trait bound `f32: Type<_>` is not satisfied
[INFO] [stdout]    --> examples/crud.rs:100:23
[INFO] [stdout]     |
[INFO] [stdout] 100 |     let order_query = Product::all()
[INFO] [stdout]     |                       ^^^^^^^^^^^^ the trait `Type<_>` is not implemented for `f32`
[INFO] [stdout]     |
[INFO] [stdout]     = help: the following other types implement trait `Type<DB>`:
[INFO] [stdout]               &T
[INFO] [stdout]               Option<T>
[INFO] [stdout]               Optional<T>
[INFO] [stdout]     = note: required for `Option<f32>` to implement `Type<_>`
[INFO] [stdout] note: required for `Product` to implement `for<'r> FromRow<'r, _>`
[INFO] [stdout]    --> examples/crud.rs:7:17
[INFO] [stdout]     |
[INFO] [stdout] 7   | #[derive(Debug, sqlx::FromRow, WeldsModel)]
[INFO] [stdout]     |                 ^^^^^^^^^^^^^ unsatisfied trait bound introduced in this `derive` macro
[INFO] [stdout] ...
[INFO] [stdout] 11  | pub struct Product {
[INFO] [stdout]     |            ^^^^^^^
[INFO] [stdout] note: required by a bound in `Product::all`
[INFO] [stdout]    --> examples/crud.rs:7:32
[INFO] [stdout]     |
[INFO] [stdout] 7   | #[derive(Debug, sqlx::FromRow, WeldsModel)]
[INFO] [stdout]     |                                ^^^^^^^^^^ required by this bound in `Product::all`
[INFO] [stdout]     = note: this error originates in the derive macro `sqlx::FromRow` which comes from the expansion of the derive macro `WeldsModel` (in Nightly builds, run with -Z macro-backtrace for more info)
[INFO] [stdout] 
[INFO] [stdout] 
[INFO] [stdout] error[E0599]: the method `order_by_asc` exists for struct `SelectBuilder<'_, Product, _>`, but its trait bounds were not satisfied
[INFO] [stdout]    --> examples/crud.rs:101:10
[INFO] [stdout]     |
[INFO] [stdout] 11  |   pub struct Product {
[INFO] [stdout]     |   ------------------ doesn't satisfy `Product: FromRow<'r, _>`
[INFO] [stdout] ...
[INFO] [stdout] 100 |       let order_query = Product::all()
[INFO] [stdout]     |  _______________________-
[INFO] [stdout] 101 | |         .order_by_asc(|p| p.id)
[INFO] [stdout]     | |         -^^^^^^^^^^^^ method cannot be called on `SelectBuilder<'_, Product, _>` due to unsatisfied trait bounds
[INFO] [stdout]     | |_________|
[INFO] [stdout]     | 
[INFO] [stdout]     |
[INFO] [stdout]     = note: the following trait bounds were not satisfied:
[INFO] [stdout]             `Product: FromRow<'r, _>`
[INFO] [stdout] note: the trait `FromRow` must be implemented
[INFO] [stdout]    --> /opt/rustwide/cargo-home/registry/src/github.com-1ecc6299db9ec823/sqlx-core-0.6.3/src/from_row.rs:178:1
[INFO] [stdout]     |
[INFO] [stdout] 178 | pub trait FromRow<'r, R: Row>: Sized {
[INFO] [stdout]     | ^^^^^^^^^^^^^^^^^^^^^^^^^^^^^^^^^^^^
[INFO] [stdout] 
[INFO] [stdout] 
[INFO] [stdout] error[E0277]: the trait bound `ProductSchema: TableColumns<_>` is not satisfied
[INFO] [stdout]    --> examples/crud.rs:120:25
[INFO] [stdout]     |
[INFO] [stdout] 120 |     let product_query = Product::where_col(|p| p.name.like("%Cookie%"));
[INFO] [stdout]     |                         ^^^^^^^^^^^^^^^^^^ the trait `TableColumns<_>` is not implemented for `ProductSchema`
[INFO] [stdout]     |
[INFO] [stdout] note: required by a bound in `Product::where_col`
[INFO] [stdout]    --> examples/crud.rs:7:32
[INFO] [stdout]     |
[INFO] [stdout] 7   | #[derive(Debug, sqlx::FromRow, WeldsModel)]
[INFO] [stdout]     |                                ^^^^^^^^^^ required by this bound in `Product::where_col`
[INFO] [stdout]     = note: this error originates in the derive macro `WeldsModel` (in Nightly builds, run with -Z macro-backtrace for more info)
[INFO] [stdout] 
[INFO] [stdout] 
[INFO] [stdout] error[E0277]: the trait bound `i32: sqlx::Decode<'_, _>` is not satisfied
[INFO] [stdout]    --> examples/crud.rs:120:25
[INFO] [stdout]     |
[INFO] [stdout] 120 |     let product_query = Product::where_col(|p| p.name.like("%Cookie%"));
[INFO] [stdout]     |                         ^^^^^^^^^^^^^^^^^^ the trait `sqlx::Decode<'_, _>` is not implemented for `i32`
[INFO] [stdout]     |
[INFO] [stdout]     = help: the trait `sqlx::Decode<'r, DB>` is implemented for `Option<T>`
[INFO] [stdout] note: required for `Product` to implement `for<'r> FromRow<'r, _>`
[INFO] [stdout]    --> examples/crud.rs:7:17
[INFO] [stdout]     |
[INFO] [stdout] 7   | #[derive(Debug, sqlx::FromRow, WeldsModel)]
[INFO] [stdout]     |                 ^^^^^^^^^^^^^ unsatisfied trait bound introduced in this `derive` macro
[INFO] [stdout] ...
[INFO] [stdout] 11  | pub struct Product {
[INFO] [stdout]     |            ^^^^^^^
[INFO] [stdout] note: required by a bound in `Product::where_col`
[INFO] [stdout]    --> examples/crud.rs:7:32
[INFO] [stdout]     |
[INFO] [stdout] 7   | #[derive(Debug, sqlx::FromRow, WeldsModel)]
[INFO] [stdout]     |                                ^^^^^^^^^^ required by this bound in `Product::where_col`
[INFO] [stdout]     = note: this error originates in the derive macro `sqlx::FromRow` which comes from the expansion of the derive macro `WeldsModel` (in Nightly builds, run with -Z macro-backtrace for more info)
[INFO] [stdout] 
[INFO] [stdout] 
[INFO] [stdout] error[E0277]: the trait bound `i32: Type<_>` is not satisfied
[INFO] [stdout]    --> examples/crud.rs:120:25
[INFO] [stdout]     |
[INFO] [stdout] 120 |     let product_query = Product::where_col(|p| p.name.like("%Cookie%"));
[INFO] [stdout]     |                         ^^^^^^^^^^^^^^^^^^ the trait `Type<_>` is not implemented for `i32`
[INFO] [stdout]     |
[INFO] [stdout]     = help: the following other types implement trait `Type<DB>`:
[INFO] [stdout]               &T
[INFO] [stdout]               Option<T>
[INFO] [stdout]               Optional<T>
[INFO] [stdout] note: required for `Product` to implement `for<'r> FromRow<'r, _>`
[INFO] [stdout]    --> examples/crud.rs:7:17
[INFO] [stdout]     |
[INFO] [stdout] 7   | #[derive(Debug, sqlx::FromRow, WeldsModel)]
[INFO] [stdout]     |                 ^^^^^^^^^^^^^ unsatisfied trait bound introduced in this `derive` macro
[INFO] [stdout] ...
[INFO] [stdout] 11  | pub struct Product {
[INFO] [stdout]     |            ^^^^^^^
[INFO] [stdout] note: required by a bound in `Product::where_col`
[INFO] [stdout]    --> examples/crud.rs:7:32
[INFO] [stdout]     |
[INFO] [stdout] 7   | #[derive(Debug, sqlx::FromRow, WeldsModel)]
[INFO] [stdout]     |                                ^^^^^^^^^^ required by this bound in `Product::where_col`
[INFO] [stdout]     = note: this error originates in the derive macro `sqlx::FromRow` which comes from the expansion of the derive macro `WeldsModel` (in Nightly builds, run with -Z macro-backtrace for more info)
[INFO] [stdout] 
[INFO] [stdout] 
[INFO] [stdout] error[E0277]: the trait bound `String: sqlx::Decode<'_, _>` is not satisfied
[INFO] [stdout]    --> examples/crud.rs:120:25
[INFO] [stdout]     |
[INFO] [stdout] 120 |     let product_query = Product::where_col(|p| p.name.like("%Cookie%"));
[INFO] [stdout]     |                         ^^^^^^^^^^^^^^^^^^ the trait `sqlx::Decode<'_, _>` is not implemented for `String`
[INFO] [stdout]     |
[INFO] [stdout]     = help: the trait `sqlx::Decode<'r, DB>` is implemented for `Option<T>`
[INFO] [stdout] note: required for `Product` to implement `for<'r> FromRow<'r, _>`
[INFO] [stdout]    --> examples/crud.rs:7:17
[INFO] [stdout]     |
[INFO] [stdout] 7   | #[derive(Debug, sqlx::FromRow, WeldsModel)]
[INFO] [stdout]     |                 ^^^^^^^^^^^^^ unsatisfied trait bound introduced in this `derive` macro
[INFO] [stdout] ...
[INFO] [stdout] 11  | pub struct Product {
[INFO] [stdout]     |            ^^^^^^^
[INFO] [stdout] note: required by a bound in `Product::where_col`
[INFO] [stdout]    --> examples/crud.rs:7:32
[INFO] [stdout]     |
[INFO] [stdout] 7   | #[derive(Debug, sqlx::FromRow, WeldsModel)]
[INFO] [stdout]     |                                ^^^^^^^^^^ required by this bound in `Product::where_col`
[INFO] [stdout]     = note: this error originates in the derive macro `sqlx::FromRow` which comes from the expansion of the derive macro `WeldsModel` (in Nightly builds, run with -Z macro-backtrace for more info)
[INFO] [stdout] 
[INFO] [stdout] 
[INFO] [stdout] error[E0277]: the trait bound `String: Type<_>` is not satisfied
[INFO] [stdout]    --> examples/crud.rs:120:25
[INFO] [stdout]     |
[INFO] [stdout] 120 |     let product_query = Product::where_col(|p| p.name.like("%Cookie%"));
[INFO] [stdout]     |                         ^^^^^^^^^^^^^^^^^^ the trait `Type<_>` is not implemented for `String`
[INFO] [stdout]     |
[INFO] [stdout]     = help: the following other types implement trait `Type<DB>`:
[INFO] [stdout]               &T
[INFO] [stdout]               Option<T>
[INFO] [stdout]               Optional<T>
[INFO] [stdout] note: required for `Product` to implement `for<'r> FromRow<'r, _>`
[INFO] [stdout]    --> examples/crud.rs:7:17
[INFO] [stdout]     |
[INFO] [stdout] 7   | #[derive(Debug, sqlx::FromRow, WeldsModel)]
[INFO] [stdout]     |                 ^^^^^^^^^^^^^ unsatisfied trait bound introduced in this `derive` macro
[INFO] [stdout] ...
[INFO] [stdout] 11  | pub struct Product {
[INFO] [stdout]     |            ^^^^^^^
[INFO] [stdout] note: required by a bound in `Product::where_col`
[INFO] [stdout]    --> examples/crud.rs:7:32
[INFO] [stdout]     |
[INFO] [stdout] 7   | #[derive(Debug, sqlx::FromRow, WeldsModel)]
[INFO] [stdout]     |                                ^^^^^^^^^^ required by this bound in `Product::where_col`
[INFO] [stdout]     = note: this error originates in the derive macro `sqlx::FromRow` which comes from the expansion of the derive macro `WeldsModel` (in Nightly builds, run with -Z macro-backtrace for more info)
[INFO] [stdout] 
[INFO] [stdout] 
[INFO] [stdout] error[E0277]: the trait bound `bool: sqlx::Decode<'_, _>` is not satisfied
[INFO] [stdout]    --> examples/crud.rs:120:25
[INFO] [stdout]     |
[INFO] [stdout] 120 |     let product_query = Product::where_col(|p| p.name.like("%Cookie%"));
[INFO] [stdout]     |                         ^^^^^^^^^^^^^^^^^^ the trait `sqlx::Decode<'_, _>` is not implemented for `bool`
[INFO] [stdout]     |
[INFO] [stdout]     = help: the trait `sqlx::Decode<'r, DB>` is implemented for `Option<T>`
[INFO] [stdout] note: required for `Product` to implement `for<'r> FromRow<'r, _>`
[INFO] [stdout]    --> examples/crud.rs:7:17
[INFO] [stdout]     |
[INFO] [stdout] 7   | #[derive(Debug, sqlx::FromRow, WeldsModel)]
[INFO] [stdout]     |                 ^^^^^^^^^^^^^ unsatisfied trait bound introduced in this `derive` macro
[INFO] [stdout] ...
[INFO] [stdout] 11  | pub struct Product {
[INFO] [stdout]     |            ^^^^^^^
[INFO] [stdout] note: required by a bound in `Product::where_col`
[INFO] [stdout]    --> examples/crud.rs:7:32
[INFO] [stdout]     |
[INFO] [stdout] 7   | #[derive(Debug, sqlx::FromRow, WeldsModel)]
[INFO] [stdout]     |                                ^^^^^^^^^^ required by this bound in `Product::where_col`
[INFO] [stdout]     = note: this error originates in the derive macro `sqlx::FromRow` which comes from the expansion of the derive macro `WeldsModel` (in Nightly builds, run with -Z macro-backtrace for more info)
[INFO] [stdout] 
[INFO] [stdout] 
[INFO] [stdout] error[E0277]: the trait bound `bool: Type<_>` is not satisfied
[INFO] [stdout]    --> examples/crud.rs:120:25
[INFO] [stdout]     |
[INFO] [stdout] 120 |     let product_query = Product::where_col(|p| p.name.like("%Cookie%"));
[INFO] [stdout]     |                         ^^^^^^^^^^^^^^^^^^ the trait `Type<_>` is not implemented for `bool`
[INFO] [stdout]     |
[INFO] [stdout]     = help: the following other types implement trait `Type<DB>`:
[INFO] [stdout]               &T
[INFO] [stdout]               Option<T>
[INFO] [stdout]               Optional<T>
[INFO] [stdout] note: required for `Product` to implement `for<'r> FromRow<'r, _>`
[INFO] [stdout]    --> examples/crud.rs:7:17
[INFO] [stdout]     |
[INFO] [stdout] 7   | #[derive(Debug, sqlx::FromRow, WeldsModel)]
[INFO] [stdout]     |                 ^^^^^^^^^^^^^ unsatisfied trait bound introduced in this `derive` macro
[INFO] [stdout] ...
[INFO] [stdout] 11  | pub struct Product {
[INFO] [stdout]     |            ^^^^^^^
[INFO] [stdout] note: required by a bound in `Product::where_col`
[INFO] [stdout]    --> examples/crud.rs:7:32
[INFO] [stdout]     |
[INFO] [stdout] 7   | #[derive(Debug, sqlx::FromRow, WeldsModel)]
[INFO] [stdout]     |                                ^^^^^^^^^^ required by this bound in `Product::where_col`
[INFO] [stdout]     = note: this error originates in the derive macro `sqlx::FromRow` which comes from the expansion of the derive macro `WeldsModel` (in Nightly builds, run with -Z macro-backtrace for more info)
[INFO] [stdout] 
[INFO] [stdout] 
[INFO] [stdout] error[E0277]: the trait bound `str: ColumnIndex<_>` is not satisfied
[INFO] [stdout]    --> examples/crud.rs:120:25
[INFO] [stdout]     |
[INFO] [stdout] 120 |     let product_query = Product::where_col(|p| p.name.like("%Cookie%"));
[INFO] [stdout]     |                         ^^^^^^^^^^^^^^^^^^ the trait `ColumnIndex<_>` is not implemented for `str`
[INFO] [stdout]     |
[INFO] [stdout]     = help: the trait `ColumnIndex<T>` is implemented for `&I`
[INFO] [stdout]     = note: required for `&str` to implement `ColumnIndex<_>`
[INFO] [stdout] note: required for `Product` to implement `for<'r> FromRow<'r, _>`
[INFO] [stdout]    --> examples/crud.rs:7:17
[INFO] [stdout]     |
[INFO] [stdout] 7   | #[derive(Debug, sqlx::FromRow, WeldsModel)]
[INFO] [stdout]     |                 ^^^^^^^^^^^^^ unsatisfied trait bound introduced in this `derive` macro
[INFO] [stdout] ...
[INFO] [stdout] 11  | pub struct Product {
[INFO] [stdout]     |            ^^^^^^^
[INFO] [stdout] note: required by a bound in `Product::where_col`
[INFO] [stdout]    --> examples/crud.rs:7:32
[INFO] [stdout]     |
[INFO] [stdout] 7   | #[derive(Debug, sqlx::FromRow, WeldsModel)]
[INFO] [stdout]     |                                ^^^^^^^^^^ required by this bound in `Product::where_col`
[INFO] [stdout]     = note: this error originates in the derive macro `sqlx::FromRow` which comes from the expansion of the derive macro `WeldsModel` (in Nightly builds, run with -Z macro-backtrace for more info)
[INFO] [stdout] 
[INFO] [stdout] 
[INFO] [stdout] error[E0277]: the trait bound `f32: sqlx::Decode<'_, _>` is not satisfied
[INFO] [stdout]    --> examples/crud.rs:120:25
[INFO] [stdout]     |
[INFO] [stdout] 120 |     let product_query = Product::where_col(|p| p.name.like("%Cookie%"));
[INFO] [stdout]     |                         ^^^^^^^^^^^^^^^^^^ the trait `sqlx::Decode<'_, _>` is not implemented for `f32`
[INFO] [stdout]     |
[INFO] [stdout]     = help: the trait `sqlx::Decode<'r, DB>` is implemented for `Option<T>`
[INFO] [stdout]     = note: required for `Option<f32>` to implement `sqlx::Decode<'_, _>`
[INFO] [stdout] note: required for `Product` to implement `for<'r> FromRow<'r, _>`
[INFO] [stdout]    --> examples/crud.rs:7:17
[INFO] [stdout]     |
[INFO] [stdout] 7   | #[derive(Debug, sqlx::FromRow, WeldsModel)]
[INFO] [stdout]     |                 ^^^^^^^^^^^^^ unsatisfied trait bound introduced in this `derive` macro
[INFO] [stdout] ...
[INFO] [stdout] 11  | pub struct Product {
[INFO] [stdout]     |            ^^^^^^^
[INFO] [stdout] note: required by a bound in `Product::where_col`
[INFO] [stdout]    --> examples/crud.rs:7:32
[INFO] [stdout]     |
[INFO] [stdout] 7   | #[derive(Debug, sqlx::FromRow, WeldsModel)]
[INFO] [stdout]     |                                ^^^^^^^^^^ required by this bound in `Product::where_col`
[INFO] [stdout]     = note: this error originates in the derive macro `sqlx::FromRow` which comes from the expansion of the derive macro `WeldsModel` (in Nightly builds, run with -Z macro-backtrace for more info)
[INFO] [stdout] 
[INFO] [stdout] 
[INFO] [stdout] error[E0277]: the trait bound `f32: Type<_>` is not satisfied
[INFO] [stdout]    --> examples/crud.rs:120:25
[INFO] [stdout]     |
[INFO] [stdout] 120 |     let product_query = Product::where_col(|p| p.name.like("%Cookie%"));
[INFO] [stdout]     |                         ^^^^^^^^^^^^^^^^^^ the trait `Type<_>` is not implemented for `f32`
[INFO] [stdout]     |
[INFO] [stdout]     = help: the following other types implement trait `Type<DB>`:
[INFO] [stdout]               &T
[INFO] [stdout]               Option<T>
[INFO] [stdout]               Optional<T>
[INFO] [stdout]     = note: required for `Option<f32>` to implement `Type<_>`
[INFO] [stdout] note: required for `Product` to implement `for<'r> FromRow<'r, _>`
[INFO] [stdout]    --> examples/crud.rs:7:17
[INFO] [stdout]     |
[INFO] [stdout] 7   | #[derive(Debug, sqlx::FromRow, WeldsModel)]
[INFO] [stdout]     |                 ^^^^^^^^^^^^^ unsatisfied trait bound introduced in this `derive` macro
[INFO] [stdout] ...
[INFO] [stdout] 11  | pub struct Product {
[INFO] [stdout]     |            ^^^^^^^
[INFO] [stdout] note: required by a bound in `Product::where_col`
[INFO] [stdout]    --> examples/crud.rs:7:32
[INFO] [stdout]     |
[INFO] [stdout] 7   | #[derive(Debug, sqlx::FromRow, WeldsModel)]
[INFO] [stdout]     |                                ^^^^^^^^^^ required by this bound in `Product::where_col`
[INFO] [stdout]     = note: this error originates in the derive macro `sqlx::FromRow` which comes from the expansion of the derive macro `WeldsModel` (in Nightly builds, run with -Z macro-backtrace for more info)
[INFO] [stdout] 
[INFO] [stdout] 
[INFO] [stdout] error[E0277]: the trait bound `String: Type<_>` is not satisfied
[INFO] [stdout]    --> examples/crud.rs:120:55
[INFO] [stdout]     |
[INFO] [stdout] 120 |     let product_query = Product::where_col(|p| p.name.like("%Cookie%"));
[INFO] [stdout]     |                                                       ^^^^ the trait `Type<_>` is not implemented for `String`
[INFO] [stdout]     |
[INFO] [stdout]     = help: the following other types implement trait `Type<DB>`:
[INFO] [stdout]               &T
[INFO] [stdout]               Option<T>
[INFO] [stdout]               Optional<T>
[INFO] [stdout] note: required by a bound in `Text::<T>::like`
[INFO] [stdout]    --> /opt/rustwide/workdir/src/query/clause/text.rs:59:12
[INFO] [stdout]     |
[INFO] [stdout] 59  |         T: sqlx::Type<DB> + sqlx::Encode<'args, DB>,
[INFO] [stdout]     |            ^^^^^^^^^^^^^^ required by this bound in `Text::<T>::like`
[INFO] [stdout] 
[INFO] [stdout] 
[INFO] [stdout] error[E0277]: the trait bound `String: Encode<'_, _>` is not satisfied
[INFO] [stdout]    --> examples/crud.rs:120:55
[INFO] [stdout]     |
[INFO] [stdout] 120 |     let product_query = Product::where_col(|p| p.name.like("%Cookie%"));
[INFO] [stdout]     |                                                       ^^^^ the trait `Encode<'_, _>` is not implemented for `String`
[INFO] [stdout]     |
[INFO] [stdout]     = help: the following other types implement trait `Encode<'q, DB>`:
[INFO] [stdout]               &T
[INFO] [stdout]               Optional<T>
[INFO] [stdout] note: required by a bound in `Text::<T>::like`
[INFO] [stdout]    --> /opt/rustwide/workdir/src/query/clause/text.rs:59:29
[INFO] [stdout]     |
[INFO] [stdout] 59  |         T: sqlx::Type<DB> + sqlx::Encode<'args, DB>,
[INFO] [stdout]     |                             ^^^^^^^^^^^^^^^^^^^^^^^ required by this bound in `Text::<T>::like`
[INFO] [stdout] 
[INFO] [stdout] 
[INFO] [stdout] error[E0277]: the trait bound `OrderSchema: TableColumns<_>` is not satisfied
[INFO] [stdout]    --> examples/crud.rs:123:18
[INFO] [stdout]     |
[INFO] [stdout] 123 |     let orders = Order::all()
[INFO] [stdout]     |                  ^^^^^^^^^^ the trait `TableColumns<_>` is not implemented for `OrderSchema`
[INFO] [stdout]     |
[INFO] [stdout] note: required by a bound in `Order::all`
[INFO] [stdout]    --> examples/crud.rs:23:32
[INFO] [stdout]     |
[INFO] [stdout] 23  | #[derive(Debug, sqlx::FromRow, WeldsModel)]
[INFO] [stdout]     |                                ^^^^^^^^^^ required by this bound in `Order::all`
[INFO] [stdout]     = note: this error originates in the derive macro `WeldsModel` (in Nightly builds, run with -Z macro-backtrace for more info)
[INFO] [stdout] 
[INFO] [stdout] 
[INFO] [stdout] error[E0277]: the trait bound `i32: sqlx::Decode<'_, _>` is not satisfied
[INFO] [stdout]    --> examples/crud.rs:123:18
[INFO] [stdout]     |
[INFO] [stdout] 123 |     let orders = Order::all()
[INFO] [stdout]     |                  ^^^^^^^^^^ the trait `sqlx::Decode<'_, _>` is not implemented for `i32`
[INFO] [stdout]     |
[INFO] [stdout]     = help: the trait `sqlx::Decode<'r, DB>` is implemented for `Option<T>`
[INFO] [stdout] note: required for `Order` to implement `for<'r> FromRow<'r, _>`
[INFO] [stdout]    --> examples/crud.rs:23:17
[INFO] [stdout]     |
[INFO] [stdout] 23  | #[derive(Debug, sqlx::FromRow, WeldsModel)]
[INFO] [stdout]     |                 ^^^^^^^^^^^^^ unsatisfied trait bound introduced in this `derive` macro
[INFO] [stdout] ...
[INFO] [stdout] 27  | pub struct Order {
[INFO] [stdout]     |            ^^^^^
[INFO] [stdout] note: required by a bound in `Order::all`
[INFO] [stdout]    --> examples/crud.rs:23:32
[INFO] [stdout]     |
[INFO] [stdout] 23  | #[derive(Debug, sqlx::FromRow, WeldsModel)]
[INFO] [stdout]     |                                ^^^^^^^^^^ required by this bound in `Order::all`
[INFO] [stdout]     = note: this error originates in the derive macro `sqlx::FromRow` which comes from the expansion of the derive macro `WeldsModel` (in Nightly builds, run with -Z macro-backtrace for more info)
[INFO] [stdout] 
[INFO] [stdout] 
[INFO] [stdout] error[E0277]: the trait bound `i32: Type<_>` is not satisfied
[INFO] [stdout]    --> examples/crud.rs:123:18
[INFO] [stdout]     |
[INFO] [stdout] 123 |     let orders = Order::all()
[INFO] [stdout]     |                  ^^^^^^^^^^ the trait `Type<_>` is not implemented for `i32`
[INFO] [stdout]     |
[INFO] [stdout]     = help: the following other types implement trait `Type<DB>`:
[INFO] [stdout]               &T
[INFO] [stdout]               Option<T>
[INFO] [stdout]               Optional<T>
[INFO] [stdout] note: required for `Order` to implement `for<'r> FromRow<'r, _>`
[INFO] [stdout]    --> examples/crud.rs:23:17
[INFO] [stdout]     |
[INFO] [stdout] 23  | #[derive(Debug, sqlx::FromRow, WeldsModel)]
[INFO] [stdout]     |                 ^^^^^^^^^^^^^ unsatisfied trait bound introduced in this `derive` macro
[INFO] [stdout] ...
[INFO] [stdout] 27  | pub struct Order {
[INFO] [stdout]     |            ^^^^^
[INFO] [stdout] note: required by a bound in `Order::all`
[INFO] [stdout]    --> examples/crud.rs:23:32
[INFO] [stdout]     |
[INFO] [stdout] 23  | #[derive(Debug, sqlx::FromRow, WeldsModel)]
[INFO] [stdout]     |                                ^^^^^^^^^^ required by this bound in `Order::all`
[INFO] [stdout]     = note: this error originates in the derive macro `sqlx::FromRow` which comes from the expansion of the derive macro `WeldsModel` (in Nightly builds, run with -Z macro-backtrace for more info)
[INFO] [stdout] 
[INFO] [stdout] 
[INFO] [stdout] error[E0277]: the trait bound `str: ColumnIndex<_>` is not satisfied
[INFO] [stdout]    --> examples/crud.rs:123:18
[INFO] [stdout]     |
[INFO] [stdout] 123 |     let orders = Order::all()
[INFO] [stdout]     |                  ^^^^^^^^^^ the trait `ColumnIndex<_>` is not implemented for `str`
[INFO] [stdout]     |
[INFO] [stdout]     = help: the trait `ColumnIndex<T>` is implemented for `&I`
[INFO] [stdout]     = note: required for `&str` to implement `ColumnIndex<_>`
[INFO] [stdout] note: required for `Order` to implement `for<'r> FromRow<'r, _>`
[INFO] [stdout]    --> examples/crud.rs:23:17
[INFO] [stdout]     |
[INFO] [stdout] 23  | #[derive(Debug, sqlx::FromRow, WeldsModel)]
[INFO] [stdout]     |                 ^^^^^^^^^^^^^ unsatisfied trait bound introduced in this `derive` macro
[INFO] [stdout] ...
[INFO] [stdout] 27  | pub struct Order {
[INFO] [stdout]     |            ^^^^^
[INFO] [stdout] note: required by a bound in `Order::all`
[INFO] [stdout]    --> examples/crud.rs:23:32
[INFO] [stdout]     |
[INFO] [stdout] 23  | #[derive(Debug, sqlx::FromRow, WeldsModel)]
[INFO] [stdout]     |                                ^^^^^^^^^^ required by this bound in `Order::all`
[INFO] [stdout]     = note: this error originates in the derive macro `sqlx::FromRow` which comes from the expansion of the derive macro `WeldsModel` (in Nightly builds, run with -Z macro-backtrace for more info)
[INFO] [stdout] 
[INFO] [stdout] 
[INFO] [stdout] error[E0277]: the trait bound `f32: sqlx::Decode<'_, _>` is not satisfied
[INFO] [stdout]    --> examples/crud.rs:123:18
[INFO] [stdout]     |
[INFO] [stdout] 123 |     let orders = Order::all()
[INFO] [stdout]     |                  ^^^^^^^^^^ the trait `sqlx::Decode<'_, _>` is not implemented for `f32`
[INFO] [stdout]     |
[INFO] [stdout]     = help: the trait `sqlx::Decode<'r, DB>` is implemented for `Option<T>`
[INFO] [stdout]     = note: required for `Option<f32>` to implement `sqlx::Decode<'_, _>`
[INFO] [stdout] note: required for `Order` to implement `for<'r> FromRow<'r, _>`
[INFO] [stdout]    --> examples/crud.rs:23:17
[INFO] [stdout]     |
[INFO] [stdout] 23  | #[derive(Debug, sqlx::FromRow, WeldsModel)]
[INFO] [stdout]     |                 ^^^^^^^^^^^^^ unsatisfied trait bound introduced in this `derive` macro
[INFO] [stdout] ...
[INFO] [stdout] 27  | pub struct Order {
[INFO] [stdout]     |            ^^^^^
[INFO] [stdout] note: required by a bound in `Order::all`
[INFO] [stdout]    --> examples/crud.rs:23:32
[INFO] [stdout]     |
[INFO] [stdout] 23  | #[derive(Debug, sqlx::FromRow, WeldsModel)]
[INFO] [stdout]     |                                ^^^^^^^^^^ required by this bound in `Order::all`
[INFO] [stdout]     = note: this error originates in the derive macro `sqlx::FromRow` which comes from the expansion of the derive macro `WeldsModel` (in Nightly builds, run with -Z macro-backtrace for more info)
[INFO] [stdout] 
[INFO] [stdout] 
[INFO] [stdout] error[E0277]: the trait bound `f32: Type<_>` is not satisfied
[INFO] [stdout]    --> examples/crud.rs:123:18
[INFO] [stdout]     |
[INFO] [stdout] 123 |     let orders = Order::all()
[INFO] [stdout]     |                  ^^^^^^^^^^ the trait `Type<_>` is not implemented for `f32`
[INFO] [stdout]     |
[INFO] [stdout]     = help: the following other types implement trait `Type<DB>`:
[INFO] [stdout]               &T
[INFO] [stdout]               Option<T>
[INFO] [stdout]               Optional<T>
[INFO] [stdout]     = note: required for `Option<f32>` to implement `Type<_>`
[INFO] [stdout] note: required for `Order` to implement `for<'r> FromRow<'r, _>`
[INFO] [stdout]    --> examples/crud.rs:23:17
[INFO] [stdout]     |
[INFO] [stdout] 23  | #[derive(Debug, sqlx::FromRow, WeldsModel)]
[INFO] [stdout]     |                 ^^^^^^^^^^^^^ unsatisfied trait bound introduced in this `derive` macro
[INFO] [stdout] ...
[INFO] [stdout] 27  | pub struct Order {
[INFO] [stdout]     |            ^^^^^
[INFO] [stdout] note: required by a bound in `Order::all`
[INFO] [stdout]    --> examples/crud.rs:23:32
[INFO] [stdout]     |
[INFO] [stdout] 23  | #[derive(Debug, sqlx::FromRow, WeldsModel)]
[INFO] [stdout]     |                                ^^^^^^^^^^ required by this bound in `Order::all`
[INFO] [stdout]     = note: this error originates in the derive macro `sqlx::FromRow` which comes from the expansion of the derive macro `WeldsModel` (in Nightly builds, run with -Z macro-backtrace for more info)
[INFO] [stdout] 
[INFO] [stdout] 
[INFO] [stdout] error[E0599]: the method `where_relation` exists for struct `SelectBuilder<'_, Order, _>`, but its trait bounds were not satisfied
[INFO] [stdout]    --> examples/crud.rs:124:10
[INFO] [stdout]     |
[INFO] [stdout] 27  |   pub struct Order {
[INFO] [stdout]     |   ---------------- doesn't satisfy `Order: FromRow<'r, _>`
[INFO] [stdout] ...
[INFO] [stdout] 123 |       let orders = Order::all()
[INFO] [stdout]     |  __________________-
[INFO] [stdout] 124 | |         .where_relation(|o| o.product, product_query)
[INFO] [stdout]     | |         -^^^^^^^^^^^^^^ method cannot be called on `SelectBuilder<'_, Order, _>` due to unsatisfied trait bounds
[INFO] [stdout]     | |_________|
[INFO] [stdout]     | 
[INFO] [stdout]     |
[INFO] [stdout]     = note: the following trait bounds were not satisfied:
[INFO] [stdout]             `Order: FromRow<'r, _>`
[INFO] [stdout] note: the trait `FromRow` must be implemented
[INFO] [stdout]    --> /opt/rustwide/cargo-home/registry/src/github.com-1ecc6299db9ec823/sqlx-core-0.6.3/src/from_row.rs:178:1
[INFO] [stdout]     |
[INFO] [stdout] 178 | pub trait FromRow<'r, R: Row>: Sized {
[INFO] [stdout]     | ^^^^^^^^^^^^^^^^^^^^^^^^^^^^^^^^^^^^
[INFO] [stdout] 
[INFO] [stdout] 
[INFO] [stdout] error[E0277]: the trait bound `ProductSchema: TableColumns<_>` is not satisfied
[INFO] [stdout]    --> examples/crud.rs:137:23
[INFO] [stdout]     |
[INFO] [stdout] 137 |     let mut product = Product::find_by_id(conn, product_id).await?.unwrap();
[INFO] [stdout]     |                       ^^^^^^^^^^^^^^^^^^^ the trait `TableColumns<_>` is not implemented for `ProductSchema`
[INFO] [stdout]     |
[INFO] [stdout] note: required by a bound in `Product::find_by_id`
[INFO] [stdout]    --> examples/crud.rs:7:32
[INFO] [stdout]     |
[INFO] [stdout] 7   | #[derive(Debug, sqlx::FromRow, WeldsModel)]
[INFO] [stdout]     |                                ^^^^^^^^^^ required by this bound in `Product::find_by_id`
[INFO] [stdout]     = note: this error originates in the derive macro `WeldsModel` (in Nightly builds, run with -Z macro-backtrace for more info)
[INFO] [stdout] 
[INFO] [stdout] 
[INFO] [stdout] error[E0277]: the trait bound `i32: Encode<'_, _>` is not satisfied
[INFO] [stdout]    --> examples/crud.rs:137:23
[INFO] [stdout]     |
[INFO] [stdout] 137 |     let mut product = Product::find_by_id(conn, product_id).await?.unwrap();
[INFO] [stdout]     |                       ^^^^^^^^^^^^^^^^^^^ the trait `Encode<'_, _>` is not implemented for `i32`
[INFO] [stdout]     |
[INFO] [stdout]     = help: the following other types implement trait `Encode<'q, DB>`:
[INFO] [stdout]               &T
[INFO] [stdout]               Optional<T>
[INFO] [stdout] note: required by a bound in `Product::find_by_id`
[INFO] [stdout]    --> examples/crud.rs:7:32
[INFO] [stdout]     |
[INFO] [stdout] 7   | #[derive(Debug, sqlx::FromRow, WeldsModel)]
[INFO] [stdout]     |                                ^^^^^^^^^^ required by this bound in `Product::find_by_id`
[INFO] [stdout]     = note: this error originates in the derive macro `WeldsModel` (in Nightly builds, run with -Z macro-backtrace for more info)
[INFO] [stdout] 
[INFO] [stdout] 
[INFO] [stdout] error: aborting due to 4 previous errors; 2 warnings emitted
[INFO] [stdout] 
[INFO] [stdout] 
[INFO] [stdout] For more information about this error, try `rustc --explain E0412`.
[INFO] [stdout] 
[INFO] [stdout] error[E0277]: the trait bound `i32: Type<_>` is not satisfied
[INFO] [stdout]    --> examples/crud.rs:137:23
[INFO] [stdout]     |
[INFO] [stdout] 137 |     let mut product = Product::find_by_id(conn, product_id).await?.unwrap();
[INFO] [stdout]     |                       ^^^^^^^^^^^^^^^^^^^ the trait `Type<_>` is not implemented for `i32`
[INFO] [stdout]     |
[INFO] [stdout]     = help: the following other types implement trait `Type<DB>`:
[INFO] [stdout]               &T
[INFO] [stdout]               Option<T>
[INFO] [stdout]               Optional<T>
[INFO] [stdout] note: required by a bound in `Product::find_by_id`
[INFO] [stdout]    --> examples/crud.rs:7:32
[INFO] [stdout]     |
[INFO] [stdout] 7   | #[derive(Debug, sqlx::FromRow, WeldsModel)]
[INFO] [stdout]     |                                ^^^^^^^^^^ required by this bound in `Product::find_by_id`
[INFO] [stdout]     = note: this error originates in the derive macro `WeldsModel` (in Nightly builds, run with -Z macro-backtrace for more info)
[INFO] [stdout] 
[INFO] [stdout] 
[INFO] [stdout] error[E0277]: the trait bound `i32: sqlx::Decode<'_, _>` is not satisfied
[INFO] [stdout]    --> examples/crud.rs:137:23
[INFO] [stdout]     |
[INFO] [stdout] 137 |     let mut product = Product::find_by_id(conn, product_id).await?.unwrap();
[INFO] [stdout]     |                       ^^^^^^^^^^^^^^^^^^^ the trait `sqlx::Decode<'_, _>` is not implemented for `i32`
[INFO] [stdout]     |
[INFO] [stdout]     = help: the trait `sqlx::Decode<'r, DB>` is implemented for `Option<T>`
[INFO] [stdout] note: required for `Product` to implement `for<'r> FromRow<'r, _>`
[INFO] [stdout]    --> examples/crud.rs:7:17
[INFO] [stdout]     |
[INFO] [stdout] 7   | #[derive(Debug, sqlx::FromRow, WeldsModel)]
[INFO] [stdout]     |                 ^^^^^^^^^^^^^ unsatisfied trait bound introduced in this `derive` macro
[INFO] [stdout] ...
[INFO] [stdout] 11  | pub struct Product {
[INFO] [stdout]     |            ^^^^^^^
[INFO] [stdout] note: required by a bound in `Product::find_by_id`
[INFO] [stdout]    --> examples/crud.rs:7:32
[INFO] [stdout]     |
[INFO] [stdout] 7   | #[derive(Debug, sqlx::FromRow, WeldsModel)]
[INFO] [stdout]     |                                ^^^^^^^^^^ required by this bound in `Product::find_by_id`
[INFO] [stdout]     = note: this error originates in the derive macro `sqlx::FromRow` which comes from the expansion of the derive macro `WeldsModel` (in Nightly builds, run with -Z macro-backtrace for more info)
[INFO] [stdout] 
[INFO] [stdout] 
[INFO] [stdout] error[E0277]: the trait bound `String: sqlx::Decode<'_, _>` is not satisfied
[INFO] [stdout]    --> examples/crud.rs:137:23
[INFO] [stdout]     |
[INFO] [stdout] 137 |     let mut product = Product::find_by_id(conn, product_id).await?.unwrap();
[INFO] [stdout]     |                       ^^^^^^^^^^^^^^^^^^^ the trait `sqlx::Decode<'_, _>` is not implemented for `String`
[INFO] [stdout]     |
[INFO] [stdout]     = help: the trait `sqlx::Decode<'r, DB>` is implemented for `Option<T>`
[INFO] [stdout] note: required for `Product` to implement `for<'r> FromRow<'r, _>`
[INFO] [stdout]    --> examples/crud.rs:7:17
[INFO] [stdout]     |
[INFO] [stdout] 7   | #[derive(Debug, sqlx::FromRow, WeldsModel)]
[INFO] [stdout]     |                 ^^^^^^^^^^^^^ unsatisfied trait bound introduced in this `derive` macro
[INFO] [stdout] ...
[INFO] [stdout] 11  | pub struct Product {
[INFO] [stdout]     |            ^^^^^^^
[INFO] [stdout] note: required by a bound in `Product::find_by_id`
[INFO] [stdout]    --> examples/crud.rs:7:32
[INFO] [stdout]     |
[INFO] [stdout] 7   | #[derive(Debug, sqlx::FromRow, WeldsModel)]
[INFO] [stdout]     |                                ^^^^^^^^^^ required by this bound in `Product::find_by_id`
[INFO] [stdout]     = note: this error originates in the derive macro `sqlx::FromRow` which comes from the expansion of the derive macro `WeldsModel` (in Nightly builds, run with -Z macro-backtrace for more info)
[INFO] [stdout] 
[INFO] [stdout] 
[INFO] [stderr] error: could not compile `welds` due to 5 previous errors; 2 warnings emitted
[INFO] [stdout] error[E0277]: the trait bound `String: Type<_>` is not satisfied
[INFO] [stdout]    --> examples/crud.rs:137:23
[INFO] [stdout]     |
[INFO] [stdout] 137 |     let mut product = Product::find_by_id(conn, product_id).await?.unwrap();
[INFO] [stdout]     |                       ^^^^^^^^^^^^^^^^^^^ the trait `Type<_>` is not implemented for `String`
[INFO] [stdout]     |
[INFO] [stdout]     = help: the following other types implement trait `Type<DB>`:
[INFO] [stdout]               &T
[INFO] [stdout]               Option<T>
[INFO] [stdout]               Optional<T>
[INFO] [stdout] note: required for `Product` to implement `for<'r> FromRow<'r, _>`
[INFO] [stdout]    --> examples/crud.rs:7:17
[INFO] [stdout]     |
[INFO] [stdout] 7   | #[derive(Debug, sqlx::FromRow, WeldsModel)]
[INFO] [stdout]     |                 ^^^^^^^^^^^^^ unsatisfied trait bound introduced in this `derive` macro
[INFO] [stdout] ...
[INFO] [stdout] 11  | pub struct Product {
[INFO] [stdout]     |            ^^^^^^^
[INFO] [stdout] note: required by a bound in `Product::find_by_id`
[INFO] [stdout]    --> examples/crud.rs:7:32
[INFO] [stdout]     |
[INFO] [stdout] 7   | #[derive(Debug, sqlx::FromRow, WeldsModel)]
[INFO] [stdout]     |                                ^^^^^^^^^^ required by this bound in `Product::find_by_id`
[INFO] [stdout]     = note: this error originates in the derive macro `sqlx::FromRow` which comes from the expansion of the derive macro `WeldsModel` (in Nightly builds, run with -Z macro-backtrace for more info)
[INFO] [stdout] 
[INFO] [stdout] 
[INFO] [stdout] error[E0277]: the trait bound `bool: sqlx::Decode<'_, _>` is not satisfied
[INFO] [stdout]    --> examples/crud.rs:137:23
[INFO] [stdout]     |
[INFO] [stdout] 137 |     let mut product = Product::find_by_id(conn, product_id).await?.unwrap();
[INFO] [stdout]     |                       ^^^^^^^^^^^^^^^^^^^ the trait `sqlx::Decode<'_, _>` is not implemented for `bool`
[INFO] [stdout]     |
[INFO] [stdout]     = help: the trait `sqlx::Decode<'r, DB>` is implemented for `Option<T>`
[INFO] [stdout] note: required for `Product` to implement `for<'r> FromRow<'r, _>`
[INFO] [stdout]    --> examples/crud.rs:7:17
[INFO] [stdout]     |
[INFO] [stdout] 7   | #[derive(Debug, sqlx::FromRow, WeldsModel)]
[INFO] [stdout]     |                 ^^^^^^^^^^^^^ unsatisfied trait bound introduced in this `derive` macro
[INFO] [stdout] ...
[INFO] [stdout] 11  | pub struct Product {
[INFO] [stdout]     |            ^^^^^^^
[INFO] [stdout] note: required by a bound in `Product::find_by_id`
[INFO] [stdout]    --> examples/crud.rs:7:32
[INFO] [stdout]     |
[INFO] [stdout] 7   | #[derive(Debug, sqlx::FromRow, WeldsModel)]
[INFO] [stdout]     |                                ^^^^^^^^^^ required by this bound in `Product::find_by_id`
[INFO] [stdout]     = note: this error originates in the derive macro `sqlx::FromRow` which comes from the expansion of the derive macro `WeldsModel` (in Nightly builds, run with -Z macro-backtrace for more info)
[INFO] [stdout] 
[INFO] [stdout] 
[INFO] [stdout] error[E0277]: the trait bound `bool: Type<_>` is not satisfied
[INFO] [stdout]    --> examples/crud.rs:137:23
[INFO] [stdout]     |
[INFO] [stdout] 137 |     let mut product = Product::find_by_id(conn, product_id).await?.unwrap();
[INFO] [stdout]     |                       ^^^^^^^^^^^^^^^^^^^ the trait `Type<_>` is not implemented for `bool`
[INFO] [stdout]     |
[INFO] [stdout]     = help: the following other types implement trait `Type<DB>`:
[INFO] [stdout]               &T
[INFO] [stdout]               Option<T>
[INFO] [stdout]               Optional<T>
[INFO] [stdout] note: required for `Product` to implement `for<'r> FromRow<'r, _>`
[INFO] [stdout]    --> examples/crud.rs:7:17
[INFO] [stdout]     |
[INFO] [stdout] 7   | #[derive(Debug, sqlx::FromRow, WeldsModel)]
[INFO] [stdout]     |                 ^^^^^^^^^^^^^ unsatisfied trait bound introduced in this `derive` macro
[INFO] [stdout] ...
[INFO] [stdout] 11  | pub struct Product {
[INFO] [stdout]     |            ^^^^^^^
[INFO] [stdout] note: required by a bound in `Product::find_by_id`
[INFO] [stdout]    --> examples/crud.rs:7:32
[INFO] [stdout]     |
[INFO] [stdout] 7   | #[derive(Debug, sqlx::FromRow, WeldsModel)]
[INFO] [stdout]     |                                ^^^^^^^^^^ required by this bound in `Product::find_by_id`
[INFO] [stdout]     = note: this error originates in the derive macro `sqlx::FromRow` which comes from the expansion of the derive macro `WeldsModel` (in Nightly builds, run with -Z macro-backtrace for more info)
[INFO] [stdout] 
[INFO] [stdout] 
[INFO] [stdout] error[E0277]: the trait bound `str: ColumnIndex<_>` is not satisfied
[INFO] [stdout]    --> examples/crud.rs:137:23
[INFO] [stdout]     |
[INFO] [stdout] 137 |     let mut product = Product::find_by_id(conn, product_id).await?.unwrap();
[INFO] [stdout]     |                       ^^^^^^^^^^^^^^^^^^^ the trait `ColumnIndex<_>` is not implemented for `str`
[INFO] [stdout]     |
[INFO] [stdout]     = help: the trait `ColumnIndex<T>` is implemented for `&I`
[INFO] [stdout]     = note: required for `&str` to implement `ColumnIndex<_>`
[INFO] [stdout] note: required for `Product` to implement `for<'r> FromRow<'r, _>`
[INFO] [stdout]    --> examples/crud.rs:7:17
[INFO] [stdout]     |
[INFO] [stdout] 7   | #[derive(Debug, sqlx::FromRow, WeldsModel)]
[INFO] [stdout]     |                 ^^^^^^^^^^^^^ unsatisfied trait bound introduced in this `derive` macro
[INFO] [stdout] ...
[INFO] [stdout] 11  | pub struct Product {
[INFO] [stdout]     |            ^^^^^^^
[INFO] [stdout] note: required by a bound in `Product::find_by_id`
[INFO] [stdout]    --> examples/crud.rs:7:32
[INFO] [stdout]     |
[INFO] [stdout] 7   | #[derive(Debug, sqlx::FromRow, WeldsModel)]
[INFO] [stdout]     |                                ^^^^^^^^^^ required by this bound in `Product::find_by_id`
[INFO] [stdout]     = note: this error originates in the derive macro `sqlx::FromRow` which comes from the expansion of the derive macro `WeldsModel` (in Nightly builds, run with -Z macro-backtrace for more info)
[INFO] [stdout] 
[INFO] [stdout] 
[INFO] [stdout] error[E0277]: the trait bound `f32: sqlx::Decode<'_, _>` is not satisfied
[INFO] [stdout]    --> examples/crud.rs:137:23
[INFO] [stdout]     |
[INFO] [stdout] 137 |     let mut product = Product::find_by_id(conn, product_id).await?.unwrap();
[INFO] [stdout]     |                       ^^^^^^^^^^^^^^^^^^^ the trait `sqlx::Decode<'_, _>` is not implemented for `f32`
[INFO] [stdout]     |
[INFO] [stdout]     = help: the trait `sqlx::Decode<'r, DB>` is implemented for `Option<T>`
[INFO] [stdout]     = note: required for `Option<f32>` to implement `sqlx::Decode<'_, _>`
[INFO] [stdout] note: required for `Product` to implement `for<'r> FromRow<'r, _>`
[INFO] [stdout]    --> examples/crud.rs:7:17
[INFO] [stdout]     |
[INFO] [stdout] 7   | #[derive(Debug, sqlx::FromRow, WeldsModel)]
[INFO] [stdout]     |                 ^^^^^^^^^^^^^ unsatisfied trait bound introduced in this `derive` macro
[INFO] [stdout] ...
[INFO] [stdout] 11  | pub struct Product {
[INFO] [stdout]     |            ^^^^^^^
[INFO] [stdout] note: required by a bound in `Product::find_by_id`
[INFO] [stdout]    --> examples/crud.rs:7:32
[INFO] [stdout]     |
[INFO] [stdout] 7   | #[derive(Debug, sqlx::FromRow, WeldsModel)]
[INFO] [stdout]     |                                ^^^^^^^^^^ required by this bound in `Product::find_by_id`
[INFO] [stdout]     = note: this error originates in the derive macro `sqlx::FromRow` which comes from the expansion of the derive macro `WeldsModel` (in Nightly builds, run with -Z macro-backtrace for more info)
[INFO] [stdout] 
[INFO] [stdout] 
[INFO] [stdout] error[E0277]: the trait bound `f32: Type<_>` is not satisfied
[INFO] [stdout]    --> examples/crud.rs:137:23
[INFO] [stdout]     |
[INFO] [stdout] 137 |     let mut product = Product::find_by_id(conn, product_id).await?.unwrap();
[INFO] [stdout]     |                       ^^^^^^^^^^^^^^^^^^^ the trait `Type<_>` is not implemented for `f32`
[INFO] [stdout]     |
[INFO] [stdout]     = help: the following other types implement trait `Type<DB>`:
[INFO] [stdout]               &T
[INFO] [stdout]               Option<T>
[INFO] [stdout]               Optional<T>
[INFO] [stdout]     = note: required for `Option<f32>` to implement `Type<_>`
[INFO] [stdout] note: required for `Product` to implement `for<'r> FromRow<'r, _>`
[INFO] [stdout]    --> examples/crud.rs:7:17
[INFO] [stdout]     |
[INFO] [stdout] 7   | #[derive(Debug, sqlx::FromRow, WeldsModel)]
[INFO] [stdout]     |                 ^^^^^^^^^^^^^ unsatisfied trait bound introduced in this `derive` macro
[INFO] [stdout] ...
[INFO] [stdout] 11  | pub struct Product {
[INFO] [stdout]     |            ^^^^^^^
[INFO] [stdout] note: required by a bound in `Product::find_by_id`
[INFO] [stdout]    --> examples/crud.rs:7:32
[INFO] [stdout]     |
[INFO] [stdout] 7   | #[derive(Debug, sqlx::FromRow, WeldsModel)]
[INFO] [stdout]     |                                ^^^^^^^^^^ required by this bound in `Product::find_by_id`
[INFO] [stdout]     = note: this error originates in the derive macro `sqlx::FromRow` which comes from the expansion of the derive macro `WeldsModel` (in Nightly builds, run with -Z macro-backtrace for more info)
[INFO] [stdout] 
[INFO] [stdout] 
[INFO] [stdout] error[E0277]: the trait bound `impl Connection<Sqlite>: welds::connection::Connection<_>` is not satisfied
[INFO] [stdout]    --> examples/crud.rs:137:43
[INFO] [stdout]     |
[INFO] [stdout] 137 |     let mut product = Product::find_by_id(conn, product_id).await?.unwrap();
[INFO] [stdout]     |                       ------------------- ^^^^ the trait `welds::connection::Connection<_>` is not implemented for `impl Connection<Sqlite>`
[INFO] [stdout]     |                       |
[INFO] [stdout]     |                       required by a bound introduced by this call
[INFO] [stdout]     |
[INFO] [stdout] note: required by a bound in `Product::find_by_id`
[INFO] [stdout]    --> examples/crud.rs:7:32
[INFO] [stdout]     |
[INFO] [stdout] 7   | #[derive(Debug, sqlx::FromRow, WeldsModel)]
[INFO] [stdout]     |                                ^^^^^^^^^^ required by this bound in `Product::find_by_id`
[INFO] [stdout]     = note: this error originates in the derive macro `WeldsModel` (in Nightly builds, run with -Z macro-backtrace for more info)
[INFO] [stdout] 
[INFO] [stdout] 
[INFO] [stdout] error[E0277]: the trait bound `Product: WriteToArgs<_>` is not satisfied
[INFO] [stdout]    --> examples/crud.rs:138:13
[INFO] [stdout]     |
[INFO] [stdout] 138 |     product.delete(conn).await?;
[INFO] [stdout]     |             ^^^^^^ the trait `WriteToArgs<_>` is not implemented for `Product`
[INFO] [stdout]     |
[INFO] [stdout] note: required by a bound in `DbState::<T>::delete`
[INFO] [stdout]    --> /opt/rustwide/workdir/src/state.rs:91:12
[INFO] [stdout]     |
[INFO] [stdout] 91  |         T: WriteToArgs<DB> + HasSchema,
[INFO] [stdout]     |            ^^^^^^^^^^^^^^^ required by this bound in `DbState::<T>::delete`
[INFO] [stdout] 
[INFO] [stdout] 
[INFO] [stdout] error[E0277]: the trait bound `ProductSchema: TableColumns<_>` is not satisfied
[INFO] [stdout]    --> examples/crud.rs:138:13
[INFO] [stdout]     |
[INFO] [stdout] 138 |     product.delete(conn).await?;
[INFO] [stdout]     |             ^^^^^^ the trait `TableColumns<_>` is not implemented for `ProductSchema`
[INFO] [stdout]     |
[INFO] [stdout] note: required by a bound in `DbState::<T>::delete`
[INFO] [stdout]    --> /opt/rustwide/workdir/src/state.rs:95:47
[INFO] [stdout]     |
[INFO] [stdout] 95  |         <T as HasSchema>::Schema: TableInfo + TableColumns<DB>,
[INFO] [stdout]     |                                               ^^^^^^^^^^^^^^^^ required by this bound in `DbState::<T>::delete`
[INFO] [stdout] 
[INFO] [stdout] 
[INFO] [stdout] error[E0277]: the trait bound `impl Connection<Sqlite>: welds::connection::Connection<_>` is not satisfied
[INFO] [stdout]    --> examples/crud.rs:138:20
[INFO] [stdout]     |
[INFO] [stdout] 138 |     product.delete(conn).await?;
[INFO] [stdout]     |             ------ ^^^^ the trait `welds::connection::Connection<_>` is not implemented for `impl Connection<Sqlite>`
[INFO] [stdout]     |             |
[INFO] [stdout]     |             required by a bound introduced by this call
[INFO] [stdout]     |
[INFO] [stdout] note: required by a bound in `DbState::<T>::delete`
[INFO] [stdout]    --> /opt/rustwide/workdir/src/state.rs:93:12
[INFO] [stdout]     |
[INFO] [stdout] 93  |         C: Connection<DB>,
[INFO] [stdout]     |            ^^^^^^^^^^^^^^ required by this bound in `DbState::<T>::delete`
[INFO] [stdout] 
[INFO] [stdout] 
[INFO] [stdout] error[E0277]: the trait bound `ProductSchema: TableColumns<_>` is not satisfied
[INFO] [stdout]    --> examples/crud.rs:139:17
[INFO] [stdout]     |
[INFO] [stdout] 139 |     let count = Product::all().count(conn).await?;
[INFO] [stdout]     |                 ^^^^^^^^^^^^ the trait `TableColumns<_>` is not implemented for `ProductSchema`
[INFO] [stdout]     |
[INFO] [stdout] note: required by a bound in `Product::all`
[INFO] [stdout]    --> examples/crud.rs:7:32
[INFO] [stdout]     |
[INFO] [stdout] 7   | #[derive(Debug, sqlx::FromRow, WeldsModel)]
[INFO] [stdout]     |                                ^^^^^^^^^^ required by this bound in `Product::all`
[INFO] [stdout]     = note: this error originates in the derive macro `WeldsModel` (in Nightly builds, run with -Z macro-backtrace for more info)
[INFO] [stdout] 
[INFO] [stdout] 
[INFO] [stdout] error[E0277]: the trait bound `i32: sqlx::Decode<'_, _>` is not satisfied
[INFO] [stdout]    --> examples/crud.rs:139:17
[INFO] [stdout]     |
[INFO] [stdout] 139 |     let count = Product::all().count(conn).await?;
[INFO] [stdout]     |                 ^^^^^^^^^^^^ the trait `sqlx::Decode<'_, _>` is not implemented for `i32`
[INFO] [stdout]     |
[INFO] [stdout]     = help: the trait `sqlx::Decode<'r, DB>` is implemented for `Option<T>`
[INFO] [stdout] note: required for `Product` to implement `for<'r> FromRow<'r, _>`
[INFO] [stdout]    --> examples/crud.rs:7:17
[INFO] [stdout]     |
[INFO] [stdout] 7   | #[derive(Debug, sqlx::FromRow, WeldsModel)]
[INFO] [stdout]     |                 ^^^^^^^^^^^^^ unsatisfied trait bound introduced in this `derive` macro
[INFO] [stdout] ...
[INFO] [stdout] 11  | pub struct Product {
[INFO] [stdout]     |            ^^^^^^^
[INFO] [stdout] note: required by a bound in `Product::all`
[INFO] [stdout]    --> examples/crud.rs:7:32
[INFO] [stdout]     |
[INFO] [stdout] 7   | #[derive(Debug, sqlx::FromRow, WeldsModel)]
[INFO] [stdout]     |                                ^^^^^^^^^^ required by this bound in `Product::all`
[INFO] [stdout]     = note: this error originates in the derive macro `sqlx::FromRow` which comes from the expansion of the derive macro `WeldsModel` (in Nightly builds, run with -Z macro-backtrace for more info)
[INFO] [stdout] 
[INFO] [stdout] 
[INFO] [stdout] error[E0277]: the trait bound `i32: Type<_>` is not satisfied
[INFO] [stdout]    --> examples/crud.rs:139:17
[INFO] [stdout]     |
[INFO] [stdout] 139 |     let count = Product::all().count(conn).await?;
[INFO] [stdout]     |                 ^^^^^^^^^^^^ the trait `Type<_>` is not implemented for `i32`
[INFO] [stdout]     |
[INFO] [stdout]     = help: the following other types implement trait `Type<DB>`:
[INFO] [stdout]               &T
[INFO] [stdout]               Option<T>
[INFO] [stdout]               Optional<T>
[INFO] [stdout] note: required for `Product` to implement `for<'r> FromRow<'r, _>`
[INFO] [stdout]    --> examples/crud.rs:7:17
[INFO] [stdout]     |
[INFO] [stdout] 7   | #[derive(Debug, sqlx::FromRow, WeldsModel)]
[INFO] [stdout]     |                 ^^^^^^^^^^^^^ unsatisfied trait bound introduced in this `derive` macro
[INFO] [stdout] ...
[INFO] [stdout] 11  | pub struct Product {
[INFO] [stdout]     |            ^^^^^^^
[INFO] [stdout] note: required by a bound in `Product::all`
[INFO] [stdout]    --> examples/crud.rs:7:32
[INFO] [stdout]     |
[INFO] [stdout] 7   | #[derive(Debug, sqlx::FromRow, WeldsModel)]
[INFO] [stdout]     |                                ^^^^^^^^^^ required by this bound in `Product::all`
[INFO] [stdout]     = note: this error originates in the derive macro `sqlx::FromRow` which comes from the expansion of the derive macro `WeldsModel` (in Nightly builds, run with -Z macro-backtrace for more info)
[INFO] [stdout] 
[INFO] [stdout] 
[INFO] [stdout] error[E0277]: the trait bound `String: sqlx::Decode<'_, _>` is not satisfied
[INFO] [stdout]    --> examples/crud.rs:139:17
[INFO] [stdout]     |
[INFO] [stdout] 139 |     let count = Product::all().count(conn).await?;
[INFO] [stdout]     |                 ^^^^^^^^^^^^ the trait `sqlx::Decode<'_, _>` is not implemented for `String`
[INFO] [stdout]     |
[INFO] [stdout]     = help: the trait `sqlx::Decode<'r, DB>` is implemented for `Option<T>`
[INFO] [stdout] note: required for `Product` to implement `for<'r> FromRow<'r, _>`
[INFO] [stdout]    --> examples/crud.rs:7:17
[INFO] [stdout]     |
[INFO] [stdout] 7   | #[derive(Debug, sqlx::FromRow, WeldsModel)]
[INFO] [stdout]     |                 ^^^^^^^^^^^^^ unsatisfied trait bound introduced in this `derive` macro
[INFO] [stdout] ...
[INFO] [stdout] 11  | pub struct Product {
[INFO] [stdout]     |            ^^^^^^^
[INFO] [stdout] note: required by a bound in `Product::all`
[INFO] [stdout]    --> examples/crud.rs:7:32
[INFO] [stdout]     |
[INFO] [stdout] 7   | #[derive(Debug, sqlx::FromRow, WeldsModel)]
[INFO] [stdout]     |                                ^^^^^^^^^^ required by this bound in `Product::all`
[INFO] [stdout]     = note: this error originates in the derive macro `sqlx::FromRow` which comes from the expansion of the derive macro `WeldsModel` (in Nightly builds, run with -Z macro-backtrace for more info)
[INFO] [stdout] 
[INFO] [stdout] 
[INFO] [stdout] error[E0277]: the trait bound `String: Type<_>` is not satisfied
[INFO] [stdout]    --> examples/crud.rs:139:17
[INFO] [stdout]     |
[INFO] [stdout] 139 |     let count = Product::all().count(conn).await?;
[INFO] [stdout]     |                 ^^^^^^^^^^^^ the trait `Type<_>` is not implemented for `String`
[INFO] [stdout]     |
[INFO] [stdout]     = help: the following other types implement trait `Type<DB>`:
[INFO] [stdout]               &T
[INFO] [stdout]               Option<T>
[INFO] [stdout]               Optional<T>
[INFO] [stdout] note: required for `Product` to implement `for<'r> FromRow<'r, _>`
[INFO] [stdout]    --> examples/crud.rs:7:17
[INFO] [stdout]     |
[INFO] [stdout] 7   | #[derive(Debug, sqlx::FromRow, WeldsModel)]
[INFO] [stdout]     |                 ^^^^^^^^^^^^^ unsatisfied trait bound introduced in this `derive` macro
[INFO] [stdout] ...
[INFO] [stdout] 11  | pub struct Product {
[INFO] [stdout]     |            ^^^^^^^
[INFO] [stdout] note: required by a bound in `Product::all`
[INFO] [stdout]    --> examples/crud.rs:7:32
[INFO] [stdout]     |
[INFO] [stdout] 7   | #[derive(Debug, sqlx::FromRow, WeldsModel)]
[INFO] [stdout]     |                                ^^^^^^^^^^ required by this bound in `Product::all`
[INFO] [stdout]     = note: this error originates in the derive macro `sqlx::FromRow` which comes from the expansion of the derive macro `WeldsModel` (in Nightly builds, run with -Z macro-backtrace for more info)
[INFO] [stdout] 
[INFO] [stdout] 
[INFO] [stdout] error[E0277]: the trait bound `bool: sqlx::Decode<'_, _>` is not satisfied
[INFO] [stdout]    --> examples/crud.rs:139:17
[INFO] [stdout]     |
[INFO] [stdout] 139 |     let count = Product::all().count(conn).await?;
[INFO] [stdout]     |                 ^^^^^^^^^^^^ the trait `sqlx::Decode<'_, _>` is not implemented for `bool`
[INFO] [stdout]     |
[INFO] [stdout]     = help: the trait `sqlx::Decode<'r, DB>` is implemented for `Option<T>`
[INFO] [stdout] note: required for `Product` to implement `for<'r> FromRow<'r, _>`
[INFO] [stdout]    --> examples/crud.rs:7:17
[INFO] [stdout]     |
[INFO] [stdout] 7   | #[derive(Debug, sqlx::FromRow, WeldsModel)]
[INFO] [stdout]     |                 ^^^^^^^^^^^^^ unsatisfied trait bound introduced in this `derive` macro
[INFO] [stdout] ...
[INFO] [stdout] 11  | pub struct Product {
[INFO] [stdout]     |            ^^^^^^^
[INFO] [stdout] note: required by a bound in `Product::all`
[INFO] [stdout]    --> examples/crud.rs:7:32
[INFO] [stdout]     |
[INFO] [stdout] 7   | #[derive(Debug, sqlx::FromRow, WeldsModel)]
[INFO] [stdout]     |                                ^^^^^^^^^^ required by this bound in `Product::all`
[INFO] [stdout]     = note: this error originates in the derive macro `sqlx::FromRow` which comes from the expansion of the derive macro `WeldsModel` (in Nightly builds, run with -Z macro-backtrace for more info)
[INFO] [stdout] 
[INFO] [stdout] 
[INFO] [stdout] error[E0277]: the trait bound `bool: Type<_>` is not satisfied
[INFO] [stdout]    --> examples/crud.rs:139:17
[INFO] [stdout]     |
[INFO] [stdout] 139 |     let count = Product::all().count(conn).await?;
[INFO] [stdout]     |                 ^^^^^^^^^^^^ the trait `Type<_>` is not implemented for `bool`
[INFO] [stdout]     |
[INFO] [stdout]     = help: the following other types implement trait `Type<DB>`:
[INFO] [stdout]               &T
[INFO] [stdout]               Option<T>
[INFO] [stdout]               Optional<T>
[INFO] [stdout] note: required for `Product` to implement `for<'r> FromRow<'r, _>`
[INFO] [stdout]    --> examples/crud.rs:7:17
[INFO] [stdout]     |
[INFO] [stdout] 7   | #[derive(Debug, sqlx::FromRow, WeldsModel)]
[INFO] [stdout]     |                 ^^^^^^^^^^^^^ unsatisfied trait bound introduced in this `derive` macro
[INFO] [stdout] ...
[INFO] [stdout] 11  | pub struct Product {
[INFO] [stdout]     |            ^^^^^^^
[INFO] [stdout] note: required by a bound in `Product::all`
[INFO] [stdout]    --> examples/crud.rs:7:32
[INFO] [stdout]     |
[INFO] [stdout] 7   | #[derive(Debug, sqlx::FromRow, WeldsModel)]
[INFO] [stdout]     |                                ^^^^^^^^^^ required by this bound in `Product::all`
[INFO] [stdout]     = note: this error originates in the derive macro `sqlx::FromRow` which comes from the expansion of the derive macro `WeldsModel` (in Nightly builds, run with -Z macro-backtrace for more info)
[INFO] [stdout] 
[INFO] [stdout] 
[INFO] [stdout] error[E0277]: the trait bound `str: ColumnIndex<_>` is not satisfied
[INFO] [stdout]    --> examples/crud.rs:139:17
[INFO] [stdout]     |
[INFO] [stdout] 139 |     let count = Product::all().count(conn).await?;
[INFO] [stdout]     |                 ^^^^^^^^^^^^ the trait `ColumnIndex<_>` is not implemented for `str`
[INFO] [stdout]     |
[INFO] [stdout]     = help: the trait `ColumnIndex<T>` is implemented for `&I`
[INFO] [stdout]     = note: required for `&str` to implement `ColumnIndex<_>`
[INFO] [stdout] note: required for `Product` to implement `for<'r> FromRow<'r, _>`
[INFO] [stdout]    --> examples/crud.rs:7:17
[INFO] [stdout]     |
[INFO] [stdout] 7   | #[derive(Debug, sqlx::FromRow, WeldsModel)]
[INFO] [stdout]     |                 ^^^^^^^^^^^^^ unsatisfied trait bound introduced in this `derive` macro
[INFO] [stdout] ...
[INFO] [stdout] 11  | pub struct Product {
[INFO] [stdout]     |            ^^^^^^^
[INFO] [stdout] note: required by a bound in `Product::all`
[INFO] [stdout]    --> examples/crud.rs:7:32
[INFO] [stdout]     |
[INFO] [stdout] 7   | #[derive(Debug, sqlx::FromRow, WeldsModel)]
[INFO] [stdout]     |                                ^^^^^^^^^^ required by this bound in `Product::all`
[INFO] [stdout]     = note: this error originates in the derive macro `sqlx::FromRow` which comes from the expansion of the derive macro `WeldsModel` (in Nightly builds, run with -Z macro-backtrace for more info)
[INFO] [stdout] 
[INFO] [stdout] 
[INFO] [stdout] error[E0277]: the trait bound `f32: sqlx::Decode<'_, _>` is not satisfied
[INFO] [stdout]    --> examples/crud.rs:139:17
[INFO] [stdout]     |
[INFO] [stdout] 139 |     let count = Product::all().count(conn).await?;
[INFO] [stdout]     |                 ^^^^^^^^^^^^ the trait `sqlx::Decode<'_, _>` is not implemented for `f32`
[INFO] [stdout]     |
[INFO] [stdout]     = help: the trait `sqlx::Decode<'r, DB>` is implemented for `Option<T>`
[INFO] [stdout]     = note: required for `Option<f32>` to implement `sqlx::Decode<'_, _>`
[INFO] [stdout] note: required for `Product` to implement `for<'r> FromRow<'r, _>`
[INFO] [stdout]    --> examples/crud.rs:7:17
[INFO] [stdout]     |
[INFO] [stdout] 7   | #[derive(Debug, sqlx::FromRow, WeldsModel)]
[INFO] [stdout]     |                 ^^^^^^^^^^^^^ unsatisfied trait bound introduced in this `derive` macro
[INFO] [stdout] ...
[INFO] [stdout] 11  | pub struct Product {
[INFO] [stdout]     |            ^^^^^^^
[INFO] [stdout] note: required by a bound in `Product::all`
[INFO] [stdout]    --> examples/crud.rs:7:32
[INFO] [stdout]     |
[INFO] [stdout] 7   | #[derive(Debug, sqlx::FromRow, WeldsModel)]
[INFO] [stdout]     |                                ^^^^^^^^^^ required by this bound in `Product::all`
[INFO] [stdout]     = note: this error originates in the derive macro `sqlx::FromRow` which comes from the expansion of the derive macro `WeldsModel` (in Nightly builds, run with -Z macro-backtrace for more info)
[INFO] [stdout] 
[INFO] [stdout] 
[INFO] [stdout] error[E0277]: the trait bound `f32: Type<_>` is not satisfied
[INFO] [stdout]    --> examples/crud.rs:139:17
[INFO] [stdout]     |
[INFO] [stdout] 139 |     let count = Product::all().count(conn).await?;
[INFO] [stdout]     |                 ^^^^^^^^^^^^ the trait `Type<_>` is not implemented for `f32`
[INFO] [stdout]     |
[INFO] [stdout]     = help: the following other types implement trait `Type<DB>`:
[INFO] [stdout]               &T
[INFO] [stdout]               Option<T>
[INFO] [stdout]               Optional<T>
[INFO] [stdout]     = note: required for `Option<f32>` to implement `Type<_>`
[INFO] [stdout] note: required for `Product` to implement `for<'r> FromRow<'r, _>`
[INFO] [stdout]    --> examples/crud.rs:7:17
[INFO] [stdout]     |
[INFO] [stdout] 7   | #[derive(Debug, sqlx::FromRow, WeldsModel)]
[INFO] [stdout]     |                 ^^^^^^^^^^^^^ unsatisfied trait bound introduced in this `derive` macro
[INFO] [stdout] ...
[INFO] [stdout] 11  | pub struct Product {
[INFO] [stdout]     |            ^^^^^^^
[INFO] [stdout] note: required by a bound in `Product::all`
[INFO] [stdout]    --> examples/crud.rs:7:32
[INFO] [stdout]     |
[INFO] [stdout] 7   | #[derive(Debug, sqlx::FromRow, WeldsModel)]
[INFO] [stdout]     |                                ^^^^^^^^^^ required by this bound in `Product::all`
[INFO] [stdout]     = note: this error originates in the derive macro `sqlx::FromRow` which comes from the expansion of the derive macro `WeldsModel` (in Nightly builds, run with -Z macro-backtrace for more info)
[INFO] [stdout] 
[INFO] [stdout] 
[INFO] [stdout] error[E0599]: the method `count` exists for struct `SelectBuilder<'_, Product, _>`, but its trait bounds were not satisfied
[INFO] [stdout]    --> examples/crud.rs:139:32
[INFO] [stdout]     |
[INFO] [stdout] 11  | pub struct Product {
[INFO] [stdout]     | ------------------ doesn't satisfy `Product: FromRow<'r, _>`
[INFO] [stdout] ...
[INFO] [stdout] 139 |     let count = Product::all().count(conn).await?;
[INFO] [stdout]     |                                ^^^^^ method cannot be called on `SelectBuilder<'_, Product, _>` due to unsatisfied trait bounds
[INFO] [stdout]     |
[INFO] [stdout]    ::: /opt/rustwide/workdir/src/query/select/mod.rs:25:1
[INFO] [stdout]     |
[INFO] [stdout] 25  | pub struct SelectBuilder<'schema, T, DB: sqlx::Database> {
[INFO] [stdout]     | -------------------------------------------------------- doesn't satisfy `SelectBuilder<'_, Product, _>: Iterator`
[INFO] [stdout]     |
[INFO] [stdout]     = note: the following trait bounds were not satisfied:
[INFO] [stdout]             `Product: FromRow<'r, _>`
[INFO] [stdout]             `SelectBuilder<'_, Product, _>: Iterator`
[INFO] [stdout]             which is required by `&mut SelectBuilder<'_, Product, _>: Iterator`
[INFO] [stdout] note: the trait `FromRow` must be implemented
[INFO] [stdout]    --> /opt/rustwide/cargo-home/registry/src/github.com-1ecc6299db9ec823/sqlx-core-0.6.3/src/from_row.rs:178:1
[INFO] [stdout]     |
[INFO] [stdout] 178 | pub trait FromRow<'r, R: Row>: Sized {
[INFO] [stdout]     | ^^^^^^^^^^^^^^^^^^^^^^^^^^^^^^^^^^^^
[INFO] [stdout] 
[INFO] [stdout] 
[INFO] [stdout] warning: unused import: `Executor`
[INFO] [stdout]  --> examples/crud.rs:1:12
[INFO] [stdout]   |
[INFO] [stdout] 1 | use sqlx::{Executor, Sqlite};
[INFO] [stdout]   |            ^^^^^^^^
[INFO] [stdout]   |
[INFO] [stdout]   = note: `#[warn(unused_imports)]` on by default
[INFO] [stdout] 
[INFO] [stdout] 
[INFO] [stdout] error: aborting due to 98 previous errors; 1 warning emitted
[INFO] [stdout] 
[INFO] [stdout] 
[INFO] [stdout] Some errors have detailed explanations: E0277, E0425, E0432, E0599.
[INFO] [stdout] 
[INFO] [stdout] For more information about an error, try `rustc --explain E0277`.
[INFO] [stdout] 
[INFO] [stderr] error: could not compile `welds` due to 99 previous errors; 1 warning emitted
[INFO] running `Command { std: "docker" "inspect" "e68e3bb4fc59ea97605662ef0b7f415eaaab676e55fbfebfb56fc0db34de52c3", kill_on_drop: false }`
[INFO] running `Command { std: "docker" "rm" "-f" "e68e3bb4fc59ea97605662ef0b7f415eaaab676e55fbfebfb56fc0db34de52c3", kill_on_drop: false }`
[INFO] [stdout] e68e3bb4fc59ea97605662ef0b7f415eaaab676e55fbfebfb56fc0db34de52c3
