[INFO] fetching crate webrtc-dtls 0.7.2...
[INFO] testing webrtc-dtls-0.7.2 against 1.69.0 for beta-1.70-1
[INFO] extracting crate webrtc-dtls 0.7.2 into /workspace/builds/worker-1-tc1/source
[INFO] validating manifest of crates.io crate webrtc-dtls 0.7.2 on toolchain 1.69.0
[INFO] running `Command { std: CARGO_HOME="/workspace/cargo-home" RUSTUP_HOME="/workspace/rustup-home" "/workspace/cargo-home/bin/cargo" "+1.69.0" "metadata" "--manifest-path" "Cargo.toml" "--no-deps", kill_on_drop: false }`
[INFO] started tweaking crates.io crate webrtc-dtls 0.7.2
[INFO] removed 0 missing examples
[INFO] finished tweaking crates.io crate webrtc-dtls 0.7.2
[INFO] tweaked toml for crates.io crate webrtc-dtls 0.7.2 written to /workspace/builds/worker-1-tc1/source/Cargo.toml
[INFO] crate crates.io crate webrtc-dtls 0.7.2 already has a lockfile, it will not be regenerated
[INFO] running `Command { std: CARGO_HOME="/workspace/cargo-home" RUSTUP_HOME="/workspace/rustup-home" "/workspace/cargo-home/bin/cargo" "+1.69.0" "fetch" "--manifest-path" "Cargo.toml", kill_on_drop: false }`
[INFO] [stderr]  Downloading crates ...
[INFO] [stderr]   Downloaded der-parser v8.1.0
[INFO] [stderr]   Downloaded cxx-build v1.0.90
[INFO] [stderr]   Downloaded cxxbridge-macro v1.0.90
[INFO] [stderr]   Downloaded asn1-rs v0.5.1
[INFO] [stderr]   Downloaded cxxbridge-flags v1.0.90
[INFO] [stderr]   Downloaded cxx v1.0.90
[INFO] running `Command { std: "docker" "create" "-v" "/var/lib/crater-agent-workspace/builds/worker-1-tc1/target:/opt/rustwide/target:rw,Z" "-v" "/var/lib/crater-agent-workspace/builds/worker-1-tc1/source:/opt/rustwide/workdir:ro,Z" "-v" "/var/lib/crater-agent-workspace/cargo-home:/opt/rustwide/cargo-home:ro,Z" "-v" "/var/lib/crater-agent-workspace/rustup-home:/opt/rustwide/rustup-home:ro,Z" "-e" "SOURCE_DIR=/opt/rustwide/workdir" "-e" "CARGO_TARGET_DIR=/opt/rustwide/target" "-e" "CARGO_HOME=/opt/rustwide/cargo-home" "-e" "RUSTUP_HOME=/opt/rustwide/rustup-home" "-w" "/opt/rustwide/workdir" "-m" "1610612736" "--user" "0:0" "--network" "none" "ghcr.io/rust-lang/crates-build-env/linux@sha256:5ff2268d62e97bff2cde7d5815dd6ed5b47097566f13b8d0ca110b04b60e07ed" "/opt/rustwide/cargo-home/bin/cargo" "+1.69.0" "metadata" "--no-deps" "--format-version=1", kill_on_drop: false }`
[INFO] [stdout] f1c5fe246f15f7ed06e0e57a6028bb3fb258cdcdd343cfb69e70cd3414a1d632
[INFO] running `Command { std: "docker" "start" "-a" "f1c5fe246f15f7ed06e0e57a6028bb3fb258cdcdd343cfb69e70cd3414a1d632", kill_on_drop: false }`
[INFO] running `Command { std: "docker" "inspect" "f1c5fe246f15f7ed06e0e57a6028bb3fb258cdcdd343cfb69e70cd3414a1d632", kill_on_drop: false }`
[INFO] running `Command { std: "docker" "rm" "-f" "f1c5fe246f15f7ed06e0e57a6028bb3fb258cdcdd343cfb69e70cd3414a1d632", kill_on_drop: false }`
[INFO] [stdout] f1c5fe246f15f7ed06e0e57a6028bb3fb258cdcdd343cfb69e70cd3414a1d632
[INFO] running `Command { std: "docker" "create" "-v" "/var/lib/crater-agent-workspace/builds/worker-1-tc1/target:/opt/rustwide/target:rw,Z" "-v" "/var/lib/crater-agent-workspace/builds/worker-1-tc1/source:/opt/rustwide/workdir:ro,Z" "-v" "/var/lib/crater-agent-workspace/cargo-home:/opt/rustwide/cargo-home:ro,Z" "-v" "/var/lib/crater-agent-workspace/rustup-home:/opt/rustwide/rustup-home:ro,Z" "-e" "SOURCE_DIR=/opt/rustwide/workdir" "-e" "CARGO_TARGET_DIR=/opt/rustwide/target" "-e" "CARGO_INCREMENTAL=0" "-e" "RUST_BACKTRACE=full" "-e" "RUSTFLAGS=--cap-lints=warn" "-e" "RUSTDOCFLAGS=--cap-lints=warn" "-e" "CARGO_HOME=/opt/rustwide/cargo-home" "-e" "RUSTUP_HOME=/opt/rustwide/rustup-home" "-w" "/opt/rustwide/workdir" "-m" "1610612736" "--user" "0:0" "--network" "none" "ghcr.io/rust-lang/crates-build-env/linux@sha256:5ff2268d62e97bff2cde7d5815dd6ed5b47097566f13b8d0ca110b04b60e07ed" "/opt/rustwide/cargo-home/bin/cargo" "+1.69.0" "build" "--frozen" "--message-format=json", kill_on_drop: false }`
[INFO] [stdout] 4ece06d82930246420d95c0adc82caef372a9b24a5d003435fcd03ff9ee009ef
[INFO] running `Command { std: "docker" "start" "-a" "4ece06d82930246420d95c0adc82caef372a9b24a5d003435fcd03ff9ee009ef", kill_on_drop: false }`
[INFO] [stderr]    Compiling libc v0.2.139
[INFO] [stderr]    Compiling proc-macro2 v1.0.51
[INFO] [stderr]    Compiling quote v1.0.23
[INFO] [stderr]    Compiling unicode-ident v1.0.6
[INFO] [stderr]    Compiling syn v1.0.107
[INFO] [stderr]    Compiling typenum v1.16.0
[INFO] [stderr]    Compiling generic-array v0.14.6
[INFO] [stderr]    Compiling autocfg v1.1.0
[INFO] [stderr]    Compiling subtle v2.4.1
[INFO] [stderr]    Compiling base64ct v1.5.3
[INFO] [stderr]    Compiling thiserror v1.0.38
[INFO] [stderr]    Compiling num-traits v0.2.15
[INFO] [stderr]    Compiling time-core v0.1.0
[INFO] [stderr]    Compiling minimal-lexical v0.2.1
[INFO] [stderr]    Compiling cpufeatures v0.2.5
[INFO] [stderr]    Compiling pem-rfc7468 v0.6.0
[INFO] [stderr]    Compiling const-oid v0.9.1
[INFO] [stderr]    Compiling nom v7.1.3
[INFO] [stderr]    Compiling time-macros v0.2.6
[INFO] [stderr]    Compiling itoa v1.0.5
[INFO] [stderr]    Compiling ring v0.16.20
[INFO] [stderr]    Compiling platforms v3.0.2
[INFO] [stderr]    Compiling getrandom v0.2.8
[INFO] [stderr]    Compiling rand_core v0.6.4
[INFO] [stderr]    Compiling log v0.4.17
[INFO] [stderr]    Compiling time v0.3.17
[INFO] [stderr]    Compiling ff v0.12.1
[INFO] [stderr]    Compiling lock_api v0.4.9
[INFO] [stderr]    Compiling num-integer v0.1.45
[INFO] [stderr]    Compiling crypto-common v0.1.6
[INFO] [stderr]    Compiling block-buffer v0.10.3
[INFO] [stderr]    Compiling spin v0.5.2
[INFO] [stderr]    Compiling digest v0.10.6
[INFO] [stderr]    Compiling opaque-debug v0.3.0
[INFO] [stderr]    Compiling once_cell v1.17.0
[INFO] [stderr]    Compiling base16ct v0.1.1
[INFO] [stderr]    Compiling untrusted v0.7.1
[INFO] [stderr]    Compiling parking_lot_core v0.9.7
[INFO] [stderr]    Compiling hmac v0.12.1
[INFO] [stderr]    Compiling inout v0.1.3
[INFO] [stderr]    Compiling hkdf v0.12.3
[INFO] [stderr]    Compiling cipher v0.2.5
[INFO] [stderr]    Compiling group v0.12.1
[INFO] [stderr]    Compiling num-bigint v0.4.3
[INFO] [stderr]    Compiling memoffset v0.6.5
[INFO] [stderr]    Compiling rusticata-macros v4.1.0
[INFO] [stderr]    Compiling smallvec v1.10.0
[INFO] [stderr]    Compiling getrandom v0.1.16
[INFO] [stderr]    Compiling base64 v0.13.1
[INFO] [stderr]    Compiling serde_derive v1.0.152
[INFO] [stderr]    Compiling curve25519-dalek v4.0.0-rc.2
[INFO] [stderr]    Compiling cipher v0.4.3
[INFO] [stderr]    Compiling signature v1.6.4
[INFO] [stderr]    Compiling universal-hash v0.5.0
[INFO] [stderr]    Compiling tokio v1.25.0
[INFO] [stderr]    Compiling oid-registry v0.4.0
[INFO] [stderr]    Compiling async-trait v0.1.64
[INFO] [stderr]    Compiling ppv-lite86 v0.2.17
[INFO] [stderr]    Compiling serde v1.0.152
[INFO] [stderr]    Compiling polyval v0.6.0
[INFO] [stderr]    Compiling rand_chacha v0.3.1
[INFO] [stderr]    Compiling parking_lot v0.12.1
[INFO] [stderr]    Compiling mio v0.8.5
[INFO] [stderr]    Compiling sha2 v0.10.6
[INFO] [stderr]    Compiling num_cpus v1.15.0
[INFO] [stderr]    Compiling synstructure v0.12.6
[INFO] [stderr]    Compiling signal-hook-registry v1.4.1
[INFO] [stderr]    Compiling socket2 v0.4.7
[INFO] [stderr]    Compiling webrtc-util v0.7.0
[INFO] [stderr]    Compiling bytes v1.4.0
[INFO] [stderr]    Compiling pin-project-lite v0.2.9
[INFO] [stderr]    Compiling nix v0.24.3
[INFO] [stderr]    Compiling rand v0.8.5
[INFO] [stderr]    Compiling rand_core v0.5.1
[INFO] [stderr]    Compiling ghash v0.5.0
[INFO] [stderr]    Compiling sct v0.6.1
[INFO] [stderr]    Compiling webpki v0.21.4
[INFO] [stderr]    Compiling aes v0.8.2
[INFO] [stderr]    Compiling ctr v0.9.2
[INFO] [stderr]    Compiling pem v1.1.1
[INFO] [stderr]    Compiling yasna v0.5.1
[INFO] [stderr]    Compiling aes-soft v0.6.4
[INFO] [stderr]    Compiling aead v0.5.1
[INFO] [stderr]    Compiling aead v0.3.2
[INFO] [stderr]    Compiling digest v0.9.0
[INFO] [stderr]    Compiling byteorder v1.4.3
[INFO] [stderr]    Compiling block-padding v0.2.1
[INFO] [stderr]    Compiling data-encoding v2.3.3
[INFO] [stderr]    Compiling ipnet v2.7.1
[INFO] [stderr]    Compiling rcgen v0.10.0
[INFO] [stderr]    Compiling block-modes v0.7.0
[INFO] [stderr]    Compiling ccm v0.3.0
[INFO] [stderr]    Compiling aes v0.6.0
[INFO] [stderr]    Compiling aes-gcm v0.10.1
[INFO] [stderr]    Compiling rustls v0.19.1
[INFO] [stderr]    Compiling sha1 v0.10.5
[INFO] [stderr]    Compiling zeroize_derive v1.3.3
[INFO] [stderr]    Compiling thiserror-impl v1.0.38
[INFO] [stderr]    Compiling asn1-rs-impl v0.1.0
[INFO] [stderr]    Compiling displaydoc v0.2.3
[INFO] [stderr]    Compiling asn1-rs-derive v0.1.0
[INFO] [stderr]    Compiling tokio-macros v1.8.2
[INFO] [stderr]    Compiling asn1-rs-derive v0.4.0
[INFO] [stderr]    Compiling zeroize v1.5.7
[INFO] [stderr]    Compiling der v0.6.1
[INFO] [stderr]    Compiling crypto-bigint v0.4.9
[INFO] [stderr]    Compiling asn1-rs v0.3.1
[INFO] [stderr]    Compiling spki v0.6.0
[INFO] [stderr]    Compiling rfc6979 v0.3.1
[INFO] [stderr]    Compiling pkcs8 v0.9.0
[INFO] [stderr]    Compiling asn1-rs v0.5.1
[INFO] [stderr]    Compiling sec1 v0.3.0
[INFO] [stderr]    Compiling curve25519-dalek v3.2.0
[INFO] [stderr]    Compiling elliptic-curve v0.12.3
[INFO] [stderr]    Compiling ecdsa v0.14.8
[INFO] [stderr]    Compiling der-parser v7.0.0
[INFO] [stderr]    Compiling der-parser v8.1.0
[INFO] [stderr]    Compiling p384 v0.11.2
[INFO] [stderr]    Compiling x509-parser v0.13.2
[INFO] [stderr]    Compiling p256 v0.11.1
[INFO] [stderr]    Compiling x25519-dalek v2.0.0-rc.2
[INFO] [stderr]    Compiling bincode v1.3.3
[INFO] [stderr]    Compiling webrtc-dtls v0.7.2 (/opt/rustwide/workdir)
[INFO] [stderr]     Finished dev [unoptimized + debuginfo] target(s) in 1m 28s
[INFO] running `Command { std: "docker" "inspect" "4ece06d82930246420d95c0adc82caef372a9b24a5d003435fcd03ff9ee009ef", kill_on_drop: false }`
[INFO] running `Command { std: "docker" "rm" "-f" "4ece06d82930246420d95c0adc82caef372a9b24a5d003435fcd03ff9ee009ef", kill_on_drop: false }`
[INFO] [stdout] 4ece06d82930246420d95c0adc82caef372a9b24a5d003435fcd03ff9ee009ef
[INFO] running `Command { std: "docker" "create" "-v" "/var/lib/crater-agent-workspace/builds/worker-1-tc1/target:/opt/rustwide/target:rw,Z" "-v" "/var/lib/crater-agent-workspace/builds/worker-1-tc1/source:/opt/rustwide/workdir:ro,Z" "-v" "/var/lib/crater-agent-workspace/cargo-home:/opt/rustwide/cargo-home:ro,Z" "-v" "/var/lib/crater-agent-workspace/rustup-home:/opt/rustwide/rustup-home:ro,Z" "-e" "SOURCE_DIR=/opt/rustwide/workdir" "-e" "CARGO_TARGET_DIR=/opt/rustwide/target" "-e" "CARGO_INCREMENTAL=0" "-e" "RUST_BACKTRACE=full" "-e" "RUSTFLAGS=--cap-lints=warn" "-e" "RUSTDOCFLAGS=--cap-lints=warn" "-e" "CARGO_HOME=/opt/rustwide/cargo-home" "-e" "RUSTUP_HOME=/opt/rustwide/rustup-home" "-w" "/opt/rustwide/workdir" "-m" "1610612736" "--user" "0:0" "--network" "none" "ghcr.io/rust-lang/crates-build-env/linux@sha256:5ff2268d62e97bff2cde7d5815dd6ed5b47097566f13b8d0ca110b04b60e07ed" "/opt/rustwide/cargo-home/bin/cargo" "+1.69.0" "test" "--frozen" "--no-run" "--message-format=json", kill_on_drop: false }`
[INFO] [stdout] 2033f421c4faca47ee1d72118416f13db71fec6c13bc60d6f4854ed68be2a540
[INFO] running `Command { std: "docker" "start" "-a" "2033f421c4faca47ee1d72118416f13db71fec6c13bc60d6f4854ed68be2a540", kill_on_drop: false }`
[INFO] [stderr]    Compiling futures-core v0.3.26
[INFO] [stderr]    Compiling indexmap v1.9.2
[INFO] [stderr]    Compiling async-stream-impl v0.3.3
[INFO] [stderr]    Compiling aho-corasick v0.7.20
[INFO] [stderr]    Compiling atty v0.2.14
[INFO] [stderr]    Compiling regex-syntax v0.6.28
[INFO] [stderr]    Compiling os_str_bytes v6.4.1
[INFO] [stderr]    Compiling hashbrown v0.12.3
[INFO] [stderr]    Compiling termcolor v1.2.0
[INFO] [stderr]    Compiling clap_lex v0.2.4
[INFO] [stderr]    Compiling time v0.1.45
[INFO] [stderr]    Compiling tokio-stream v0.1.11
[INFO] [stderr]    Compiling iana-time-zone v0.1.53
[INFO] [stderr]    Compiling textwrap v0.16.0
[INFO] [stderr]    Compiling async-stream v0.3.3
[INFO] [stderr]    Compiling humantime v2.1.0
[INFO] [stderr]    Compiling chrono v0.4.23
[INFO] [stderr]    Compiling tokio-test v0.4.2
[INFO] [stderr]    Compiling clap v3.2.23
[INFO] [stderr]    Compiling regex v1.7.1
[INFO] [stderr]    Compiling env_logger v0.9.3
[INFO] [stderr]    Compiling webrtc-dtls v0.7.2 (/opt/rustwide/workdir)
[INFO] [stdout] error[E0433]: failed to resolve: use of undeclared crate or module `hub`
[INFO] [stdout]   --> examples/listen/selfsign/listen_selfsign.rs:71:22
[INFO] [stdout]    |
[INFO] [stdout] 71 |     let h = Arc::new(hub::Hub::new());
[INFO] [stdout]    |                      ^^^ use of undeclared crate or module `hub`
[INFO] [stdout] 
[INFO] [stdout] 
[INFO] [stdout] error[E0433]: failed to resolve: use of undeclared crate or module `hub`
[INFO] [stdout]   --> examples/listen/verify/listen_verify.rs:58:23
[INFO] [stdout]    |
[INFO] [stdout] 58 |     let certificate = hub::utilities::load_key_and_certificate(
[INFO] [stdout]    |                       ^^^ use of undeclared crate or module `hub`
[INFO] [stdout] 
[INFO] [stdout] 
[INFO] [stdout] error[E0433]: failed to resolve: use of undeclared crate or module `hub`
[INFO] [stdout]   --> examples/listen/verify/listen_verify.rs:83:22
[INFO] [stdout]    |
[INFO] [stdout] 83 |     let h = Arc::new(hub::Hub::new());
[INFO] [stdout]    |                      ^^^ use of undeclared crate or module `hub`
[INFO] [stdout] 
[INFO] [stdout] 
[INFO] [stdout] error[E0599]: no method named `register` found for struct `Arc<_>` in the current scope
[INFO] [stdout]   --> examples/listen/selfsign/listen_selfsign.rs:78:16
[INFO] [stdout]    |
[INFO] [stdout] 78 |             h2.register(dtls_conn).await;
[INFO] [stdout]    |                ^^^^^^^^ method not found in `Arc<_>`
[INFO] [stdout] 
[INFO] [stdout] 
[INFO] [stdout] error[E0433]: failed to resolve: use of undeclared crate or module `hub`
[INFO] [stdout]   --> examples/dial/psk/dial_psk.rs:76:13
[INFO] [stdout]    |
[INFO] [stdout] 76 |     let _ = hub::utilities::chat(Arc::clone(&dtls_conn)).await;
[INFO] [stdout]    |             ^^^ use of undeclared crate or module `hub`
[INFO] [stdout] 
[INFO] [stdout] 
[INFO] [stdout] error[E0433]: failed to resolve: use of undeclared crate or module `hub`
[INFO] [stdout]   --> examples/dial/verify/dial_verify.rs:62:23
[INFO] [stdout]    |
[INFO] [stdout] 62 |     let certificate = hub::utilities::load_key_and_certificate(
[INFO] [stdout]    |                       ^^^ use of undeclared crate or module `hub`
[INFO] [stdout] 
[INFO] [stdout] 
[INFO] [stderr] error: could not compile `webrtc-dtls` due to 3 previous errors
[INFO] [stdout] error: aborting due to 2 previous errors
[INFO] [stdout] 
[INFO] [stdout] 
[INFO] [stderr] warning: build failed, waiting for other jobs to finish...
[INFO] [stdout] Some errors have detailed explanations: E0433, E0599.
[INFO] [stdout] 
[INFO] [stdout] For more information about an error, try `rustc --explain E0433`.
[INFO] [stdout] 
[INFO] [stdout] error[E0433]: failed to resolve: use of undeclared crate or module `hub`
[INFO] [stdout]   --> examples/dial/verify/dial_verify.rs:85:13
[INFO] [stdout]    |
[INFO] [stdout] 85 |     let _ = hub::utilities::chat(Arc::clone(&dtls_conn)).await;
[INFO] [stdout]    |             ^^^ use of undeclared crate or module `hub`
[INFO] [stdout] 
[INFO] [stdout] 
[INFO] [stdout] error: aborting due to 2 previous errors
[INFO] [stdout] 
[INFO] [stdout] 
[INFO] [stdout] For more information about this error, try `rustc --explain E0433`.
[INFO] [stdout] 
[INFO] [stderr] error: could not compile `webrtc-dtls` due to 3 previous errors
[INFO] [stdout] error[E0599]: no method named `register` found for struct `Arc<_>` in the current scope
[INFO] [stdout]    --> examples/listen/verify/listen_verify.rs:100:32
[INFO] [stdout]     |
[INFO] [stdout] 100 | ...                   h2.register(dtls_conn).await;
[INFO] [stdout]     |                          ^^^^^^^^ method not found in `Arc<_>`
[INFO] [stdout] 
[INFO] [stdout] 
[INFO] [stdout] error: aborting due to previous error
[INFO] [stdout] 
[INFO] [stdout] 
[INFO] [stdout] For more information about this error, try `rustc --explain E0433`.
[INFO] [stdout] 
[INFO] [stderr] error: could not compile `webrtc-dtls` due to 2 previous errors
[INFO] [stdout] error[E0433]: failed to resolve: use of undeclared crate or module `hub`
[INFO] [stdout]   --> examples/listen/psk/listen_psk.rs:74:22
[INFO] [stdout]    |
[INFO] [stdout] 74 |     let h = Arc::new(hub::Hub::new());
[INFO] [stdout]    |                      ^^^ use of undeclared crate or module `hub`
[INFO] [stdout] 
[INFO] [stdout] 
[INFO] [stdout] error: aborting due to 3 previous errors
[INFO] [stdout] 
[INFO] [stdout] 
[INFO] [stdout] Some errors have detailed explanations: E0433, E0599.
[INFO] [stdout] 
[INFO] [stdout] For more information about an error, try `rustc --explain E0433`.
[INFO] [stdout] 
[INFO] [stderr] error: could not compile `webrtc-dtls` due to 4 previous errors
[INFO] [stdout] error[E0433]: failed to resolve: use of undeclared crate or module `hub`
[INFO] [stdout]   --> examples/dial/selfsign/dial_selfsign.rs:74:13
[INFO] [stdout]    |
[INFO] [stdout] 74 |     let _ = hub::utilities::chat(Arc::clone(&dtls_conn)).await;
[INFO] [stdout]    |             ^^^ use of undeclared crate or module `hub`
[INFO] [stdout] 
[INFO] [stdout] 
[INFO] [stdout] error: aborting due to previous error
[INFO] [stdout] 
[INFO] [stdout] 
[INFO] [stdout] For more information about this error, try `rustc --explain E0433`.
[INFO] [stdout] 
[INFO] [stderr] error: could not compile `webrtc-dtls` due to 2 previous errors
[INFO] [stdout] error[E0599]: no method named `register` found for struct `Arc<_>` in the current scope
[INFO] [stdout]   --> examples/listen/psk/listen_psk.rs:81:16
[INFO] [stdout]    |
[INFO] [stdout] 81 |             h2.register(dtls_conn).await;
[INFO] [stdout]    |                ^^^^^^^^ method not found in `Arc<_>`
[INFO] [stdout] 
[INFO] [stdout] 
[INFO] [stdout] error: aborting due to 2 previous errors
[INFO] [stdout] 
[INFO] [stdout] 
[INFO] [stdout] Some errors have detailed explanations: E0433, E0599.
[INFO] [stdout] 
[INFO] [stdout] For more information about an error, try `rustc --explain E0433`.
[INFO] [stdout] 
[INFO] [stderr] error: could not compile `webrtc-dtls` due to 3 previous errors
[INFO] running `Command { std: "docker" "inspect" "2033f421c4faca47ee1d72118416f13db71fec6c13bc60d6f4854ed68be2a540", kill_on_drop: false }`
[INFO] running `Command { std: "docker" "rm" "-f" "2033f421c4faca47ee1d72118416f13db71fec6c13bc60d6f4854ed68be2a540", kill_on_drop: false }`
[INFO] [stdout] 2033f421c4faca47ee1d72118416f13db71fec6c13bc60d6f4854ed68be2a540
