[INFO] fetching crate webrtc-connection 0.2.0...
[INFO] testing webrtc-connection-0.2.0 against 1.69.0 for beta-1.70-1
[INFO] extracting crate webrtc-connection 0.2.0 into /workspace/builds/worker-1-tc1/source
[INFO] validating manifest of crates.io crate webrtc-connection 0.2.0 on toolchain 1.69.0
[INFO] running `Command { std: CARGO_HOME="/workspace/cargo-home" RUSTUP_HOME="/workspace/rustup-home" "/workspace/cargo-home/bin/cargo" "+1.69.0" "metadata" "--manifest-path" "Cargo.toml" "--no-deps", kill_on_drop: false }`
[INFO] started tweaking crates.io crate webrtc-connection 0.2.0
[INFO] finished tweaking crates.io crate webrtc-connection 0.2.0
[INFO] tweaked toml for crates.io crate webrtc-connection 0.2.0 written to /workspace/builds/worker-1-tc1/source/Cargo.toml
[INFO] crate crates.io crate webrtc-connection 0.2.0 already has a lockfile, it will not be regenerated
[INFO] running `Command { std: CARGO_HOME="/workspace/cargo-home" RUSTUP_HOME="/workspace/rustup-home" "/workspace/cargo-home/bin/cargo" "+1.69.0" "fetch" "--manifest-path" "Cargo.toml", kill_on_drop: false }`
[INFO] [stderr]  Downloading crates ...
[INFO] [stderr]   Downloaded oid-registry v0.2.0
[INFO] [stderr]   Downloaded yasna v0.4.0
[INFO] [stderr]   Downloaded rusticata-macros v4.0.0
[INFO] [stderr]   Downloaded rcgen v0.8.14
[INFO] [stderr]   Downloaded group v0.8.0
[INFO] [stderr]   Downloaded x509-parser v0.12.0
[INFO] [stderr]   Downloaded der v0.1.0
[INFO] [stderr]   Downloaded rtcp v0.6.2
[INFO] [stderr]   Downloaded cs-utils v0.14.0
[INFO] [stderr]   Downloaded connection-utils v0.2.0
[INFO] [stderr]   Downloaded anyhow v1.0.54
[INFO] [stderr]   Downloaded der-oid-macro v0.5.0
[INFO] [stderr]   Downloaded ff v0.8.0
[INFO] [stderr]   Downloaded pkcs8 v0.3.3
[INFO] [stderr]   Downloaded der-oid-macro v0.4.0
[INFO] [stderr]   Downloaded der-parser v6.0.0
[INFO] [stderr]   Downloaded cs-trace v0.12.0
[INFO] [stderr]   Downloaded oid-registry v0.1.5
[INFO] [stderr]   Downloaded const-oid v0.4.5
[INFO] [stderr]   Downloaded rusticata-macros v3.2.0
[INFO] [stderr]   Downloaded pem v1.0.1
[INFO] [stderr]   Downloaded ecdsa v0.10.2
[INFO] [stderr]   Downloaded signature v1.2.2
[INFO] [stderr]   Downloaded zeroize_derive v1.2.2
[INFO] [stderr]   Downloaded elliptic-curve v0.8.5
[INFO] [stderr]   Downloaded p256 v0.7.3
[INFO] [stderr]   Downloaded webrtc-data v0.3.2
[INFO] [stderr]   Downloaded der-parser v5.1.2
[INFO] [stderr]   Downloaded x509-parser v0.9.2
[INFO] [stderr]   Downloaded stun v0.4.1
[INFO] [stderr]   Downloaded webrtc-util v0.5.2
[INFO] [stderr]   Downloaded nom v7.1.0
[INFO] [stderr]   Downloaded webrtc-sctp v0.4.2
[INFO] [stderr]   Downloaded bitvec v0.18.5
[INFO] [stderr]   Downloaded rstest v0.12.0
[INFO] [stderr]   Downloaded webrtc-dtls v0.5.1
[INFO] [stderr]   Downloaded webrtc v0.3.1
[INFO] [stderr]   Downloaded rtp v0.6.2
[INFO] [stderr]   Downloaded webrtc-srtp v0.8.5
[INFO] [stderr]   Downloaded webrtc-mdns v0.4.1
[INFO] [stderr]   Downloaded interceptor v0.7.2
[INFO] [stderr]   Downloaded sdp v0.4.0
[INFO] [stderr]   Downloaded webrtc-media v0.4.2
[INFO] [stderr]   Downloaded webrtc-ice v0.6.2
[INFO] [stderr]   Downloaded turn v0.5.2
[INFO] running `Command { std: "docker" "create" "-v" "/var/lib/crater-agent-workspace/builds/worker-1-tc1/target:/opt/rustwide/target:rw,Z" "-v" "/var/lib/crater-agent-workspace/builds/worker-1-tc1/source:/opt/rustwide/workdir:ro,Z" "-v" "/var/lib/crater-agent-workspace/cargo-home:/opt/rustwide/cargo-home:ro,Z" "-v" "/var/lib/crater-agent-workspace/rustup-home:/opt/rustwide/rustup-home:ro,Z" "-e" "SOURCE_DIR=/opt/rustwide/workdir" "-e" "CARGO_TARGET_DIR=/opt/rustwide/target" "-e" "CARGO_HOME=/opt/rustwide/cargo-home" "-e" "RUSTUP_HOME=/opt/rustwide/rustup-home" "-w" "/opt/rustwide/workdir" "-m" "1610612736" "--user" "0:0" "--network" "none" "ghcr.io/rust-lang/crates-build-env/linux@sha256:5ff2268d62e97bff2cde7d5815dd6ed5b47097566f13b8d0ca110b04b60e07ed" "/opt/rustwide/cargo-home/bin/cargo" "+1.69.0" "metadata" "--no-deps" "--format-version=1", kill_on_drop: false }`
[INFO] [stdout] 495c76628f64a098b1603a87dea7d23fc36f444757fdcde23ea2bbb36a1a0c8c
[INFO] running `Command { std: "docker" "start" "-a" "495c76628f64a098b1603a87dea7d23fc36f444757fdcde23ea2bbb36a1a0c8c", kill_on_drop: false }`
[INFO] running `Command { std: "docker" "inspect" "495c76628f64a098b1603a87dea7d23fc36f444757fdcde23ea2bbb36a1a0c8c", kill_on_drop: false }`
[INFO] running `Command { std: "docker" "rm" "-f" "495c76628f64a098b1603a87dea7d23fc36f444757fdcde23ea2bbb36a1a0c8c", kill_on_drop: false }`
[INFO] [stdout] 495c76628f64a098b1603a87dea7d23fc36f444757fdcde23ea2bbb36a1a0c8c
[INFO] running `Command { std: "docker" "create" "-v" "/var/lib/crater-agent-workspace/builds/worker-1-tc1/target:/opt/rustwide/target:rw,Z" "-v" "/var/lib/crater-agent-workspace/builds/worker-1-tc1/source:/opt/rustwide/workdir:ro,Z" "-v" "/var/lib/crater-agent-workspace/cargo-home:/opt/rustwide/cargo-home:ro,Z" "-v" "/var/lib/crater-agent-workspace/rustup-home:/opt/rustwide/rustup-home:ro,Z" "-e" "SOURCE_DIR=/opt/rustwide/workdir" "-e" "CARGO_TARGET_DIR=/opt/rustwide/target" "-e" "CARGO_INCREMENTAL=0" "-e" "RUST_BACKTRACE=full" "-e" "RUSTFLAGS=--cap-lints=warn" "-e" "RUSTDOCFLAGS=--cap-lints=warn" "-e" "CARGO_HOME=/opt/rustwide/cargo-home" "-e" "RUSTUP_HOME=/opt/rustwide/rustup-home" "-w" "/opt/rustwide/workdir" "-m" "1610612736" "--user" "0:0" "--network" "none" "ghcr.io/rust-lang/crates-build-env/linux@sha256:5ff2268d62e97bff2cde7d5815dd6ed5b47097566f13b8d0ca110b04b60e07ed" "/opt/rustwide/cargo-home/bin/cargo" "+1.69.0" "build" "--frozen" "--message-format=json", kill_on_drop: false }`
[INFO] [stdout] 5dbe97dae08105a73b58c48256a7e60a9f0875b95fa8afc0dd2adef4d8953dda
[INFO] running `Command { std: "docker" "start" "-a" "5dbe97dae08105a73b58c48256a7e60a9f0875b95fa8afc0dd2adef4d8953dda", kill_on_drop: false }`
[INFO] [stderr]    Compiling proc-macro2 v1.0.32
[INFO] [stderr]    Compiling unicode-xid v0.2.2
[INFO] [stderr]    Compiling syn v1.0.82
[INFO] [stderr]    Compiling cfg-if v1.0.0
[INFO] [stderr]    Compiling version_check v0.9.3
[INFO] [stderr]    Compiling libc v0.2.108
[INFO] [stderr]    Compiling autocfg v1.0.1
[INFO] [stderr]    Compiling typenum v1.14.0
[INFO] [stderr]    Compiling memchr v2.4.1
[INFO] [stderr]    Compiling once_cell v1.8.0
[INFO] [stderr]    Compiling generic-array v0.14.4
[INFO] [stderr]    Compiling subtle v2.4.1
[INFO] [stderr]    Compiling log v0.4.14
[INFO] [stderr]    Compiling cc v1.0.72
[INFO] [stderr]    Compiling pin-project-lite v0.2.7
[INFO] [stderr]    Compiling smallvec v1.7.0
[INFO] [stderr]    Compiling bitflags v1.3.2
[INFO] [stderr]    Compiling quote v1.0.10
[INFO] [stderr]    Compiling parking_lot_core v0.8.5
[INFO] [stderr]    Compiling instant v0.1.12
[INFO] [stderr]    Compiling scopeguard v1.1.0
[INFO] [stderr]    Compiling opaque-debug v0.3.0
[INFO] [stderr]    Compiling tokio v1.14.0
[INFO] [stderr]    Compiling ppv-lite86 v0.2.15
[INFO] [stderr]    Compiling lock_api v0.4.5
[INFO] [stderr]    Compiling bytes v1.1.0
[INFO] [stderr]    Compiling memoffset v0.6.4
[INFO] [stderr]    Compiling num-traits v0.2.14
[INFO] [stderr]    Compiling getrandom v0.2.3
[INFO] [stderr]    Compiling digest v0.9.0
[INFO] [stderr]    Compiling mio v0.7.14
[INFO] [stderr]    Compiling rand_core v0.6.3
[INFO] [stderr]    Compiling signal-hook-registry v1.4.0
[INFO] [stderr]    Compiling parking_lot v0.11.2
[INFO] [stderr]    Compiling num_cpus v1.13.0
[INFO] [stderr]    Compiling async-trait v0.1.52
[INFO] [stderr]    Compiling rand_chacha v0.3.1
[INFO] [stderr]    Compiling rand v0.8.4
[INFO] [stderr]    Compiling num-integer v0.1.44
[INFO] [stderr]    Compiling webrtc-util v0.5.2
[INFO] [stderr]    Compiling wyz v0.2.0
[INFO] [stderr]    Compiling funty v1.1.0
[INFO] [stderr]    Compiling nix v0.23.0
[INFO] [stderr]    Compiling ipnet v2.3.1
[INFO] [stderr]    Compiling num-bigint v0.4.3
[INFO] [stderr]    Compiling ryu v1.0.6
[INFO] [stderr]    Compiling getrandom v0.1.16
[INFO] [stderr]    Compiling ring v0.16.20
[INFO] [stderr]    Compiling arrayvec v0.5.2
[INFO] [stderr]    Compiling block-buffer v0.9.0
[INFO] [stderr]    Compiling untrusted v0.7.1
[INFO] [stderr]    Compiling radium v0.5.3
[INFO] [stderr]    Compiling spin v0.5.2
[INFO] [stderr]    Compiling cpufeatures v0.2.1
[INFO] [stderr]    Compiling rand_core v0.5.1
[INFO] [stderr]    Compiling universal-hash v0.4.1
[INFO] [stderr]    Compiling lexical-core v0.7.6
[INFO] [stderr]    Compiling base64 v0.13.0
[INFO] [stderr]    Compiling nom v7.1.0
[INFO] [stderr]    Compiling nom v6.1.2
[INFO] [stderr]    Compiling fnv v1.0.7
[INFO] [stderr]    Compiling tinyvec_macros v0.1.0
[INFO] [stderr]    Compiling regex-syntax v0.6.25
[INFO] [stderr]    Compiling static_assertions v1.1.0
[INFO] [stderr]    Compiling tap v1.0.1
[INFO] [stderr]    Compiling ident_case v1.0.1
[INFO] [stderr]    Compiling strsim v0.10.0
[INFO] [stderr]    Compiling bitvec v0.19.6
[INFO] [stderr]    Compiling synstructure v0.12.6
[INFO] [stderr]    Compiling darling_core v0.12.4
[INFO] [stderr]    Compiling tinyvec v1.5.1
[INFO] [stderr]    Compiling cipher v0.2.5
[INFO] [stderr]    Compiling minimal-lexical v0.2.1
[INFO] [stderr]    Compiling futures-core v0.3.18
[INFO] [stderr]    Compiling serde_derive v1.0.130
[INFO] [stderr]    Compiling radium v0.3.0
[INFO] [stderr]    Compiling matches v0.1.9
[INFO] [stderr]    Compiling bitvec v0.18.5
[INFO] [stderr]    Compiling unicode-normalization v0.1.19
[INFO] [stderr]    Compiling time v0.1.44
[INFO] [stderr]    Compiling thiserror-impl v1.0.30
[INFO] [stderr]    Compiling tokio-macros v1.6.0
[INFO] [stderr]    Compiling zeroize_derive v1.2.2
[INFO] [stderr]    Compiling darling_macro v0.12.4
[INFO] [stderr]    Compiling zeroize v1.3.0
[INFO] [stderr]    Compiling aho-corasick v0.7.18
[INFO] [stderr]    Compiling crc-catalog v1.1.1
[INFO] [stderr]    Compiling byteorder v1.4.3
[INFO] [stderr]    Compiling serde v1.0.130
[INFO] [stderr]    Compiling percent-encoding v2.1.0
[INFO] [stderr]    Compiling const-oid v0.4.5
[INFO] [stderr]    Compiling unicode-bidi v0.3.7
[INFO] [stderr]    Compiling form_urlencoded v1.0.1
[INFO] [stderr]    Compiling crc v2.1.0
[INFO] [stderr]    Compiling thiserror v1.0.30
[INFO] [stderr]    Compiling regex v1.5.4
[INFO] [stderr]    Compiling der v0.1.0
[INFO] [stderr]    Compiling darling v0.12.4
[INFO] [stderr]    Compiling rusticata-macros v4.0.0
[INFO] [stderr]    Compiling idna v0.2.3
[INFO] [stderr]    Compiling ff v0.8.0
[INFO] [stderr]    Compiling der-oid-macro v0.5.0
[INFO] [stderr]    Compiling chrono v0.4.19
[INFO] [stderr]    Compiling cipher v0.3.0
[INFO] [stderr]    Compiling futures-channel v0.3.18
[INFO] [stderr]    Compiling futures-sink v0.3.18
[INFO] [stderr]    Compiling oid-registry v0.2.0
[INFO] [stderr]    Compiling futures-task v0.3.18
[INFO] [stderr]    Compiling der-parser v6.0.0
[INFO] [stderr]    Compiling url v2.2.2
[INFO] [stderr]    Compiling pkcs8 v0.3.3
[INFO] [stderr]    Compiling group v0.8.0
[INFO] [stderr]    Compiling derive_builder_core v0.10.2
[INFO] [stderr]    Compiling der-oid-macro v0.4.0
[INFO] [stderr]    Compiling rusticata-macros v3.2.0
[INFO] [stderr]    Compiling polyval v0.5.3
[INFO] [stderr]    Compiling crypto-mac v0.10.1
[INFO] [stderr]    Compiling oid-registry v0.1.5
[INFO] [stderr]    Compiling rustversion v1.0.5
[INFO] [stderr]    Compiling futures-util v0.3.18
[INFO] [stderr]    Compiling data-encoding v2.3.2
[INFO] [stderr]    Compiling cpuid-bool v0.2.0
[INFO] [stderr]    Compiling polyval v0.4.5
[INFO] [stderr]    Compiling derive_builder_macro v0.10.2
[INFO] [stderr]    Compiling ghash v0.4.4
[INFO] [stderr]    Compiling hmac v0.10.1
[INFO] [stderr]    Compiling der-parser v5.1.2
[INFO] [stderr]    Compiling elliptic-curve v0.8.5
[INFO] [stderr]    Compiling ctr v0.8.0
[INFO] [stderr]    Compiling aes v0.7.5
[INFO] [stderr]    Compiling futures-macro v0.3.18
[INFO] [stderr]    Compiling aes-soft v0.6.4
[INFO] [stderr]    Compiling signature v1.2.2
[INFO] [stderr]    Compiling sha-1 v0.9.8
[INFO] [stderr]    Compiling md-5 v0.9.1
[INFO] [stderr]    Compiling aead v0.4.3
[INFO] [stderr]    Compiling crypto-mac v0.11.1
[INFO] [stderr]    Compiling aead v0.3.2
[INFO] [stderr]    Compiling tracing-core v0.1.22
[INFO] [stderr]    Compiling substring v1.4.5
[INFO] [stderr]    Compiling serde_json v1.0.72
[INFO] [stderr]    Compiling slab v0.4.5
[INFO] [stderr]    Compiling futures-io v0.3.18
[INFO] [stderr]    Compiling atomic-waker v1.0.0
[INFO] [stderr]    Compiling rtp v0.6.2
[INFO] [stderr]    Compiling pin-utils v0.1.0
[INFO] [stderr]    Compiling stun v0.4.1
[INFO] [stderr]    Compiling rtcp v0.6.2
[INFO] [stderr]    Compiling waitgroup v0.1.2
[INFO] [stderr]    Compiling aes-gcm v0.9.4
[INFO] [stderr]    Compiling hmac v0.11.0
[INFO] [stderr]    Compiling aes v0.6.0
[INFO] [stderr]    Compiling ecdsa v0.10.2
[INFO] [stderr]    Compiling derive_builder v0.10.2
[INFO] [stderr]    Compiling x509-parser v0.12.0
[INFO] [stderr]    Compiling ghash v0.3.1
[INFO] [stderr]    Compiling yasna v0.4.0
[INFO] [stderr]    Compiling pem v1.0.1
[INFO] [stderr]    Compiling curve25519-dalek v3.2.0
[INFO] [stderr]    Compiling tracing-attributes v0.1.18
[INFO] [stderr]    Compiling ctr v0.6.0
[INFO] [stderr]    Compiling sct v0.6.1
[INFO] [stderr]    Compiling webpki v0.21.4
[INFO] [stderr]    Compiling regex-automata v0.1.10
[INFO] [stderr]    Compiling sha2 v0.9.8
[INFO] [stderr]    Compiling socket2 v0.4.2
[INFO] [stderr]    Compiling vte_generate_state_changes v0.1.1
[INFO] [stderr]    Compiling itoa v0.4.8
[INFO] [stderr]    Compiling anyhow v1.0.54
[INFO] [stderr]    Compiling block-padding v0.2.1
[INFO] [stderr]    Compiling utf8parse v0.2.0
[INFO] [stderr]    Compiling block-modes v0.7.0
[INFO] [stderr]    Compiling matchers v0.1.0
[INFO] [stderr]    Compiling vte v0.10.1
[INFO] [stderr]    Compiling webrtc-mdns v0.4.1
[INFO] [stderr]    Compiling p256 v0.7.3
[INFO] [stderr]    Compiling bincode v1.3.3
[INFO] [stderr]    Compiling tracing v0.1.29
[INFO] [stderr]    Compiling x25519-dalek v1.2.0
[INFO] [stderr]    Compiling futures-executor v0.3.18
[INFO] [stderr]    Compiling rustls v0.19.1
[INFO] [stderr]    Compiling aes-gcm v0.8.0
[INFO] [stderr]    Compiling x509-parser v0.9.2
[INFO] [stderr]    Compiling rcgen v0.8.14
[INFO] [stderr]    Compiling webrtc-srtp v0.8.5
[INFO] [stderr]    Compiling turn v0.5.2
[INFO] [stderr]    Compiling webrtc-sctp v0.4.2
[INFO] [stderr]    Compiling tracing-log v0.1.2
[INFO] [stderr]    Compiling ccm v0.3.0
[INFO] [stderr]    Compiling displaydoc v0.2.3
[INFO] [stderr]    Compiling uuid v0.8.2
[INFO] [stderr]    Compiling sharded-slab v0.1.4
[INFO] [stderr]    Compiling thread_local v1.1.4
[INFO] [stderr]    Compiling ansi_term v0.12.1
[INFO] [stderr]    Compiling webrtc-ice v0.6.2
[INFO] [stderr]    Compiling webrtc-data v0.3.2
[INFO] [stderr]    Compiling webrtc-dtls v0.5.1
[INFO] [stderr]    Compiling webrtc-media v0.4.2
[INFO] [stderr]    Compiling tracing-subscriber v0.3.9
[INFO] [stderr]    Compiling interceptor v0.7.2
[INFO] [stderr]    Compiling sdp v0.4.0
[INFO] [stderr]    Compiling strip-ansi-escapes v0.1.1
[INFO] [stderr]    Compiling futures v0.3.18
[INFO] [stderr]    Compiling tokio-util v0.6.9
[INFO] [stderr]    Compiling hex v0.4.3
[INFO] [stderr]    Compiling cs-utils v0.14.0
[INFO] [stderr]    Compiling cs-trace v0.12.0
[INFO] [stderr]    Compiling connection-utils v0.2.0
[INFO] [stderr]    Compiling webrtc v0.3.1
[INFO] [stderr]    Compiling webrtc-connection v0.2.0 (/opt/rustwide/workdir)
[INFO] [stderr]     Finished dev [unoptimized + debuginfo] target(s) in 43.38s
[INFO] [stderr] warning: the following packages contain code that will be rejected by a future version of Rust: nom v6.1.2
[INFO] [stderr] note: to see what the problems were, use the option `--future-incompat-report`, or run `cargo report future-incompatibilities --id 1`
[INFO] running `Command { std: "docker" "inspect" "5dbe97dae08105a73b58c48256a7e60a9f0875b95fa8afc0dd2adef4d8953dda", kill_on_drop: false }`
[INFO] running `Command { std: "docker" "rm" "-f" "5dbe97dae08105a73b58c48256a7e60a9f0875b95fa8afc0dd2adef4d8953dda", kill_on_drop: false }`
[INFO] [stdout] 5dbe97dae08105a73b58c48256a7e60a9f0875b95fa8afc0dd2adef4d8953dda
[INFO] running `Command { std: "docker" "create" "-v" "/var/lib/crater-agent-workspace/builds/worker-1-tc1/target:/opt/rustwide/target:rw,Z" "-v" "/var/lib/crater-agent-workspace/builds/worker-1-tc1/source:/opt/rustwide/workdir:ro,Z" "-v" "/var/lib/crater-agent-workspace/cargo-home:/opt/rustwide/cargo-home:ro,Z" "-v" "/var/lib/crater-agent-workspace/rustup-home:/opt/rustwide/rustup-home:ro,Z" "-e" "SOURCE_DIR=/opt/rustwide/workdir" "-e" "CARGO_TARGET_DIR=/opt/rustwide/target" "-e" "CARGO_INCREMENTAL=0" "-e" "RUST_BACKTRACE=full" "-e" "RUSTFLAGS=--cap-lints=warn" "-e" "RUSTDOCFLAGS=--cap-lints=warn" "-e" "CARGO_HOME=/opt/rustwide/cargo-home" "-e" "RUSTUP_HOME=/opt/rustwide/rustup-home" "-w" "/opt/rustwide/workdir" "-m" "1610612736" "--user" "0:0" "--network" "none" "ghcr.io/rust-lang/crates-build-env/linux@sha256:5ff2268d62e97bff2cde7d5815dd6ed5b47097566f13b8d0ca110b04b60e07ed" "/opt/rustwide/cargo-home/bin/cargo" "+1.69.0" "test" "--frozen" "--no-run" "--message-format=json", kill_on_drop: false }`
[INFO] [stdout] b6840c4f5d72654983a8391884cd5d89181e0a0b0eeab5d8051e76f6388ff646
[INFO] running `Command { std: "docker" "start" "-a" "b6840c4f5d72654983a8391884cd5d89181e0a0b0eeab5d8051e76f6388ff646", kill_on_drop: false }`
[INFO] [stderr]    Compiling ucd-trie v0.1.3
[INFO] [stderr]    Compiling semver v1.0.4
[INFO] [stderr]    Compiling pest v2.1.3
[INFO] [stderr]    Compiling rustc_version v0.4.0
[INFO] [stderr]    Compiling semver-parser v0.10.2
[INFO] [stderr]    Compiling rstest v0.12.0
[INFO] [stderr]    Compiling semver v0.11.0
[INFO] [stderr]    Compiling rustc_version v0.3.3
[INFO] [stderr]    Compiling rstest_reuse v0.1.3
[INFO] [stderr]    Compiling webrtc-connection v0.2.0 (/opt/rustwide/workdir)
[INFO] [stdout] error[E0433]: failed to resolve: could not find `utils` in `webrtc_connection`
[INFO] [stdout]    --> tests/channel_test.rs:109:32
[INFO] [stdout]     |
[INFO] [stdout] 109 |         use webrtc_connection::utils::test_helpers::create_channels;
[INFO] [stdout]     |                                ^^^^^ could not find `utils` in `webrtc_connection`
[INFO] [stdout] 
[INFO] [stdout] 
[INFO] [stdout] error[E0433]: failed to resolve: could not find `utils` in `webrtc_connection`
[INFO] [stdout]    --> tests/channel_test.rs:191:32
[INFO] [stdout]     |
[INFO] [stdout] 191 |         use webrtc_connection::utils::test_helpers::create_channels;
[INFO] [stdout]     |                                ^^^^^ could not find `utils` in `webrtc_connection`
[INFO] [stdout] 
[INFO] [stdout] 
[INFO] [stdout] error[E0433]: failed to resolve: could not find `utils` in `webrtc_connection`
[INFO] [stdout]  --> tests/connection_test.rs:3:28
[INFO] [stdout]   |
[INFO] [stdout] 3 |     use webrtc_connection::utils::test_helpers::create_connection_pair;
[INFO] [stdout]   |                            ^^^^^ could not find `utils` in `webrtc_connection`
[INFO] [stdout] 
[INFO] [stdout] 
[INFO] [stdout] error[E0433]: failed to resolve: could not find `utils` in `webrtc_connection`
[INFO] [stdout]   --> tests/connection_test.rs:14:32
[INFO] [stdout]    |
[INFO] [stdout] 14 |         use webrtc_connection::utils::test_helpers::create_connection_pair;
[INFO] [stdout]    |                                ^^^^^ could not find `utils` in `webrtc_connection`
[INFO] [stdout] 
[INFO] [stdout] 
[INFO] [stdout] error[E0433]: failed to resolve: could not find `utils` in `webrtc_connection`
[INFO] [stdout]   --> tests/connection_test.rs:68:32
[INFO] [stdout]    |
[INFO] [stdout] 68 |         use webrtc_connection::utils::test_helpers::create_connection_pair;
[INFO] [stdout]    |                                ^^^^^ could not find `utils` in `webrtc_connection`
[INFO] [stdout] 
[INFO] [stdout] 
[INFO] [stdout] error: aborting due to 2 previous errors
[INFO] [stdout] 
[INFO] [stdout] 
[INFO] [stdout] For more information about this error, try `rustc --explain E0433`.
[INFO] [stdout] 
[INFO] [stderr] error: could not compile `webrtc-connection` due to 3 previous errors
[INFO] [stderr] warning: build failed, waiting for other jobs to finish...
[INFO] [stderr] error: could not compile `webrtc-connection` due to 4 previous errors
[INFO] [stdout] error: aborting due to 3 previous errors
[INFO] [stdout] 
[INFO] [stdout] 
[INFO] [stdout] For more information about this error, try `rustc --explain E0433`.
[INFO] [stdout] 
[INFO] [stdout] error: linking with `cc` failed: exit status: 1
[INFO] [stdout]   |
[INFO] [stdout]   = note: LC_ALL="C" PATH="/opt/rustwide/rustup-home/toolchains/1.69.0-x86_64-unknown-linux-gnu/lib/rustlib/x86_64-unknown-linux-gnu/bin:/opt/rustwide/cargo-home/bin:/usr/local/sbin:/usr/local/bin:/usr/sbin:/usr/bin:/sbin:/bin" VSLANG="1033" "cc" "-m64" "/tmp/rustcfuyJ2n/symbols.o" "/opt/rustwide/target/debug/examples/tcp_server-9ae792afc12f18a6.tcp_server.964287e8-cgu.0.rcgu.o" "/opt/rustwide/target/debug/examples/tcp_server-9ae792afc12f18a6.tcp_server.964287e8-cgu.1.rcgu.o" "/opt/rustwide/target/debug/examples/tcp_server-9ae792afc12f18a6.tcp_server.964287e8-cgu.10.rcgu.o" "/opt/rustwide/target/debug/examples/tcp_server-9ae792afc12f18a6.tcp_server.964287e8-cgu.11.rcgu.o" "/opt/rustwide/target/debug/examples/tcp_server-9ae792afc12f18a6.tcp_server.964287e8-cgu.12.rcgu.o" "/opt/rustwide/target/debug/examples/tcp_server-9ae792afc12f18a6.tcp_server.964287e8-cgu.13.rcgu.o" "/opt/rustwide/target/debug/examples/tcp_server-9ae792afc12f18a6.tcp_server.964287e8-cgu.14.rcgu.o" "/opt/rustwide/target/debug/examples/tcp_server-9ae792afc12f18a6.tcp_server.964287e8-cgu.15.rcgu.o" "/opt/rustwide/target/debug/examples/tcp_server-9ae792afc12f18a6.tcp_server.964287e8-cgu.2.rcgu.o" "/opt/rustwide/target/debug/examples/tcp_server-9ae792afc12f18a6.tcp_server.964287e8-cgu.3.rcgu.o" "/opt/rustwide/target/debug/examples/tcp_server-9ae792afc12f18a6.tcp_server.964287e8-cgu.4.rcgu.o" "/opt/rustwide/target/debug/examples/tcp_server-9ae792afc12f18a6.tcp_server.964287e8-cgu.5.rcgu.o" "/opt/rustwide/target/debug/examples/tcp_server-9ae792afc12f18a6.tcp_server.964287e8-cgu.6.rcgu.o" "/opt/rustwide/target/debug/examples/tcp_server-9ae792afc12f18a6.tcp_server.964287e8-cgu.7.rcgu.o" "/opt/rustwide/target/debug/examples/tcp_server-9ae792afc12f18a6.tcp_server.964287e8-cgu.8.rcgu.o" "/opt/rustwide/target/debug/examples/tcp_server-9ae792afc12f18a6.tcp_server.964287e8-cgu.9.rcgu.o" "/opt/rustwide/target/debug/examples/tcp_server-9ae792afc12f18a6.4p7ny4nyvp4rep9o.rcgu.o" "-Wl,--as-needed" "-L" "/opt/rustwide/target/debug/deps" "-L" "/opt/rustwide/target/debug/build/ring-28eef609eaaebd82/out" "-L" "/opt/rustwide/rustup-home/toolchains/1.69.0-x86_64-unknown-linux-gnu/lib/rustlib/x86_64-unknown-linux-gnu/lib" "-Wl,-Bstatic" "/opt/rustwide/target/debug/deps/libwebrtc_connection-a1bf872195e78a9a.rlib" "/opt/rustwide/target/debug/deps/libconnection_utils-2241ba6f02797f34.rlib" "/opt/rustwide/target/debug/deps/libanyhow-30e65bcac8386a6a.rlib" "/opt/rustwide/target/debug/deps/libfutures-f64ca2d0e51c9a5e.rlib" "/opt/rustwide/target/debug/deps/libfutures_executor-adb284aff15338c3.rlib" "/opt/rustwide/target/debug/deps/libfutures_util-3c9bb89ea7460e46.rlib" "/opt/rustwide/target/debug/deps/libfutures_io-c7147a881d1e438a.rlib" "/opt/rustwide/target/debug/deps/libslab-12e6a36b9d82f440.rlib" "/opt/rustwide/target/debug/deps/libfutures_channel-99d917e18a8a3b6b.rlib" "/opt/rustwide/target/debug/deps/libfutures_task-013de36ee853de90.rlib" "/opt/rustwide/target/debug/deps/libpin_utils-0d8eaf4ac0fcb221.rlib" "/opt/rustwide/target/debug/deps/libcs_utils-69cb6399fd89a345.rlib" "/opt/rustwide/target/debug/deps/libserde_json-a77bcc6ec388a85b.rlib" "/opt/rustwide/target/debug/deps/libitoa-6a03f263cdf18e1f.rlib" "/opt/rustwide/target/debug/deps/libtokio_util-27012959ad5a37ba.rlib" "/opt/rustwide/target/debug/deps/libfutures_sink-5bcd72e6ecfa5555.rlib" "/opt/rustwide/target/debug/deps/libfutures_core-ed48e53d9f20f15a.rlib" "/opt/rustwide/target/debug/deps/libwebrtc-bca98c261d3db0c7.rlib" "/opt/rustwide/target/debug/deps/libhex-ad79348a67e835f3.rlib" "/opt/rustwide/target/debug/deps/libsdp-cc1232f3e41878c4.rlib" "/opt/rustwide/target/debug/deps/libsubstring-7eb543c49f75349e.rlib" "/opt/rustwide/target/debug/deps/libwebrtc_media-fb62a604352810d3.rlib" "/opt/rustwide/target/debug/deps/libinterceptor-a52405797d0359cf.rlib" "/opt/rustwide/target/debug/deps/libwebrtc_srtp-7ba431464648e639.rlib" "/opt/rustwide/target/debug/deps/libhmac-6a46164f94bbe8d2.rlib" "/opt/rustwide/target/debug/deps/libcrypto_mac-3cfcc86b37ca7b42.rlib" "/opt/rustwide/target/debug/deps/libaes_gcm-1e702a133e47bc8a.rlib" "/opt/rustwide/target/debug/deps/libghash-ca330ba492b290b7.rlib" "/opt/rustwide/target/debug/deps/libpolyval-51ffae1ed533a033.rlib" "/opt/rustwide/target/debug/deps/libctr-d2337827cc5c4756.rlib" "/opt/rustwide/target/debug/deps/libaes-52c9fab847172b52.rlib" "/opt/rustwide/target/debug/deps/libcipher-bc463bce5286104c.rlib" "/opt/rustwide/target/debug/deps/libaead-190165420b1715ae.rlib" "/opt/rustwide/target/debug/deps/librtp-60e3373ce7efb996.rlib" "/opt/rustwide/target/debug/deps/librtcp-5523217074152f39.rlib" "/opt/rustwide/target/debug/deps/libwebrtc_ice-5541d18c1e6a784b.rlib" "/opt/rustwide/target/debug/deps/libturn-cc03b9b4e1353e80.rlib" "/opt/rustwide/target/debug/deps/libuuid-9d59d2a658fcf3ba.rlib" "/opt/rustwide/target/debug/deps/libwebrtc_mdns-88647bbbb6359802.rlib" "/opt/rustwide/target/debug/deps/libsocket2-f913f712640ee28e.rlib" "/opt/rustwide/target/debug/deps/libstun-166383f626557927.rlib" "/opt/rustwide/target/debug/deps/liburl-b1155ae290215edc.rlib" "/opt/rustwide/target/debug/deps/libidna-1646dda896d6f6be.rlib" "/opt/rustwide/target/debug/deps/libunicode_normalization-7f857835ddcdc9d8.rlib" "/opt/rustwide/target/debug/deps/libtinyvec-5ce4c57de87c62bc.rlib" "/opt/rustwide/target/debug/deps/libtinyvec_macros-5ffb2ea8a2d866f2.rlib" "/opt/rustwide/target/debug/deps/libunicode_bidi-6d874a42ec63c633.rlib" "/opt/rustwide/target/debug/deps/libform_urlencoded-0fe912f6e457e008.rlib" "/opt/rustwide/target/debug/deps/libpercent_encoding-5186c2668f567217.rlib" "/opt/rustwide/target/debug/deps/libmatches-278cbf5ab72c0d9c.rlib" "/opt/rustwide/target/debug/deps/libmd5-e89d26216ed9cc16.rlib" "/opt/rustwide/target/debug/deps/libwaitgroup-92ce7f3323bf7719.rlib" "/opt/rustwide/target/debug/deps/libatomic_waker-b693930d2c531973.rlib" "/opt/rustwide/target/debug/deps/libwebrtc_dtls-eb5062149a64d841.rlib" "/opt/rustwide/target/debug/deps/libbincode-cc3664c61409e216.rlib" "/opt/rustwide/target/debug/deps/libx25519_dalek-610aca868471cf9c.rlib" "/opt/rustwide/target/debug/deps/libcurve25519_dalek-d30b8a923698251b.rlib" "/opt/rustwide/target/debug/deps/libp256-e562ad44d630ca91.rlib" "/opt/rustwide/target/debug/deps/libecdsa-38a8c05576c73aa1.rlib" "/opt/rustwide/target/debug/deps/libsignature-2c61dc68c342b3c2.rlib" "/opt/rustwide/target/debug/deps/libelliptic_curve-e1c57016686418e9.rlib" "/opt/rustwide/target/debug/deps/libpkcs8-b9105203cd88f7fc.rlib" "/opt/rustwide/target/debug/deps/libder-f2607cf49349aee4.rlib" "/opt/rustwide/target/debug/deps/libconst_oid-2a44265478e214a8.rlib" "/opt/rustwide/target/debug/deps/libgroup-5598f30620e66c22.rlib" "/opt/rustwide/target/debug/deps/libff-fde9f8d47e483587.rlib" "/opt/rustwide/target/debug/deps/libbitvec-cb2534e7c338d3a3.rlib" "/opt/rustwide/target/debug/deps/libradium-0aa688d433d3a724.rlib" "/opt/rustwide/target/debug/deps/libzeroize-df02c2594b174c91.rlib" "/opt/rustwide/target/debug/deps/libx509_parser-698678ebb06239a9.rlib" "/opt/rustwide/target/debug/deps/liboid_registry-68e051df22c95a33.rlib" "/opt/rustwide/target/debug/deps/librustls-35f28eb0ff18f858.rlib" "/opt/rustwide/target/debug/deps/libsct-2007005aca416a09.rlib" "/opt/rustwide/target/debug/deps/libwebpki-3256b46b2c194264.rlib" "/opt/rustwide/target/debug/deps/libserde-f8124bcbf553e697.rlib" "/opt/rustwide/target/debug/deps/libsha1-5e3a8f9930fa09a8.rlib" "/opt/rustwide/target/debug/deps/libhmac-3acb742f0dc5e111.rlib" "/opt/rustwide/target/debug/deps/libcrypto_mac-acc318f51e915ae2.rlib" "/opt/rustwide/target/debug/deps/libsha2-473675bf2d10e7b1.rlib" "/opt/rustwide/target/debug/deps/libcpufeatures-95359a6f6f2254d9.rlib" "/opt/rustwide/target/debug/deps/libdigest-eb1f2e452dd3c902.rlib" "/opt/rustwide/target/debug/deps/libblock_buffer-281f9e611dc09d6d.rlib" "/opt/rustwide/target/debug/deps/librand_core-4d4de3a8fe6b6bb8.rlib" "/opt/rustwide/target/debug/deps/libgetrandom-5f1e9a8e7e34f2ee.rlib" "/opt/rustwide/target/debug/deps/librcgen-082d4453e656f022.rlib" "/opt/rustwide/target/debug/deps/libx509_parser-b267c932fa0ff4a5.rlib" "/opt/rustwide/target/debug/deps/libdata_encoding-d98c8d8f1aa99723.rlib" "/opt/rustwide/target/debug/deps/liboid_registry-2de16a8c7c119995.rlib" "/opt/rustwide/target/debug/deps/libder_parser-9e5056abe253d8a5.rlib" "/opt/rustwide/target/debug/deps/librusticata_macros-5cb53bf3479f1770.rlib" "/opt/rustwide/target/debug/deps/libnom-428ca3565266f607.rlib" "/opt/rustwide/target/debug/deps/libpem-1740443f715f8113.rlib" "/opt/rustwide/target/debug/deps/libbase64-007e7c1fbda2b30a.rlib" "/opt/rustwide/target/debug/deps/libring-9d5dd910afff2ca8.rlib" "/opt/rustwide/target/debug/deps/libspin-ba7f384cfb4b159f.rlib" "/opt/rustwide/target/debug/deps/libuntrusted-ec41ab00ed225515.rlib" "/opt/rustwide/target/debug/deps/libyasna-50fdc4e8bb78d590.rlib" "/opt/rustwide/target/debug/deps/libchrono-3f22657ac391f412.rlib" "/opt/rustwide/target/debug/deps/libtime-355d4f142829794f.rlib" "/opt/rustwide/target/debug/deps/libder_parser-184420826844ffba.rlib" "/opt/rustwide/target/debug/deps/libnum_bigint-af8ca8bbbdf7baac.rlib" "/opt/rustwide/target/debug/deps/libnum_integer-3a5df02c790e5280.rlib" "/opt/rustwide/target/debug/deps/libnum_traits-1ee63314f59dd151.rlib" "/opt/rustwide/target/debug/deps/librusticata_macros-f9e2dcb1eebdaf66.rlib" "/opt/rustwide/target/debug/deps/libnom-89e920a0116509a7.rlib" "/opt/rustwide/target/debug/deps/liblexical_core-b7a62a6efa1bda47.rlib" "/opt/rustwide/target/debug/deps/libryu-62107dadb481502a.rlib" "/opt/rustwide/target/debug/deps/libstatic_assertions-9a9c2cb46fa7a0a6.rlib" "/opt/rustwide/target/debug/deps/libbitvec-e24532ed666437df.rlib" "/opt/rustwide/target/debug/deps/libfunty-025130420c5f174c.rlib" "/opt/rustwide/target/debug/deps/libwyz-d53dc3b91405962d.rlib" "/opt/rustwide/target/debug/deps/libtap-f510517de3fc6e20.rlib" "/opt/rustwide/target/debug/deps/libradium-dd10967b2ee8ac2d.rlib" "/opt/rustwide/target/debug/deps/libaes_gcm-b089c9a54e28919a.rlib" "/opt/rustwide/target/debug/deps/libghash-c11498e134407b46.rlib" "/opt/rustwide/target/debug/deps/libpolyval-71144309a5d284f5.rlib" "/opt/rustwide/target/debug/deps/libcpuid_bool-764f2592d4883f05.rlib" "/opt/rustwide/target/debug/deps/libuniversal_hash-a2094a11c4cd43e6.rlib" "/opt/rustwide/target/debug/deps/libctr-50c81e0472ae4c79.rlib" "/opt/rustwide/target/debug/deps/libccm-f4830d0721fdc4c6.rlib" "/opt/rustwide/target/debug/deps/libaead-1faac7022cff3fd8.rlib" "/opt/rustwide/target/debug/deps/libsubtle-acfc1aa2d8135271.rlib" "/opt/rustwide/target/debug/deps/libblock_modes-1dda62743157c1e4.rlib" "/opt/rustwide/target/debug/deps/libblock_padding-4e7fecc44dbeff7c.rlib" "/opt/rustwide/target/debug/deps/libaes-e9a3c8fa11a9fda4.rlib" "/opt/rustwide/target/debug/deps/libaes_soft-a612d4298c7ac323.rlib" "/opt/rustwide/target/debug/deps/libopaque_debug-502d41d476583e16.rlib" "/opt/rustwide/target/debug/deps/libcipher-917d49969fd7a98d.rlib" "/opt/rustwide/target/debug/deps/libgeneric_array-deeb2a2fce3019b3.rlib" "/opt/rustwide/target/debug/deps/libtypenum-dd0f67c7a5785a46.rlib" "/opt/rustwide/target/debug/deps/libbyteorder-f6bc7e7614c9a628.rlib" "/opt/rustwide/target/debug/deps/libwebrtc_data-d63a7ea3545b72b9.rlib" "/opt/rustwide/target/debug/deps/libderive_builder-f0cf69102462f17f.rlib" "/opt/rustwide/target/debug/deps/libwebrtc_sctp-993e48129efca5eb.rlib" "/opt/rustwide/target/debug/deps/libcrc-41e6c97f470fd928.rlib" "/opt/rustwide/target/debug/deps/libcrc_catalog-1aa4391b22170dc3.rlib" "/opt/rustwide/target/debug/deps/libwebrtc_util-cee934faf696e0b6.rlib" "/opt/rustwide/target/debug/deps/libnix-ec06ff44bc015a85.rlib" "/opt/rustwide/target/debug/deps/libbitflags-82cc2d155c6eb112.rlib" "/opt/rustwide/target/debug/deps/libmemoffset-ac6cde7989d09c6e.rlib" "/opt/rustwide/target/debug/deps/libipnet-55ce3452222ef0b7.rlib" "/opt/rustwide/target/debug/deps/libthiserror-d095abc81ac96815.rlib" "/opt/rustwide/target/debug/deps/librand-77e13eedfb10a75e.rlib" "/opt/rustwide/target/debug/deps/librand_chacha-916735e6456ecb25.rlib" "/opt/rustwide/target/debug/deps/libppv_lite86-3e08b616d9d49994.rlib" "/opt/rustwide/target/debug/deps/librand_core-87f323f6d28df810.rlib" "/opt/rustwide/target/debug/deps/libgetrandom-866e85fdd38ca3c2.rlib" "/opt/rustwide/target/debug/deps/libtokio-99e0db205dcfd11d.rlib" "/opt/rustwide/target/debug/deps/libsignal_hook_registry-860b1c29f25d80e7.rlib" "/opt/rustwide/target/debug/deps/libnum_cpus-cc284dec0ce43cbb.rlib" "/opt/rustwide/target/debug/deps/libbytes-0b539a5c776b0476.rlib" "/opt/rustwide/target/debug/deps/libmio-fcebb6a500889266.rlib" "/opt/rustwide/target/debug/deps/libparking_lot-057bc76423f7f9a8.rlib" "/opt/rustwide/target/debug/deps/libparking_lot_core-45f05d15ad2c4049.rlib" "/opt/rustwide/target/debug/deps/liblibc-e1fe73f4c6555ac1.rlib" "/opt/rustwide/target/debug/deps/liblock_api-f14a8142d92b1256.rlib" "/opt/rustwide/target/debug/deps/libscopeguard-f471875f675163b5.rlib" "/opt/rustwide/target/debug/deps/libinstant-1bfa666718b38be4.rlib" "/opt/rustwide/target/debug/deps/libcs_trace-5a3ca57c47d50cc0.rlib" "/opt/rustwide/target/debug/deps/libstrip_ansi_escapes-da3434eea71c0dd4.rlib" "/opt/rustwide/target/debug/deps/libvte-adc6a986bf413b65.rlib" "/opt/rustwide/target/debug/deps/libutf8parse-c87c6fd67c7c7250.rlib" "/opt/rustwide/target/debug/deps/libarrayvec-026b3659407be0be.rlib" "/opt/rustwide/target/debug/deps/libtracing_subscriber-584b77b7646176c2.rlib" "/opt/rustwide/target/debug/deps/libsmallvec-c9c12de244d0b753.rlib" "/opt/rustwide/target/debug/deps/libthread_local-a5b3e07eb8137f71.rlib" "/opt/rustwide/target/debug/deps/libonce_cell-8aff6566bc060fbc.rlib" "/opt/rustwide/target/debug/deps/libsharded_slab-24ee8a9fa7a57bac.rlib" "/opt/rustwide/target/debug/deps/libansi_term-d7fe617575af129f.rlib" "/opt/rustwide/target/debug/deps/libmatchers-719a0c3f01be9e00.rlib" "/opt/rustwide/target/debug/deps/libregex_automata-3411ed18aca9eefd.rlib" "/opt/rustwide/target/debug/deps/libregex-03b8c867a5969403.rlib" "/opt/rustwide/target/debug/deps/libaho_corasick-df03092b955c1beb.rlib" "/opt/rustwide/target/debug/deps/libmemchr-5970b4db8c8e9468.rlib" "/opt/rustwide/target/debug/deps/libregex_syntax-26ab266b6768fe31.rlib" "/opt/rustwide/target/debug/deps/libtracing_log-e5c9d9c3816193d8.rlib" "/opt/rustwide/target/debug/deps/liblog-50c946da9511fc97.rlib" "/opt/rustwide/target/debug/deps/libtracing-1f639beb435b8bb2.rlib" "/opt/rustwide/target/debug/deps/libpin_project_lite-7f3fd9ea3370cd20.rlib" "/opt/rustwide/target/debug/deps/libtracing_core-e5d8febceb544da9.rlib" "/opt/rustwide/target/debug/deps/liblazy_static-a15e1ed0a3c31761.rlib" "/opt/rustwide/target/debug/deps/libcfg_if-e5e118dd7d121aaa.rlib" "/opt/rustwide/rustup-home/toolchains/1.69.0-x86_64-unknown-linux-gnu/lib/rustlib/x86_64-unknown-linux-gnu/lib/libstd-89bc084783fdc439.rlib" "/opt/rustwide/rustup-home/toolchains/1.69.0-x86_64-unknown-linux-gnu/lib/rustlib/x86_64-unknown-linux-gnu/lib/libpanic_unwind-8bee4b287d4367c1.rlib" "/opt/rustwide/rustup-home/toolchains/1.69.0-x86_64-unknown-linux-gnu/lib/rustlib/x86_64-unknown-linux-gnu/lib/libobject-d61707aed80694c0.rlib" "/opt/rustwide/rustup-home/toolchains/1.69.0-x86_64-unknown-linux-gnu/lib/rustlib/x86_64-unknown-linux-gnu/lib/libmemchr-d85366256f22345b.rlib" "/opt/rustwide/rustup-home/toolchains/1.69.0-x86_64-unknown-linux-gnu/lib/rustlib/x86_64-unknown-linux-gnu/lib/libaddr2line-96069b86b8a8cae9.rlib" "/opt/rustwide/rustup-home/toolchains/1.69.0-x86_64-unknown-linux-gnu/lib/rustlib/x86_64-unknown-linux-gnu/lib/libgimli-d19d53abf68dfa6c.rlib" "/opt/rustwide/rustup-home/toolchains/1.69.0-x86_64-unknown-linux-gnu/lib/rustlib/x86_64-unknown-linux-gnu/lib/librustc_demangle-787cbccd19d64ac6.rlib" "/opt/rustwide/rustup-home/toolchains/1.69.0-x86_64-unknown-linux-gnu/lib/rustlib/x86_64-unknown-linux-gnu/lib/libstd_detect-b3837a36b830e0d0.rlib" "/opt/rustwide/rustup-home/toolchains/1.69.0-x86_64-unknown-linux-gnu/lib/rustlib/x86_64-unknown-linux-gnu/lib/libhashbrown-e3deb0e7e3f04966.rlib" "/opt/rustwide/rustup-home/toolchains/1.69.0-x86_64-unknown-linux-gnu/lib/rustlib/x86_64-unknown-linux-gnu/lib/libminiz_oxide-dabbb79c9815def4.rlib" "/opt/rustwide/rustup-home/toolchains/1.69.0-x86_64-unknown-linux-gnu/lib/rustlib/x86_64-unknown-linux-gnu/lib/libadler-305b01f34c9409f2.rlib" "/opt/rustwide/rustup-home/toolchains/1.69.0-x86_64-unknown-linux-gnu/lib/rustlib/x86_64-unknown-linux-gnu/lib/librustc_std_workspace_alloc-f833521df6074e73.rlib" "/opt/rustwide/rustup-home/toolchains/1.69.0-x86_64-unknown-linux-gnu/lib/rustlib/x86_64-unknown-linux-gnu/lib/libunwind-9ac333113350d171.rlib" "/opt/rustwide/rustup-home/toolchains/1.69.0-x86_64-unknown-linux-gnu/lib/rustlib/x86_64-unknown-linux-gnu/lib/libcfg_if-1c126114322d0eee.rlib" "/opt/rustwide/rustup-home/toolchains/1.69.0-x86_64-unknown-linux-gnu/lib/rustlib/x86_64-unknown-linux-gnu/lib/liblibc-bad9164fdeeecf92.rlib" "/opt/rustwide/rustup-home/toolchains/1.69.0-x86_64-unknown-linux-gnu/lib/rustlib/x86_64-unknown-linux-gnu/lib/liballoc-f9374b1e480fa681.rlib" "/opt/rustwide/rustup-home/toolchains/1.69.0-x86_64-unknown-linux-gnu/lib/rustlib/x86_64-unknown-linux-gnu/lib/librustc_std_workspace_core-207f06e41d9603af.rlib" "/opt/rustwide/rustup-home/toolchains/1.69.0-x86_64-unknown-linux-gnu/lib/rustlib/x86_64-unknown-linux-gnu/lib/libcore-7e2768e66e984e85.rlib" "/opt/rustwide/rustup-home/toolchains/1.69.0-x86_64-unknown-linux-gnu/lib/rustlib/x86_64-unknown-linux-gnu/lib/libcompiler_builtins-957b4aff41f8cd46.rlib" "-Wl,-Bdynamic" "-lgcc_s" "-lutil" "-lrt" "-lpthread" "-lm" "-ldl" "-lc" "-Wl,--eh-frame-hdr" "-Wl,-z,noexecstack" "-L" "/opt/rustwide/rustup-home/toolchains/1.69.0-x86_64-unknown-linux-gnu/lib/rustlib/x86_64-unknown-linux-gnu/lib" "-o" "/opt/rustwide/target/debug/examples/tcp_server-9ae792afc12f18a6" "-Wl,--gc-sections" "-pie" "-Wl,-z,relro,-z,now" "-nodefaultlibs"
[INFO] [stdout]   = note: collect2: fatal error: ld terminated with signal 9 [Killed]
[INFO] [stdout]           compilation terminated.
[INFO] [stdout]           
[INFO] [stdout] 
[INFO] [stdout] 
[INFO] [stdout] error: aborting due to previous error
[INFO] [stdout] 
[INFO] [stdout] 
[INFO] [stderr] error: could not compile `webrtc-connection` due to 2 previous errors
[INFO] running `Command { std: "docker" "inspect" "b6840c4f5d72654983a8391884cd5d89181e0a0b0eeab5d8051e76f6388ff646", kill_on_drop: false }`
[INFO] running `Command { std: "docker" "rm" "-f" "b6840c4f5d72654983a8391884cd5d89181e0a0b0eeab5d8051e76f6388ff646", kill_on_drop: false }`
[INFO] [stdout] b6840c4f5d72654983a8391884cd5d89181e0a0b0eeab5d8051e76f6388ff646
