[INFO] fetching crate webauthn-authenticator-rs 0.4.9...
[INFO] testing webauthn-authenticator-rs-0.4.9 against 1.69.0 for beta-1.70-1
[INFO] extracting crate webauthn-authenticator-rs 0.4.9 into /workspace/builds/worker-0-tc1/source
[INFO] validating manifest of crates.io crate webauthn-authenticator-rs 0.4.9 on toolchain 1.69.0
[INFO] running `Command { std: CARGO_HOME="/workspace/cargo-home" RUSTUP_HOME="/workspace/rustup-home" "/workspace/cargo-home/bin/cargo" "+1.69.0" "metadata" "--manifest-path" "Cargo.toml" "--no-deps", kill_on_drop: false }`
[INFO] started tweaking crates.io crate webauthn-authenticator-rs 0.4.9
[INFO] finished tweaking crates.io crate webauthn-authenticator-rs 0.4.9
[INFO] tweaked toml for crates.io crate webauthn-authenticator-rs 0.4.9 written to /workspace/builds/worker-0-tc1/source/Cargo.toml
[INFO] crate crates.io crate webauthn-authenticator-rs 0.4.9 already has a lockfile, it will not be regenerated
[INFO] running `Command { std: CARGO_HOME="/workspace/cargo-home" RUSTUP_HOME="/workspace/rustup-home" "/workspace/cargo-home/bin/cargo" "+1.69.0" "fetch" "--manifest-path" "Cargo.toml", kill_on_drop: false }`
[INFO] [stderr]  Downloading crates ...
[INFO] [stderr]   Downloaded base64urlsafedata v0.1.2
[INFO] [stderr]   Downloaded serde_cbor_2 v0.12.0-dev
[INFO] [stderr]   Downloaded devd-rs v0.3.6
[INFO] [stderr]   Downloaded runloop v0.1.0
[INFO] [stderr]   Downloaded openssl-sys v0.9.77
[INFO] [stderr]   Downloaded pcsc v2.7.0
[INFO] [stderr]   Downloaded webauthn-rs-proto v0.4.9
[INFO] [stderr]   Downloaded authenticator-ctap2-2021 v0.3.2-dev.1
[INFO] [stderr]   Downloaded windows_x86_64_msvc v0.41.0
[INFO] [stderr]   Downloaded windows_i686_gnu v0.41.0
[INFO] [stderr]   Downloaded windows_i686_msvc v0.41.0
[INFO] [stderr]   Downloaded windows_aarch64_gnullvm v0.41.0
[INFO] [stderr]   Downloaded windows_x86_64_gnullvm v0.41.0
[INFO] [stderr]   Downloaded windows_aarch64_msvc v0.41.0
[INFO] [stderr]   Downloaded windows_x86_64_gnu v0.41.0
[INFO] [stderr]   Downloaded windows v0.41.0
[INFO] running `Command { std: "docker" "create" "-v" "/var/lib/crater-agent-workspace/builds/worker-0-tc1/target:/opt/rustwide/target:rw,Z" "-v" "/var/lib/crater-agent-workspace/builds/worker-0-tc1/source:/opt/rustwide/workdir:ro,Z" "-v" "/var/lib/crater-agent-workspace/cargo-home:/opt/rustwide/cargo-home:ro,Z" "-v" "/var/lib/crater-agent-workspace/rustup-home:/opt/rustwide/rustup-home:ro,Z" "-e" "SOURCE_DIR=/opt/rustwide/workdir" "-e" "CARGO_TARGET_DIR=/opt/rustwide/target" "-e" "CARGO_HOME=/opt/rustwide/cargo-home" "-e" "RUSTUP_HOME=/opt/rustwide/rustup-home" "-w" "/opt/rustwide/workdir" "-m" "1610612736" "--user" "0:0" "--network" "none" "ghcr.io/rust-lang/crates-build-env/linux@sha256:5ff2268d62e97bff2cde7d5815dd6ed5b47097566f13b8d0ca110b04b60e07ed" "/opt/rustwide/cargo-home/bin/cargo" "+1.69.0" "metadata" "--no-deps" "--format-version=1", kill_on_drop: false }`
[INFO] [stdout] 7a61a13d9ace3ba5bb1a7b1593febbb887efa652d6201d9b04ecf437fc8c3cbc
[INFO] running `Command { std: "docker" "start" "-a" "7a61a13d9ace3ba5bb1a7b1593febbb887efa652d6201d9b04ecf437fc8c3cbc", kill_on_drop: false }`
[INFO] running `Command { std: "docker" "inspect" "7a61a13d9ace3ba5bb1a7b1593febbb887efa652d6201d9b04ecf437fc8c3cbc", kill_on_drop: false }`
[INFO] running `Command { std: "docker" "rm" "-f" "7a61a13d9ace3ba5bb1a7b1593febbb887efa652d6201d9b04ecf437fc8c3cbc", kill_on_drop: false }`
[INFO] [stdout] 7a61a13d9ace3ba5bb1a7b1593febbb887efa652d6201d9b04ecf437fc8c3cbc
[INFO] running `Command { std: "docker" "create" "-v" "/var/lib/crater-agent-workspace/builds/worker-0-tc1/target:/opt/rustwide/target:rw,Z" "-v" "/var/lib/crater-agent-workspace/builds/worker-0-tc1/source:/opt/rustwide/workdir:ro,Z" "-v" "/var/lib/crater-agent-workspace/cargo-home:/opt/rustwide/cargo-home:ro,Z" "-v" "/var/lib/crater-agent-workspace/rustup-home:/opt/rustwide/rustup-home:ro,Z" "-e" "SOURCE_DIR=/opt/rustwide/workdir" "-e" "CARGO_TARGET_DIR=/opt/rustwide/target" "-e" "CARGO_INCREMENTAL=0" "-e" "RUST_BACKTRACE=full" "-e" "RUSTFLAGS=--cap-lints=warn" "-e" "RUSTDOCFLAGS=--cap-lints=warn" "-e" "CARGO_HOME=/opt/rustwide/cargo-home" "-e" "RUSTUP_HOME=/opt/rustwide/rustup-home" "-w" "/opt/rustwide/workdir" "-m" "1610612736" "--user" "0:0" "--network" "none" "ghcr.io/rust-lang/crates-build-env/linux@sha256:5ff2268d62e97bff2cde7d5815dd6ed5b47097566f13b8d0ca110b04b60e07ed" "/opt/rustwide/cargo-home/bin/cargo" "+1.69.0" "build" "--frozen" "--message-format=json", kill_on_drop: false }`
[INFO] [stdout] 8c8a50596f0e0597d56356eb0c920344ae76533752ba5a2715f2ffeeb519cc7c
[INFO] running `Command { std: "docker" "start" "-a" "8c8a50596f0e0597d56356eb0c920344ae76533752ba5a2715f2ffeeb519cc7c", kill_on_drop: false }`
[INFO] [stderr]    Compiling proc-macro2 v1.0.47
[INFO] [stderr]    Compiling quote v1.0.21
[INFO] [stderr]    Compiling unicode-ident v1.0.5
[INFO] [stderr]    Compiling syn v1.0.103
[INFO] [stderr]    Compiling serde_derive v1.0.147
[INFO] [stderr]    Compiling serde v1.0.147
[INFO] [stderr]    Compiling autocfg v1.1.0
[INFO] [stderr]    Compiling pkg-config v0.3.26
[INFO] [stderr]    Compiling cc v1.0.76
[INFO] [stderr]    Compiling libc v0.2.137
[INFO] [stderr]    Compiling tinyvec_macros v0.1.0
[INFO] [stderr]    Compiling serde_json v1.0.87
[INFO] [stderr]    Compiling once_cell v1.16.0
[INFO] [stderr]    Compiling itoa v1.0.4
[INFO] [stderr]    Compiling tinyvec v1.6.0
[INFO] [stderr]    Compiling percent-encoding v2.2.0
[INFO] [stderr]    Compiling ryu v1.0.11
[INFO] [stderr]    Compiling unicode-bidi v0.3.8
[INFO] [stderr]    Compiling memchr v2.5.0
[INFO] [stderr]    Compiling form_urlencoded v1.1.0
[INFO] [stderr]    Compiling openssl-sys v0.9.77
[INFO] [stderr]    Compiling base64 v0.13.1
[INFO] [stderr]    Compiling foreign-types-shared v0.1.1
[INFO] [stderr]    Compiling unicode-normalization v0.1.22
[INFO] [stderr]    Compiling cfg-if v1.0.0
[INFO] [stderr]    Compiling openssl v0.10.42
[INFO] [stderr]    Compiling foreign-types v0.3.2
[INFO] [stderr]    Compiling tracing-core v0.1.30
[INFO] [stderr]    Compiling pin-project-lite v0.2.9
[INFO] [stderr]    Compiling minimal-lexical v0.2.1
[INFO] [stderr]    Compiling half v1.8.2
[INFO] [stderr]    Compiling bitflags v1.3.2
[INFO] [stderr]    Compiling idna v0.3.0
[INFO] [stderr]    Compiling rpassword v5.0.1
[INFO] [stderr]    Compiling uuid v1.2.2
[INFO] [stderr]    Compiling nom v7.1.1
[INFO] [stderr]    Compiling openssl-macros v0.1.0
[INFO] [stderr]    Compiling tracing-attributes v0.1.23
[INFO] [stderr]    Compiling tracing v0.1.37
[INFO] [stderr]    Compiling url v2.3.1
[INFO] [stderr]    Compiling serde_cbor_2 v0.12.0-dev
[INFO] [stderr]    Compiling base64urlsafedata v0.1.2
[INFO] [stderr]    Compiling webauthn-rs-proto v0.4.9
[INFO] [stderr]    Compiling webauthn-authenticator-rs v0.4.9 (/opt/rustwide/workdir)
[INFO] [stderr]     Finished dev [unoptimized + debuginfo] target(s) in 26.60s
[INFO] running `Command { std: "docker" "inspect" "8c8a50596f0e0597d56356eb0c920344ae76533752ba5a2715f2ffeeb519cc7c", kill_on_drop: false }`
[INFO] running `Command { std: "docker" "rm" "-f" "8c8a50596f0e0597d56356eb0c920344ae76533752ba5a2715f2ffeeb519cc7c", kill_on_drop: false }`
[INFO] [stdout] 8c8a50596f0e0597d56356eb0c920344ae76533752ba5a2715f2ffeeb519cc7c
[INFO] running `Command { std: "docker" "create" "-v" "/var/lib/crater-agent-workspace/builds/worker-0-tc1/target:/opt/rustwide/target:rw,Z" "-v" "/var/lib/crater-agent-workspace/builds/worker-0-tc1/source:/opt/rustwide/workdir:ro,Z" "-v" "/var/lib/crater-agent-workspace/cargo-home:/opt/rustwide/cargo-home:ro,Z" "-v" "/var/lib/crater-agent-workspace/rustup-home:/opt/rustwide/rustup-home:ro,Z" "-e" "SOURCE_DIR=/opt/rustwide/workdir" "-e" "CARGO_TARGET_DIR=/opt/rustwide/target" "-e" "CARGO_INCREMENTAL=0" "-e" "RUST_BACKTRACE=full" "-e" "RUSTFLAGS=--cap-lints=warn" "-e" "RUSTDOCFLAGS=--cap-lints=warn" "-e" "CARGO_HOME=/opt/rustwide/cargo-home" "-e" "RUSTUP_HOME=/opt/rustwide/rustup-home" "-w" "/opt/rustwide/workdir" "-m" "1610612736" "--user" "0:0" "--network" "none" "ghcr.io/rust-lang/crates-build-env/linux@sha256:5ff2268d62e97bff2cde7d5815dd6ed5b47097566f13b8d0ca110b04b60e07ed" "/opt/rustwide/cargo-home/bin/cargo" "+1.69.0" "test" "--frozen" "--no-run" "--message-format=json", kill_on_drop: false }`
[INFO] [stdout] b77705d87b9fd6c3736f9dc7146bb965ba661b52cef27248c7987cc5ec0fddeb
[INFO] running `Command { std: "docker" "start" "-a" "b77705d87b9fd6c3736f9dc7146bb965ba661b52cef27248c7987cc5ec0fddeb", kill_on_drop: false }`
[INFO] [stderr]    Compiling log v0.4.17
[INFO] [stderr]    Compiling regex-syntax v0.6.28
[INFO] [stderr]    Compiling lazy_static v1.4.0
[INFO] [stderr]    Compiling overload v0.1.1
[INFO] [stderr]    Compiling thread_local v1.1.4
[INFO] [stderr]    Compiling smallvec v1.10.0
[INFO] [stderr]    Compiling sharded-slab v0.1.4
[INFO] [stderr]    Compiling nu-ansi-term v0.46.0
[INFO] [stderr]    Compiling tracing-log v0.1.3
[INFO] [stderr]    Compiling regex-automata v0.1.10
[INFO] [stderr]    Compiling regex v1.7.0
[INFO] [stderr]    Compiling matchers v0.1.0
[INFO] [stderr]    Compiling tracing-subscriber v0.3.16
[INFO] [stderr]    Compiling webauthn-authenticator-rs v0.4.9 (/opt/rustwide/workdir)
[INFO] [stdout] error[E0433]: failed to resolve: use of undeclared crate or module `webauthn_rs_core`
[INFO] [stdout]    --> src/softtoken.rs:717:9
[INFO] [stdout]     |
[INFO] [stdout] 717 |     use webauthn_rs_core::proto::{AttestationCa, AttestationCaList};
[INFO] [stdout]     |         ^^^^^^^^^^^^^^^^ use of undeclared crate or module `webauthn_rs_core`
[INFO] [stdout]     |
[INFO] [stdout] help: there is a crate or module with a similar name
[INFO] [stdout]     |
[INFO] [stdout] 717 |     use webauthn_rs_proto::proto::{AttestationCa, AttestationCaList};
[INFO] [stdout]     |         ~~~~~~~~~~~~~~~~~
[INFO] [stdout] 
[INFO] [stdout] 
[INFO] [stdout] error[E0432]: unresolved import `webauthn_rs_core`
[INFO] [stdout]    --> src/softpasskey.rs:563:9
[INFO] [stdout]     |
[INFO] [stdout] 563 |     use webauthn_rs_core::WebauthnCore as Webauthn;
[INFO] [stdout]     |         ^^^^^^^^^^^^^^^^ use of undeclared crate or module `webauthn_rs_core`
[INFO] [stdout]     |
[INFO] [stdout] help: there is a crate or module with a similar name
[INFO] [stdout]     |
[INFO] [stdout] 563 |     use webauthn_rs_proto::WebauthnCore as Webauthn;
[INFO] [stdout]     |         ~~~~~~~~~~~~~~~~~
[INFO] [stdout] 
[INFO] [stdout] 
[INFO] [stdout] error[E0432]: unresolved import `webauthn_rs_core`
[INFO] [stdout]    --> src/softtoken.rs:718:9
[INFO] [stdout]     |
[INFO] [stdout] 718 |     use webauthn_rs_core::WebauthnCore as Webauthn;
[INFO] [stdout]     |         ^^^^^^^^^^^^^^^^ use of undeclared crate or module `webauthn_rs_core`
[INFO] [stdout]     |
[INFO] [stdout] help: there is a crate or module with a similar name
[INFO] [stdout]     |
[INFO] [stdout] 718 |     use webauthn_rs_proto::WebauthnCore as Webauthn;
[INFO] [stdout]     |         ~~~~~~~~~~~~~~~~~
[INFO] [stdout] 
[INFO] [stdout] 
[INFO] [stdout] error[E0433]: failed to resolve: use of undeclared crate or module `webauthn_rs_core`
[INFO] [stdout]  --> examples/authenticate/main.rs:9:5
[INFO] [stdout]   |
[INFO] [stdout] 9 | use webauthn_rs_core::proto::RequestAuthenticationExtensions;
[INFO] [stdout]   |     ^^^^^^^^^^^^^^^^ use of undeclared crate or module `webauthn_rs_core`
[INFO] [stdout]   |
[INFO] [stdout] help: there is a crate or module with a similar name
[INFO] [stdout]   |
[INFO] [stdout] 9 | use webauthn_rs_proto::proto::RequestAuthenticationExtensions;
[INFO] [stdout]   |     ~~~~~~~~~~~~~~~~~
[INFO] [stdout] 
[INFO] [stdout] 
[INFO] [stdout] error[E0432]: unresolved import `webauthn_rs_core`
[INFO] [stdout]   --> examples/authenticate/main.rs:10:5
[INFO] [stdout]    |
[INFO] [stdout] 10 | use webauthn_rs_core::WebauthnCore as Webauthn;
[INFO] [stdout]    |     ^^^^^^^^^^^^^^^^ use of undeclared crate or module `webauthn_rs_core`
[INFO] [stdout]    |
[INFO] [stdout] help: there is a crate or module with a similar name
[INFO] [stdout]    |
[INFO] [stdout] 10 | use webauthn_rs_proto::WebauthnCore as Webauthn;
[INFO] [stdout]    |     ~~~~~~~~~~~~~~~~~
[INFO] [stdout] 
[INFO] [stdout] 
[INFO] [stdout] error: aborting due to 2 previous errors
[INFO] [stdout] 
[INFO] [stdout] 
[INFO] [stdout] Some errors have detailed explanations: E0432, E0433.
[INFO] [stdout] 
[INFO] [stdout] For more information about an error, try `rustc --explain E0432`.
[INFO] [stdout] 
[INFO] [stderr] error: could not compile `webauthn-authenticator-rs` due to 3 previous errors
[INFO] [stderr] warning: build failed, waiting for other jobs to finish...
[INFO] [stdout] error: aborting due to 3 previous errors
[INFO] [stdout] 
[INFO] [stdout] 
[INFO] [stdout] Some errors have detailed explanations: E0432, E0433.
[INFO] [stdout] 
[INFO] [stdout] For more information about an error, try `rustc --explain E0432`.
[INFO] [stdout] 
[INFO] [stderr] error: could not compile `webauthn-authenticator-rs` due to 4 previous errors
[INFO] running `Command { std: "docker" "inspect" "b77705d87b9fd6c3736f9dc7146bb965ba661b52cef27248c7987cc5ec0fddeb", kill_on_drop: false }`
[INFO] running `Command { std: "docker" "rm" "-f" "b77705d87b9fd6c3736f9dc7146bb965ba661b52cef27248c7987cc5ec0fddeb", kill_on_drop: false }`
[INFO] [stdout] b77705d87b9fd6c3736f9dc7146bb965ba661b52cef27248c7987cc5ec0fddeb
