[INFO] fetching crate wasm-glue 0.1.0...
[INFO] testing wasm-glue-0.1.0 against beta-2023-04-20 for beta-1.70-1
[INFO] extracting crate wasm-glue 0.1.0 into /workspace/builds/worker-5-tc2/source
[INFO] validating manifest of crates.io crate wasm-glue 0.1.0 on toolchain beta-2023-04-20
[INFO] running `Command { std: CARGO_HOME="/workspace/cargo-home" RUSTUP_HOME="/workspace/rustup-home" "/workspace/cargo-home/bin/cargo" "+beta-2023-04-20" "metadata" "--manifest-path" "Cargo.toml" "--no-deps", kill_on_drop: false }`
[INFO] started tweaking crates.io crate wasm-glue 0.1.0
[INFO] finished tweaking crates.io crate wasm-glue 0.1.0
[INFO] tweaked toml for crates.io crate wasm-glue 0.1.0 written to /workspace/builds/worker-5-tc2/source/Cargo.toml
[INFO] running `Command { std: CARGO_HOME="/workspace/cargo-home" RUSTUP_HOME="/workspace/rustup-home" __CARGO_TEST_CHANNEL_OVERRIDE_DO_NOT_USE_THIS="nightly" "/workspace/cargo-home/bin/cargo" "+beta-2023-04-20" "generate-lockfile" "--manifest-path" "Cargo.toml" "-Zno-index-update", kill_on_drop: false }`
[INFO] running `Command { std: CARGO_HOME="/workspace/cargo-home" RUSTUP_HOME="/workspace/rustup-home" "/workspace/cargo-home/bin/cargo" "+beta-2023-04-20" "fetch" "--manifest-path" "Cargo.toml", kill_on_drop: false }`
[INFO] running `Command { std: "docker" "create" "-v" "/var/lib/crater-agent-workspace/builds/worker-5-tc2/target:/opt/rustwide/target:rw,Z" "-v" "/var/lib/crater-agent-workspace/builds/worker-5-tc2/source:/opt/rustwide/workdir:ro,Z" "-v" "/var/lib/crater-agent-workspace/cargo-home:/opt/rustwide/cargo-home:ro,Z" "-v" "/var/lib/crater-agent-workspace/rustup-home:/opt/rustwide/rustup-home:ro,Z" "-e" "SOURCE_DIR=/opt/rustwide/workdir" "-e" "CARGO_TARGET_DIR=/opt/rustwide/target" "-e" "CARGO_HOME=/opt/rustwide/cargo-home" "-e" "RUSTUP_HOME=/opt/rustwide/rustup-home" "-w" "/opt/rustwide/workdir" "-m" "1610612736" "--user" "0:0" "--network" "none" "ghcr.io/rust-lang/crates-build-env/linux@sha256:5ff2268d62e97bff2cde7d5815dd6ed5b47097566f13b8d0ca110b04b60e07ed" "/opt/rustwide/cargo-home/bin/cargo" "+beta-2023-04-20" "metadata" "--no-deps" "--format-version=1", kill_on_drop: false }`
[INFO] [stdout] 1ba3c20dca490c2740c2918c5d5b42530e70cb97e3bcc02589e7f52ee042aa85
[INFO] running `Command { std: "docker" "start" "-a" "1ba3c20dca490c2740c2918c5d5b42530e70cb97e3bcc02589e7f52ee042aa85", kill_on_drop: false }`
[INFO] running `Command { std: "docker" "inspect" "1ba3c20dca490c2740c2918c5d5b42530e70cb97e3bcc02589e7f52ee042aa85", kill_on_drop: false }`
[INFO] running `Command { std: "docker" "rm" "-f" "1ba3c20dca490c2740c2918c5d5b42530e70cb97e3bcc02589e7f52ee042aa85", kill_on_drop: false }`
[INFO] [stdout] 1ba3c20dca490c2740c2918c5d5b42530e70cb97e3bcc02589e7f52ee042aa85
[INFO] running `Command { std: "docker" "create" "-v" "/var/lib/crater-agent-workspace/builds/worker-5-tc2/target:/opt/rustwide/target:rw,Z" "-v" "/var/lib/crater-agent-workspace/builds/worker-5-tc2/source:/opt/rustwide/workdir:ro,Z" "-v" "/var/lib/crater-agent-workspace/cargo-home:/opt/rustwide/cargo-home:ro,Z" "-v" "/var/lib/crater-agent-workspace/rustup-home:/opt/rustwide/rustup-home:ro,Z" "-e" "SOURCE_DIR=/opt/rustwide/workdir" "-e" "CARGO_TARGET_DIR=/opt/rustwide/target" "-e" "CARGO_INCREMENTAL=0" "-e" "RUST_BACKTRACE=full" "-e" "RUSTFLAGS=--cap-lints=warn" "-e" "RUSTDOCFLAGS=--cap-lints=warn" "-e" "CARGO_HOME=/opt/rustwide/cargo-home" "-e" "RUSTUP_HOME=/opt/rustwide/rustup-home" "-w" "/opt/rustwide/workdir" "-m" "1610612736" "--user" "0:0" "--network" "none" "ghcr.io/rust-lang/crates-build-env/linux@sha256:5ff2268d62e97bff2cde7d5815dd6ed5b47097566f13b8d0ca110b04b60e07ed" "/opt/rustwide/cargo-home/bin/cargo" "+beta-2023-04-20" "build" "--frozen" "--message-format=json", kill_on_drop: false }`
[INFO] [stdout] 167ddf86623f21daff439cb58306889c21119d131785419043f4e7b9224811d9
[INFO] running `Command { std: "docker" "start" "-a" "167ddf86623f21daff439cb58306889c21119d131785419043f4e7b9224811d9", kill_on_drop: false }`
[INFO] [stderr]    Compiling wasm-glue v0.1.0 (/opt/rustwide/workdir)
[INFO] [stdout] error[E0425]: cannot find function `set_print` in module `io`
[INFO] [stdout]    --> src/lib.rs:125:9
[INFO] [stdout]     |
[INFO] [stdout] 125 |     io::set_print(Some(Box::new(printer)));
[INFO] [stdout]     |         ^^^^^^^^^ help: a function with a similar name exists: `_eprint`
[INFO] [stdout]    --> /rustc/1b7dd2252b99671ce5d1cb9664c5f8636329436d/library/std/src/io/stdio.rs:1105:1
[INFO] [stdout]     |
[INFO] [stdout]     = note: similarly named function `_eprint` defined here
[INFO] [stdout] 
[INFO] [stdout] 
[INFO] [stdout] error[E0425]: cannot find function `set_print` in module `io`
[INFO] [stdout]    --> src/lib.rs:131:9
[INFO] [stdout]     |
[INFO] [stdout] 131 |     io::set_print(Some(Box::new(printer)));
[INFO] [stdout]     |         ^^^^^^^^^ help: a function with a similar name exists: `_eprint`
[INFO] [stdout]    --> /rustc/1b7dd2252b99671ce5d1cb9664c5f8636329436d/library/std/src/io/stdio.rs:1105:1
[INFO] [stdout]     |
[INFO] [stdout]     = note: similarly named function `_eprint` defined here
[INFO] [stdout] 
[INFO] [stdout] 
[INFO] [stdout] error[E0425]: cannot find function `set_panic` in module `io`
[INFO] [stdout]    --> src/lib.rs:137:9
[INFO] [stdout]     |
[INFO] [stdout] 137 |     io::set_panic(Some(Box::new(eprinter)));
[INFO] [stdout]     |         ^^^^^^^^^ not found in `io`
[INFO] [stdout] 
[INFO] [stdout] 
[INFO] [stdout] error[E0425]: cannot find function `set_panic` in module `io`
[INFO] [stdout]    --> src/lib.rs:143:9
[INFO] [stdout]     |
[INFO] [stdout] 143 |     io::set_panic(Some(Box::new(eprinter)));
[INFO] [stdout]     |         ^^^^^^^^^ not found in `io`
[INFO] [stdout] 
[INFO] [stdout] 
[INFO] [stdout] error[E0554]: `#![feature]` may not be used on the beta release channel
[INFO] [stdout]  --> src/lib.rs:1:12
[INFO] [stdout]   |
[INFO] [stdout] 1 | #![feature(set_stdio)]
[INFO] [stdout]   |            ^^^^^^^^^
[INFO] [stdout] 
[INFO] [stdout] 
[INFO] [stdout] error[E0554]: `#![feature]` may not be used on the beta release channel
[INFO] [stdout]  --> src/lib.rs:2:12
[INFO] [stdout]   |
[INFO] [stdout] 2 | #![feature(panic_col)]
[INFO] [stdout]   |            ^^^^^^^^^
[INFO] [stdout] 
[INFO] [stdout] 
[INFO] [stdout] warning: the feature `panic_col` has been stable since 1.25.0 and no longer requires an attribute to enable
[INFO] [stdout]  --> src/lib.rs:2:12
[INFO] [stdout]   |
[INFO] [stdout] 2 | #![feature(panic_col)]
[INFO] [stdout]   |            ^^^^^^^^^
[INFO] [stdout]   |
[INFO] [stdout]   = note: `#[warn(stable_features)]` on by default
[INFO] [stdout] 
[INFO] [stdout] 
[INFO] [stdout] error[E0635]: unknown feature `set_stdio`
[INFO] [stdout]  --> src/lib.rs:1:12
[INFO] [stdout]   |
[INFO] [stdout] 1 | #![feature(set_stdio)]
[INFO] [stdout]   |            ^^^^^^^^^
[INFO] [stdout] 
[INFO] [stdout] 
[INFO] [stdout] error: aborting due to 7 previous errors; 1 warning emitted
[INFO] [stdout] 
[INFO] [stdout] 
[INFO] [stdout] Some errors have detailed explanations: E0425, E0554, E0635.
[INFO] [stdout] 
[INFO] [stdout] For more information about an error, try `rustc --explain E0425`.
[INFO] [stdout] 
[INFO] [stderr] error: could not compile `wasm-glue` (lib) due to 8 previous errors; 1 warning emitted
[INFO] running `Command { std: "docker" "inspect" "167ddf86623f21daff439cb58306889c21119d131785419043f4e7b9224811d9", kill_on_drop: false }`
[INFO] running `Command { std: "docker" "rm" "-f" "167ddf86623f21daff439cb58306889c21119d131785419043f4e7b9224811d9", kill_on_drop: false }`
[INFO] [stdout] 167ddf86623f21daff439cb58306889c21119d131785419043f4e7b9224811d9
