[INFO] fetching crate waffles-solana-tokens 1.16.0-alpha.10...
[INFO] testing waffles-solana-tokens-1.16.0-alpha.10 against 1.69.0 for beta-1.70-1
[INFO] extracting crate waffles-solana-tokens 1.16.0-alpha.10 into /workspace/builds/worker-2-tc1/source
[INFO] validating manifest of crates.io crate waffles-solana-tokens 1.16.0-alpha.10 on toolchain 1.69.0
[INFO] running `Command { std: CARGO_HOME="/workspace/cargo-home" RUSTUP_HOME="/workspace/rustup-home" "/workspace/cargo-home/bin/cargo" "+1.69.0" "metadata" "--manifest-path" "Cargo.toml" "--no-deps", kill_on_drop: false }`
[INFO] started tweaking crates.io crate waffles-solana-tokens 1.16.0-alpha.10
[INFO] finished tweaking crates.io crate waffles-solana-tokens 1.16.0-alpha.10
[INFO] tweaked toml for crates.io crate waffles-solana-tokens 1.16.0-alpha.10 written to /workspace/builds/worker-2-tc1/source/Cargo.toml
[INFO] crate crates.io crate waffles-solana-tokens 1.16.0-alpha.10 already has a lockfile, it will not be regenerated
[INFO] running `Command { std: CARGO_HOME="/workspace/cargo-home" RUSTUP_HOME="/workspace/rustup-home" "/workspace/cargo-home/bin/cargo" "+1.69.0" "fetch" "--manifest-path" "Cargo.toml", kill_on_drop: false }`
[INFO] [stderr]  Downloading crates ...
[INFO] [stderr]   Downloaded waffles-solana-quic-client v1.16.0-alpha.10
[INFO] [stderr]   Downloaded waffles-solana-ledger v1.16.0-alpha.10
[INFO] [stderr]   Downloaded reed-solomon-erasure v6.0.0
[INFO] [stderr]   Downloaded cxxbridge-flags v1.0.93
[INFO] [stderr]   Downloaded waffles-solana-poh v1.16.0-alpha.10
[INFO] [stderr]   Downloaded waffles-solana-rayon-threadlimit v1.16.0-alpha.10
[INFO] [stderr]   Downloaded waffles-solana-streamer v1.16.0-alpha.10
[INFO] [stderr]   Downloaded waffles-solana-connection-cache v1.16.0-alpha.10
[INFO] [stderr]   Downloaded waffles-solana-vote-program v1.16.0-alpha.10
[INFO] [stderr]   Downloaded waffles-solana-program-runtime v1.16.0-alpha.10
[INFO] [stderr]   Downloaded min-max-heap v1.3.0
[INFO] [stderr]   Downloaded etcd-client v0.8.2
[INFO] [stderr]   Downloaded pickledb v0.5.1
[INFO] [stderr]   Downloaded waffles-solana-sys-tuner v1.16.0-alpha.10
[INFO] [stderr]   Downloaded rolling-file v0.2.0
[INFO] [stderr]   Downloaded waffles-solana-bloom v1.16.0-alpha.10
[INFO] [stderr]   Downloaded waffles-solana-gossip v1.16.0-alpha.10
[INFO] [stderr]   Downloaded waffles-solana-banks-client v1.16.0-alpha.10
[INFO] [stderr]   Downloaded tokio-serde v0.8.0
[INFO] [stderr]   Downloaded waffles-solana-storage-bigtable v1.16.0-alpha.10
[INFO] [stderr]   Downloaded simpl v0.1.0
[INFO] [stderr]   Downloaded educe v0.4.20
[INFO] [stderr]   Downloaded waffles-solana-bpf-loader-program v1.16.0-alpha.10
[INFO] [stderr]   Downloaded openssl v0.10.48
[INFO] [stderr]   Downloaded axum-core v0.3.3
[INFO] [stderr]   Downloaded openssl-sys v0.9.83
[INFO] [stderr]   Downloaded quinn-proto v0.9.2
[INFO] [stderr]   Downloaded rpassword v7.2.0
[INFO] [stderr]   Downloaded index_list v0.2.7
[INFO] [stderr]   Downloaded waffles-solana-compute-budget-program v1.16.0-alpha.10
[INFO] [stderr]   Downloaded chrono-humanize v0.2.2
[INFO] [stderr]   Downloaded waffles-solana-geyser-plugin-interface v1.16.0-alpha.10
[INFO] [stderr]   Downloaded goblin v0.5.4
[INFO] [stderr]   Downloaded tokio v1.14.1
[INFO] [stderr]   Downloaded waffles-solana-rpc v1.16.0-alpha.10
[INFO] [stderr]   Downloaded waffles-solana-test-validator v1.16.0-alpha.10
[INFO] [stderr]   Downloaded waffles-solana-zk-token-proof-program v1.16.0-alpha.10
[INFO] [stderr]   Downloaded waffles-solana-config-program v1.16.0-alpha.10
[INFO] [stderr]   Downloaded waffles-solana-address-lookup-table-program v1.16.0-alpha.10
[INFO] [stderr]   Downloaded waffles-solana-zk-token-sdk v1.16.0-alpha.10
[INFO] [stderr]   Downloaded waffles-solana-net-utils v1.16.0-alpha.10
[INFO] [stderr]   Downloaded reqwest v0.11.15
[INFO] [stderr]   Downloaded solana-zk-token-sdk v1.15.2
[INFO] [stderr]   Downloaded cxx v1.0.93
[INFO] [stderr]   Downloaded cxxbridge-macro v1.0.93
[INFO] [stderr]   Downloaded iana-time-zone v0.1.54
[INFO] [stderr]   Downloaded spin v0.9.6
[INFO] [stderr]   Downloaded goauth v0.13.1
[INFO] [stderr]   Downloaded protobuf-src v1.1.0+21.5
[INFO] [stderr]   Downloaded waffles-solana-stake-program v1.16.0-alpha.10
[INFO] [stderr]   Downloaded waffles-solana-geyser-plugin-manager v1.16.0-alpha.10
[INFO] [stderr]   Downloaded openssl-src v111.25.2+1.1.1t
[INFO] [stderr]   Downloaded waffles-solana-cli-output v1.16.0-alpha.10
[INFO] [stderr]   Downloaded smpl_jwt v0.7.1
[INFO] [stderr]   Downloaded waffles-solana-bucket-map v1.16.0-alpha.10
[INFO] [stderr]   Downloaded waffles-solana-core v1.16.0-alpha.10
[INFO] [stderr]   Downloaded waffles-solana-program-test v1.16.0-alpha.10
[INFO] [stderr]   Downloaded waffles-solana-perf v1.16.0-alpha.10
[INFO] [stderr]   Downloaded waffles-solana-rpc-client-api v1.16.0-alpha.10
[INFO] [stderr]   Downloaded waffles-solana-tpu-client v1.16.0-alpha.10
[INFO] [stderr]   Downloaded waffles-solana-account-decoder v1.16.0-alpha.10
[INFO] [stderr]   Downloaded solana_rbpf v0.2.38
[INFO] [stderr]   Downloaded waffles-solana-measure v1.16.0-alpha.10
[INFO] [stderr]   Downloaded waffles-solana-metrics v1.16.0-alpha.10
[INFO] [stderr]   Downloaded tarpc v0.29.0
[INFO] [stderr]   Downloaded jsonrpc-pubsub v18.0.0
[INFO] [stderr]   Downloaded hidapi v1.5.0
[INFO] [stderr]   Downloaded waffles-solana-clap-utils v1.16.0-alpha.10
[INFO] [stderr]   Downloaded axum v0.6.12
[INFO] [stderr]   Downloaded autotools v0.2.6
[INFO] [stderr]   Downloaded waffles-solana-storage-proto v1.16.0-alpha.10
[INFO] [stderr]   Downloaded waffles-solana-runtime v1.16.0-alpha.10
[INFO] [stderr]   Downloaded waffles-solana-pubsub-client v1.16.0-alpha.10
[INFO] [stderr]   Downloaded waffles-solana-rpc-client v1.16.0-alpha.10
[INFO] [stderr]   Downloaded tarpc-plugins v0.12.0
[INFO] [stderr]   Downloaded waffles-solana-banks-interface v1.16.0-alpha.10
[INFO] [stderr]   Downloaded waffles-solana-banks-server v1.16.0-alpha.10
[INFO] [stderr]   Downloaded jsonrpc-client-transports v18.0.0
[INFO] [stderr]   Downloaded jsonrpc-core-client v18.0.0
[INFO] [stderr]   Downloaded jsonrpc-derive v18.0.0
[INFO] [stderr]   Downloaded jsonrpc-server-utils v18.0.0
[INFO] [stderr]   Downloaded jsonrpc-http-server v18.0.0
[INFO] [stderr]   Downloaded stream-cancel v0.8.1
[INFO] [stderr]   Downloaded waffles-solana-cli-config v1.16.0-alpha.10
[INFO] [stderr]   Downloaded waffles-solana-faucet v1.16.0-alpha.10
[INFO] [stderr]   Downloaded core_affinity v0.5.10
[INFO] [stderr]   Downloaded trees v0.4.2
[INFO] [stderr]   Downloaded fast-math v0.1.1
[INFO] [stderr]   Downloaded waffles-solana-merkle-tree v1.16.0-alpha.10
[INFO] [stderr]   Downloaded waffles-solana-entry v1.16.0-alpha.10
[INFO] [stderr]   Downloaded rtoolbox v0.0.1
[INFO] [stderr]   Downloaded waffles-solana-remote-wallet v1.16.0-alpha.10
[INFO] [stderr]   Downloaded waffles-solana-rpc-client-nonce-utils v1.16.0-alpha.10
[INFO] [stderr]   Downloaded waffles-solana-thin-client v1.16.0-alpha.10
[INFO] [stderr]   Downloaded waffles-solana-udp-client v1.16.0-alpha.10
[INFO] [stderr]   Downloaded waffles-solana-client v1.16.0-alpha.10
[INFO] [stderr]   Downloaded waffles-solana-send-transaction-service v1.16.0-alpha.10
[INFO] [stderr]   Downloaded waffles-solana-transaction-status v1.16.0-alpha.10
[INFO] [stderr]   Downloaded cxx-build v1.0.93
[INFO] running `Command { std: "docker" "create" "-v" "/var/lib/crater-agent-workspace/builds/worker-2-tc1/target:/opt/rustwide/target:rw,Z" "-v" "/var/lib/crater-agent-workspace/builds/worker-2-tc1/source:/opt/rustwide/workdir:ro,Z" "-v" "/var/lib/crater-agent-workspace/cargo-home:/opt/rustwide/cargo-home:ro,Z" "-v" "/var/lib/crater-agent-workspace/rustup-home:/opt/rustwide/rustup-home:ro,Z" "-e" "SOURCE_DIR=/opt/rustwide/workdir" "-e" "CARGO_TARGET_DIR=/opt/rustwide/target" "-e" "CARGO_HOME=/opt/rustwide/cargo-home" "-e" "RUSTUP_HOME=/opt/rustwide/rustup-home" "-w" "/opt/rustwide/workdir" "-m" "1610612736" "--user" "0:0" "--network" "none" "ghcr.io/rust-lang/crates-build-env/linux@sha256:5ff2268d62e97bff2cde7d5815dd6ed5b47097566f13b8d0ca110b04b60e07ed" "/opt/rustwide/cargo-home/bin/cargo" "+1.69.0" "metadata" "--no-deps" "--format-version=1", kill_on_drop: false }`
[INFO] [stdout] 72f1c372d337985512813485fa6ed772968907c60cd89b977a61cecd8cd6b407
[INFO] running `Command { std: "docker" "start" "-a" "72f1c372d337985512813485fa6ed772968907c60cd89b977a61cecd8cd6b407", kill_on_drop: false }`
[INFO] running `Command { std: "docker" "inspect" "72f1c372d337985512813485fa6ed772968907c60cd89b977a61cecd8cd6b407", kill_on_drop: false }`
[INFO] running `Command { std: "docker" "rm" "-f" "72f1c372d337985512813485fa6ed772968907c60cd89b977a61cecd8cd6b407", kill_on_drop: false }`
[INFO] [stdout] 72f1c372d337985512813485fa6ed772968907c60cd89b977a61cecd8cd6b407
[INFO] running `Command { std: "docker" "create" "-v" "/var/lib/crater-agent-workspace/builds/worker-2-tc1/target:/opt/rustwide/target:rw,Z" "-v" "/var/lib/crater-agent-workspace/builds/worker-2-tc1/source:/opt/rustwide/workdir:ro,Z" "-v" "/var/lib/crater-agent-workspace/cargo-home:/opt/rustwide/cargo-home:ro,Z" "-v" "/var/lib/crater-agent-workspace/rustup-home:/opt/rustwide/rustup-home:ro,Z" "-e" "SOURCE_DIR=/opt/rustwide/workdir" "-e" "CARGO_TARGET_DIR=/opt/rustwide/target" "-e" "CARGO_INCREMENTAL=0" "-e" "RUST_BACKTRACE=full" "-e" "RUSTFLAGS=--cap-lints=warn" "-e" "RUSTDOCFLAGS=--cap-lints=warn" "-e" "CARGO_HOME=/opt/rustwide/cargo-home" "-e" "RUSTUP_HOME=/opt/rustwide/rustup-home" "-w" "/opt/rustwide/workdir" "-m" "1610612736" "--user" "0:0" "--network" "none" "ghcr.io/rust-lang/crates-build-env/linux@sha256:5ff2268d62e97bff2cde7d5815dd6ed5b47097566f13b8d0ca110b04b60e07ed" "/opt/rustwide/cargo-home/bin/cargo" "+1.69.0" "build" "--frozen" "--message-format=json", kill_on_drop: false }`
[INFO] [stdout] ddc240ad10dfbd4a90d94bfabee654ad58040902df0d4be893ddebae327431ae
[INFO] running `Command { std: "docker" "start" "-a" "ddc240ad10dfbd4a90d94bfabee654ad58040902df0d4be893ddebae327431ae", kill_on_drop: false }`
[INFO] [stderr]    Compiling proc-macro2 v1.0.53
[INFO] [stderr]    Compiling libc v0.2.140
[INFO] [stderr]    Compiling syn v1.0.109
[INFO] [stderr]    Compiling serde_derive v1.0.158
[INFO] [stderr]    Compiling serde v1.0.158
[INFO] [stderr]    Compiling generic-array v0.14.6
[INFO] [stderr]    Compiling rustc_version v0.4.0
[INFO] [stderr]    Compiling subtle v2.4.1
[INFO] [stderr]    Compiling memchr v2.5.0
[INFO] [stderr]    Compiling ahash v0.7.6
[INFO] [stderr]    Compiling unicode-xid v0.2.4
[INFO] [stderr]    Compiling getrandom v0.1.16
[INFO] [stderr]    Compiling num-traits v0.2.15
[INFO] [stderr]    Compiling crossbeam-utils v0.8.15
[INFO] [stderr]    Compiling memoffset v0.8.0
[INFO] [stderr]    Compiling quote v1.0.26
[INFO] [stderr]    Compiling byteorder v1.4.3
[INFO] [stderr]    Compiling syn v2.0.8
[INFO] [stderr]    Compiling ucd-trie v0.1.5
[INFO] [stderr]    Compiling jobserver v0.1.26
[INFO] [stderr]    Compiling crunchy v0.2.2
[INFO] [stderr]    Compiling cc v1.0.79
[INFO] [stderr]    Compiling crossbeam-epoch v0.9.14
[INFO] [stderr]    Compiling getrandom v0.2.8
[INFO] [stderr]    Compiling num_cpus v1.15.0
[INFO] [stderr]    Compiling rand_core v0.6.4
[INFO] [stderr]    Compiling rand_chacha v0.3.1
[INFO] [stderr]    Compiling rand_core v0.5.1
[INFO] [stderr]    Compiling hashbrown v0.12.3
[INFO] [stderr]    Compiling num-integer v0.1.45
[INFO] [stderr]    Compiling digest v0.9.0
[INFO] [stderr]    Compiling rand v0.8.5
[INFO] [stderr]    Compiling num-bigint v0.4.3
[INFO] [stderr]    Compiling serde_json v1.0.94
[INFO] [stderr]    Compiling rayon-core v1.11.0
[INFO] [stderr]    Compiling wasm-bindgen-shared v0.2.84
[INFO] [stderr]    Compiling libsecp256k1-core v0.2.2
[INFO] [stderr]    Compiling crossbeam-deque v0.8.3
[INFO] [stderr]    Compiling log v0.4.17
[INFO] [stderr]    Compiling rand_chacha v0.2.2
[INFO] [stderr]    Compiling crossbeam-channel v0.5.7
[INFO] [stderr]    Compiling feature-probe v0.1.1
[INFO] [stderr]    Compiling rand v0.7.3
[INFO] [stderr]    Compiling bv v0.11.1
[INFO] [stderr]    Compiling ark-std v0.3.0
[INFO] [stderr]    Compiling blake3 v1.3.3
[INFO] [stderr]    Compiling bitmaps v2.1.0
[INFO] [stderr]    Compiling synstructure v0.12.6
[INFO] [stderr]    Compiling im v15.1.0
[INFO] [stderr]    Compiling bumpalo v3.12.0
[INFO] [stderr]    Compiling bs58 v0.4.0
[INFO] [stderr]    Compiling arrayref v0.3.7
[INFO] [stderr]    Compiling rustversion v1.0.12
[INFO] [stderr]    Compiling wasm-bindgen-backend v0.2.84
[INFO] [stderr]    Compiling sized-chunks v0.6.5
[INFO] [stderr]    Compiling thiserror-impl v1.0.40
[INFO] [stderr]    Compiling rayon v1.7.0
[INFO] [stderr]    Compiling libsecp256k1-gen-ecmult v0.2.1
[INFO] [stderr]    Compiling libsecp256k1-gen-genmult v0.2.1
[INFO] [stderr]    Compiling rand_xoshiro v0.6.0
[INFO] [stderr]    Compiling zeroize_derive v1.3.3
[INFO] [stderr]    Compiling derivative v2.2.0
[INFO] [stderr]    Compiling ark-ff-asm v0.3.0
[INFO] [stderr]    Compiling thiserror v1.0.40
[INFO] [stderr]    Compiling pest v2.5.6
[INFO] [stderr]    Compiling zeroize v1.3.0
[INFO] [stderr]    Compiling toml v0.5.11
[INFO] [stderr]    Compiling ark-ff-macros v0.3.0
[INFO] [stderr]    Compiling constant_time_eq v0.2.5
[INFO] [stderr]    Compiling arrayvec v0.7.2
[INFO] [stderr]    Compiling libsecp256k1 v0.6.0
[INFO] [stderr]    Compiling wasm-bindgen-macro-support v0.2.84
[INFO] [stderr]    Compiling borsh-derive-internal v0.9.3
[INFO] [stderr]    Compiling semver-parser v0.10.2
[INFO] [stderr]    Compiling proc-macro-crate v0.1.5
[INFO] [stderr]    Compiling borsh-schema-derive-internal v0.9.3
[INFO] [stderr]    Compiling memmap2 v0.5.10
[INFO] [stderr]    Compiling semver v0.11.0
[INFO] [stderr]    Compiling wasm-bindgen v0.2.84
[INFO] [stderr]    Compiling indexmap v1.9.2
[INFO] [stderr]    Compiling rustc_version v0.3.3
[INFO] [stderr]    Compiling wasm-bindgen-macro v0.2.84
[INFO] [stderr]    Compiling borsh-derive v0.9.3
[INFO] [stderr]    Compiling bytemuck_derive v1.4.1
[INFO] [stderr]    Compiling ark-ff v0.3.0
[INFO] [stderr]    Compiling hashbrown v0.11.2
[INFO] [stderr]    Compiling aho-corasick v0.7.20
[INFO] [stderr]    Compiling winnow v0.4.1
[INFO] [stderr]    Compiling futures-core v0.3.27
[INFO] [stderr]    Compiling base64 v0.12.3
[INFO] [stderr]    Compiling darling_core v0.14.4
[INFO] [stderr]    Compiling borsh v0.9.3
[INFO] [stderr]    Compiling bytemuck v1.13.1
[INFO] [stderr]    Compiling num-derive v0.3.3
[INFO] [stderr]    Compiling regex v1.7.2
[INFO] [stderr]    Compiling itertools v0.10.5
[INFO] [stderr]    Compiling atty v0.2.14
[INFO] [stderr]    Compiling array-bytes v1.4.1
[INFO] [stderr]    Compiling signature v1.6.4
[INFO] [stderr]    Compiling toml_edit v0.19.8
[INFO] [stderr]    Compiling parking_lot_core v0.8.6
[INFO] [stderr]    Compiling termcolor v1.2.0
[INFO] [stderr]    Compiling humantime v2.1.0
[INFO] [stderr]    Compiling crypto-common v0.1.6
[INFO] [stderr]    Compiling block-buffer v0.10.4
[INFO] [stderr]    Compiling block-buffer v0.9.0
[INFO] [stderr]    Compiling digest v0.10.6
[INFO] [stderr]    Compiling crypto-mac v0.8.0
[INFO] [stderr]    Compiling sha2 v0.9.9
[INFO] [stderr]    Compiling sha2 v0.10.6
[INFO] [stderr]    Compiling hmac v0.8.1
[INFO] [stderr]    Compiling ark-serialize v0.3.0
[INFO] [stderr]    Compiling curve25519-dalek v3.2.1
[INFO] [stderr]    Compiling serde_bytes v0.11.9
[INFO] [stderr]    Compiling hmac-drbg v0.3.0
[INFO] [stderr]    Compiling pbkdf2 v0.4.0
[INFO] [stderr]    Compiling tiny-bip39 v0.8.2
[INFO] [stderr]    Compiling sha3 v0.10.6
[INFO] [stderr]    Compiling bincode v1.3.3
[INFO] [stderr]    Compiling proc-macro-crate v1.3.1
[INFO] [stderr]    Compiling darling_macro v0.14.4
[INFO] [stderr]    Compiling env_logger v0.9.3
[INFO] [stderr]    Compiling ed25519 v1.5.3
[INFO] [stderr]    Compiling ring v0.16.20
[INFO] [stderr]    Compiling darling v0.14.4
[INFO] [stderr]    Compiling instant v0.1.12
[INFO] [stderr]    Compiling futures-sink v0.3.27
[INFO] [stderr]    Compiling futures-task v0.3.27
[INFO] [stderr]    Compiling bytes v1.4.0
[INFO] [stderr]    Compiling futures-channel v0.3.27
[INFO] [stderr]    Compiling serde_with_macros v2.3.1
[INFO] [stderr]    Compiling ed25519-dalek v1.0.1
[INFO] [stderr]    Compiling num_enum_derive v0.5.11
[INFO] [stderr]    Compiling hmac v0.12.1
[INFO] [stderr]    Compiling time v0.1.45
[INFO] [stderr]    Compiling tokio v1.14.1
[INFO] [stderr]    Compiling futures-util v0.3.27
[INFO] [stderr]    Compiling derivation-path v0.2.0
[INFO] [stderr]    Compiling iana-time-zone v0.1.54
[INFO] [stderr]    Compiling ed25519-dalek-bip32 v0.2.0
[INFO] [stderr]    Compiling chrono v0.4.24
[INFO] [stderr]    Compiling parking_lot v0.11.2
[INFO] [stderr]    Compiling num_enum v0.5.11
[INFO] [stderr]    Compiling serde_with v2.3.1
[INFO] [stderr]    Compiling pbkdf2 v0.11.0
[INFO] [stderr]    Compiling qstring v0.7.2
[INFO] [stderr]    Compiling futures-macro v0.3.27
[INFO] [stderr]    Compiling tokio-macros v1.8.2
[INFO] [stderr]    Compiling uriparse v0.6.4
[INFO] [stderr]    Compiling signal-hook-registry v1.4.1
[INFO] [stderr]    Compiling mio v0.7.14
[INFO] [stderr]    Compiling waffles-solana-frozen-abi-macro v1.16.0-alpha.10
[INFO] [stderr]    Compiling futures-io v0.3.27
[INFO] [stderr]    Compiling assert_matches v1.5.0
[INFO] [stderr]    Compiling waffles-solana-frozen-abi v1.16.0-alpha.10
[INFO] [stderr]    Compiling tracing-attributes v0.1.23
[INFO] [stderr]    Compiling waffles-solana-program v1.16.0-alpha.10
[INFO] [stderr]    Compiling webpki v0.22.0
[INFO] [stderr]    Compiling http v0.2.9
[INFO] [stderr]    Compiling waffles-solana-sdk-macro v1.16.0-alpha.10
[INFO] [stderr]    Compiling waffles-solana-sdk v1.16.0-alpha.10
[INFO] [stderr]    Compiling alloc-no-stdlib v2.0.4
[INFO] [stderr]    Compiling rustls v0.20.8
[INFO] [stderr]    Compiling alloc-stdlib v0.2.2
[INFO] [stderr]    Compiling sct v0.7.0
[INFO] [stderr]    Compiling waffles-solana-logger v1.16.0-alpha.10
[INFO] [stderr]    Compiling try-lock v0.2.4
[INFO] [stderr]    Compiling miniz_oxide v0.6.2
[INFO] [stderr]    Compiling want v0.3.0
[INFO] [stderr]    Compiling brotli-decompressor v2.3.4
[INFO] [stderr]    Compiling ark-ec v0.3.0
[INFO] [stderr]    Compiling tracing v0.1.37
[INFO] [stderr]    Compiling http-body v0.4.5
[INFO] [stderr]    Compiling socket2 v0.4.9
[INFO] [stderr]    Compiling flate2 v1.0.25
[INFO] [stderr]    Compiling scroll_derive v0.11.0
[INFO] [stderr]    Compiling brotli v3.3.4
[INFO] [stderr]    Compiling ark-bn254 v0.3.0
[INFO] [stderr]    Compiling solana-frozen-abi-macro v1.15.2
[INFO] [stderr]    Compiling base64 v0.21.0
[INFO] [stderr]    Compiling winapi v0.3.9
[INFO] [stderr]    Compiling void v1.0.2
[INFO] [stderr]    Compiling unreachable v1.0.0
[INFO] [stderr]    Compiling rustls-pemfile v1.0.2
[INFO] [stderr]    Compiling serde_urlencoded v0.7.1
[INFO] [stderr]    Compiling scroll v0.11.0
[INFO] [stderr]    Compiling webpki-roots v0.22.6
[INFO] [stderr]    Compiling tokio-util v0.7.2
[INFO] [stderr]    Compiling solana-frozen-abi v1.15.2
[INFO] [stderr]    Compiling encoding_rs v0.8.32
[INFO] [stderr]    Compiling tokio-rustls v0.23.4
[INFO] [stderr]    Compiling plain v0.2.3
[INFO] [stderr]    Compiling mime v0.3.17
[INFO] [stderr]    Compiling ascii v0.9.3
[INFO] [stderr]    Compiling ipnet v2.7.1
[INFO] [stderr]    Compiling combine v3.8.1
[INFO] [stderr]    Compiling h2 v0.3.16
[INFO] [stderr]    Compiling goblin v0.5.4
[INFO] [stderr]    Compiling enum-iterator-derive v1.2.0
[INFO] [stderr]    Compiling solana-program v1.15.2
[INFO] [stderr]    Compiling hyper v0.14.25
[INFO] [stderr]    Compiling async-compression v0.3.15
[INFO] [stderr]    Compiling gethostname v0.2.3
[INFO] [stderr]    Compiling hash32 v0.2.1
[INFO] [stderr]    Compiling waffles-solana-program-runtime v1.16.0-alpha.10
[INFO] [stderr]    Compiling rustc-demangle v0.1.22
[INFO] [stderr]    Compiling enum-iterator v1.4.0
[INFO] [stderr]    Compiling solana-sdk-macro v1.15.2
[INFO] [stderr]    Compiling eager v0.1.0
[INFO] [stderr]    Compiling cipher v0.3.0
[INFO] [stderr]    Compiling zstd-sys v2.0.7+zstd.1.5.4
[INFO] [stderr]    Compiling universal-hash v0.4.1
[INFO] [stderr]    Compiling solana-sdk v1.15.2
[INFO] [stderr]    Compiling proc-macro2 v0.4.30
[INFO] [stderr]    Compiling polyval v0.5.3
[INFO] [stderr]    Compiling aes v0.7.5
[INFO] [stderr]    Compiling solana_rbpf v0.2.38
[INFO] [stderr]    Compiling ctr v0.8.0
[INFO] [stderr]    Compiling solana-logger v1.15.2
[INFO] [stderr]    Compiling inout v0.1.3
[INFO] [stderr]    Compiling aead v0.4.3
[INFO] [stderr]    Compiling cipher v0.4.4
[INFO] [stderr]    Compiling aes-gcm-siv v0.10.3
[INFO] [stderr]    Compiling hyper-rustls v0.23.2
[INFO] [stderr]    Compiling sha3 v0.9.1
[INFO] [stderr]    Compiling merlin v3.0.0
[INFO] [stderr]    Compiling syn v0.15.44
[INFO] [stderr]    Compiling reqwest v0.11.15
[INFO] [stderr]    Compiling rustix v0.36.11
[INFO] [stderr]    Compiling zstd-safe v5.0.2+zstd.1.5.2
[INFO] [stderr]    Compiling quote v0.6.13
[INFO] [stderr]    Compiling io-lifetimes v1.0.9
[INFO] [stderr]    Compiling console v0.15.5
[INFO] [stderr]    Compiling waffles-solana-vote-program v1.16.0-alpha.10
[INFO] [stderr]    Compiling waffles-solana-address-lookup-table-program v1.16.0-alpha.10
[INFO] [stderr]    Compiling memoffset v0.6.5
[INFO] [stderr]    Compiling parking_lot_core v0.9.7
[INFO] [stderr]    Compiling linux-raw-sys v0.1.4
[INFO] [stderr]    Compiling hidapi v1.5.0
[INFO] [stderr]    Compiling futures-executor v0.3.27
[INFO] [stderr]    Compiling Inflector v0.11.4
[INFO] [stderr]    Compiling waffles-solana-version v1.16.0-alpha.10
[INFO] [stderr]    Compiling shell-words v1.1.0
[INFO] [stderr]    Compiling waffles-solana-perf v1.16.0-alpha.10
[INFO] [stderr]    Compiling portable-atomic v0.3.19
[INFO] [stderr]    Compiling futures v0.3.27
[INFO] [stderr]    Compiling nix v0.25.1
[INFO] [stderr]    Compiling parking_lot v0.12.1
[INFO] [stderr]    Compiling caps v0.5.5
[INFO] [stderr]    Compiling waffles-solana-rayon-threadlimit v1.16.0-alpha.10
[INFO] [stderr]    Compiling rtoolbox v0.0.1
[INFO] [stderr]    Compiling async-trait v0.1.67
[INFO] [stderr]    Compiling linked-hash-map v0.5.6
[INFO] [stderr]    Compiling clap v2.34.0
[INFO] [stderr]    Compiling yaml-rust v0.4.5
[INFO] [stderr]    Compiling rpassword v7.2.0
[INFO] [stderr]    Compiling dlopen_derive v0.1.4
[INFO] [stderr]    Compiling tempfile v3.4.0
[INFO] [stderr]    Compiling dialoguer v0.10.3
[INFO] [stderr]    Compiling dlopen v0.1.8
[INFO] [stderr]    Compiling jsonrpc-core v18.0.0
[INFO] [stderr]    Compiling dirs-sys-next v0.1.2
[INFO] [stderr]    Compiling unsafe-libyaml v0.2.7
[INFO] [stderr]    Compiling number_prefix v0.4.0
[INFO] [stderr]    Compiling nix v0.26.2
[INFO] [stderr]    Compiling serde_yaml v0.9.19
[INFO] [stderr]    Compiling indicatif v0.17.3
[INFO] [stderr]    Compiling dirs-next v2.0.0
[INFO] [stderr]    Compiling serde_yaml v0.8.26
[INFO] [stderr]    Compiling csv-core v0.1.10
[INFO] [stderr]    Compiling csv v1.2.1
[INFO] [stderr]    Compiling pickledb v0.5.1
[INFO] [stderr]    Compiling ctrlc v3.2.5
[INFO] [stderr]    Compiling zstd v0.11.2+zstd.1.5.2
[INFO] [stderr]    Compiling spl-token v3.5.0
[INFO] [stderr]    Compiling spl-memo v3.0.1
[INFO] [stderr]    Compiling waffles-solana-measure v1.16.0-alpha.10
[INFO] [stderr]    Compiling waffles-solana-metrics v1.16.0-alpha.10
[INFO] [stderr]    Compiling solana-zk-token-sdk v1.15.2
[INFO] [stderr]    Compiling waffles-solana-remote-wallet v1.16.0-alpha.10
[INFO] [stderr]    Compiling waffles-solana-config-program v1.16.0-alpha.10
[INFO] [stderr]    Compiling waffles-solana-clap-utils v1.16.0-alpha.10
[INFO] [stderr]    Compiling waffles-solana-cli-config v1.16.0-alpha.10
[INFO] [stderr]    Compiling spl-token-2022 v0.5.0
[INFO] [stderr]    Compiling spl-associated-token-account v1.1.2
[INFO] [stderr]    Compiling waffles-solana-account-decoder v1.16.0-alpha.10
[INFO] [stderr]    Compiling waffles-solana-transaction-status v1.16.0-alpha.10
[INFO] [stderr]    Compiling waffles-solana-rpc-client-api v1.16.0-alpha.10
[INFO] [stderr]    Compiling waffles-solana-rpc-client v1.16.0-alpha.10
[INFO] [stderr]    Compiling waffles-solana-tokens v1.16.0-alpha.10 (/opt/rustwide/workdir)
[INFO] [stderr]     Finished dev [unoptimized + debuginfo] target(s) in 5m 56s
[INFO] running `Command { std: "docker" "inspect" "ddc240ad10dfbd4a90d94bfabee654ad58040902df0d4be893ddebae327431ae", kill_on_drop: false }`
[INFO] running `Command { std: "docker" "rm" "-f" "ddc240ad10dfbd4a90d94bfabee654ad58040902df0d4be893ddebae327431ae", kill_on_drop: false }`
[INFO] [stdout] ddc240ad10dfbd4a90d94bfabee654ad58040902df0d4be893ddebae327431ae
[INFO] running `Command { std: "docker" "create" "-v" "/var/lib/crater-agent-workspace/builds/worker-2-tc1/target:/opt/rustwide/target:rw,Z" "-v" "/var/lib/crater-agent-workspace/builds/worker-2-tc1/source:/opt/rustwide/workdir:ro,Z" "-v" "/var/lib/crater-agent-workspace/cargo-home:/opt/rustwide/cargo-home:ro,Z" "-v" "/var/lib/crater-agent-workspace/rustup-home:/opt/rustwide/rustup-home:ro,Z" "-e" "SOURCE_DIR=/opt/rustwide/workdir" "-e" "CARGO_TARGET_DIR=/opt/rustwide/target" "-e" "CARGO_INCREMENTAL=0" "-e" "RUST_BACKTRACE=full" "-e" "RUSTFLAGS=--cap-lints=warn" "-e" "RUSTDOCFLAGS=--cap-lints=warn" "-e" "CARGO_HOME=/opt/rustwide/cargo-home" "-e" "RUSTUP_HOME=/opt/rustwide/rustup-home" "-w" "/opt/rustwide/workdir" "-m" "1610612736" "--user" "0:0" "--network" "none" "ghcr.io/rust-lang/crates-build-env/linux@sha256:5ff2268d62e97bff2cde7d5815dd6ed5b47097566f13b8d0ca110b04b60e07ed" "/opt/rustwide/cargo-home/bin/cargo" "+1.69.0" "test" "--frozen" "--no-run" "--message-format=json", kill_on_drop: false }`
[INFO] [stdout] ed6799bddd02afd015cd30620b514faadb9acfcbbd93c2744d8916f9efb3f3cf
[INFO] running `Command { std: "docker" "start" "-a" "ed6799bddd02afd015cd30620b514faadb9acfcbbd93c2744d8916f9efb3f3cf", kill_on_drop: false }`
[INFO] [stderr]    Compiling futures-core v0.3.27
[INFO] [stderr]    Compiling ucd-trie v0.1.5
[INFO] [stderr]    Compiling futures-task v0.3.27
[INFO] [stderr]    Compiling futures-channel v0.3.27
[INFO] [stderr]    Compiling indexmap v1.9.2
[INFO] [stderr]    Compiling futures-io v0.3.27
[INFO] [stderr]    Compiling futures-util v0.3.27
[INFO] [stderr]    Compiling futures v0.1.31
[INFO] [stderr]    Compiling pest v2.5.6
[INFO] [stderr]    Compiling generic-array v0.14.6
[INFO] [stderr]    Compiling tracing-core v0.1.30
[INFO] [stderr]    Compiling blake3 v1.3.3
[INFO] [stderr]    Compiling ring v0.16.20
[INFO] [stderr]    Compiling ark-ff-macros v0.3.0
[INFO] [stderr]    Compiling digest v0.9.0
[INFO] [stderr]    Compiling libsecp256k1-core v0.2.2
[INFO] [stderr]    Compiling tracing v0.1.37
[INFO] [stderr]    Compiling strsim v0.10.0
[INFO] [stderr]    Compiling toml_edit v0.19.8
[INFO] [stderr]    Compiling darling_core v0.14.4
[INFO] [stderr]    Compiling semver-parser v0.10.2
[INFO] [stderr]    Compiling libsecp256k1-gen-ecmult v0.2.1
[INFO] [stderr]    Compiling libsecp256k1-gen-genmult v0.2.1
[INFO] [stderr]    Compiling tokio-util v0.7.2
[INFO] [stderr]    Compiling semver v0.11.0
[INFO] [stderr]    Compiling libsecp256k1 v0.6.0
[INFO] [stderr]    Compiling rustc_version v0.3.3
[INFO] [stderr]    Compiling waffles-solana-program v1.16.0-alpha.10
[INFO] [stderr]    Compiling ark-ff v0.3.0
[INFO] [stderr]    Compiling openssl-src v111.25.2+1.1.1t
[INFO] [stderr]    Compiling proc-macro-crate v1.3.1
[INFO] [stderr]    Compiling openssl-sys v0.9.83
[INFO] [stderr]    Compiling rustls v0.20.8
[INFO] [stderr]    Compiling openssl v0.10.48
[INFO] [stderr]    Compiling h2 v0.3.16
[INFO] [stderr]    Compiling webpki v0.22.0
[INFO] [stderr]    Compiling darling_macro v0.14.4
[INFO] [stderr]    Compiling sct v0.7.0
[INFO] [stderr]    Compiling num_enum_derive v0.5.11
[INFO] [stderr]    Compiling openssl-macros v0.1.0
[INFO] [stderr]    Compiling darling v0.14.4
[INFO] [stderr]    Compiling serde_with_macros v2.3.1
[INFO] [stderr]    Compiling webpki-roots v0.22.6
[INFO] [stderr]    Compiling async-compression v0.3.15
[INFO] [stderr]    Compiling futures-executor v0.3.27
[INFO] [stderr]    Compiling num_enum v0.5.11
[INFO] [stderr]    Compiling solana-program v1.15.2
[INFO] [stderr]    Compiling serde_with v2.3.1
[INFO] [stderr]    Compiling futures v0.3.27
[INFO] [stderr]    Compiling zstd-sys v2.0.7+zstd.1.5.4
[INFO] [stderr]    Compiling memchr v2.5.0
[INFO] [stderr]    Compiling tokio-rustls v0.23.4
[INFO] [stderr]    Compiling minimal-lexical v0.2.1
[INFO] [stderr]    Compiling dlopen_derive v0.1.4
[INFO] [stderr]    Compiling jsonrpc-core v18.0.0
[INFO] [stderr]    Compiling time-core v0.1.0
[INFO] [stderr]    Compiling time-macros v0.2.8
[INFO] [stderr]    Compiling hyper v0.14.25
[INFO] [stderr]    Compiling dlopen v0.1.8
[INFO] [stderr]    Compiling waffles-solana-frozen-abi v1.16.0-alpha.10
[INFO] [stderr]    Compiling solana-frozen-abi v1.15.2
[INFO] [stderr]    Compiling aho-corasick v0.7.20
[INFO] [stderr]    Compiling pin-project-internal v1.0.12
[INFO] [stderr]    Compiling regex v1.7.2
[INFO] [stderr]    Compiling time v0.3.20
[INFO] [stderr]    Compiling tokio-stream v0.1.12
[INFO] [stderr]    Compiling bytes v1.4.0
[INFO] [stderr]    Compiling which v4.4.0
[INFO] [stderr]    Compiling hidapi v1.5.0
[INFO] [stderr]    Compiling heck v0.4.1
[INFO] [stderr]    Compiling pin-project v1.0.12
[INFO] [stderr]    Compiling ark-ec v0.3.0
[INFO] [stderr]    Compiling petgraph v0.6.3
[INFO] [stderr]    Compiling prost-derive v0.11.8
[INFO] [stderr]    Compiling multimap v0.8.3
[INFO] [stderr]    Compiling ark-bn254 v0.3.0
[INFO] [stderr]    Compiling nom v7.1.3
[INFO] [stderr]    Compiling hyper-rustls v0.23.2
[INFO] [stderr]    Compiling num-bigint v0.2.6
[INFO] [stderr]    Compiling os_str_bytes v6.5.0
[INFO] [stderr]    Compiling sha-1 v0.10.1
[INFO] [stderr]    Compiling clap_lex v0.2.4
[INFO] [stderr]    Compiling asn1-rs-derive v0.4.0
[INFO] [stderr]    Compiling proc-macro-error-attr v1.0.4
[INFO] [stderr]    Compiling num-complex v0.2.4
[INFO] [stderr]    Compiling num-iter v0.1.43
[INFO] [stderr]    Compiling num-rational v0.2.4
[INFO] [stderr]    Compiling asn1-rs-impl v0.1.0
[INFO] [stderr]    Compiling displaydoc v0.2.3
[INFO] [stderr]    Compiling rusticata-macros v4.1.0
[INFO] [stderr]    Compiling utf-8 v0.7.6
[INFO] [stderr]    Compiling textwrap v0.16.0
[INFO] [stderr]    Compiling clang-sys v1.6.0
[INFO] [stderr]    Compiling tungstenite v0.17.3
[INFO] [stderr]    Compiling clap v3.2.23
[INFO] [stderr]    Compiling asn1-rs v0.5.2
[INFO] [stderr]    Compiling rustls-native-certs v0.6.2
[INFO] [stderr]    Compiling bzip2-sys v0.1.11+1.0.8
[INFO] [stderr]    Compiling proc-macro-error v1.0.4
[INFO] [stderr]    Compiling const-oid v0.7.1
[INFO] [stderr]    Compiling prettyplease v0.1.25
[INFO] [stderr]    Compiling oid-registry v0.6.1
[INFO] [stderr]    Compiling der v0.5.1
[INFO] [stderr]    Compiling quinn-proto v0.9.2
[INFO] [stderr]    Compiling tokio-tungstenite v0.17.2
[INFO] [stderr]    Compiling prost v0.11.8
[INFO] [stderr]    Compiling autotools v0.2.6
[INFO] [stderr]    Compiling lz4-sys v1.9.4
[INFO] [stderr]    Compiling base64ct v1.6.0
[INFO] [stderr]    Compiling protobuf-src v1.1.0+21.5
[INFO] [stderr]    Compiling spki v0.5.4
[INFO] [stderr]    Compiling prost-types v0.11.8
[INFO] [stderr]    Compiling num v0.2.1
[INFO] [stderr]    Compiling quinn-udp v0.3.2
[INFO] [stderr]    Compiling der-parser v8.2.0
[INFO] [stderr]    Compiling solana-sdk v1.15.2
[INFO] [stderr]    Compiling waffles-solana-sdk v1.16.0-alpha.10
[INFO] [stderr]    Compiling spl-memo v3.0.1
[INFO] [stderr]    Compiling spl-token v3.5.0
[INFO] [stderr]    Compiling yasna v0.5.1
[INFO] [stderr]    Compiling tokio-util v0.6.10
[INFO] [stderr]    Compiling pem v1.1.1
[INFO] [stderr]    Compiling waffles-solana-stake-program v1.16.0-alpha.10
[INFO] [stderr]    Compiling modular-bitfield-impl v0.11.2
[INFO] [stderr]    Compiling bindgen v0.64.0
[INFO] [stderr]    Compiling Inflector v0.11.4
[INFO] [stderr]    Compiling data-encoding v2.3.3
[INFO] [stderr]    Compiling ouroboros_macro v0.15.6
[INFO] [stderr]    Compiling x509-parser v0.14.0
[INFO] [stderr]    Compiling modular-bitfield v0.11.2
[INFO] [stderr]    Compiling cexpr v0.6.0
[INFO] [stderr]    Compiling rcgen v0.10.0
[INFO] [stderr]    Compiling prost-build v0.11.8
[INFO] [stderr]    Compiling quinn v0.9.3
[INFO] [stderr]    Compiling solana-zk-token-sdk v1.15.2
[INFO] [stderr]    Compiling percentage v0.1.0
[INFO] [stderr]    Compiling waffles-solana-measure v1.16.0-alpha.10
[INFO] [stderr]    Compiling waffles-solana-version v1.16.0-alpha.10
[INFO] [stderr]    Compiling waffles-solana-remote-wallet v1.16.0-alpha.10
[INFO] [stderr]    Compiling waffles-solana-zk-token-sdk v1.16.0-alpha.10
[INFO] [stderr]    Compiling waffles-solana-net-utils v1.16.0-alpha.10
[INFO] [stderr]    Compiling pkcs8 v0.8.0
[INFO] [stderr]    Compiling tower v0.4.13
[INFO] [stderr]    Compiling strum_macros v0.24.3
[INFO] [stderr]    Compiling axum-core v0.3.3
[INFO] [stderr]    Compiling tokio-io-timeout v1.2.0
[INFO] [stderr]    Compiling lru v0.7.8
[INFO] [stderr]    Compiling waffles-solana-runtime v1.16.0-alpha.10
[INFO] [stderr]    Compiling filetime v0.2.20
[INFO] [stderr]    Compiling async-stream-impl v0.3.4
[INFO] [stderr]    Compiling xattr v0.2.3
[INFO] [stderr]    Compiling aliasable v0.1.3
[INFO] [stderr]    Compiling histogram v0.6.9
[INFO] [stderr]    Compiling shlex v1.1.0
[INFO] [stderr]    Compiling async-stream v0.3.4
[INFO] [stderr]    Compiling strum v0.24.1
[INFO] [stderr]    Compiling ouroboros v0.15.6
[INFO] [stderr]    Compiling tar v0.4.38
[INFO] [stderr]    Compiling hyper-timeout v0.4.1
[INFO] [stderr]    Compiling lz4 v1.24.0
[INFO] [stderr]    Compiling waffles-solana-bucket-map v1.16.0-alpha.10
[INFO] [stderr]    Compiling tonic-build v0.8.4
[INFO] [stderr]    Compiling dir-diff v0.3.2
[INFO] [stderr]    Compiling tracing-futures v0.2.5
[INFO] [stderr]    Compiling spl-token-2022 v0.5.0
[INFO] [stderr]    Compiling axum v0.6.12
[INFO] [stderr]    Compiling prost-derive v0.9.0
[INFO] [stderr]    Compiling dashmap v4.0.2
[INFO] [stderr]    Compiling symlink v0.1.0
[INFO] [stderr]    Compiling index_list v0.2.7
[INFO] [stderr]    Compiling async-mutex v1.4.0
[INFO] [stderr]    Compiling headers-core v0.2.0
[INFO] [stderr]    Compiling sha1 v0.10.5
[INFO] [stderr]    Compiling simpl v0.1.0
[INFO] [stderr]    Compiling matchit v0.7.0
[INFO] [stderr]    Compiling libm v0.2.6
[INFO] [stderr]    Compiling ieee754 v0.2.6
[INFO] [stderr]    Compiling sync_wrapper v0.1.2
[INFO] [stderr]    Compiling fast-math v0.1.1
[INFO] [stderr]    Compiling headers v0.3.8
[INFO] [stderr]    Compiling serde_yaml v0.9.19
[INFO] [stderr]    Compiling enum_dispatch v0.3.11
[INFO] [stderr]    Compiling reed-solomon-erasure v6.0.0
[INFO] [stderr]    Compiling arc-swap v1.6.0
[INFO] [stderr]    Compiling matches v0.1.10
[INFO] [stderr]    Compiling prost v0.9.0
[INFO] [stderr]    Compiling spl-associated-token-account v1.1.2
[INFO] [stderr]    Compiling waffles-solana-merkle-tree v1.16.0-alpha.10
[INFO] [stderr]    Compiling prost-build v0.9.0
[INFO] [stderr]    Compiling librocksdb-sys v0.8.3+7.4.4
[INFO] [stderr]    Compiling chrono-humanize v0.2.2
[INFO] [stderr]    Compiling backoff v0.4.0
[INFO] [stderr]    Compiling enum-ordinalize v3.1.12
[INFO] [stderr]    Compiling sharded-slab v0.1.4
[INFO] [stderr]    Compiling waffles-solana-ledger v1.16.0-alpha.10
[INFO] [stderr]    Compiling thread_local v1.1.7
[INFO] [stderr]    Compiling unicase v2.6.0
[INFO] [stderr]    Compiling unicode-segmentation v1.10.1
[INFO] [stderr]    Compiling spin v0.9.6
[INFO] [stderr]    Compiling tracing-subscriber v0.3.16
[INFO] [stderr]    Compiling heck v0.3.3
[INFO] [stderr]    Compiling educe v0.4.20
[INFO] [stderr]    Compiling prost-types v0.9.0
[INFO] [stderr]    Compiling idna v0.1.5
[INFO] [stderr]    Compiling opentelemetry v0.17.0
[INFO] [stderr]    Compiling tonic v0.8.3
[INFO] [stderr]    Compiling waffles-solana-bloom v1.16.0-alpha.10
[INFO] [stderr]    Compiling bstr v1.4.0
[INFO] [stderr]    Compiling trees v0.4.2
[INFO] [stderr]    Compiling percent-encoding v1.0.1
[INFO] [stderr]    Compiling fs_extra v1.3.0
[INFO] [stderr]    Compiling tracing-opentelemetry v0.17.4
[INFO] [stderr]    Compiling derive_more v0.99.17
[INFO] [stderr]    Compiling globset v0.4.10
[INFO] [stderr]    Compiling url v1.7.2
[INFO] [stderr]    Compiling tokio-serde v0.8.0
[INFO] [stderr]    Compiling sysctl v0.4.6
[INFO] [stderr]    Compiling jsonrpc-pubsub v18.0.0
[INFO] [stderr]    Compiling sct v0.6.1
[INFO] [stderr]    Compiling webpki v0.21.4
[INFO] [stderr]    Compiling pest_meta v2.5.6
[INFO] [stderr]    Compiling waffles-solana-gossip v1.16.0-alpha.10
[INFO] [stderr]    Compiling users v0.10.0
[INFO] [stderr]    Compiling tarpc-plugins v0.12.0
[INFO] [stderr]    Compiling unix_socket2 v0.5.4
[INFO] [stderr]    Compiling net2 v0.2.38
[INFO] [stderr]    Compiling jsonrpc-client-transports v18.0.0
[INFO] [stderr]    Compiling waffles-solana-sys-tuner v1.16.0-alpha.10
[INFO] [stderr]    Compiling pest_generator v2.5.6
[INFO] [stderr]    Compiling rustls v0.19.1
[INFO] [stderr]    Compiling tonic-build v0.6.2
[INFO] [stderr]    Compiling tarpc v0.29.0
[INFO] [stderr]    Compiling jsonrpc-server-utils v18.0.0
[INFO] [stderr]    Compiling sha-1 v0.9.8
[INFO] [stderr]    Compiling core_affinity v0.5.10
[INFO] [stderr]    Compiling sys-info v0.9.1
[INFO] [stderr]    Compiling soketto v0.7.1
[INFO] [stderr]    Compiling etcd-client v0.8.2
[INFO] [stderr]    Compiling waffles-solana-banks-interface v1.16.0-alpha.10
[INFO] [stderr]    Compiling pest_derive v2.5.6
[INFO] [stderr]    Compiling tokio-rustls v0.22.0
[INFO] [stderr]    Compiling jsonrpc-http-server v18.0.0
[INFO] [stderr]    Compiling jsonrpc-core-client v18.0.0
[INFO] [stderr]    Compiling stream-cancel v0.8.1
[INFO] [stderr]    Compiling jsonrpc-derive v18.0.0
[INFO] [stderr]    Compiling tonic v0.6.2
[INFO] [stderr]    Compiling json5 v0.4.1
[INFO] [stderr]    Compiling serde_yaml v0.8.26
[INFO] [stderr]    Compiling waffles-solana-core v1.16.0-alpha.10
[INFO] [stderr]    Compiling pickledb v0.5.1
[INFO] [stderr]    Compiling waffles-solana-banks-client v1.16.0-alpha.10
[INFO] [stderr]    Compiling rolling-file v0.2.0
[INFO] [stderr]    Compiling pretty-hex v0.3.0
[INFO] [stderr]    Compiling min-max-heap v1.3.0
[INFO] [stderr]    Compiling bzip2 v0.4.4
[INFO] [stderr] The following warnings were emitted during compilation:
[INFO] [stderr] 
[INFO] [stderr] warning: c++: fatal error: Killed signal terminated program cc1plus
[INFO] [stderr] warning: compilation terminated.
[INFO] [stderr] 
[INFO] [stderr] error: failed to run custom build command for `librocksdb-sys v0.8.3+7.4.4`
[INFO] [stderr] note: To improve backtraces for build dependencies, set the CARGO_PROFILE_TEST_BUILD_OVERRIDE_DEBUG=true environment variable to enable debug information generation.
[INFO] [stderr] 
[INFO] [stderr] Caused by:
[INFO] [stderr]   process didn't exit successfully: `/opt/rustwide/target/debug/build/librocksdb-sys-527b5687b08bc692/build-script-build` (exit status: 1)
[INFO] [stderr]   --- stdout
[INFO] [stderr]   cargo:rerun-if-changed=rocksdb/
[INFO] [stderr]   TARGET = Some("x86_64-unknown-linux-gnu")
[INFO] [stderr]   OPT_LEVEL = Some("0")
[INFO] [stderr]   HOST = Some("x86_64-unknown-linux-gnu")
[INFO] [stderr]   cargo:rerun-if-env-changed=CXX_x86_64-unknown-linux-gnu
[INFO] [stderr]   CXX_x86_64-unknown-linux-gnu = None
[INFO] [stderr]   cargo:rerun-if-env-changed=CXX_x86_64_unknown_linux_gnu
[INFO] [stderr]   CXX_x86_64_unknown_linux_gnu = None
[INFO] [stderr]   cargo:rerun-if-env-changed=HOST_CXX
[INFO] [stderr]   HOST_CXX = None
[INFO] [stderr]   cargo:rerun-if-env-changed=CXX
[INFO] [stderr]   CXX = None
[INFO] [stderr]   cargo:rerun-if-env-changed=CXXFLAGS_x86_64-unknown-linux-gnu
[INFO] [stderr]   CXXFLAGS_x86_64-unknown-linux-gnu = None
[INFO] [stderr]   cargo:rerun-if-env-changed=CXXFLAGS_x86_64_unknown_linux_gnu
[INFO] [stderr]   CXXFLAGS_x86_64_unknown_linux_gnu = None
[INFO] [stderr]   cargo:rerun-if-env-changed=HOST_CXXFLAGS
[INFO] [stderr]   HOST_CXXFLAGS = None
[INFO] [stderr]   cargo:rerun-if-env-changed=CXXFLAGS
[INFO] [stderr]   CXXFLAGS = None
[INFO] [stderr]   cargo:rerun-if-env-changed=CRATE_CC_NO_DEFAULTS
[INFO] [stderr]   CRATE_CC_NO_DEFAULTS = None
[INFO] [stderr]   DEBUG = Some("true")
[INFO] [stderr]   CARGO_CFG_TARGET_FEATURE = Some("fxsr,sse,sse2")
[INFO] [stderr]   cargo:rerun-if-env-changed=CXX_x86_64-unknown-linux-gnu
[INFO] [stderr]   CXX_x86_64-unknown-linux-gnu = None
[INFO] [stderr]   cargo:rerun-if-env-changed=CXX_x86_64_unknown_linux_gnu
[INFO] [stderr]   CXX_x86_64_unknown_linux_gnu = None
[INFO] [stderr]   cargo:rerun-if-env-changed=HOST_CXX
[INFO] [stderr]   HOST_CXX = None
[INFO] [stderr]   cargo:rerun-if-env-changed=CXX
[INFO] [stderr]   CXX = None
[INFO] [stderr]   cargo:rerun-if-env-changed=CXXFLAGS_x86_64-unknown-linux-gnu
[INFO] [stderr]   CXXFLAGS_x86_64-unknown-linux-gnu = None
[INFO] [stderr]   cargo:rerun-if-env-changed=CXXFLAGS_x86_64_unknown_linux_gnu
[INFO] [stderr]   CXXFLAGS_x86_64_unknown_linux_gnu = None
[INFO] [stderr]   cargo:rerun-if-env-changed=HOST_CXXFLAGS
[INFO] [stderr]   HOST_CXXFLAGS = None
[INFO] [stderr]   cargo:rerun-if-env-changed=CXXFLAGS
[INFO] [stderr]   CXXFLAGS = None
[INFO] [stderr]   cargo:rerun-if-env-changed=CRATE_CC_NO_DEFAULTS
[INFO] [stderr]   CRATE_CC_NO_DEFAULTS = None
[INFO] [stderr]   CARGO_CFG_TARGET_FEATURE = Some("fxsr,sse,sse2")
[INFO] [stderr]   cargo:rerun-if-env-changed=CXX_x86_64-unknown-linux-gnu
[INFO] [stderr]   CXX_x86_64-unknown-linux-gnu = None
[INFO] [stderr]   cargo:rerun-if-env-changed=CXX_x86_64_unknown_linux_gnu
[INFO] [stderr]   CXX_x86_64_unknown_linux_gnu = None
[INFO] [stderr]   cargo:rerun-if-env-changed=HOST_CXX
[INFO] [stderr]   HOST_CXX = None
[INFO] [stderr]   cargo:rerun-if-env-changed=CXX
[INFO] [stderr]   CXX = None
[INFO] [stderr]   cargo:rerun-if-env-changed=CXXFLAGS_x86_64-unknown-linux-gnu
[INFO] [stderr]   CXXFLAGS_x86_64-unknown-linux-gnu = None
[INFO] [stderr]   cargo:rerun-if-env-changed=CXXFLAGS_x86_64_unknown_linux_gnu
[INFO] [stderr]   CXXFLAGS_x86_64_unknown_linux_gnu = None
[INFO] [stderr]   cargo:rerun-if-env-changed=HOST_CXXFLAGS
[INFO] [stderr]   HOST_CXXFLAGS = None
[INFO] [stderr]   cargo:rerun-if-env-changed=CXXFLAGS
[INFO] [stderr]   CXXFLAGS = None
[INFO] [stderr]   cargo:rerun-if-env-changed=CRATE_CC_NO_DEFAULTS
[INFO] [stderr]   CRATE_CC_NO_DEFAULTS = None
[INFO] [stderr]   CARGO_CFG_TARGET_FEATURE = Some("fxsr,sse,sse2")
[INFO] [stderr]   running: "c++" "-O0" "-ffunction-sections" "-fdata-sections" "-fPIC" "-gdwarf-4" "-fno-omit-frame-pointer" "-m64" "-I" "rocksdb/include/" "-I" "rocksdb/" "-I" "rocksdb/third-party/gtest-1.8.1/fused-src/" "-I" "lz4/lib/" "-I" "." "-Wall" "-Wextra" "-std=c++17" "-Wsign-compare" "-Wshadow" "-Wno-unused-parameter" "-Wno-unused-variable" "-Woverloaded-virtual" "-Wnon-virtual-dtor" "-Wno-missing-field-initializers" "-Wno-strict-aliasing" "-Wno-invalid-offsetof" "-msse2" "-std=c++17" "-DLZ4=1" "-DNDEBUG=1" "-DOS_LINUX" "-DROCKSDB_PLATFORM_POSIX" "-DROCKSDB_LIB_IO_POSIX" "-DROCKSDB_SUPPORT_THREAD_LOCAL" "-DHAVE_UINT128_EXTENSION=1" "-DHAVE_UINT128_EXTENSION=1" "-o" "/opt/rustwide/target/debug/build/librocksdb-sys-9cd0d0935912bf4d/out/rocksdb/cache/cache.o" "-c" "rocksdb/cache/cache.cc"
[INFO] [stderr]   exit status: 0
[INFO] [stderr]   running: "c++" "-O0" "-ffunction-sections" "-fdata-sections" "-fPIC" "-gdwarf-4" "-fno-omit-frame-pointer" "-m64" "-I" "rocksdb/include/" "-I" "rocksdb/" "-I" "rocksdb/third-party/gtest-1.8.1/fused-src/" "-I" "lz4/lib/" "-I" "." "-Wall" "-Wextra" "-std=c++17" "-Wsign-compare" "-Wshadow" "-Wno-unused-parameter" "-Wno-unused-variable" "-Woverloaded-virtual" "-Wnon-virtual-dtor" "-Wno-missing-field-initializers" "-Wno-strict-aliasing" "-Wno-invalid-offsetof" "-msse2" "-std=c++17" "-DLZ4=1" "-DNDEBUG=1" "-DOS_LINUX" "-DROCKSDB_PLATFORM_POSIX" "-DROCKSDB_LIB_IO_POSIX" "-DROCKSDB_SUPPORT_THREAD_LOCAL" "-DHAVE_UINT128_EXTENSION=1" "-DHAVE_UINT128_EXTENSION=1" "-o" "/opt/rustwide/target/debug/build/librocksdb-sys-9cd0d0935912bf4d/out/rocksdb/cache/cache_entry_roles.o" "-c" "rocksdb/cache/cache_entry_roles.cc"
[INFO] [stderr]   exit status: 0
[INFO] [stderr]   running: "c++" "-O0" "-ffunction-sections" "-fdata-sections" "-fPIC" "-gdwarf-4" "-fno-omit-frame-pointer" "-m64" "-I" "rocksdb/include/" "-I" "rocksdb/" "-I" "rocksdb/third-party/gtest-1.8.1/fused-src/" "-I" "lz4/lib/" "-I" "." "-Wall" "-Wextra" "-std=c++17" "-Wsign-compare" "-Wshadow" "-Wno-unused-parameter" "-Wno-unused-variable" "-Woverloaded-virtual" "-Wnon-virtual-dtor" "-Wno-missing-field-initializers" "-Wno-strict-aliasing" "-Wno-invalid-offsetof" "-msse2" "-std=c++17" "-DLZ4=1" "-DNDEBUG=1" "-DOS_LINUX" "-DROCKSDB_PLATFORM_POSIX" "-DROCKSDB_LIB_IO_POSIX" "-DROCKSDB_SUPPORT_THREAD_LOCAL" "-DHAVE_UINT128_EXTENSION=1" "-DHAVE_UINT128_EXTENSION=1" "-o" "/opt/rustwide/target/debug/build/librocksdb-sys-9cd0d0935912bf4d/out/rocksdb/cache/cache_key.o" "-c" "rocksdb/cache/cache_key.cc"
[INFO] [stderr]   running: "c++" "-O0" "-ffunction-sections" "-fdata-sections" "-fPIC" "-gdwarf-4" "-fno-omit-frame-pointer" "-m64" "-I" "rocksdb/include/" "-I" "rocksdb/" "-I" "rocksdb/third-party/gtest-1.8.1/fused-src/" "-I" "lz4/lib/" "-I" "." "-Wall" "-Wextra" "-std=c++17" "-Wsign-compare" "-Wshadow" "-Wno-unused-parameter" "-Wno-unused-variable" "-Woverloaded-virtual" "-Wnon-virtual-dtor" "-Wno-missing-field-initializers" "-Wno-strict-aliasing" "-Wno-invalid-offsetof" "-msse2" "-std=c++17" "-DLZ4=1" "-DNDEBUG=1" "-DOS_LINUX" "-DROCKSDB_PLATFORM_POSIX" "-DROCKSDB_LIB_IO_POSIX" "-DROCKSDB_SUPPORT_THREAD_LOCAL" "-DHAVE_UINT128_EXTENSION=1" "-DHAVE_UINT128_EXTENSION=1" "-o" "/opt/rustwide/target/debug/build/librocksdb-sys-9cd0d0935912bf4d/out/rocksdb/cache/cache_reservation_manager.o" "-c" "rocksdb/cache/cache_reservation_manager.cc"
[INFO] [stderr]   running: "c++" "-O0" "-ffunction-sections" "-fdata-sections" "-fPIC" "-gdwarf-4" "-fno-omit-frame-pointer" "-m64" "-I" "rocksdb/include/" "-I" "rocksdb/" "-I" "rocksdb/third-party/gtest-1.8.1/fused-src/" "-I" "lz4/lib/" "-I" "." "-Wall" "-Wextra" "-std=c++17" "-Wsign-compare" "-Wshadow" "-Wno-unused-parameter" "-Wno-unused-variable" "-Woverloaded-virtual" "-Wnon-virtual-dtor" "-Wno-missing-field-initializers" "-Wno-strict-aliasing" "-Wno-invalid-offsetof" "-msse2" "-std=c++17" "-DLZ4=1" "-DNDEBUG=1" "-DOS_LINUX" "-DROCKSDB_PLATFORM_POSIX" "-DROCKSDB_LIB_IO_POSIX" "-DROCKSDB_SUPPORT_THREAD_LOCAL" "-DHAVE_UINT128_EXTENSION=1" "-DHAVE_UINT128_EXTENSION=1" "-o" "/opt/rustwide/target/debug/build/librocksdb-sys-9cd0d0935912bf4d/out/rocksdb/cache/clock_cache.o" "-c" "rocksdb/cache/clock_cache.cc"
[INFO] [stderr]   exit status: 0
[INFO] [stderr]   exit status: 0
[INFO] [stderr]   running: "c++" "-O0" "-ffunction-sections" "-fdata-sections" "-fPIC" "-gdwarf-4" "-fno-omit-frame-pointer" "-m64" "-I" "rocksdb/include/" "-I" "rocksdb/" "-I" "rocksdb/third-party/gtest-1.8.1/fused-src/" "-I" "lz4/lib/" "-I" "." "-Wall" "-Wextra" "-std=c++17" "-Wsign-compare" "-Wshadow" "-Wno-unused-parameter" "-Wno-unused-variable" "-Woverloaded-virtual" "-Wnon-virtual-dtor" "-Wno-missing-field-initializers" "-Wno-strict-aliasing" "-Wno-invalid-offsetof" "-msse2" "-std=c++17" "-DLZ4=1" "-DNDEBUG=1" "-DOS_LINUX" "-DROCKSDB_PLATFORM_POSIX" "-DROCKSDB_LIB_IO_POSIX" "-DROCKSDB_SUPPORT_THREAD_LOCAL" "-DHAVE_UINT128_EXTENSION=1" "-DHAVE_UINT128_EXTENSION=1" "-o" "/opt/rustwide/target/debug/build/librocksdb-sys-9cd0d0935912bf4d/out/rocksdb/cache/fast_lru_cache.o" "-c" "rocksdb/cache/fast_lru_cache.cc"
[INFO] [stderr]   exit status: 0
[INFO] [stderr]   running: "c++" "-O0" "-ffunction-sections" "-fdata-sections" "-fPIC" "-gdwarf-4" "-fno-omit-frame-pointer" "-m64" "-I" "rocksdb/include/" "-I" "rocksdb/" "-I" "rocksdb/third-party/gtest-1.8.1/fused-src/" "-I" "lz4/lib/" "-I" "." "-Wall" "-Wextra" "-std=c++17" "-Wsign-compare" "-Wshadow" "-Wno-unused-parameter" "-Wno-unused-variable" "-Woverloaded-virtual" "-Wnon-virtual-dtor" "-Wno-missing-field-initializers" "-Wno-strict-aliasing" "-Wno-invalid-offsetof" "-msse2" "-std=c++17" "-DLZ4=1" "-DNDEBUG=1" "-DOS_LINUX" "-DROCKSDB_PLATFORM_POSIX" "-DROCKSDB_LIB_IO_POSIX" "-DROCKSDB_SUPPORT_THREAD_LOCAL" "-DHAVE_UINT128_EXTENSION=1" "-DHAVE_UINT128_EXTENSION=1" "-o" "/opt/rustwide/target/debug/build/librocksdb-sys-9cd0d0935912bf4d/out/rocksdb/cache/lru_cache.o" "-c" "rocksdb/cache/lru_cache.cc"
[INFO] [stderr]   running: "c++" "-O0" "-ffunction-sections" "-fdata-sections" "-fPIC" "-gdwarf-4" "-fno-omit-frame-pointer" "-m64" "-I" "rocksdb/include/" "-I" "rocksdb/" "-I" "rocksdb/third-party/gtest-1.8.1/fused-src/" "-I" "lz4/lib/" "-I" "." "-Wall" "-Wextra" "-std=c++17" "-Wsign-compare" "-Wshadow" "-Wno-unused-parameter" "-Wno-unused-variable" "-Woverloaded-virtual" "-Wnon-virtual-dtor" "-Wno-missing-field-initializers" "-Wno-strict-aliasing" "-Wno-invalid-offsetof" "-msse2" "-std=c++17" "-DLZ4=1" "-DNDEBUG=1" "-DOS_LINUX" "-DROCKSDB_PLATFORM_POSIX" "-DROCKSDB_LIB_IO_POSIX" "-DROCKSDB_SUPPORT_THREAD_LOCAL" "-DHAVE_UINT128_EXTENSION=1" "-DHAVE_UINT128_EXTENSION=1" "-o" "/opt/rustwide/target/debug/build/librocksdb-sys-9cd0d0935912bf4d/out/rocksdb/cache/compressed_secondary_cache.o" "-c" "rocksdb/cache/compressed_secondary_cache.cc"
[INFO] [stderr]   exit status: 0
[INFO] [stderr]   running: "c++" "-O0" "-ffunction-sections" "-fdata-sections" "-fPIC" "-gdwarf-4" "-fno-omit-frame-pointer" "-m64" "-I" "rocksdb/include/" "-I" "rocksdb/" "-I" "rocksdb/third-party/gtest-1.8.1/fused-src/" "-I" "lz4/lib/" "-I" "." "-Wall" "-Wextra" "-std=c++17" "-Wsign-compare" "-Wshadow" "-Wno-unused-parameter" "-Wno-unused-variable" "-Woverloaded-virtual" "-Wnon-virtual-dtor" "-Wno-missing-field-initializers" "-Wno-strict-aliasing" "-Wno-invalid-offsetof" "-msse2" "-std=c++17" "-DLZ4=1" "-DNDEBUG=1" "-DOS_LINUX" "-DROCKSDB_PLATFORM_POSIX" "-DROCKSDB_LIB_IO_POSIX" "-DROCKSDB_SUPPORT_THREAD_LOCAL" "-DHAVE_UINT128_EXTENSION=1" "-DHAVE_UINT128_EXTENSION=1" "-o" "/opt/rustwide/target/debug/build/librocksdb-sys-9cd0d0935912bf4d/out/rocksdb/cache/sharded_cache.o" "-c" "rocksdb/cache/sharded_cache.cc"
[INFO] [stderr]   running: "c++" "-O0" "-ffunction-sections" "-fdata-sections" "-fPIC" "-gdwarf-4" "-fno-omit-frame-pointer" "-m64" "-I" "rocksdb/include/" "-I" "rocksdb/" "-I" "rocksdb/third-party/gtest-1.8.1/fused-src/" "-I" "lz4/lib/" "-I" "." "-Wall" "-Wextra" "-std=c++17" "-Wsign-compare" "-Wshadow" "-Wno-unused-parameter" "-Wno-unused-variable" "-Woverloaded-virtual" "-Wnon-virtual-dtor" "-Wno-missing-field-initializers" "-Wno-strict-aliasing" "-Wno-invalid-offsetof" "-msse2" "-std=c++17" "-DLZ4=1" "-DNDEBUG=1" "-DOS_LINUX" "-DROCKSDB_PLATFORM_POSIX" "-DROCKSDB_LIB_IO_POSIX" "-DROCKSDB_SUPPORT_THREAD_LOCAL" "-DHAVE_UINT128_EXTENSION=1" "-DHAVE_UINT128_EXTENSION=1" "-o" "/opt/rustwide/target/debug/build/librocksdb-sys-9cd0d0935912bf4d/out/rocksdb/db/arena_wrapped_db_iter.o" "-c" "rocksdb/db/arena_wrapped_db_iter.cc"
[INFO] [stderr]   exit status: 0
[INFO] [stderr]   running: "c++" "-O0" "-ffunction-sections" "-fdata-sections" "-fPIC" "-gdwarf-4" "-fno-omit-frame-pointer" "-m64" "-I" "rocksdb/include/" "-I" "rocksdb/" "-I" "rocksdb/third-party/gtest-1.8.1/fused-src/" "-I" "lz4/lib/" "-I" "." "-Wall" "-Wextra" "-std=c++17" "-Wsign-compare" "-Wshadow" "-Wno-unused-parameter" "-Wno-unused-variable" "-Woverloaded-virtual" "-Wnon-virtual-dtor" "-Wno-missing-field-initializers" "-Wno-strict-aliasing" "-Wno-invalid-offsetof" "-msse2" "-std=c++17" "-DLZ4=1" "-DNDEBUG=1" "-DOS_LINUX" "-DROCKSDB_PLATFORM_POSIX" "-DROCKSDB_LIB_IO_POSIX" "-DROCKSDB_SUPPORT_THREAD_LOCAL" "-DHAVE_UINT128_EXTENSION=1" "-DHAVE_UINT128_EXTENSION=1" "-o" "/opt/rustwide/target/debug/build/librocksdb-sys-9cd0d0935912bf4d/out/rocksdb/db/blob/blob_fetcher.o" "-c" "rocksdb/db/blob/blob_fetcher.cc"
[INFO] [stderr]   exit status: 0
[INFO] [stderr]   running: "c++" "-O0" "-ffunction-sections" "-fdata-sections" "-fPIC" "-gdwarf-4" "-fno-omit-frame-pointer" "-m64" "-I" "rocksdb/include/" "-I" "rocksdb/" "-I" "rocksdb/third-party/gtest-1.8.1/fused-src/" "-I" "lz4/lib/" "-I" "." "-Wall" "-Wextra" "-std=c++17" "-Wsign-compare" "-Wshadow" "-Wno-unused-parameter" "-Wno-unused-variable" "-Woverloaded-virtual" "-Wnon-virtual-dtor" "-Wno-missing-field-initializers" "-Wno-strict-aliasing" "-Wno-invalid-offsetof" "-msse2" "-std=c++17" "-DLZ4=1" "-DNDEBUG=1" "-DOS_LINUX" "-DROCKSDB_PLATFORM_POSIX" "-DROCKSDB_LIB_IO_POSIX" "-DROCKSDB_SUPPORT_THREAD_LOCAL" "-DHAVE_UINT128_EXTENSION=1" "-DHAVE_UINT128_EXTENSION=1" "-o" "/opt/rustwide/target/debug/build/librocksdb-sys-9cd0d0935912bf4d/out/rocksdb/db/blob/blob_file_addition.o" "-c" "rocksdb/db/blob/blob_file_addition.cc"
[INFO] [stderr]   exit status: 0
[INFO] [stderr]   running: "c++" "-O0" "-ffunction-sections" "-fdata-sections" "-fPIC" "-gdwarf-4" "-fno-omit-frame-pointer" "-m64" "-I" "rocksdb/include/" "-I" "rocksdb/" "-I" "rocksdb/third-party/gtest-1.8.1/fused-src/" "-I" "lz4/lib/" "-I" "." "-Wall" "-Wextra" "-std=c++17" "-Wsign-compare" "-Wshadow" "-Wno-unused-parameter" "-Wno-unused-variable" "-Woverloaded-virtual" "-Wnon-virtual-dtor" "-Wno-missing-field-initializers" "-Wno-strict-aliasing" "-Wno-invalid-offsetof" "-msse2" "-std=c++17" "-DLZ4=1" "-DNDEBUG=1" "-DOS_LINUX" "-DROCKSDB_PLATFORM_POSIX" "-DROCKSDB_LIB_IO_POSIX" "-DROCKSDB_SUPPORT_THREAD_LOCAL" "-DHAVE_UINT128_EXTENSION=1" "-DHAVE_UINT128_EXTENSION=1" "-o" "/opt/rustwide/target/debug/build/librocksdb-sys-9cd0d0935912bf4d/out/rocksdb/db/blob/blob_file_builder.o" "-c" "rocksdb/db/blob/blob_file_builder.cc"
[INFO] [stderr]   running: "c++" "-O0" "-ffunction-sections" "-fdata-sections" "-fPIC" "-gdwarf-4" "-fno-omit-frame-pointer" "-m64" "-I" "rocksdb/include/" "-I" "rocksdb/" "-I" "rocksdb/third-party/gtest-1.8.1/fused-src/" "-I" "lz4/lib/" "-I" "." "-Wall" "-Wextra" "-std=c++17" "-Wsign-compare" "-Wshadow" "-Wno-unused-parameter" "-Wno-unused-variable" "-Woverloaded-virtual" "-Wnon-virtual-dtor" "-Wno-missing-field-initializers" "-Wno-strict-aliasing" "-Wno-invalid-offsetof" "-msse2" "-std=c++17" "-DLZ4=1" "-DNDEBUG=1" "-DOS_LINUX" "-DROCKSDB_PLATFORM_POSIX" "-DROCKSDB_LIB_IO_POSIX" "-DROCKSDB_SUPPORT_THREAD_LOCAL" "-DHAVE_UINT128_EXTENSION=1" "-DHAVE_UINT128_EXTENSION=1" "-o" "/opt/rustwide/target/debug/build/librocksdb-sys-9cd0d0935912bf4d/out/rocksdb/db/blob/blob_file_cache.o" "-c" "rocksdb/db/blob/blob_file_cache.cc"
[INFO] [stderr]   exit status: 0
[INFO] [stderr]   cargo:warning=c++: fatal error: Killed signal terminated program cc1plus
[INFO] [stderr]   cargo:warning=compilation terminated.
[INFO] [stderr]   exit status: 1
[INFO] [stderr]   running: "c++" "-O0" "-ffunction-sections" "-fdata-sections" "-fPIC" "-gdwarf-4" "-fno-omit-frame-pointer" "-m64" "-I" "rocksdb/include/" "-I" "rocksdb/" "-I" "rocksdb/third-party/gtest-1.8.1/fused-src/" "-I" "lz4/lib/" "-I" "." "-Wall" "-Wextra" "-std=c++17" "-Wsign-compare" "-Wshadow" "-Wno-unused-parameter" "-Wno-unused-variable" "-Woverloaded-virtual" "-Wnon-virtual-dtor" "-Wno-missing-field-initializers" "-Wno-strict-aliasing" "-Wno-invalid-offsetof" "-msse2" "-std=c++17" "-DLZ4=1" "-DNDEBUG=1" "-DOS_LINUX" "-DROCKSDB_PLATFORM_POSIX" "-DROCKSDB_LIB_IO_POSIX" "-DROCKSDB_SUPPORT_THREAD_LOCAL" "-DHAVE_UINT128_EXTENSION=1" "-DHAVE_UINT128_EXTENSION=1" "-o" "/opt/rustwide/target/debug/build/librocksdb-sys-9cd0d0935912bf4d/out/rocksdb/db/blob/blob_file_garbage.o" "-c" "rocksdb/db/blob/blob_file_garbage.cc"
[INFO] [stderr]   exit status: 0
[INFO] [stderr]   exit status: 0
[INFO] [stderr]   exit status: 0
[INFO] [stderr]   exit status: 0
[INFO] [stderr] 
[INFO] [stderr]   --- stderr
[INFO] [stderr]   error: 'rustfmt' is not installed for the toolchain '1.69.0-x86_64-unknown-linux-gnu'
[INFO] [stderr]   To install, run `rustup component add rustfmt --toolchain 1.69.0-x86_64-unknown-linux-gnu`
[INFO] [stderr]   Failed to run rustfmt: Internal rustfmt error (non-fatal, continuing)
[INFO] [stderr] 
[INFO] [stderr] 
[INFO] [stderr]   error occurred: Command "c++" "-O0" "-ffunction-sections" "-fdata-sections" "-fPIC" "-gdwarf-4" "-fno-omit-frame-pointer" "-m64" "-I" "rocksdb/include/" "-I" "rocksdb/" "-I" "rocksdb/third-party/gtest-1.8.1/fused-src/" "-I" "lz4/lib/" "-I" "." "-Wall" "-Wextra" "-std=c++17" "-Wsign-compare" "-Wshadow" "-Wno-unused-parameter" "-Wno-unused-variable" "-Woverloaded-virtual" "-Wnon-virtual-dtor" "-Wno-missing-field-initializers" "-Wno-strict-aliasing" "-Wno-invalid-offsetof" "-msse2" "-std=c++17" "-DLZ4=1" "-DNDEBUG=1" "-DOS_LINUX" "-DROCKSDB_PLATFORM_POSIX" "-DROCKSDB_LIB_IO_POSIX" "-DROCKSDB_SUPPORT_THREAD_LOCAL" "-DHAVE_UINT128_EXTENSION=1" "-DHAVE_UINT128_EXTENSION=1" "-o" "/opt/rustwide/target/debug/build/librocksdb-sys-9cd0d0935912bf4d/out/rocksdb/db/arena_wrapped_db_iter.o" "-c" "rocksdb/db/arena_wrapped_db_iter.cc" with args "c++" did not execute successfully (status code exit status: 1).
[INFO] [stderr] 
[INFO] [stderr] 
[INFO] [stderr] warning: build failed, waiting for other jobs to finish...
[INFO] [stderr] error: failed to run custom build command for `protobuf-src v1.1.0+21.5`
[INFO] [stderr] note: To improve backtraces for build dependencies, set the CARGO_PROFILE_TEST_BUILD_OVERRIDE_DEBUG=true environment variable to enable debug information generation.
[INFO] [stderr] 
[INFO] [stderr] Caused by:
[INFO] [stderr]   process didn't exit successfully: `/opt/rustwide/target/debug/build/protobuf-src-3d13e8b87b74cfb6/build-script-build` (exit status: 101)
[INFO] [stderr]   --- stdout
[INFO] [stderr]   running: cd "/opt/rustwide/target/debug/build/protobuf-src-9e3ac8387df88f5e/out/install/build" && CC="cc" CFLAGS="-O0 -ffunction-sections -fdata-sections -fPIC -m64" CXX="c++" CXXFLAGS="-O0 -ffunction-sections -fdata-sections -fPIC -m64" "sh" "-c" "exec \"$0\" \"$@\"" "/opt/rustwide/cargo-home/registry/src/github.com-1ecc6299db9ec823/protobuf-src-1.1.0+21.5/protobuf/configure" "--prefix=/opt/rustwide/target/debug/build/protobuf-src-9e3ac8387df88f5e/out/install" "--disable-shared" "--enable-static" "--disable-maintainer-mode"
[INFO] [stderr]   checking whether to enable maintainer-specific portions of Makefiles... no
[INFO] [stderr]   checking build system type... x86_64-pc-linux-gnu
[INFO] [stderr]   checking host system type... x86_64-pc-linux-gnu
[INFO] [stderr]   checking target system type... x86_64-pc-linux-gnu
[INFO] [stderr]   checking for a BSD-compatible install... /usr/bin/install -c
[INFO] [stderr]   checking whether build environment is sane... yes
[INFO] [stderr]   checking for a race-free mkdir -p... /usr/bin/mkdir -p
[INFO] [stderr]   checking for gawk... no
[INFO] [stderr]   checking for mawk... mawk
[INFO] [stderr]   checking whether make sets $(MAKE)... yes
[INFO] [stderr]   checking whether make supports nested variables... yes
[INFO] [stderr]   checking whether UID '0' is supported by ustar format... yes
[INFO] [stderr]   checking whether GID '0' is supported by ustar format... yes
[INFO] [stderr]   checking how to create a ustar tar archive... gnutar
[INFO] [stderr]   checking whether make supports nested variables... (cached) yes
[INFO] [stderr]   checking for gcc... cc
[INFO] [stderr]   checking whether the C compiler works... yes
[INFO] [stderr]   checking for C compiler default output file name... a.out
[INFO] [stderr]   checking for suffix of executables... 
[INFO] [stderr]   checking whether we are cross compiling... no
[INFO] [stderr]   checking for suffix of object files... o
[INFO] [stderr]   checking whether the compiler supports GNU C... yes
[INFO] [stderr]   checking whether cc accepts -g... yes
[INFO] [stderr]   checking for cc option to enable C11 features... none needed
[INFO] [stderr]   checking whether cc understands -c and -o together... yes
[INFO] [stderr]   checking whether make supports the include directive... yes (GNU style)
[INFO] [stderr]   checking dependency style of cc... gcc3
[INFO] [stderr]   checking whether the compiler supports GNU C++... yes
[INFO] [stderr]   checking whether c++ accepts -g... yes
[INFO] [stderr]   checking for c++ option to enable C++11 features... none needed
[INFO] [stderr]   checking dependency style of c++... gcc3
[INFO] [stderr]   checking how to run the C preprocessor... cc -E
[INFO] [stderr]   checking for gcc... gcc
[INFO] [stderr]   checking whether the compiler supports GNU C... (cached) yes
[INFO] [stderr]   checking whether gcc accepts -g... yes
[INFO] [stderr]   checking for gcc option to enable C11 features... (cached) none needed
[INFO] [stderr]   checking whether gcc understands -c and -o together... (cached) yes
[INFO] [stderr]   checking dependency style of gcc... (cached) gcc3
[INFO] [stderr]   checking how to run the C preprocessor... gcc -E
[INFO] [stderr]   checking how to run the C++ preprocessor... c++ -E
[INFO] [stderr]   checking for g++... g++
[INFO] [stderr]   checking whether the compiler supports GNU C++... (cached) yes
[INFO] [stderr]   checking whether g++ accepts -g... yes
[INFO] [stderr]   checking for g++ option to enable C++11 features... (cached) none needed
[INFO] [stderr]   checking dependency style of g++... (cached) gcc3
[INFO] [stderr]   checking how to run the C++ preprocessor... g++ -E
[INFO] [stderr]   checking for stdio.h... yes
[INFO] [stderr]   checking for stdlib.h... yes
[INFO] [stderr]   checking for string.h... yes
[INFO] [stderr]   checking for inttypes.h... yes
[INFO] [stderr]   checking for stdint.h... yes
[INFO] [stderr]   checking for strings.h... yes
[INFO] [stderr]   checking for sys/stat.h... yes
[INFO] [stderr]   checking for sys/types.h... yes
[INFO] [stderr]   checking for unistd.h... yes
[INFO] [stderr]   checking for wchar.h... yes
[INFO] [stderr]   checking for minix/config.h... no
[INFO] [stderr]   checking whether it is safe to define __EXTENSIONS__... yes
[INFO] [stderr]   checking whether _XOPEN_SOURCE should be defined... no
[INFO] [stderr]   checking for ar... ar
[INFO] [stderr]   checking the archiver (ar) interface... ar
[INFO] [stderr]   checking C++ compiler flags...... use user-supplied: -O0 -ffunction-sections -fdata-sections -fPIC -m64
[INFO] [stderr]   checking for c++ options needed to detect all undeclared functions... none needed
[INFO] [stderr]   checking whether __SUNPRO_CC is declared... no
[INFO] [stderr]   checking how to print strings... printf
[INFO] [stderr]   checking for a sed that does not truncate output... /usr/bin/sed
[INFO] [stderr]   checking for grep that handles long lines and -e... /usr/bin/grep
[INFO] [stderr]   checking for egrep... /usr/bin/grep -E
[INFO] [stderr]   checking for fgrep... /usr/bin/grep -F
[INFO] [stderr]   checking for ld used by cc... /usr/bin/ld
[INFO] [stderr]   checking if the linker (/usr/bin/ld) is GNU ld... yes
[INFO] [stderr]   checking for BSD- or MS-compatible name lister (nm)... /usr/bin/nm -B
[INFO] [stderr]   checking the name lister (/usr/bin/nm -B) interface... BSD nm
[INFO] [stderr]   checking whether ln -s works... yes
[INFO] [stderr]   checking the maximum length of command line arguments... 1572864
[INFO] [stderr]   checking how to convert x86_64-pc-linux-gnu file names to x86_64-pc-linux-gnu format... func_convert_file_noop
[INFO] [stderr]   checking how to convert x86_64-pc-linux-gnu file names to toolchain format... func_convert_file_noop
[INFO] [stderr]   checking for /usr/bin/ld option to reload object files... -r
[INFO] [stderr]   checking for file... file
[INFO] [stderr]   checking for objdump... objdump
[INFO] [stderr]   checking how to recognize dependent libraries... pass_all
[INFO] [stderr]   checking for dlltool... no
[INFO] [stderr]   checking how to associate runtime and link libraries... printf %s\n
[INFO] [stderr]   checking for archiver @FILE support... @
[INFO] [stderr]   checking for strip... strip
[INFO] [stderr]   checking for ranlib... ranlib
[INFO] [stderr]   checking command to parse /usr/bin/nm -B output from cc object... ok
[INFO] [stderr]   checking for sysroot... no
[INFO] [stderr]   checking for a working dd... /usr/bin/dd
[INFO] [stderr]   checking how to truncate binary pipes... /usr/bin/dd bs=4096 count=1
[INFO] [stderr]   checking for mt... no
[INFO] [stderr]   checking if : is a manifest tool... no
[INFO] [stderr]   checking for dlfcn.h... yes
[INFO] [stderr]   checking for objdir... .libs
[INFO] [stderr]   checking if cc supports -fno-rtti -fno-exceptions... no
[INFO] [stderr]   checking for cc option to produce PIC... -fPIC -DPIC
[INFO] [stderr]   checking if cc PIC flag -fPIC -DPIC works... yes
[INFO] [stderr]   checking if cc static flag -static works... yes
[INFO] [stderr]   checking if cc supports -c -o file.o... yes
[INFO] [stderr]   checking if cc supports -c -o file.o... (cached) yes
[INFO] [stderr]   checking whether the cc linker (/usr/bin/ld -m elf_x86_64) supports shared libraries... yes
[INFO] [stderr]   checking dynamic linker characteristics... GNU/Linux ld.so
[INFO] [stderr]   checking how to hardcode library paths into programs... immediate
[INFO] [stderr]   checking whether stripping libraries is possible... yes
[INFO] [stderr]   checking if libtool supports shared libraries... yes
[INFO] [stderr]   checking whether to build shared libraries... no
[INFO] [stderr]   checking whether to build static libraries... yes
[INFO] [stderr]   checking how to run the C++ preprocessor... c++ -E
[INFO] [stderr]   checking for ld used by c++... /usr/bin/ld -m elf_x86_64
[INFO] [stderr]   checking if the linker (/usr/bin/ld -m elf_x86_64) is GNU ld... yes
[INFO] [stderr]   checking whether the c++ linker (/usr/bin/ld -m elf_x86_64) supports shared libraries... yes
[INFO] [stderr]   checking for c++ option to produce PIC... -fPIC -DPIC
[INFO] [stderr]   checking if c++ PIC flag -fPIC -DPIC works... yes
[INFO] [stderr]   checking if c++ static flag -static works... yes
[INFO] [stderr]   checking if c++ supports -c -o file.o... yes
[INFO] [stderr]   checking if c++ supports -c -o file.o... (cached) yes
[INFO] [stderr]   checking whether the c++ linker (/usr/bin/ld -m elf_x86_64) supports shared libraries... yes
[INFO] [stderr]   checking dynamic linker characteristics... (cached) GNU/Linux ld.so
[INFO] [stderr]   checking how to hardcode library paths into programs... immediate
[INFO] [stderr]   checking whether the linker supports version scripts... yes
[INFO] [stderr]   checking for egrep... (cached) /usr/bin/grep -E
[INFO] [stderr]   checking for fcntl.h... yes
[INFO] [stderr]   checking for inttypes.h... (cached) yes
[INFO] [stderr]   checking for limits.h... yes
[INFO] [stderr]   checking for stdlib.h... (cached) yes
[INFO] [stderr]   checking for unistd.h... (cached) yes
[INFO] [stderr]   checking for working memcmp... yes
[INFO] [stderr]   checking for working strtod... yes
[INFO] [stderr]   checking for ftruncate... yes
[INFO] [stderr]   checking for memset... yes
[INFO] [stderr]   checking for mkdir... yes
[INFO] [stderr]   checking for strchr... yes
[INFO] [stderr]   checking for strerror... yes
[INFO] [stderr]   checking for strtol... yes
[INFO] [stderr]   checking zlib version... ok (1.2.0.4 or later)
[INFO] [stderr]   checking for library containing zlibVersion... -lz
[INFO] [stderr]   checking whether c++ supports C++11 features by default... yes
[INFO] [stderr]   checking whether -latomic is needed... no
[INFO] [stderr]   checking whether cc is Clang... no
[INFO] [stderr]   checking whether pthreads work with "-pthread" and "-lpthread"... yes
[INFO] [stderr]   checking for joinable pthread attribute... PTHREAD_CREATE_JOINABLE
[INFO] [stderr]   checking whether more special flags are required for pthreads... no
[INFO] [stderr]   checking for PTHREAD_PRIO_INHERIT... yes
[INFO] [stderr]   checking the location of hash_map... <unordered_map>
[INFO] [stderr]   checking whether -llog is needed... no
[INFO] [stderr]   checking that generated files are newer than configure... done
[INFO] [stderr]   configure: creating ./config.status
[INFO] [stderr]   config.status: creating Makefile
[INFO] [stderr]   config.status: creating src/Makefile
[INFO] [stderr]   config.status: creating benchmarks/Makefile
[INFO] [stderr]   config.status: creating conformance/Makefile
[INFO] [stderr]   config.status: creating protobuf.pc
[INFO] [stderr]   config.status: creating protobuf-lite.pc
[INFO] [stderr]   config.status: creating config.h
[INFO] [stderr]   config.status: executing depfiles commands
[INFO] [stderr]   config.status: executing libtool commands
[INFO] [stderr]   === configuring in third_party/googletest (/opt/rustwide/target/debug/build/protobuf-src-9e3ac8387df88f5e/out/install/build/third_party/googletest)
[INFO] [stderr]   configure: running /bin/bash /opt/rustwide/cargo-home/registry/src/github.com-1ecc6299db9ec823/protobuf-src-1.1.0+21.5/protobuf/third_party/googletest/configure --disable-option-checking '--prefix=/opt/rustwide/target/debug/build/protobuf-src-9e3ac8387df88f5e/out/install'  '--disable-shared' '--enable-static' '--disable-maintainer-mode' 'CC=cc' 'CFLAGS=-O0 -ffunction-sections -fdata-sections -fPIC -m64' 'CXX=c++' 'CXXFLAGS=-O0 -ffunction-sections -fdata-sections -fPIC -m64' --cache-file=/dev/null --srcdir=/opt/rustwide/cargo-home/registry/src/github.com-1ecc6299db9ec823/protobuf-src-1.1.0+21.5/protobuf/third_party/googletest
[INFO] [stderr]   checking for a BSD-compatible install... /usr/bin/install -c
[INFO] [stderr]   checking whether build environment is sane... yes
[INFO] [stderr]   checking for a race-free mkdir -p... /usr/bin/mkdir -p
[INFO] [stderr]   checking for gawk... no
[INFO] [stderr]   checking for mawk... mawk
[INFO] [stderr]   checking whether make sets $(MAKE)... yes
[INFO] [stderr]   checking whether make supports nested variables... yes
[INFO] [stderr]   checking that generated files are newer than configure... done
[INFO] [stderr]   configure: creating ./config.status
[INFO] [stderr]   config.status: creating Makefile
[INFO] [stderr]   === configuring in googletest (/opt/rustwide/target/debug/build/protobuf-src-9e3ac8387df88f5e/out/install/build/third_party/googletest/googletest)
[INFO] [stderr]   configure: running /bin/bash /opt/rustwide/cargo-home/registry/src/github.com-1ecc6299db9ec823/protobuf-src-1.1.0+21.5/protobuf/third_party/googletest/googletest/configure --disable-option-checking '--prefix=/opt/rustwide/target/debug/build/protobuf-src-9e3ac8387df88f5e/out/install'  '--disable-shared' '--enable-static' '--disable-maintainer-mode' 'CC=cc' 'CFLAGS=-O0 -ffunction-sections -fdata-sections -fPIC -m64' 'CXX=c++' 'CXXFLAGS=-O0 -ffunction-sections -fdata-sections -fPIC -m64' --cache-file=/dev/null --srcdir=/opt/rustwide/cargo-home/registry/src/github.com-1ecc6299db9ec823/protobuf-src-1.1.0+21.5/protobuf/third_party/googletest/googletest
[INFO] [stderr]   checking for a BSD-compatible install... /usr/bin/install -c
[INFO] [stderr]   checking whether build environment is sane... yes
[INFO] [stderr]   checking for a race-free mkdir -p... /usr/bin/mkdir -p
[INFO] [stderr]   checking for gawk... no
[INFO] [stderr]   checking for mawk... mawk
[INFO] [stderr]   checking whether make sets $(MAKE)... yes
[INFO] [stderr]   checking whether make supports nested variables... yes
[INFO] [stderr]   checking for gcc... cc
[INFO] [stderr]   checking whether the C compiler works... yes
[INFO] [stderr]   checking for C compiler default output file name... a.out
[INFO] [stderr]   checking for suffix of executables... 
[INFO] [stderr]   checking whether we are cross compiling... no
[INFO] [stderr]   checking for suffix of object files... o
[INFO] [stderr]   checking whether the compiler supports GNU C... yes
[INFO] [stderr]   checking whether cc accepts -g... yes
[INFO] [stderr]   checking for cc option to enable C11 features... none needed
[INFO] [stderr]   checking whether cc understands -c and -o together... yes
[INFO] [stderr]   checking whether make supports the include directive... yes (GNU style)
[INFO] [stderr]   checking dependency style of cc... gcc3
[INFO] [stderr]   checking whether the compiler supports GNU C++... yes
[INFO] [stderr]   checking whether c++ accepts -g... yes
[INFO] [stderr]   checking for c++ option to enable C++11 features... none needed
[INFO] [stderr]   checking dependency style of c++... gcc3
[INFO] [stderr]   checking build system type... x86_64-pc-linux-gnu
[INFO] [stderr]   checking host system type... x86_64-pc-linux-gnu
[INFO] [stderr]   checking how to print strings... printf
[INFO] [stderr]   checking for a sed that does not truncate output... /usr/bin/sed
[INFO] [stderr]   checking for grep that handles long lines and -e... /usr/bin/grep
[INFO] [stderr]   checking for egrep... /usr/bin/grep -E
[INFO] [stderr]   checking for fgrep... /usr/bin/grep -F
[INFO] [stderr]   checking for ld used by cc... /usr/bin/ld
[INFO] [stderr]   checking if the linker (/usr/bin/ld) is GNU ld... yes
[INFO] [stderr]   checking for BSD- or MS-compatible name lister (nm)... /usr/bin/nm -B
[INFO] [stderr]   checking the name lister (/usr/bin/nm -B) interface... BSD nm
[INFO] [stderr]   checking whether ln -s works... yes
[INFO] [stderr]   checking the maximum length of command line arguments... 1572864
[INFO] [stderr]   checking how to convert x86_64-pc-linux-gnu file names to x86_64-pc-linux-gnu format... func_convert_file_noop
[INFO] [stderr]   checking how to convert x86_64-pc-linux-gnu file names to toolchain format... func_convert_file_noop
[INFO] [stderr]   checking for /usr/bin/ld option to reload object files... -r
[INFO] [stderr]   checking for file... file
[INFO] [stderr]   checking for objdump... objdump
[INFO] [stderr]   checking how to recognize dependent libraries... pass_all
[INFO] [stderr]   checking for dlltool... no
[INFO] [stderr]   checking how to associate runtime and link libraries... printf %s\n
[INFO] [stderr]   checking for ar... ar
[INFO] [stderr]   checking for archiver @FILE support... @
[INFO] [stderr]   checking for strip... strip
[INFO] [stderr]   checking for ranlib... ranlib
[INFO] [stderr]   checking command to parse /usr/bin/nm -B output from cc object... ok
[INFO] [stderr]   checking for sysroot... no
[INFO] [stderr]   checking for a working dd... /usr/bin/dd
[INFO] [stderr]   checking how to truncate binary pipes... /usr/bin/dd bs=4096 count=1
[INFO] [stderr]   checking for mt... no
[INFO] [stderr]   checking if : is a manifest tool... no
[INFO] [stderr]   checking for stdio.h... yes
[INFO] [stderr]   checking for stdlib.h... yes
[INFO] [stderr]   checking for string.h... yes
[INFO] [stderr]   checking for inttypes.h... yes
[INFO] [stderr]   checking for stdint.h... yes
[INFO] [stderr]   checking for strings.h... yes
[INFO] [stderr]   checking for sys/stat.h... yes
[INFO] [stderr]   checking for sys/types.h... yes
[INFO] [stderr]   checking for unistd.h... yes
[INFO] [stderr]   checking for dlfcn.h... yes
[INFO] [stderr]   checking for objdir... .libs
[INFO] [stderr]   checking if cc supports -fno-rtti -fno-exceptions... no
[INFO] [stderr]   checking for cc option to produce PIC... -fPIC -DPIC
[INFO] [stderr]   checking if cc PIC flag -fPIC -DPIC works... yes
[INFO] [stderr]   checking if cc static flag -static works... yes
[INFO] [stderr]   checking if cc supports -c -o file.o... yes
[INFO] [stderr]   checking if cc supports -c -o file.o... (cached) yes
[INFO] [stderr]   checking whether the cc linker (/usr/bin/ld -m elf_x86_64) supports shared libraries... yes
[INFO] [stderr]   checking dynamic linker characteristics... GNU/Linux ld.so
[INFO] [stderr]   checking how to hardcode library paths into programs... immediate
[INFO] [stderr]   checking whether stripping libraries is possible... yes
[INFO] [stderr]   checking if libtool supports shared libraries... yes
[INFO] [stderr]   checking whether to build shared libraries... no
[INFO] [stderr]   checking whether to build static libraries... yes
[INFO] [stderr]   checking how to run the C++ preprocessor... c++ -E
[INFO] [stderr]   checking for ld used by c++... /usr/bin/ld -m elf_x86_64
[INFO] [stderr]   checking if the linker (/usr/bin/ld -m elf_x86_64) is GNU ld... yes
[INFO] [stderr]   checking whether the c++ linker (/usr/bin/ld -m elf_x86_64) supports shared libraries... yes
[INFO] [stderr]   checking for c++ option to produce PIC... -fPIC -DPIC
[INFO] [stderr]   checking if c++ PIC flag -fPIC -DPIC works... yes
[INFO] [stderr]   checking if c++ static flag -static works... yes
[INFO] [stderr]   checking if c++ supports -c -o file.o... yes
[INFO] [stderr]   checking if c++ supports -c -o file.o... (cached) yes
[INFO] [stderr]   checking whether the c++ linker (/usr/bin/ld -m elf_x86_64) supports shared libraries... yes
[INFO] [stderr]   checking dynamic linker characteristics... (cached) GNU/Linux ld.so
[INFO] [stderr]   checking how to hardcode library paths into programs... immediate
[INFO] [stderr]   checking for python... :
[INFO] [stderr]   checking for the pthreads library -lpthreads... no
[INFO] [stderr]   checking whether pthreads work without any flags... yes
[INFO] [stderr]   checking for joinable pthread attribute... PTHREAD_CREATE_JOINABLE
[INFO] [stderr]   checking if more special flags are required for pthreads... no
[INFO] [stderr]   checking whether to check for GCC pthread/shared inconsistencies... yes
[INFO] [stderr]   checking whether -pthread is sufficient with -shared... yes
[INFO] [stderr]   checking that generated files are newer than configure... done
[INFO] [stderr]   configure: creating ./config.status
[INFO] [stderr]   config.status: creating Makefile
[INFO] [stderr]   config.status: creating scripts/gtest-config
[INFO] [stderr]   config.status: creating build-aux/config.h
[INFO] [stderr]   config.status: executing depfiles commands
[INFO] [stderr]   config.status: executing libtool commands
[INFO] [stderr]   === configuring in googlemock (/opt/rustwide/target/debug/build/protobuf-src-9e3ac8387df88f5e/out/install/build/third_party/googletest/googlemock)
[INFO] [stderr]   configure: running /bin/bash /opt/rustwide/cargo-home/registry/src/github.com-1ecc6299db9ec823/protobuf-src-1.1.0+21.5/protobuf/third_party/googletest/googlemock/configure --disable-option-checking '--prefix=/opt/rustwide/target/debug/build/protobuf-src-9e3ac8387df88f5e/out/install'  '--disable-shared' '--enable-static' '--disable-maintainer-mode' 'CC=cc' 'CFLAGS=-O0 -ffunction-sections -fdata-sections -fPIC -m64' 'CXX=c++' 'CXXFLAGS=-O0 -ffunction-sections -fdata-sections -fPIC -m64' --cache-file=/dev/null --srcdir=/opt/rustwide/cargo-home/registry/src/github.com-1ecc6299db9ec823/protobuf-src-1.1.0+21.5/protobuf/third_party/googletest/googlemock
[INFO] [stderr]   checking for a BSD-compatible install... /usr/bin/install -c
[INFO] [stderr]   checking whether build environment is sane... yes
[INFO] [stderr]   checking for a race-free mkdir -p... /usr/bin/mkdir -p
[INFO] [stderr]   checking for gawk... no
[INFO] [stderr]   checking for mawk... mawk
[INFO] [stderr]   checking whether make sets $(MAKE)... yes
[INFO] [stderr]   checking whether make supports nested variables... yes
[INFO] [stderr]   checking for gcc... cc
[INFO] [stderr]   checking whether the C compiler works... yes
[INFO] [stderr]   checking for C compiler default output file name... a.out
[INFO] [stderr]   checking for suffix of executables... 
[INFO] [stderr]   checking whether we are cross compiling... no
[INFO] [stderr]   checking for suffix of object files... o
[INFO] [stderr]   checking whether the compiler supports GNU C... yes
[INFO] [stderr]   checking whether cc accepts -g... yes
[INFO] [stderr]   checking for cc option to enable C11 features... none needed
[INFO] [stderr]   checking whether cc understands -c and -o together... yes
[INFO] [stderr]   checking whether make supports the include directive... yes (GNU style)
[INFO] [stderr]   checking dependency style of cc... gcc3
[INFO] [stderr]   checking whether the compiler supports GNU C++... yes
[INFO] [stderr]   checking whether c++ accepts -g... yes
[INFO] [stderr]   checking for c++ option to enable C++11 features... none needed
[INFO] [stderr]   checking dependency style of c++... gcc3
[INFO] [stderr]   checking build system type... x86_64-pc-linux-gnu
[INFO] [stderr]   checking host system type... x86_64-pc-linux-gnu
[INFO] [stderr]   checking how to print strings... printf
[INFO] [stderr]   checking for a sed that does not truncate output... /usr/bin/sed
[INFO] [stderr]   checking for grep that handles long lines and -e... /usr/bin/grep
[INFO] [stderr]   checking for egrep... /usr/bin/grep -E
[INFO] [stderr]   checking for fgrep... /usr/bin/grep -F
[INFO] [stderr]   checking for ld used by cc... /usr/bin/ld
[INFO] [stderr]   checking if the linker (/usr/bin/ld) is GNU ld... yes
[INFO] [stderr]   checking for BSD- or MS-compatible name lister (nm)... /usr/bin/nm -B
[INFO] [stderr]   checking the name lister (/usr/bin/nm -B) interface... BSD nm
[INFO] [stderr]   checking whether ln -s works... yes
[INFO] [stderr]   checking the maximum length of command line arguments... 1572864
[INFO] [stderr]   checking how to convert x86_64-pc-linux-gnu file names to x86_64-pc-linux-gnu format... func_convert_file_noop
[INFO] [stderr]   checking how to convert x86_64-pc-linux-gnu file names to toolchain format... func_convert_file_noop
[INFO] [stderr]   checking for /usr/bin/ld option to reload object files... -r
[INFO] [stderr]   checking for file... file
[INFO] [stderr]   checking for objdump... objdump
[INFO] [stderr]   checking how to recognize dependent libraries... pass_all
[INFO] [stderr]   checking for dlltool... no
[INFO] [stderr]   checking how to associate runtime and link libraries... printf %s\n
[INFO] [stderr]   checking for ar... ar
[INFO] [stderr]   checking for archiver @FILE support... @
[INFO] [stderr]   checking for strip... strip
[INFO] [stderr]   checking for ranlib... ranlib
[INFO] [stderr]   checking command to parse /usr/bin/nm -B output from cc object... ok
[INFO] [stderr]   checking for sysroot... no
[INFO] [stderr]   checking for a working dd... /usr/bin/dd
[INFO] [stderr]   checking how to truncate binary pipes... /usr/bin/dd bs=4096 count=1
[INFO] [stderr]   checking for mt... no
[INFO] [stderr]   checking if : is a manifest tool... no
[INFO] [stderr]   checking for stdio.h... yes
[INFO] [stderr]   checking for stdlib.h... yes
[INFO] [stderr]   checking for string.h... yes
[INFO] [stderr]   checking for inttypes.h... yes
[INFO] [stderr]   checking for stdint.h... yes
[INFO] [stderr]   checking for strings.h... yes
[INFO] [stderr]   checking for sys/stat.h... yes
[INFO] [stderr]   checking for sys/types.h... yes
[INFO] [stderr]   checking for unistd.h... yes
[INFO] [stderr]   checking for dlfcn.h... yes
[INFO] [stderr]   checking for objdir... .libs
[INFO] [stderr]   checking if cc supports -fno-rtti -fno-exceptions... no
[INFO] [stderr]   checking for cc option to produce PIC... -fPIC -DPIC
[INFO] [stderr]   checking if cc PIC flag -fPIC -DPIC works... yes
[INFO] [stderr]   checking if cc static flag -static works... yes
[INFO] [stderr]   checking if cc supports -c -o file.o... yes
[INFO] [stderr]   checking if cc supports -c -o file.o... (cached) yes
[INFO] [stderr]   checking whether the cc linker (/usr/bin/ld -m elf_x86_64) supports shared libraries... yes
[INFO] [stderr]   checking dynamic linker characteristics... GNU/Linux ld.so
[INFO] [stderr]   checking how to hardcode library paths into programs... immediate
[INFO] [stderr]   checking whether stripping libraries is possible... yes
[INFO] [stderr]   checking if libtool supports shared libraries... yes
[INFO] [stderr]   checking whether to build shared libraries... no
[INFO] [stderr]   checking whether to build static libraries... yes
[INFO] [stderr]   checking how to run the C++ preprocessor... c++ -E
[INFO] [stderr]   checking for ld used by c++... /usr/bin/ld -m elf_x86_64
[INFO] [stderr]   checking if the linker (/usr/bin/ld -m elf_x86_64) is GNU ld... yes
[INFO] [stderr]   checking whether the c++ linker (/usr/bin/ld -m elf_x86_64) supports shared libraries... yes
[INFO] [stderr]   checking for c++ option to produce PIC... -fPIC -DPIC
[INFO] [stderr]   checking if c++ PIC flag -fPIC -DPIC works... yes
[INFO] [stderr]   checking if c++ static flag -static works... yes
[INFO] [stderr]   checking if c++ supports -c -o file.o... yes
[INFO] [stderr]   checking if c++ supports -c -o file.o... (cached) yes
[INFO] [stderr]   checking whether the c++ linker (/usr/bin/ld -m elf_x86_64) supports shared libraries... yes
[INFO] [stderr]   checking dynamic linker characteristics... (cached) GNU/Linux ld.so
[INFO] [stderr]   checking how to hardcode library paths into programs... immediate
[INFO] [stderr]   checking for python... :
[INFO] [stderr]   checking for the pthreads library -lpthreads... no
[INFO] [stderr]   checking whether pthreads work without any flags... yes
[INFO] [stderr]   checking for joinable pthread attribute... PTHREAD_CREATE_JOINABLE
[INFO] [stderr]   checking if more special flags are required for pthreads... no
[INFO] [stderr]   checking whether to check for GCC pthread/shared inconsistencies... yes
[INFO] [stderr]   checking whether -pthread is sufficient with -shared... yes
[INFO] [stderr]   checking for gtest-config... no
[INFO] [stderr]   checking that generated files are newer than configure... done
[INFO] [stderr]   configure: creating ./config.status
[INFO] [stderr]   config.status: creating Makefile
[INFO] [stderr]   config.status: creating scripts/gmock-config
[INFO] [stderr]   config.status: creating build-aux/config.h
[INFO] [stderr]   config.status: executing depfiles commands
[INFO] [stderr]   config.status: executing libtool commands
[INFO] [stderr]   running: cd "/opt/rustwide/target/debug/build/protobuf-src-9e3ac8387df88f5e/out/install/build" && MAKEFLAGS="-j --jobserver-fds=6,7 --jobserver-auth=6,7" "sh" "-c" "exec \"$0\" \"$@\"" "make" "install"
[INFO] [stderr]   Making install in .
[INFO] [stderr]   make[1]: Entering directory '/opt/rustwide/target/debug/build/protobuf-src-9e3ac8387df88f5e/out/install/build'
[INFO] [stderr]   make[2]: Entering directory '/opt/rustwide/target/debug/build/protobuf-src-9e3ac8387df88f5e/out/install/build'
[INFO] [stderr]   make[2]: Nothing to be done for 'install-exec-am'.
[INFO] [stderr]    /usr/bin/mkdir -p '/opt/rustwide/target/debug/build/protobuf-src-9e3ac8387df88f5e/out/install/lib/pkgconfig'
[INFO] [stderr]    /usr/bin/install -c -m 644 protobuf.pc protobuf-lite.pc '/opt/rustwide/target/debug/build/protobuf-src-9e3ac8387df88f5e/out/install/lib/pkgconfig'
[INFO] [stderr]   make[2]: Leaving directory '/opt/rustwide/target/debug/build/protobuf-src-9e3ac8387df88f5e/out/install/build'
[INFO] [stderr]   make[1]: Leaving directory '/opt/rustwide/target/debug/build/protobuf-src-9e3ac8387df88f5e/out/install/build'
[INFO] [stderr]   Making install in src
[INFO] [stderr]   make[1]: Entering directory '/opt/rustwide/target/debug/build/protobuf-src-9e3ac8387df88f5e/out/install/build/src'
[INFO] [stderr]     CXX      google/protobuf/map.lo
[INFO] [stderr]     CXX      google/protobuf/message_lite.lo
[INFO] [stderr]     CXX      google/protobuf/parse_context.lo
[INFO] [stderr]     CXX      google/protobuf/repeated_field.lo
[INFO] [stderr]     CXX      google/protobuf/repeated_ptr_field.lo
[INFO] [stderr]     CXX      google/protobuf/wire_format_lite.lo
[INFO] [stderr]     CXX      google/protobuf/any.lo
[INFO] [stderr]     CXX      google/protobuf/any.pb.lo
[INFO] [stderr]     CXX      google/protobuf/api.pb.lo
[INFO] [stderr]     CXX      google/protobuf/compiler/importer.lo
[INFO] [stderr]     CXX      google/protobuf/compiler/parser.lo
[INFO] [stderr]     CXX      google/protobuf/descriptor.lo
[INFO] [stderr]     CXX      google/protobuf/descriptor.pb.lo
[INFO] [stderr]     CXX      google/protobuf/descriptor_database.lo
[INFO] [stderr]     CXX      google/protobuf/duration.pb.lo
[INFO] [stderr]     CXX      google/protobuf/dynamic_message.lo
[INFO] [stderr]     CXX      google/protobuf/empty.pb.lo
[INFO] [stderr]     CXX      google/protobuf/extension_set_heavy.lo
[INFO] [stderr]     CXX      google/protobuf/field_mask.pb.lo
[INFO] [stderr]     CXX      google/protobuf/generated_message_bases.lo
[INFO] [stderr]     CXX      google/protobuf/generated_message_reflection.lo
[INFO] [stderr]     CXX      google/protobuf/generated_message_tctable_full.lo
[INFO] [stderr]     CXX      google/protobuf/io/gzip_stream.lo
[INFO] [stderr]     CXX      google/protobuf/io/printer.lo
[INFO] [stderr]     CXX      google/protobuf/io/tokenizer.lo
[INFO] [stderr]     CXX      google/protobuf/map_field.lo
[INFO] [stderr]     CXX      google/protobuf/message.lo
[INFO] [stderr]     CXX      google/protobuf/reflection_ops.lo
[INFO] [stderr]     CXX      google/protobuf/service.lo
[INFO] [stderr]     CXX      google/protobuf/source_context.pb.lo
[INFO] [stderr]     CXX      google/protobuf/struct.pb.lo
[INFO] [stderr]     CXX      google/protobuf/stubs/substitute.lo
[INFO] [stderr]     CXX      google/protobuf/text_format.lo
[INFO] [stderr]     CXX      google/protobuf/timestamp.pb.lo
[INFO] [stderr]     CXX      google/protobuf/type.pb.lo
[INFO] [stderr]     CXX      google/protobuf/unknown_field_set.lo
[INFO] [stderr]     CXX      google/protobuf/util/json_util.lo
[INFO] [stderr]     CXX      google/protobuf/util/message_differencer.lo
[INFO] [stderr]     CXX      google/protobuf/util/time_util.lo
[INFO] [stderr]     CXX      google/protobuf/util/type_resolver_util.lo
[INFO] [stderr]     CXX      google/protobuf/wire_format.lo
[INFO] [stderr]     CXX      google/protobuf/wrappers.pb.lo
[INFO] [stderr]     CXX      google/protobuf/compiler/code_generator.lo
[INFO] [stderr]     CXX      google/protobuf/compiler/command_line_interface.lo
[INFO] [stderr]     CXX      google/protobuf/compiler/plugin.lo
[INFO] [stderr]     CXX      google/protobuf/compiler/plugin.pb.lo
[INFO] [stderr]     CXX      google/protobuf/compiler/subprocess.lo
[INFO] [stderr]     CXX      google/protobuf/compiler/zip_writer.lo
[INFO] [stderr]     CXX      google/protobuf/compiler/main.o
[INFO] [stderr]     CXX      google/protobuf/any_lite.lo
[INFO] [stderr]     CXX      google/protobuf/arena.lo
[INFO] [stderr]     CXX      google/protobuf/arenastring.lo
[INFO] [stderr]     CXX      google/protobuf/arenaz_sampler.lo
[INFO] [stderr]     CXX      google/protobuf/extension_set.lo
[INFO] [stderr]     CXX      google/protobuf/generated_enum_util.lo
[INFO] [stderr]     CXX      google/protobuf/generated_message_tctable_lite.lo
[INFO] [stderr]     CXX      google/protobuf/generated_message_util.lo
[INFO] [stderr]     CXX      google/protobuf/implicit_weak_message.lo
[INFO] [stderr]     CXX      google/protobuf/inlined_string_field.lo
[INFO] [stderr]     CXX      google/protobuf/io/coded_stream.lo
[INFO] [stderr]     CXX      google/protobuf/io/io_win32.lo
[INFO] [stderr]     CXX      google/protobuf/io/strtod.lo
[INFO] [stderr]     CXX      google/protobuf/io/zero_copy_stream.lo
[INFO] [stderr]     CXX      google/protobuf/io/zero_copy_stream_impl.lo
[INFO] [stderr]     CXX      google/protobuf/io/zero_copy_stream_impl_lite.lo
[INFO] [stderr]     CXX      google/protobuf/stubs/bytestream.lo
[INFO] [stderr]     CXX      google/protobuf/stubs/common.lo
[INFO] [stderr]     CXX      google/protobuf/stubs/int128.lo
[INFO] [stderr]     CXX      google/protobuf/stubs/status.lo
[INFO] [stderr]     CXX      google/protobuf/stubs/statusor.lo
[INFO] [stderr]     CXX      google/protobuf/stubs/stringpiece.lo
[INFO] [stderr]     CXX      google/protobuf/stubs/stringprintf.lo
[INFO] [stderr]     CXX      google/protobuf/stubs/structurally_valid.lo
[INFO] [stderr]     CXX      google/protobuf/stubs/strutil.lo
[INFO] [stderr]     CXX      google/protobuf/stubs/time.lo
[INFO] [stderr]     CXX      google/protobuf/util/delimited_message_util.lo
[INFO] [stderr]     CXX      google/protobuf/util/field_comparator.lo
[INFO] [stderr]     CXX      google/protobuf/util/field_mask_util.lo
[INFO] [stderr]     CXX      google/protobuf/util/internal/datapiece.lo
[INFO] [stderr]     CXX      google/protobuf/util/internal/default_value_objectwriter.lo
[INFO] [stderr]     CXX      google/protobuf/util/internal/error_listener.lo
[INFO] [stderr]     CXX      google/protobuf/util/internal/field_mask_utility.lo
[INFO] [stderr]     CXX      google/protobuf/util/internal/json_escaping.lo
[INFO] [stderr]     CXX      google/protobuf/util/internal/json_objectwriter.lo
[INFO] [stderr]     CXX      google/protobuf/util/internal/json_stream_parser.lo
[INFO] [stderr]     CXX      google/protobuf/util/internal/object_writer.lo
[INFO] [stderr]     CXX      google/protobuf/util/internal/proto_writer.lo
[INFO] [stderr]     CXX      google/protobuf/util/internal/protostream_objectsource.lo
[INFO] [stderr]     CXX      google/protobuf/util/internal/protostream_objectwriter.lo
[INFO] [stderr]     CXX      google/protobuf/util/internal/type_info.lo
[INFO] [stderr]     CXX      google/protobuf/util/internal/utility.lo
[INFO] [stderr]     CXX      google/protobuf/compiler/cpp/enum.lo
[INFO] [stderr]     CXX      google/protobuf/compiler/cpp/enum_field.lo
[INFO] [stderr]     CXX      google/protobuf/compiler/cpp/extension.lo
[INFO] [stderr]     CXX      google/protobuf/compiler/cpp/field.lo
[INFO] [stderr]     CXX      google/protobuf/compiler/cpp/file.lo
[INFO] [stderr]     CXX      google/protobuf/compiler/cpp/generator.lo
[INFO] [stderr]     CXX      google/protobuf/compiler/cpp/helpers.lo
[INFO] [stderr]     CXX      google/protobuf/compiler/cpp/map_field.lo
[INFO] [stderr]     CXX      google/protobuf/compiler/cpp/message.lo
[INFO] [stderr]     CXX      google/protobuf/compiler/cpp/message_field.lo
[INFO] [stderr]     CXX      google/protobuf/compiler/cpp/padding_optimizer.lo
[INFO] [stderr]     CXX      google/protobuf/compiler/cpp/parse_function_generator.lo
[INFO] [stderr]     CXX      google/protobuf/compiler/cpp/primitive_field.lo
[INFO] [stderr]   make[1]: Leaving directory '/opt/rustwide/target/debug/build/protobuf-src-9e3ac8387df88f5e/out/install/build/src'
[INFO] [stderr] 
[INFO] [stderr]   --- stderr
[INFO] [stderr]   In file included from /opt/rustwide/cargo-home/registry/src/github.com-1ecc6299db9ec823/protobuf-src-1.1.0+21.5/protobuf/src/google/protobuf/generated_message_tctable_lite.cc:36:
[INFO] [stderr]   /opt/rustwide/cargo-home/registry/src/github.com-1ecc6299db9ec823/protobuf-src-1.1.0+21.5/protobuf/src/google/protobuf/generated_message_tctable_impl.h: In function 'void google::protobuf::internal::AlignFail(uintptr_t) [with long unsigned int align = 4]':
[INFO] [stderr]   /opt/rustwide/cargo-home/registry/src/github.com-1ecc6299db9ec823/protobuf-src-1.1.0+21.5/protobuf/src/google/protobuf/generated_message_tctable_impl.h:256:1: warning: 'noreturn' function does return
[INFO] [stderr]     256 | }
[INFO] [stderr]         | ^
[INFO] [stderr]   /opt/rustwide/cargo-home/registry/src/github.com-1ecc6299db9ec823/protobuf-src-1.1.0+21.5/protobuf/src/google/protobuf/generated_message_tctable_impl.h: In function 'void google::protobuf::internal::AlignFail(uintptr_t) [with long unsigned int align = 8]':
[INFO] [stderr]   /opt/rustwide/cargo-home/registry/src/github.com-1ecc6299db9ec823/protobuf-src-1.1.0+21.5/protobuf/src/google/protobuf/generated_message_tctable_impl.h:256:1: warning: 'noreturn' function does return
[INFO] [stderr]   c++: fatal error: Killed signal terminated program cc1plus
[INFO] [stderr]   compilation terminated.
[INFO] [stderr]   make[1]: *** [Makefile:4514: google/protobuf/compiler/cpp/file.lo] Error 1
[INFO] [stderr]   make[1]: *** Waiting for unfinished jobs....
[INFO] [stderr]   make: *** [Makefile:1757: install-recursive] Error 1
[INFO] [stderr]   thread 'main' panicked at '
[INFO] [stderr]   command did not execute successfully, got: exit status: 2
[INFO] [stderr] 
[INFO] [stderr]   build script failed, must exit now', /opt/rustwide/cargo-home/registry/src/github.com-1ecc6299db9ec823/autotools-0.2.6/src/lib.rs:781:5
[INFO] [stderr]   stack backtrace:
[INFO] [stderr]      0:     0x561be891450a - std::backtrace_rs::backtrace::libunwind::trace::ha9053a9a07ca49cb
[INFO] [stderr]                                  at /rustc/84c898d65adf2f39a5a98507f1fe0ce10a2b8dbc/library/std/src/../../backtrace/src/backtrace/libunwind.rs:93:5
[INFO] [stderr]      1:     0x561be891450a - std::backtrace_rs::backtrace::trace_unsynchronized::h9c2852a457ad564e
[INFO] [stderr]                                  at /rustc/84c898d65adf2f39a5a98507f1fe0ce10a2b8dbc/library/std/src/../../backtrace/src/backtrace/mod.rs:66:5
[INFO] [stderr]      2:     0x561be891450a - std::sys_common::backtrace::_print_fmt::h457936fbfaa0070f
[INFO] [stderr]                                  at /rustc/84c898d65adf2f39a5a98507f1fe0ce10a2b8dbc/library/std/src/sys_common/backtrace.rs:65:5
[INFO] [stderr]      3:     0x561be891450a - <std::sys_common::backtrace::_print::DisplayBacktrace as core::fmt::Display>::fmt::h5779d7bf7f70cb0c
[INFO] [stderr]                                  at /rustc/84c898d65adf2f39a5a98507f1fe0ce10a2b8dbc/library/std/src/sys_common/backtrace.rs:44:22
[INFO] [stderr]      4:     0x561be89344ce - core::fmt::write::h5a4baaff1bcd3eb5
[INFO] [stderr]                                  at /rustc/84c898d65adf2f39a5a98507f1fe0ce10a2b8dbc/library/core/src/fmt/mod.rs:1232:17
[INFO] [stderr]      5:     0x561be89116b5 - std::io::Write::write_fmt::h4bc1f301cb9e9cce
[INFO] [stderr]                                  at /rustc/84c898d65adf2f39a5a98507f1fe0ce10a2b8dbc/library/std/src/io/mod.rs:1684:15
[INFO] [stderr]      6:     0x561be89142d5 - std::sys_common::backtrace::_print::h5fcdc36060f177e8
[INFO] [stderr]                                  at /rustc/84c898d65adf2f39a5a98507f1fe0ce10a2b8dbc/library/std/src/sys_common/backtrace.rs:47:5
[INFO] [stderr]      7:     0x561be89142d5 - std::sys_common::backtrace::print::h54ca9458b876c8bf
[INFO] [stderr]                                  at /rustc/84c898d65adf2f39a5a98507f1fe0ce10a2b8dbc/library/std/src/sys_common/backtrace.rs:34:9
[INFO] [stderr]      8:     0x561be8915caf - std::panicking::default_hook::{{closure}}::hbe471161c7664ed6
[INFO] [stderr]                                  at /rustc/84c898d65adf2f39a5a98507f1fe0ce10a2b8dbc/library/std/src/panicking.rs:271:22
[INFO] [stderr]      9:     0x561be89159eb - std::panicking::default_hook::ha3500da57aa4ac4f
[INFO] [stderr]                                  at /rustc/84c898d65adf2f39a5a98507f1fe0ce10a2b8dbc/library/std/src/panicking.rs:290:9
[INFO] [stderr]     10:     0x561be8916258 - std::panicking::rust_panic_with_hook::h50c09d000dc561d2
[INFO] [stderr]                                  at /rustc/84c898d65adf2f39a5a98507f1fe0ce10a2b8dbc/library/std/src/panicking.rs:692:13
[INFO] [stderr]     11:     0x561be8916159 - std::panicking::begin_panic_handler::{{closure}}::h9e2b2176e00e0d9c
[INFO] [stderr]                                  at /rustc/84c898d65adf2f39a5a98507f1fe0ce10a2b8dbc/library/std/src/panicking.rs:583:13
[INFO] [stderr]     12:     0x561be8914976 - std::sys_common::backtrace::__rust_end_short_backtrace::h5739b8e512c09d02
[INFO] [stderr]                                  at /rustc/84c898d65adf2f39a5a98507f1fe0ce10a2b8dbc/library/std/src/sys_common/backtrace.rs:150:18
[INFO] [stderr]     13:     0x561be8915e62 - rust_begin_unwind
[INFO] [stderr]                                  at /rustc/84c898d65adf2f39a5a98507f1fe0ce10a2b8dbc/library/std/src/panicking.rs:579:5
[INFO] [stderr]     14:     0x561be88969a3 - core::panicking::panic_fmt::hf33a1475b4dc5c3e
[INFO] [stderr]                                  at /rustc/84c898d65adf2f39a5a98507f1fe0ce10a2b8dbc/library/core/src/panicking.rs:64:14
[INFO] [stderr]     15:     0x561be889fbbf - autotools::fail::h117340286521482b
[INFO] [stderr]     16:     0x561be889e055 - autotools::Config::build::hc6bcd8bcf2ca596e
[INFO] [stderr]     17:     0x561be889a871 - build_script_build::main::hf1af0c4bccfad64c
[INFO] [stderr]     18:     0x561be8899fe3 - core::ops::function::FnOnce::call_once::hb427ffc0d1900874
[INFO] [stderr]     19:     0x561be88981a9 - std::sys_common::backtrace::__rust_begin_short_backtrace::h2c46d257639a9508
[INFO] [stderr]     20:     0x561be8897e49 - std::rt::lang_start::{{closure}}::h315b2998e9e304ee
[INFO] [stderr]     21:     0x561be890d44c - core::ops::function::impls::<impl core::ops::function::FnOnce<A> for &F>::call_once::hd6efcd3bec896f2c
[INFO] [stderr]                                  at /rustc/84c898d65adf2f39a5a98507f1fe0ce10a2b8dbc/library/core/src/ops/function.rs:287:13
[INFO] [stderr]     22:     0x561be890d44c - std::panicking::try::do_call::hce04e543bb1f4cbb
[INFO] [stderr]                                  at /rustc/84c898d65adf2f39a5a98507f1fe0ce10a2b8dbc/library/std/src/panicking.rs:487:40
[INFO] [stderr]     23:     0x561be890d44c - std::panicking::try::h3342dd4e1f680968
[INFO] [stderr]                                  at /rustc/84c898d65adf2f39a5a98507f1fe0ce10a2b8dbc/library/std/src/panicking.rs:451:19
[INFO] [stderr]     24:     0x561be890d44c - std::panic::catch_unwind::h148ce1e59ac0cee7
[INFO] [stderr]                                  at /rustc/84c898d65adf2f39a5a98507f1fe0ce10a2b8dbc/library/std/src/panic.rs:140:14
[INFO] [stderr]     25:     0x561be890d44c - std::rt::lang_start_internal::{{closure}}::h25f9dda2057a67fe
[INFO] [stderr]                                  at /rustc/84c898d65adf2f39a5a98507f1fe0ce10a2b8dbc/library/std/src/rt.rs:148:48
[INFO] [stderr]     26:     0x561be890d44c - std::panicking::try::do_call::h7caaaeaf9401650b
[INFO] [stderr]                                  at /rustc/84c898d65adf2f39a5a98507f1fe0ce10a2b8dbc/library/std/src/panicking.rs:487:40
[INFO] [stderr]     27:     0x561be890d44c - std::panicking::try::he7d15285746cbbc2
[INFO] [stderr]                                  at /rustc/84c898d65adf2f39a5a98507f1fe0ce10a2b8dbc/library/std/src/panicking.rs:451:19
[INFO] [stderr]     28:     0x561be890d44c - std::panic::catch_unwind::h89fb4f50c0301fe0
[INFO] [stderr]                                  at /rustc/84c898d65adf2f39a5a98507f1fe0ce10a2b8dbc/library/std/src/panic.rs:140:14
[INFO] [stderr]     29:     0x561be890d44c - std::rt::lang_start_internal::h078acd489417d3c1
[INFO] [stderr]                                  at /rustc/84c898d65adf2f39a5a98507f1fe0ce10a2b8dbc/library/std/src/rt.rs:148:20
[INFO] [stderr]     30:     0x561be8897e27 - std::rt::lang_start::h5647b44a8ff01efc
[INFO] [stderr]     31:     0x561be889acb5 - main
[INFO] [stderr]     32:     0x7f5816633d90 - <unknown>
[INFO] [stderr]     33:     0x7f5816633e40 - __libc_start_main
[INFO] [stderr]     34:     0x561be8896f25 - _start
[INFO] [stderr]     35:                0x0 - <unknown>
[INFO] running `Command { std: "docker" "inspect" "ed6799bddd02afd015cd30620b514faadb9acfcbbd93c2744d8916f9efb3f3cf", kill_on_drop: false }`
[INFO] running `Command { std: "docker" "rm" "-f" "ed6799bddd02afd015cd30620b514faadb9acfcbbd93c2744d8916f9efb3f3cf", kill_on_drop: false }`
[INFO] [stdout] ed6799bddd02afd015cd30620b514faadb9acfcbbd93c2744d8916f9efb3f3cf
