[INFO] fetching crate w5500-regsim 0.1.0-alpha.8...
[INFO] testing w5500-regsim-0.1.0-alpha.8 against 1.69.0 for beta-1.70-1
[INFO] extracting crate w5500-regsim 0.1.0-alpha.8 into /workspace/builds/worker-4-tc1/source
[INFO] validating manifest of crates.io crate w5500-regsim 0.1.0-alpha.8 on toolchain 1.69.0
[INFO] running `Command { std: CARGO_HOME="/workspace/cargo-home" RUSTUP_HOME="/workspace/rustup-home" "/workspace/cargo-home/bin/cargo" "+1.69.0" "metadata" "--manifest-path" "Cargo.toml" "--no-deps", kill_on_drop: false }`
[INFO] started tweaking crates.io crate w5500-regsim 0.1.0-alpha.8
[INFO] finished tweaking crates.io crate w5500-regsim 0.1.0-alpha.8
[INFO] tweaked toml for crates.io crate w5500-regsim 0.1.0-alpha.8 written to /workspace/builds/worker-4-tc1/source/Cargo.toml
[INFO] crate crates.io crate w5500-regsim 0.1.0-alpha.8 already has a lockfile, it will not be regenerated
[INFO] running `Command { std: CARGO_HOME="/workspace/cargo-home" RUSTUP_HOME="/workspace/rustup-home" "/workspace/cargo-home/bin/cargo" "+1.69.0" "fetch" "--manifest-path" "Cargo.toml", kill_on_drop: false }`
[INFO] [stderr]  Downloading crates ...
[INFO] [stderr]   Downloaded stderrlog v0.5.1
[INFO] [stderr]   Downloaded trust-dns-client v0.21.2
[INFO] [stderr]   Downloaded libc v0.2.122
[INFO] [stderr]   Downloaded w5500-ll v0.10.2
[INFO] running `Command { std: "docker" "create" "-v" "/var/lib/crater-agent-workspace/builds/worker-4-tc1/target:/opt/rustwide/target:rw,Z" "-v" "/var/lib/crater-agent-workspace/builds/worker-4-tc1/source:/opt/rustwide/workdir:ro,Z" "-v" "/var/lib/crater-agent-workspace/cargo-home:/opt/rustwide/cargo-home:ro,Z" "-v" "/var/lib/crater-agent-workspace/rustup-home:/opt/rustwide/rustup-home:ro,Z" "-e" "SOURCE_DIR=/opt/rustwide/workdir" "-e" "CARGO_TARGET_DIR=/opt/rustwide/target" "-e" "CARGO_HOME=/opt/rustwide/cargo-home" "-e" "RUSTUP_HOME=/opt/rustwide/rustup-home" "-w" "/opt/rustwide/workdir" "-m" "1610612736" "--user" "0:0" "--network" "none" "ghcr.io/rust-lang/crates-build-env/linux@sha256:5ff2268d62e97bff2cde7d5815dd6ed5b47097566f13b8d0ca110b04b60e07ed" "/opt/rustwide/cargo-home/bin/cargo" "+1.69.0" "metadata" "--no-deps" "--format-version=1", kill_on_drop: false }`
[INFO] [stdout] b5064ca994d3297239d3537c4fef48d28e2bad279d59243e461f199feb931973
[INFO] running `Command { std: "docker" "start" "-a" "b5064ca994d3297239d3537c4fef48d28e2bad279d59243e461f199feb931973", kill_on_drop: false }`
[INFO] running `Command { std: "docker" "inspect" "b5064ca994d3297239d3537c4fef48d28e2bad279d59243e461f199feb931973", kill_on_drop: false }`
[INFO] running `Command { std: "docker" "rm" "-f" "b5064ca994d3297239d3537c4fef48d28e2bad279d59243e461f199feb931973", kill_on_drop: false }`
[INFO] [stdout] b5064ca994d3297239d3537c4fef48d28e2bad279d59243e461f199feb931973
[INFO] running `Command { std: "docker" "create" "-v" "/var/lib/crater-agent-workspace/builds/worker-4-tc1/target:/opt/rustwide/target:rw,Z" "-v" "/var/lib/crater-agent-workspace/builds/worker-4-tc1/source:/opt/rustwide/workdir:ro,Z" "-v" "/var/lib/crater-agent-workspace/cargo-home:/opt/rustwide/cargo-home:ro,Z" "-v" "/var/lib/crater-agent-workspace/rustup-home:/opt/rustwide/rustup-home:ro,Z" "-e" "SOURCE_DIR=/opt/rustwide/workdir" "-e" "CARGO_TARGET_DIR=/opt/rustwide/target" "-e" "CARGO_INCREMENTAL=0" "-e" "RUST_BACKTRACE=full" "-e" "RUSTFLAGS=--cap-lints=warn" "-e" "RUSTDOCFLAGS=--cap-lints=warn" "-e" "CARGO_HOME=/opt/rustwide/cargo-home" "-e" "RUSTUP_HOME=/opt/rustwide/rustup-home" "-w" "/opt/rustwide/workdir" "-m" "1610612736" "--user" "0:0" "--network" "none" "ghcr.io/rust-lang/crates-build-env/linux@sha256:5ff2268d62e97bff2cde7d5815dd6ed5b47097566f13b8d0ca110b04b60e07ed" "/opt/rustwide/cargo-home/bin/cargo" "+1.69.0" "build" "--frozen" "--message-format=json", kill_on_drop: false }`
[INFO] [stdout] c6d6f0a48714bfdd9d2e64db53a735f7f84a4deb80b49e00ec2d36d1a6eb9d05
[INFO] running `Command { std: "docker" "start" "-a" "c6d6f0a48714bfdd9d2e64db53a735f7f84a4deb80b49e00ec2d36d1a6eb9d05", kill_on_drop: false }`
[INFO] [stderr]    Compiling log v0.4.16
[INFO] [stderr]    Compiling w5500-ll v0.10.2
[INFO] [stderr]    Compiling w5500-regsim v0.1.0-alpha.8 (/opt/rustwide/workdir)
[INFO] [stderr]     Finished dev [unoptimized + debuginfo] target(s) in 0.67s
[INFO] running `Command { std: "docker" "inspect" "c6d6f0a48714bfdd9d2e64db53a735f7f84a4deb80b49e00ec2d36d1a6eb9d05", kill_on_drop: false }`
[INFO] running `Command { std: "docker" "rm" "-f" "c6d6f0a48714bfdd9d2e64db53a735f7f84a4deb80b49e00ec2d36d1a6eb9d05", kill_on_drop: false }`
[INFO] [stdout] c6d6f0a48714bfdd9d2e64db53a735f7f84a4deb80b49e00ec2d36d1a6eb9d05
[INFO] running `Command { std: "docker" "create" "-v" "/var/lib/crater-agent-workspace/builds/worker-4-tc1/target:/opt/rustwide/target:rw,Z" "-v" "/var/lib/crater-agent-workspace/builds/worker-4-tc1/source:/opt/rustwide/workdir:ro,Z" "-v" "/var/lib/crater-agent-workspace/cargo-home:/opt/rustwide/cargo-home:ro,Z" "-v" "/var/lib/crater-agent-workspace/rustup-home:/opt/rustwide/rustup-home:ro,Z" "-e" "SOURCE_DIR=/opt/rustwide/workdir" "-e" "CARGO_TARGET_DIR=/opt/rustwide/target" "-e" "CARGO_INCREMENTAL=0" "-e" "RUST_BACKTRACE=full" "-e" "RUSTFLAGS=--cap-lints=warn" "-e" "RUSTDOCFLAGS=--cap-lints=warn" "-e" "CARGO_HOME=/opt/rustwide/cargo-home" "-e" "RUSTUP_HOME=/opt/rustwide/rustup-home" "-w" "/opt/rustwide/workdir" "-m" "1610612736" "--user" "0:0" "--network" "none" "ghcr.io/rust-lang/crates-build-env/linux@sha256:5ff2268d62e97bff2cde7d5815dd6ed5b47097566f13b8d0ca110b04b60e07ed" "/opt/rustwide/cargo-home/bin/cargo" "+1.69.0" "test" "--frozen" "--no-run" "--message-format=json", kill_on_drop: false }`
[INFO] [stdout] d5c38c569e4eb78fc1d9ad8bc3985b72577138e354b8e776c7a60f9e9d39cc89
[INFO] running `Command { std: "docker" "start" "-a" "d5c38c569e4eb78fc1d9ad8bc3985b72577138e354b8e776c7a60f9e9d39cc89", kill_on_drop: false }`
[INFO] [stderr]    Compiling libc v0.2.122
[INFO] [stderr]    Compiling proc-macro2 v1.0.37
[INFO] [stderr]    Compiling unicode-xid v0.2.2
[INFO] [stderr]    Compiling log v0.4.16
[INFO] [stderr]    Compiling syn v1.0.91
[INFO] [stderr]    Compiling tinyvec_macros v0.1.0
[INFO] [stderr]    Compiling futures-core v0.3.21
[INFO] [stderr]    Compiling num-traits v0.2.14
[INFO] [stderr]    Compiling tinyvec v1.5.1
[INFO] [stderr]    Compiling matches v0.1.9
[INFO] [stderr]    Compiling futures-task v0.3.21
[INFO] [stderr]    Compiling memchr v2.4.1
[INFO] [stderr]    Compiling num-integer v0.1.44
[INFO] [stderr]    Compiling ppv-lite86 v0.2.16
[INFO] [stderr]    Compiling async-trait v0.1.53
[INFO] [stderr]    Compiling percent-encoding v2.1.0
[INFO] [stderr]    Compiling quote v1.0.17
[INFO] [stderr]    Compiling unicode-normalization v0.1.19
[INFO] [stderr]    Compiling smallvec v1.8.0
[INFO] [stderr]    Compiling getrandom v0.2.6
[INFO] [stderr]    Compiling futures-channel v0.3.21
[INFO] [stderr]    Compiling futures-util v0.3.21
[INFO] [stderr]    Compiling pin-project-lite v0.2.8
[INFO] [stderr]    Compiling unicode-bidi v0.3.7
[INFO] [stderr]    Compiling num_cpus v1.13.1
[INFO] [stderr]    Compiling rand_core v0.6.3
[INFO] [stderr]    Compiling socket2 v0.4.4
[INFO] [stderr]    Compiling mio v0.8.2
[INFO] [stderr]    Compiling rand_chacha v0.3.1
[INFO] [stderr]    Compiling idna v0.2.3
[INFO] [stderr]    Compiling form_urlencoded v1.0.1
[INFO] [stderr]    Compiling slab v0.4.6
[INFO] [stderr]    Compiling heck v0.4.0
[INFO] [stderr]    Compiling bytes v1.1.0
[INFO] [stderr]    Compiling url v2.2.2
[INFO] [stderr]    Compiling rand v0.8.5
[INFO] [stderr]    Compiling tokio v1.17.0
[INFO] [stderr]    Compiling nibble_vec v0.1.0
[INFO] [stderr]    Compiling time v0.1.43
[INFO] [stderr]    Compiling ipnet v2.4.0
[INFO] [stderr]    Compiling endian-type v0.1.2
[INFO] [stderr]    Compiling num_threads v0.1.5
[INFO] [stderr]    Compiling futures-io v0.3.21
[INFO] [stderr]    Compiling httparse v1.6.0
[INFO] [stderr]    Compiling data-encoding v2.3.2
[INFO] [stderr]    Compiling time v0.3.9
[INFO] [stderr]    Compiling chrono v0.4.19
[INFO] [stderr]    Compiling radix_trie v0.2.1
[INFO] [stderr]    Compiling atty v0.2.14
[INFO] [stderr]    Compiling thread_local v1.0.1
[INFO] [stderr]    Compiling termcolor v1.1.3
[INFO] [stderr]    Compiling w5500-regsim v0.1.0-alpha.8 (/opt/rustwide/workdir)
[INFO] [stderr]    Compiling stderrlog v0.5.1
[INFO] [stderr]    Compiling thiserror-impl v1.0.30
[INFO] [stderr]    Compiling enum-as-inner v0.4.0
[INFO] [stderr]    Compiling thiserror v1.0.30
[INFO] [stderr]    Compiling trust-dns-proto v0.21.2
[INFO] [stderr]    Compiling trust-dns-client v0.21.2
[INFO] [stdout] error[E0432]: unresolved import `w5500_hl`
[INFO] [stdout]   --> examples/dns.rs:15:5
[INFO] [stdout]    |
[INFO] [stdout] 15 | use w5500_hl::{Common, Error, Read, Udp, UdpReader, Writer};
[INFO] [stdout]    |     ^^^^^^^^ use of undeclared crate or module `w5500_hl`
[INFO] [stdout]    |
[INFO] [stdout] help: there is a crate or module with a similar name
[INFO] [stdout]    |
[INFO] [stdout] 15 | use w5500_ll::{Common, Error, Read, Udp, UdpReader, Writer};
[INFO] [stdout]    |     ~~~~~~~~
[INFO] [stdout] 
[INFO] [stdout] 
[INFO] [stdout] error[E0432]: unresolved import `w5500_hl`
[INFO] [stdout]   --> examples/mqtt_client.rs:13:5
[INFO] [stdout]    |
[INFO] [stdout] 13 | use w5500_hl::Tcp;
[INFO] [stdout]    |     ^^^^^^^^ use of undeclared crate or module `w5500_hl`
[INFO] [stdout]    |
[INFO] [stdout] help: there is a crate or module with a similar name
[INFO] [stdout]    |
[INFO] [stdout] 13 | use w5500_ll::Tcp;
[INFO] [stdout]    |     ~~~~~~~~
[INFO] [stdout] 
[INFO] [stdout] 
[INFO] [stdout] error[E0432]: unresolved import `w5500_hl`
[INFO] [stdout]   --> examples/http_server.rs:12:5
[INFO] [stdout]    |
[INFO] [stdout] 12 | use w5500_hl::{Common, Tcp};
[INFO] [stdout]    |     ^^^^^^^^ use of undeclared crate or module `w5500_hl`
[INFO] [stdout]    |
[INFO] [stdout] help: there is a crate or module with a similar name
[INFO] [stdout]    |
[INFO] [stdout] 12 | use w5500_ll::{Common, Tcp};
[INFO] [stdout]    |     ~~~~~~~~
[INFO] [stdout] 
[INFO] [stdout] 
[INFO] [stdout] error[E0599]: no method named `udp_bind` found for struct `W5500` in the current scope
[INFO] [stdout]   --> examples/dns.rs:82:10
[INFO] [stdout]    |
[INFO] [stdout] 81 | /     w5500
[INFO] [stdout] 82 | |         .udp_bind(DNS_SN, DNS_SOURCE_PORT)
[INFO] [stdout]    | |         -^^^^^^^^ method not found in `W5500`
[INFO] [stdout]    | |_________|
[INFO] [stdout]    | 
[INFO] [stdout] 
[INFO] [stdout] 
[INFO] [stdout] error[E0599]: no method named `tcp_listen` found for struct `W5500` in the current scope
[INFO] [stdout]   --> examples/http_server.rs:53:10
[INFO] [stdout]    |
[INFO] [stdout] 52 | /     w5500
[INFO] [stdout] 53 | |         .tcp_listen(HTTP_SOCKET, HTTP_PORT)
[INFO] [stdout]    | |         -^^^^^^^^^^ method not found in `W5500`
[INFO] [stdout]    | |_________|
[INFO] [stdout]    | 
[INFO] [stdout] 
[INFO] [stdout] 
[INFO] [stdout] error[E0599]: no method named `tcp_connect` found for struct `W5500` in the current scope
[INFO] [stdout]   --> examples/mqtt_client.rs:87:10
[INFO] [stdout]    |
[INFO] [stdout] 86 | /     w5500
[INFO] [stdout] 87 | |         .tcp_connect(MQTT_SOCKET, MQTT_SOURCE_PORT, &mqtt_server)
[INFO] [stdout]    | |         -^^^^^^^^^^^ method not found in `W5500`
[INFO] [stdout]    | |_________|
[INFO] [stdout]    | 
[INFO] [stdout] 
[INFO] [stdout] 
[INFO] [stdout] error[E0599]: no method named `tcp_read` found for struct `W5500` in the current scope
[INFO] [stdout]   --> examples/http_server.rs:74:31
[INFO] [stdout]    |
[INFO] [stdout] 74 |     let rx_bytes: u16 = w5500.tcp_read(HTTP_SOCKET, unsafe { &mut BUF }).unwrap();
[INFO] [stdout]    |                               ^^^^^^^^ method not found in `W5500`
[INFO] [stdout] 
[INFO] [stdout] 
[INFO] [stdout] error[E0599]: no method named `tcp_write` found for struct `W5500` in the current scope
[INFO] [stdout]    --> examples/mqtt_client.rs:110:10
[INFO] [stdout]     |
[INFO] [stdout] 109 |       let tx_bytes = w5500
[INFO] [stdout]     |  ____________________-
[INFO] [stdout] 110 | |         .tcp_write(MQTT_SOCKET, &MQTT_CONNECT)
[INFO] [stdout]     | |         -^^^^^^^^^ method not found in `W5500`
[INFO] [stdout]     | |_________|
[INFO] [stdout]     | 
[INFO] [stdout] 
[INFO] [stdout] 
[INFO] [stdout] error[E0599]: no method named `writer` found for struct `W5500` in the current scope
[INFO] [stdout]   --> examples/dns.rs:85:39
[INFO] [stdout]    |
[INFO] [stdout] 85 |     let mut writer: Writer<_> = w5500.writer(DNS_SN).expect("Failed to create writer");
[INFO] [stdout]    |                                       ^^^^^^ method not found in `W5500`
[INFO] [stdout] 
[INFO] [stdout] 
[INFO] [stdout] error[E0599]: no method named `tcp_write` found for struct `W5500` in the current scope
[INFO] [stdout]   --> examples/http_server.rs:92:18
[INFO] [stdout]    |
[INFO] [stdout] 91 | /             w5500
[INFO] [stdout] 92 | |                 .tcp_write(HTTP_SOCKET, response)
[INFO] [stdout]    | |                 -^^^^^^^^^ method not found in `W5500`
[INFO] [stdout]    | |_________________|
[INFO] [stdout]    | 
[INFO] [stdout] 
[INFO] [stdout] 
[INFO] [stdout] error[E0599]: no method named `udp_reader` found for struct `W5500` in the current scope
[INFO] [stdout]   --> examples/dns.rs:97:21
[INFO] [stdout]    |
[INFO] [stdout] 97 |         match w5500.udp_reader(DNS_SN) {
[INFO] [stdout]    |                     ^^^^^^^^^^ method not found in `W5500`
[INFO] [stdout] 
[INFO] [stdout] 
[INFO] [stdout] error[E0599]: no method named `close` found for struct `W5500` in the current scope
[INFO] [stdout]   --> examples/http_server.rs:99:19
[INFO] [stdout]    |
[INFO] [stdout] 99 |             w5500.close(HTTP_SOCKET).expect("Failed to close socket");
[INFO] [stdout]    |                   ^^^^^ method not found in `W5500`
[INFO] [stdout] 
[INFO] [stdout] 
[INFO] [stdout] error[E0599]: no method named `tcp_read` found for struct `W5500` in the current scope
[INFO] [stdout]    --> examples/mqtt_client.rs:134:10
[INFO] [stdout]     |
[INFO] [stdout] 133 |       let rx_bytes = w5500
[INFO] [stdout]     |  ____________________-
[INFO] [stdout] 134 | |         .tcp_read(MQTT_SOCKET, &mut buf)
[INFO] [stdout]     | |         -^^^^^^^^ method not found in `W5500`
[INFO] [stdout]     | |_________|
[INFO] [stdout]     | 
[INFO] [stdout] 
[INFO] [stdout] 
[INFO] [stdout] error: aborting due to 5 previous errors
[INFO] [stdout] 
[INFO] [stdout] 
[INFO] [stdout] Some errors have detailed explanations: E0432, E0599.
[INFO] [stdout] 
[INFO] [stdout] For more information about an error, try `rustc --explain E0432`.
[INFO] [stdout] 
[INFO] [stdout] error: aborting due to 4 previous errors
[INFO] [stdout] 
[INFO] [stdout] 
[INFO] [stderr] error: could not compile `w5500-regsim` due to 6 previous errors
[INFO] [stderr] warning: build failed, waiting for other jobs to finish...
[INFO] [stdout] Some errors have detailed explanations: E0432, E0599.
[INFO] [stdout] 
[INFO] [stdout] For more information about an error, try `rustc --explain E0432`.
[INFO] [stdout] 
[INFO] [stdout] error: aborting due to 4 previous errors
[INFO] [stdout] 
[INFO] [stdout] 
[INFO] [stdout] Some errors have detailed explanations: E0432, E0599.
[INFO] [stdout] 
[INFO] [stdout] For more information about an error, try `rustc --explain E0432`.
[INFO] [stdout] 
[INFO] [stderr] error: could not compile `w5500-regsim` due to 5 previous errors
[INFO] [stderr] error: could not compile `w5500-regsim` due to 5 previous errors
[INFO] running `Command { std: "docker" "inspect" "d5c38c569e4eb78fc1d9ad8bc3985b72577138e354b8e776c7a60f9e9d39cc89", kill_on_drop: false }`
[INFO] running `Command { std: "docker" "rm" "-f" "d5c38c569e4eb78fc1d9ad8bc3985b72577138e354b8e776c7a60f9e9d39cc89", kill_on_drop: false }`
[INFO] [stdout] d5c38c569e4eb78fc1d9ad8bc3985b72577138e354b8e776c7a60f9e9d39cc89
