[INFO] fetching crate w5500-mqtt 0.1.2...
[INFO] testing w5500-mqtt-0.1.2 against 1.69.0 for beta-1.70-1
[INFO] extracting crate w5500-mqtt 0.1.2 into /workspace/builds/worker-6-tc1/source
[INFO] validating manifest of crates.io crate w5500-mqtt 0.1.2 on toolchain 1.69.0
[INFO] running `Command { std: CARGO_HOME="/workspace/cargo-home" RUSTUP_HOME="/workspace/rustup-home" "/workspace/cargo-home/bin/cargo" "+1.69.0" "metadata" "--manifest-path" "Cargo.toml" "--no-deps", kill_on_drop: false }`
[INFO] started tweaking crates.io crate w5500-mqtt 0.1.2
[INFO] finished tweaking crates.io crate w5500-mqtt 0.1.2
[INFO] tweaked toml for crates.io crate w5500-mqtt 0.1.2 written to /workspace/builds/worker-6-tc1/source/Cargo.toml
[INFO] crate crates.io crate w5500-mqtt 0.1.2 already has a lockfile, it will not be regenerated
[INFO] running `Command { std: CARGO_HOME="/workspace/cargo-home" RUSTUP_HOME="/workspace/rustup-home" "/workspace/cargo-home/bin/cargo" "+1.69.0" "fetch" "--manifest-path" "Cargo.toml", kill_on_drop: false }`
[INFO] [stderr]  Downloading crates ...
[INFO] [stderr]   Downloaded const-oid v0.9.0
[INFO] [stderr]   Downloaded elliptic-curve v0.12.2
[INFO] [stderr]   Downloaded defmt-parser v0.3.1
[INFO] [stderr]   Downloaded group v0.12.0
[INFO] [stderr]   Downloaded ff v0.12.0
[INFO] [stderr]   Downloaded w5500-hl v0.9.0
[INFO] [stderr]   Downloaded crypto-bigint v0.4.8
[INFO] [stderr]   Downloaded defmt v0.3.2
[INFO] [stderr]   Downloaded der v0.6.0
[INFO] [stderr]   Downloaded mqttbytes v0.6.0
[INFO] [stderr]   Downloaded w5500-ll v0.10.4
[INFO] [stderr]   Downloaded heapless v0.7.15
[INFO] [stderr]   Downloaded cortex-m v0.7.5
[INFO] [stderr]   Downloaded defmt-macros v0.3.2
[INFO] [stderr]   Downloaded p256-cm4 v0.1.1
[INFO] [stderr]   Downloaded w5500-tls v0.1.2
[INFO] running `Command { std: "docker" "create" "-v" "/var/lib/crater-agent-workspace/builds/worker-6-tc1/target:/opt/rustwide/target:rw,Z" "-v" "/var/lib/crater-agent-workspace/builds/worker-6-tc1/source:/opt/rustwide/workdir:ro,Z" "-v" "/var/lib/crater-agent-workspace/cargo-home:/opt/rustwide/cargo-home:ro,Z" "-v" "/var/lib/crater-agent-workspace/rustup-home:/opt/rustwide/rustup-home:ro,Z" "-e" "SOURCE_DIR=/opt/rustwide/workdir" "-e" "CARGO_TARGET_DIR=/opt/rustwide/target" "-e" "CARGO_HOME=/opt/rustwide/cargo-home" "-e" "RUSTUP_HOME=/opt/rustwide/rustup-home" "-w" "/opt/rustwide/workdir" "-m" "1610612736" "--user" "0:0" "--network" "none" "ghcr.io/rust-lang/crates-build-env/linux@sha256:5ff2268d62e97bff2cde7d5815dd6ed5b47097566f13b8d0ca110b04b60e07ed" "/opt/rustwide/cargo-home/bin/cargo" "+1.69.0" "metadata" "--no-deps" "--format-version=1", kill_on_drop: false }`
[INFO] [stdout] 3a660da2f89783889272b42b25fc62485d180ca61de5869a34fdbdad976356fd
[INFO] running `Command { std: "docker" "start" "-a" "3a660da2f89783889272b42b25fc62485d180ca61de5869a34fdbdad976356fd", kill_on_drop: false }`
[INFO] running `Command { std: "docker" "inspect" "3a660da2f89783889272b42b25fc62485d180ca61de5869a34fdbdad976356fd", kill_on_drop: false }`
[INFO] running `Command { std: "docker" "rm" "-f" "3a660da2f89783889272b42b25fc62485d180ca61de5869a34fdbdad976356fd", kill_on_drop: false }`
[INFO] [stdout] 3a660da2f89783889272b42b25fc62485d180ca61de5869a34fdbdad976356fd
[INFO] running `Command { std: "docker" "create" "-v" "/var/lib/crater-agent-workspace/builds/worker-6-tc1/target:/opt/rustwide/target:rw,Z" "-v" "/var/lib/crater-agent-workspace/builds/worker-6-tc1/source:/opt/rustwide/workdir:ro,Z" "-v" "/var/lib/crater-agent-workspace/cargo-home:/opt/rustwide/cargo-home:ro,Z" "-v" "/var/lib/crater-agent-workspace/rustup-home:/opt/rustwide/rustup-home:ro,Z" "-e" "SOURCE_DIR=/opt/rustwide/workdir" "-e" "CARGO_TARGET_DIR=/opt/rustwide/target" "-e" "CARGO_INCREMENTAL=0" "-e" "RUST_BACKTRACE=full" "-e" "RUSTFLAGS=--cap-lints=warn" "-e" "RUSTDOCFLAGS=--cap-lints=warn" "-e" "CARGO_HOME=/opt/rustwide/cargo-home" "-e" "RUSTUP_HOME=/opt/rustwide/rustup-home" "-w" "/opt/rustwide/workdir" "-m" "1610612736" "--user" "0:0" "--network" "none" "ghcr.io/rust-lang/crates-build-env/linux@sha256:5ff2268d62e97bff2cde7d5815dd6ed5b47097566f13b8d0ca110b04b60e07ed" "/opt/rustwide/cargo-home/bin/cargo" "+1.69.0" "build" "--frozen" "--message-format=json", kill_on_drop: false }`
[INFO] [stdout] 12bc6bc4d71df399939c0063f98efb9312b8a67ad6409dd62f91fb42d4b87efc
[INFO] running `Command { std: "docker" "start" "-a" "12bc6bc4d71df399939c0063f98efb9312b8a67ad6409dd62f91fb42d4b87efc", kill_on_drop: false }`
[INFO] [stderr]    Compiling w5500-ll v0.10.4
[INFO] [stderr]    Compiling w5500-hl v0.9.0
[INFO] [stderr]    Compiling w5500-mqtt v0.1.2 (/opt/rustwide/workdir)
[INFO] [stderr]     Finished dev [unoptimized + debuginfo] target(s) in 1.23s
[INFO] running `Command { std: "docker" "inspect" "12bc6bc4d71df399939c0063f98efb9312b8a67ad6409dd62f91fb42d4b87efc", kill_on_drop: false }`
[INFO] running `Command { std: "docker" "rm" "-f" "12bc6bc4d71df399939c0063f98efb9312b8a67ad6409dd62f91fb42d4b87efc", kill_on_drop: false }`
[INFO] [stdout] 12bc6bc4d71df399939c0063f98efb9312b8a67ad6409dd62f91fb42d4b87efc
[INFO] running `Command { std: "docker" "create" "-v" "/var/lib/crater-agent-workspace/builds/worker-6-tc1/target:/opt/rustwide/target:rw,Z" "-v" "/var/lib/crater-agent-workspace/builds/worker-6-tc1/source:/opt/rustwide/workdir:ro,Z" "-v" "/var/lib/crater-agent-workspace/cargo-home:/opt/rustwide/cargo-home:ro,Z" "-v" "/var/lib/crater-agent-workspace/rustup-home:/opt/rustwide/rustup-home:ro,Z" "-e" "SOURCE_DIR=/opt/rustwide/workdir" "-e" "CARGO_TARGET_DIR=/opt/rustwide/target" "-e" "CARGO_INCREMENTAL=0" "-e" "RUST_BACKTRACE=full" "-e" "RUSTFLAGS=--cap-lints=warn" "-e" "RUSTDOCFLAGS=--cap-lints=warn" "-e" "CARGO_HOME=/opt/rustwide/cargo-home" "-e" "RUSTUP_HOME=/opt/rustwide/rustup-home" "-w" "/opt/rustwide/workdir" "-m" "1610612736" "--user" "0:0" "--network" "none" "ghcr.io/rust-lang/crates-build-env/linux@sha256:5ff2268d62e97bff2cde7d5815dd6ed5b47097566f13b8d0ca110b04b60e07ed" "/opt/rustwide/cargo-home/bin/cargo" "+1.69.0" "test" "--frozen" "--no-run" "--message-format=json", kill_on_drop: false }`
[INFO] [stdout] 8334446c74bc598868931e4cf6fa9991a6039980c6ae06d79d90f2d773aa9f4c
[INFO] running `Command { std: "docker" "start" "-a" "8334446c74bc598868931e4cf6fa9991a6039980c6ae06d79d90f2d773aa9f4c", kill_on_drop: false }`
[INFO] [stderr]    Compiling libc v0.2.126
[INFO] [stderr]    Compiling log v0.4.17
[INFO] [stderr]    Compiling once_cell v1.13.0
[INFO] [stderr]    Compiling termcolor v1.1.3
[INFO] [stderr]    Compiling bytes v1.2.1
[INFO] [stderr]    Compiling num-traits v0.2.15
[INFO] [stderr]    Compiling num-integer v0.1.45
[INFO] [stderr]    Compiling thread_local v1.1.4
[INFO] [stderr]    Compiling mqttbytes v0.6.0
[INFO] [stderr]    Compiling time v0.1.44
[INFO] [stderr]    Compiling atty v0.2.14
[INFO] [stderr]    Compiling getrandom v0.2.7
[INFO] [stderr]    Compiling rand_core v0.6.3
[INFO] [stderr]    Compiling chrono v0.4.19
[INFO] [stderr]    Compiling stderrlog v0.5.3
[INFO] [stderr]    Compiling w5500-mqtt v0.1.2 (/opt/rustwide/workdir)
[INFO] [stdout] error[E0432]: unresolved import `w5500_regsim`
[INFO] [stdout]   --> tests/fixture.rs:22:5
[INFO] [stdout]    |
[INFO] [stdout] 22 | use w5500_regsim::W5500;
[INFO] [stdout]    |     ^^^^^^^^^^^^ use of undeclared crate or module `w5500_regsim`
[INFO] [stdout] 
[INFO] [stdout] 
[INFO] [stdout] error[E0432]: unresolved import `w5500_regsim`
[INFO] [stdout]   --> tests/fixture.rs:22:5
[INFO] [stdout]    |
[INFO] [stdout] 22 | use w5500_regsim::W5500;
[INFO] [stdout]    |     ^^^^^^^^^^^^ use of undeclared crate or module `w5500_regsim`
[INFO] [stdout] 
[INFO] [stdout] 
[INFO] [stdout] error[E0432]: unresolved import `w5500_regsim`
[INFO] [stdout]   --> tests/fixture.rs:22:5
[INFO] [stdout]    |
[INFO] [stdout] 22 | use w5500_regsim::W5500;
[INFO] [stdout]    |     ^^^^^^^^^^^^ use of undeclared crate or module `w5500_regsim`
[INFO] [stdout] 
[INFO] [stdout] 
[INFO] [stdout] error[E0432]: unresolved import `w5500_mqtt::tls`
[INFO] [stdout]   --> examples/tls.rs:21:5
[INFO] [stdout]    |
[INFO] [stdout] 21 |     tls::Client,
[INFO] [stdout]    |     ^^^ could not find `tls` in `w5500_mqtt`
[INFO] [stdout] 
[INFO] [stdout] 
[INFO] [stdout] error[E0432]: unresolved import `w5500_regsim`
[INFO] [stdout]   --> examples/tls.rs:24:5
[INFO] [stdout]    |
[INFO] [stdout] 24 | use w5500_regsim::W5500;
[INFO] [stdout]    |     ^^^^^^^^^^^^ use of undeclared crate or module `w5500_regsim`
[INFO] [stdout] 
[INFO] [stdout] 
[INFO] [stdout] error[E0432]: unresolved import `w5500_regsim`
[INFO] [stdout]   --> tests/fixture.rs:22:5
[INFO] [stdout]    |
[INFO] [stdout] 22 | use w5500_regsim::W5500;
[INFO] [stdout]    |     ^^^^^^^^^^^^ use of undeclared crate or module `w5500_regsim`
[INFO] [stdout] 
[INFO] [stdout] 
[INFO] [stdout] error: aborting due to previous error
[INFO] [stdout] 
[INFO] [stdout] 
[INFO] [stdout] For more information about this error, try `rustc --explain E0432`.
[INFO] [stdout] 
[INFO] [stdout] error: aborting due to 2 previous errors
[INFO] [stdout] 
[INFO] [stdout] 
[INFO] [stderr] error: could not compile `w5500-mqtt` due to 2 previous errors
[INFO] [stdout] For more information about this error, try `rustc --explain E0432`.
[INFO] [stdout] 
[INFO] [stderr] warning: build failed, waiting for other jobs to finish...
[INFO] [stdout] error: aborting due to previous error
[INFO] [stdout] 
[INFO] [stdout] 
[INFO] [stdout] For more information about this error, try `rustc --explain E0432`.
[INFO] [stdout] 
[INFO] [stderr] error: could not compile `w5500-mqtt` due to 3 previous errors
[INFO] [stderr] error: could not compile `w5500-mqtt` due to 2 previous errors
[INFO] [stdout] error: aborting due to previous error
[INFO] [stdout] 
[INFO] [stdout] 
[INFO] [stdout] For more information about this error, try `rustc --explain E0432`.
[INFO] [stdout] 
[INFO] [stderr] error: could not compile `w5500-mqtt` due to 2 previous errors
[INFO] [stdout] error: aborting due to previous error
[INFO] [stdout] 
[INFO] [stdout] 
[INFO] [stdout] For more information about this error, try `rustc --explain E0432`.
[INFO] [stdout] 
[INFO] [stderr] error: could not compile `w5500-mqtt` due to 2 previous errors
[INFO] running `Command { std: "docker" "inspect" "8334446c74bc598868931e4cf6fa9991a6039980c6ae06d79d90f2d773aa9f4c", kill_on_drop: false }`
[INFO] running `Command { std: "docker" "rm" "-f" "8334446c74bc598868931e4cf6fa9991a6039980c6ae06d79d90f2d773aa9f4c", kill_on_drop: false }`
[INFO] [stdout] 8334446c74bc598868931e4cf6fa9991a6039980c6ae06d79d90f2d773aa9f4c
