[INFO] fetching crate vvmbin 0.1.0...
[INFO] testing vvmbin-0.1.0 against beta-2023-04-20 for beta-1.70-1
[INFO] extracting crate vvmbin 0.1.0 into /workspace/builds/worker-0-tc2/source
[INFO] validating manifest of crates.io crate vvmbin 0.1.0 on toolchain beta-2023-04-20
[INFO] running `Command { std: CARGO_HOME="/workspace/cargo-home" RUSTUP_HOME="/workspace/rustup-home" "/workspace/cargo-home/bin/cargo" "+beta-2023-04-20" "metadata" "--manifest-path" "Cargo.toml" "--no-deps", kill_on_drop: false }`
[INFO] started tweaking crates.io crate vvmbin 0.1.0
[INFO] finished tweaking crates.io crate vvmbin 0.1.0
[INFO] tweaked toml for crates.io crate vvmbin 0.1.0 written to /workspace/builds/worker-0-tc2/source/Cargo.toml
[INFO] crate crates.io crate vvmbin 0.1.0 already has a lockfile, it will not be regenerated
[INFO] running `Command { std: CARGO_HOME="/workspace/cargo-home" RUSTUP_HOME="/workspace/rustup-home" "/workspace/cargo-home/bin/cargo" "+beta-2023-04-20" "fetch" "--manifest-path" "Cargo.toml", kill_on_drop: false }`
[INFO] [stderr]     Updating crates.io index
[INFO] [stderr]     Blocking waiting for file lock on package cache
[INFO] [stderr]  Downloading crates ...
[INFO] [stderr]   Downloaded primal-bit v0.2.4
[INFO] [stderr]   Downloaded zeroize_derive v0.9.3
[INFO] [stderr]   Downloaded primal v0.2.3
[INFO] [stderr]   Downloaded primal-sieve v0.2.9
[INFO] [stderr]   Downloaded tetsy-keccak-hasher v0.1.1
[INFO] [stderr]   Downloaded bit-set v0.4.0
[INFO] [stderr]   Downloaded vapbloom v0.8.0
[INFO] [stderr]   Downloaded vapcore-bloom-journal v0.1.0
[INFO] [stderr]   Downloaded tetsy-rlp-derive v0.0.1
[INFO] [stderr]   Downloaded verification v0.1.0
[INFO] [stderr]   Downloaded tetsy-runtime v0.1.2
[INFO] [stderr]   Downloaded vapcore-trace v0.1.0
[INFO] [stderr]   Downloaded vapash v1.12.0
[INFO] [stderr]   Downloaded tetsy-registrar v0.0.1
[INFO] [stderr]   Downloaded twasm-utils v0.6.1
[INFO] [stderr]   Downloaded enjen v0.1.0
[INFO] [stderr]   Downloaded vapcore-db v0.1.0
[INFO] [stderr]   Downloaded tetsy-impl-serde v0.2.2
[INFO] [stderr]   Downloaded vapory-types v0.8.0
[INFO] [stderr]   Downloaded trie-vm-factories v0.1.0
[INFO] [stderr]   Downloaded blooms-db v0.1.0
[INFO] [stderr]   Downloaded interleaved-ordered v0.1.1
[INFO] [stderr]   Downloaded vapabi-derive v9.0.1
[INFO] [stderr]   Downloaded authority-round v0.1.0
[INFO] [stderr]   Downloaded tetsy-stats v0.1.0
[INFO] [stderr]   Downloaded client-traits v0.1.0
[INFO] [stderr]   Downloaded memory-cache v0.1.0
[INFO] [stderr]   Downloaded fs-swap v0.2.6
[INFO] [stderr]   Downloaded basic-authority v0.1.0
[INFO] [stderr]   Downloaded tetsy-keccak-hash v0.4.0
[INFO] [stderr]   Downloaded tetsy-fixed-hash v0.5.0
[INFO] [stderr]   Downloaded tetsy-rlp v0.5.0
[INFO] [stderr]   Downloaded panic-hook v0.1.0
[INFO] [stderr]   Downloaded block-gas-limit v0.1.0
[INFO] [stderr]   Downloaded validator-set v0.1.0
[INFO] [stderr]   Downloaded using-queue v0.1.0
[INFO] [stderr]   Downloaded rlp-compress v0.1.0
[INFO] [stderr]   Downloaded vapjson v0.1.0
[INFO] [stderr]   Downloaded tetsy-kvdb-rocksdb v0.4.3
[INFO] [stderr]   Downloaded rocksdb v0.14.0
[INFO] [stderr]   Downloaded tetsy-wasm v0.31.1
[INFO] [stderr]   Downloaded common-types v0.1.0
[INFO] [stderr]   Downloaded vapcore-snapshot v0.1.0
[INFO] [stderr]   Downloaded vapcore-miner v1.12.0
[INFO] [stderr]   Downloaded vapcore-spec v0.1.0
[INFO] [stderr]   Downloaded twasmi v0.3.0
[INFO] [stderr]   Downloaded vapcore-clique v0.1.0
[INFO] [stderr]   Downloaded tetsy-secp256k1 v0.7.0
[INFO] [stderr]   Downloaded crossbeam-epoch v0.9.3
[INFO] [stderr]   Downloaded ripemd160 v0.8.0
[INFO] [stderr]   Downloaded scrypt v0.2.0
[INFO] [stderr]   Downloaded tetsy-crypto v0.4.2
[INFO] [stderr]   Downloaded tetsy-scale-codec v1.3.0
[INFO] [stderr]   Downloaded account-state v0.1.0
[INFO] [stderr]   Downloaded uint-crate v0.8.1
[INFO] [stderr]   Downloaded vapcore-blockchain v0.1.0
[INFO] [stderr]   Downloaded tetsy-snappy v0.1.0
[INFO] [stderr]   Downloaded tetsy-kvdb v0.3.2
[INFO] [stderr]   Downloaded ahash v0.2.19
[INFO] [stderr]   Downloaded vvm v0.1.0
[INFO] [stderr]   Downloaded libc v0.2.92
[INFO] [stderr]   Downloaded executive-state v0.1.0
[INFO] [stderr]   Downloaded memmap v0.6.2
[INFO] [stderr]   Downloaded primal-check v0.2.3
[INFO] [stderr]   Downloaded tokio-compat v0.1.6
[INFO] [stderr]   Downloaded transaction-pool v2.0.3
[INFO] [stderr]   Downloaded tetsy-memory-db v0.18.1
[INFO] [stderr]   Downloaded journaldb v0.2.0
[INFO] [stderr]   Downloaded vapabi v9.0.1
[INFO] [stderr]   Downloaded vapcore-builtin v0.1.0
[INFO] [stderr]   Downloaded tetsy-hash-db v0.15.3
[INFO] [stderr]   Downloaded tetsy-bytes v0.1.2
[INFO] [stderr]   Downloaded rustc-hex v1.0.0
[INFO] [stderr]   Downloaded tetsy-rlp v0.4.5
[INFO] [stderr]   Downloaded tetsy-impl-rlp v0.2.0
[INFO] [stderr]   Downloaded primal-estimate v0.2.1
[INFO] [stderr]   Downloaded vapash-engine v0.1.0
[INFO] [stderr]   Downloaded tetsy-plain-hasher v0.2.1
[INFO] [stderr]   Downloaded instant-seal v0.1.0
[INFO] [stderr]   Downloaded block-reward v0.1.0
[INFO] [stderr]   Downloaded fastmap v0.1.0
[INFO] [stderr]   Downloaded tetsy-snappy-sys v0.1.2
[INFO] [stderr]   Downloaded state-db v0.1.0
[INFO] [stderr]   Downloaded vapcore-wasm v0.1.0
[INFO] [stderr]   Downloaded vapcore-call-contract v0.1.0
[INFO] [stderr]   Downloaded vapcore-pod v0.1.0
[INFO] [stderr]   Downloaded tetsy-util-mem v0.3.0
[INFO] [stderr]   Downloaded len-caching-lock v0.1.1
[INFO] [stderr]   Downloaded null-engine v0.1.0
[INFO] [stderr]   Downloaded tetsy-kvdb-memorydb v0.3.2
[INFO] [stderr]   Downloaded trace-time v0.1.3
[INFO] [stderr]   Downloaded account-db v0.1.0
[INFO] [stderr]   Downloaded vapabi-contract v9.0.0
[INFO] [stderr]   Downloaded patricia-trie-vapory v0.1.1
[INFO] [stderr]   Downloaded tetsy-vm v0.1.0
[INFO] [stderr]   Downloaded tetsy-impl-codec v0.4.1
[INFO] [stderr]   Downloaded memory_units v0.3.0
[INFO] [stderr]   Downloaded eip-152 v0.1.0
[INFO] [stderr]   Downloaded itertools v0.5.10
[INFO] [stderr]   Downloaded tetsy-util-mem v0.4.2
[INFO] [stderr]   Downloaded impl-trait-for-tuples v0.1.3
[INFO] [stderr]   Downloaded tetsy-trie-db v0.19.2
[INFO] [stderr]   Downloaded triehash-vapory v0.2.0
[INFO] [stderr]   Downloaded nan-preserving-float v0.1.0
[INFO] [stderr]   Downloaded time-utils v0.1.0
[INFO] [stderr]   Downloaded tetsy-util-mem-derive v0.1.0
[INFO] [stderr]   Downloaded tetsy-primitive-types v0.6.0
[INFO] [stderr]   Downloaded tetsy-macros v0.1.0
[INFO] [stderr]   Downloaded tetsy-triehash v0.8.5
[INFO] [stderr]   Downloaded tetsy-unexpected v0.1.0
[INFO] [stderr]   Downloaded vapcore-io v1.12.0
[INFO] [stderr]   Downloaded elastic-array v0.10.3
[INFO] [stderr]   Downloaded lru v0.4.3
[INFO] [stderr]   Downloaded mashina v0.1.1
[INFO] [stderr]   Downloaded tbn v0.4.4
[INFO] [stderr]   Downloaded vapcore v1.12.1
[INFO] [stderr]   Downloaded librocksdb-sys v6.11.4
[INFO] running `Command { std: "docker" "create" "-v" "/var/lib/crater-agent-workspace/builds/worker-0-tc2/target:/opt/rustwide/target:rw,Z" "-v" "/var/lib/crater-agent-workspace/builds/worker-0-tc2/source:/opt/rustwide/workdir:ro,Z" "-v" "/var/lib/crater-agent-workspace/cargo-home:/opt/rustwide/cargo-home:ro,Z" "-v" "/var/lib/crater-agent-workspace/rustup-home:/opt/rustwide/rustup-home:ro,Z" "-e" "SOURCE_DIR=/opt/rustwide/workdir" "-e" "CARGO_TARGET_DIR=/opt/rustwide/target" "-e" "CARGO_HOME=/opt/rustwide/cargo-home" "-e" "RUSTUP_HOME=/opt/rustwide/rustup-home" "-w" "/opt/rustwide/workdir" "-m" "1610612736" "--user" "0:0" "--network" "none" "ghcr.io/rust-lang/crates-build-env/linux@sha256:5ff2268d62e97bff2cde7d5815dd6ed5b47097566f13b8d0ca110b04b60e07ed" "/opt/rustwide/cargo-home/bin/cargo" "+beta-2023-04-20" "metadata" "--no-deps" "--format-version=1", kill_on_drop: false }`
[INFO] [stdout] b8d639f1570f1760825c3b715c6d05706738b6c5dab103cbc32494ca3c58ab36
[INFO] running `Command { std: "docker" "start" "-a" "b8d639f1570f1760825c3b715c6d05706738b6c5dab103cbc32494ca3c58ab36", kill_on_drop: false }`
[INFO] running `Command { std: "docker" "inspect" "b8d639f1570f1760825c3b715c6d05706738b6c5dab103cbc32494ca3c58ab36", kill_on_drop: false }`
[INFO] running `Command { std: "docker" "rm" "-f" "b8d639f1570f1760825c3b715c6d05706738b6c5dab103cbc32494ca3c58ab36", kill_on_drop: false }`
[INFO] [stdout] b8d639f1570f1760825c3b715c6d05706738b6c5dab103cbc32494ca3c58ab36
[INFO] running `Command { std: "docker" "create" "-v" "/var/lib/crater-agent-workspace/builds/worker-0-tc2/target:/opt/rustwide/target:rw,Z" "-v" "/var/lib/crater-agent-workspace/builds/worker-0-tc2/source:/opt/rustwide/workdir:ro,Z" "-v" "/var/lib/crater-agent-workspace/cargo-home:/opt/rustwide/cargo-home:ro,Z" "-v" "/var/lib/crater-agent-workspace/rustup-home:/opt/rustwide/rustup-home:ro,Z" "-e" "SOURCE_DIR=/opt/rustwide/workdir" "-e" "CARGO_TARGET_DIR=/opt/rustwide/target" "-e" "CARGO_INCREMENTAL=0" "-e" "RUST_BACKTRACE=full" "-e" "RUSTFLAGS=--cap-lints=warn" "-e" "RUSTDOCFLAGS=--cap-lints=warn" "-e" "CARGO_HOME=/opt/rustwide/cargo-home" "-e" "RUSTUP_HOME=/opt/rustwide/rustup-home" "-w" "/opt/rustwide/workdir" "-m" "1610612736" "--user" "0:0" "--network" "none" "ghcr.io/rust-lang/crates-build-env/linux@sha256:5ff2268d62e97bff2cde7d5815dd6ed5b47097566f13b8d0ca110b04b60e07ed" "/opt/rustwide/cargo-home/bin/cargo" "+beta-2023-04-20" "build" "--frozen" "--message-format=json", kill_on_drop: false }`
[INFO] [stdout] eadb4535c811020cd0dc1b99650305ce10b2dd8be9f86c240db53f2258e62f65
[INFO] running `Command { std: "docker" "start" "-a" "eadb4535c811020cd0dc1b99650305ce10b2dd8be9f86c240db53f2258e62f65", kill_on_drop: false }`
[INFO] [stderr]     Blocking waiting for file lock on package cache
[INFO] [stderr]    Compiling libc v0.2.92
[INFO] [stderr]    Compiling spin v0.5.2
[INFO] [stderr]    Compiling byteorder v1.4.3
[INFO] [stderr]    Compiling cfg-if v0.1.10
[INFO] [stderr]    Compiling syn v1.0.68
[INFO] [stderr]    Compiling crunchy v0.2.2
[INFO] [stderr]    Compiling rustc-hex v2.1.0
[INFO] [stderr]    Compiling maybe-uninit v2.0.0
[INFO] [stderr]    Compiling getrandom v0.1.16
[INFO] [stderr]    Compiling serde_derive v1.0.125
[INFO] [stderr]    Compiling serde v1.0.125
[INFO] [stderr]    Compiling log v0.4.14
[INFO] [stderr]    Compiling scopeguard v1.1.0
[INFO] [stderr]    Compiling either v1.6.1
[INFO] [stderr]    Compiling ppv-lite86 v0.2.10
[INFO] [stderr]    Compiling semver-parser v0.7.0
[INFO] [stderr]    Compiling autocfg v0.1.7
[INFO] [stderr]    Compiling lazy_static v1.4.0
[INFO] [stderr]    Compiling semver v0.9.0
[INFO] [stderr]    Compiling tetsy-rlp v0.4.5
[INFO] [stderr]    Compiling radium v0.3.0
[INFO] [stderr]    Compiling arrayvec v0.5.2
[INFO] [stderr]    Compiling byte-slice-cast v0.3.5
[INFO] [stderr]    Compiling rustc_version v0.2.3
[INFO] [stderr]    Compiling lock_api v0.3.4
[INFO] [stderr]    Compiling proc-macro-hack v0.5.19
[INFO] [stderr]    Compiling tiny-keccak v2.0.2
[INFO] [stderr]    Compiling getrandom v0.2.2
[INFO] [stderr]    Compiling memchr v2.3.4
[INFO] [stderr]    Compiling tetsy-impl-rlp v0.2.0
[INFO] [stderr]    Compiling tiny-keccak v1.5.0
[INFO] [stderr]    Compiling uint-crate v0.8.1
[INFO] [stderr]    Compiling bitvec v0.17.4
[INFO] [stderr]    Compiling smallvec v0.6.14
[INFO] [stderr]    Compiling rand_core v0.4.2
[INFO] [stderr]    Compiling typenum v1.13.0
[INFO] [stderr]    Compiling parking_lot_core v0.6.2
[INFO] [stderr]    Compiling parking_lot v0.9.0
[INFO] [stderr]    Compiling hashbrown v0.6.3
[INFO] [stderr]    Compiling crossbeam-utils v0.7.2
[INFO] [stderr]    Compiling futures v0.1.31
[INFO] [stderr]    Compiling rand_core v0.3.1
[INFO] [stderr]    Compiling slab v0.4.2
[INFO] [stderr]    Compiling tetsy-hash-db v0.15.3
[INFO] [stderr]    Compiling aho-corasick v0.7.15
[INFO] [stderr]    Compiling num-traits v0.2.14
[INFO] [stderr]    Compiling regex-syntax v0.6.23
[INFO] [stderr]    Compiling tetsy-plain-hasher v0.2.1
[INFO] [stderr]    Compiling memoffset v0.5.6
[INFO] [stderr]    Compiling num-integer v0.1.44
[INFO] [stderr]    Compiling ryu v1.0.5
[INFO] [stderr]    Compiling jobserver v0.1.21
[INFO] [stderr]    Compiling iovec v0.1.4
[INFO] [stderr]    Compiling rand_core v0.5.1
[INFO] [stderr]    Compiling num_cpus v1.13.0
[INFO] [stderr]    Compiling net2 v0.2.37
[INFO] [stderr]    Compiling bytes v0.4.12
[INFO] [stderr]    Compiling cc v1.0.67
[INFO] [stderr]    Compiling rand_chacha v0.2.2
[INFO] [stderr]    Compiling mio v0.6.23
[INFO] [stderr]    Compiling const-random-macro v0.1.13
[INFO] [stderr]    Compiling proc-macro2 v0.4.30
[INFO] [stderr]    Compiling tetsy-bytes v0.1.2
[INFO] [stderr]    Compiling rand v0.7.3
[INFO] [stderr]    Compiling tokio-io v0.1.13
[INFO] [stderr]    Compiling tokio-executor v0.1.10
[INFO] [stderr]    Compiling rand_chacha v0.1.1
[INFO] [stderr]    Compiling rand_pcg v0.1.2
[INFO] [stderr]    Compiling const-random v0.1.13
[INFO] [stderr]    Compiling serde_json v1.0.64
[INFO] [stderr]    Compiling heapsize v0.4.2
[INFO] [stderr]    Compiling ahash v0.2.19
[INFO] [stderr]    Compiling unicode-xid v0.1.0
[INFO] [stderr]    Compiling generic-array v0.12.4
[INFO] [stderr]    Compiling tokio-sync v0.1.8
[INFO] [stderr]    Compiling tetsy-fixed-hash v0.5.0
[INFO] [stderr]    Compiling rand v0.6.5
[INFO] [stderr]    Compiling syn v0.15.44
[INFO] [stderr]    Compiling opaque-debug v0.2.3
[INFO] [stderr]    Compiling byte-tools v0.3.1
[INFO] [stderr]    Compiling itoa v0.4.7
[INFO] [stderr]    Compiling rand_os v0.1.3
[INFO] [stderr]    Compiling block-padding v0.1.5
[INFO] [stderr]    Compiling rand_hc v0.1.0
[INFO] [stderr]    Compiling rand_isaac v0.1.1
[INFO] [stderr]    Compiling rand_xorshift v0.1.1
[INFO] [stderr]    Compiling quote v0.6.13
[INFO] [stderr]    Compiling rand_jitter v0.1.4
[INFO] [stderr]    Compiling crossbeam-epoch v0.8.2
[INFO] [stderr]    Compiling digest v0.8.1
[INFO] [stderr]    Compiling elastic-array v0.10.3
[INFO] [stderr]    Compiling block-cipher-trait v0.6.2
[INFO] [stderr]    Compiling lru v0.4.3
[INFO] [stderr]    Compiling mio-uds v0.6.8
[INFO] [stderr]    Compiling block-buffer v0.7.3
[INFO] [stderr]    Compiling tokio-reactor v0.1.12
[INFO] [stderr]    Compiling regex v1.4.5
[INFO] [stderr]    Compiling subtle v1.0.0
[INFO] [stderr]    Compiling rustc-hex v1.0.0
[INFO] [stderr]    Compiling arrayvec v0.4.12
[INFO] [stderr]    Compiling tokio-codec v0.1.2
[INFO] [stderr]    Compiling tokio-current-thread v0.1.7
[INFO] [stderr]    Compiling tokio-timer v0.2.13
[INFO] [stderr]    Compiling cmake v0.1.45
[INFO] [stderr]    Compiling crypto-mac v0.7.0
[INFO] [stderr]    Compiling crossbeam-queue v0.2.3
[INFO] [stderr]    Compiling rand v0.5.6
[INFO] [stderr]    Compiling safemem v0.3.3
[INFO] [stderr]    Compiling fake-simd v0.1.2
[INFO] [stderr]    Compiling nodrop v0.1.14
[INFO] [stderr]    Compiling hmac v0.7.1
[INFO] [stderr]    Compiling base64 v0.9.3
[INFO] [stderr]    Compiling sha2 v0.8.2
[INFO] [stderr]    Compiling aes-soft v0.3.3
[INFO] [stderr]    Compiling tetsy-snappy-sys v0.1.2
[INFO] [stderr]    Compiling tetsy-secp256k1 v0.7.0
[INFO] [stderr]    Compiling crossbeam-deque v0.7.3
[INFO] [stderr]    Compiling stream-cipher v0.3.2
[INFO] [stderr]    Compiling time v0.1.43
[INFO] [stderr]    Compiling crossbeam-utils v0.6.6
[INFO] [stderr]    Compiling ctr v0.3.2
[INFO] [stderr]    Compiling tokio-uds v0.2.7
[INFO] [stderr]    Compiling tokio-threadpool v0.1.18
[INFO] [stderr]    Compiling tokio-tcp v0.1.4
[INFO] [stderr]    Compiling tokio-udp v0.1.6
[INFO] [stderr]    Compiling aes v0.3.2
[INFO] [stderr]    Compiling aes-ctr v0.3.0
[INFO] [stderr]    Compiling crossbeam-epoch v0.7.2
[INFO] [stderr]    Compiling ripemd160 v0.8.0
[INFO] [stderr]    Compiling chrono v0.4.19
[INFO] [stderr]    Compiling tetsy-trie-db v0.19.2
[INFO] [stderr]    Compiling block-modes v0.3.3
[INFO] [stderr]    Compiling subtle v2.4.0
[INFO] [stderr]    Compiling pbkdf2 v0.3.0
[INFO] [stderr]    Compiling tokio-fs v0.1.7
[INFO] [stderr]    Compiling crossbeam-deque v0.6.3
[INFO] [stderr]    Compiling scrypt v0.2.0
[INFO] [stderr]    Compiling tetsy-unexpected v0.1.0
[INFO] [stderr]    Compiling ansi_term v0.11.0
[INFO] [stderr]    Compiling crossbeam-utils v0.8.3
[INFO] [stderr]    Compiling memoffset v0.6.3
[INFO] [stderr]    Compiling tokio v0.1.22
[INFO] [stderr]    Compiling linked-hash-map v0.5.4
[INFO] [stderr]    Compiling bytes v1.0.1
[INFO] [stderr]    Compiling timer v0.2.0
[INFO] [stderr]    Compiling futures-core v0.3.13
[INFO] [stderr]    Compiling lru-cache v0.1.2
[INFO] [stderr]    Compiling error-chain v0.12.4
[INFO] [stderr]    Compiling tetsy-wasm v0.31.1
[INFO] [stderr]    Compiling synstructure v0.12.4
[INFO] [stderr]    Compiling vapcore-io v1.12.0
[INFO] [stderr]    Compiling bit-vec v0.4.4
[INFO] [stderr]    Compiling tetsy-rlp v0.5.0
[INFO] [stderr]    Compiling rayon-core v1.9.0
[INFO] [stderr]    Compiling futures-sink v0.3.13
[INFO] [stderr]    Compiling futures-channel v0.3.13
[INFO] [stderr]    Compiling bit-set v0.4.0
[INFO] [stderr]    Compiling futures-task v0.3.13
[INFO] [stderr]    Compiling tetsy-triehash v0.8.5
[INFO] [stderr]    Compiling futures-io v0.3.13
[INFO] [stderr]    Compiling pin-project-lite v0.2.6
[INFO] [stderr]    Compiling nan-preserving-float v0.1.0
[INFO] [stderr]    Compiling memory_units v0.3.0
[INFO] [stderr]    Compiling synstructure v0.10.2
[INFO] [stderr]    Compiling signal-hook-registry v1.3.0
[INFO] [stderr]    Compiling rayon v1.5.0
[INFO] [stderr]    Compiling futures-util v0.3.13
[INFO] [stderr]    Compiling unicode-segmentation v1.7.1
[INFO] [stderr]    Compiling pin-project-lite v0.1.12
[INFO] [stderr]    Compiling crossbeam-epoch v0.9.3
[INFO] [stderr]    Compiling crossbeam-channel v0.5.0
[INFO] [stderr]    Compiling bytes v0.5.6
[INFO] [stderr]    Compiling itertools v0.8.2
[INFO] [stderr]    Compiling rlp-compress v0.1.0
[INFO] [stderr]    Compiling crossbeam-deque v0.8.0
[INFO] [stderr]    Compiling heck v0.3.2
[INFO] [stderr]    Compiling rand v0.4.6
[INFO] [stderr]    Compiling itertools v0.5.10
[INFO] [stderr]    Compiling trace-time v0.1.3
[INFO] [stderr]    Compiling num-iter v0.1.42
[INFO] [stderr]    Compiling twasmi v0.3.0
[INFO] [stderr]    Compiling twasm-utils v0.6.1
[INFO] [stderr]    Compiling vapabi-contract v9.0.0
[INFO] [stderr]    Compiling transaction-pool v2.0.3
[INFO] [stderr]    Compiling rustc-serialize v0.3.24
[INFO] [stderr]    Compiling tetsy-stats v0.1.0
[INFO] [stderr]    Compiling siphasher v0.3.5
[INFO] [stderr]    Compiling arrayref v0.3.6
[INFO] [stderr]    Compiling tbn v0.4.4
[INFO] [stderr]    Compiling eip-152 v0.1.0
[INFO] [stderr]    Compiling clang-sys v0.29.3
[INFO] [stderr]    Compiling vapcore-bloom-journal v0.1.0
[INFO] [stderr]    Compiling libloading v0.5.2
[INFO] [stderr]    Compiling atty v0.2.14
[INFO] [stderr]    Compiling zeroize_derive v0.9.3
[INFO] [stderr]    Compiling quick-error v1.2.3
[INFO] [stderr]    Compiling termcolor v1.1.2
[INFO] [stderr]    Compiling nom v5.1.2
[INFO] [stderr]    Compiling humantime v1.3.0
[INFO] [stderr]    Compiling bindgen v0.54.0
[INFO] [stderr]    Compiling clap v2.33.3
[INFO] [stderr]    Compiling derive_more v0.15.0
[INFO] [stderr]    Compiling env_logger v0.7.1
[INFO] [stderr]    Compiling which v3.1.1
[INFO] [stderr]    Compiling zeroize v0.9.3
[INFO] [stderr]    Compiling shlex v0.1.1
[INFO] [stderr]    Compiling tetsy-snappy v0.1.0
[INFO] [stderr]    Compiling hamming v0.1.3
[INFO] [stderr]    Compiling primal-estimate v0.2.1
[INFO] [stderr]    Compiling primal-bit v0.2.4
[INFO] [stderr]    Compiling primal-check v0.2.3
[INFO] [stderr]    Compiling time-utils v0.1.0
[INFO] [stderr]    Compiling tetsy-macros v0.1.0
[INFO] [stderr]    Compiling memmap v0.6.2
[INFO] [stderr]    Compiling miniz_oxide v0.4.4
[INFO] [stderr]    Compiling static_assertions v0.3.4
[INFO] [stderr]    Compiling adler v1.0.2
[INFO] [stderr]    Compiling primal-sieve v0.2.9
[INFO] [stderr]    Compiling stable_deref_trait v1.2.0
[INFO] [stderr]    Compiling gimli v0.23.0
[INFO] [stderr]    Compiling owning_ref v0.4.1
[INFO] [stderr]    Compiling len-caching-lock v0.1.1
[INFO] [stderr]    Compiling rand_xorshift v0.2.0
[INFO] [stderr]    Compiling fs-swap v0.2.6
[INFO] [stderr]    Compiling interleaved-ordered v0.1.1
[INFO] [stderr]    Compiling object v0.23.0
[INFO] [stderr]    Compiling tetsy-util-mem-derive v0.1.0
[INFO] [stderr]    Compiling impl-trait-for-tuples v0.1.3
[INFO] [stderr]    Compiling tetsy-rlp-derive v0.0.1
[INFO] [stderr]    Compiling tokio-macros v0.2.6
[INFO] [stderr]    Compiling num-bigint v0.1.44
[INFO] [stderr]    Compiling futures v0.3.13
[INFO] [stderr]    Compiling cexpr v0.4.0
[INFO] [stderr]    Compiling primal v0.2.3
[INFO] [stderr]    Compiling rustc-demangle v0.1.18
[INFO] [stderr]    Compiling remove_dir_all v0.5.3
[INFO] [stderr]    Compiling env_logger v0.5.13
[INFO] [stderr]    Compiling tempdir v0.3.7
[INFO] [stderr]    Compiling using-queue v0.1.0
[INFO] [stderr]    Compiling strsim v0.10.0
[INFO] [stderr]    Compiling tokio v0.2.25
[INFO] [stderr]    Compiling num v0.1.42
[INFO] [stderr]    Compiling addr2line v0.14.1
[INFO] [stderr]    Compiling backtrace v0.3.56
[INFO] [stderr]    Compiling panic-hook v0.1.0
[INFO] [stderr]    Compiling tokio-compat v0.1.6
[INFO] [stderr]    Compiling tetsy-runtime v0.1.2
[INFO] [stderr]    Compiling tetsy-impl-serde v0.2.2
[INFO] [stderr]    Compiling tetsy-scale-codec v1.3.0
[INFO] [stderr]    Compiling docopt v1.1.1
[INFO] [stderr]    Compiling vapbloom v0.8.0
[INFO] [stderr]    Compiling blooms-db v0.1.0
[INFO] [stderr]    Compiling librocksdb-sys v6.11.4
[INFO] [stderr]    Compiling tetsy-impl-codec v0.4.1
[INFO] [stderr]    Compiling tetsy-primitive-types v0.6.0
[INFO] [stderr] error: could not compile `tetsy-primitive-types` (lib)
[INFO] [stderr] 
[INFO] [stderr] Caused by:
[INFO] [stderr]   process didn't exit successfully: `rustc --crate-name tetsy_primitive_types /opt/rustwide/cargo-home/registry/src/index.crates.io-6f17d22bba15001f/tetsy-primitive-types-0.6.0/src/lib.rs --error-format=json --json=diagnostic-rendered-ansi,artifacts,future-incompat --crate-type lib --emit=dep-info,metadata,link -C embed-bitcode=no -C debuginfo=2 --cfg 'feature="byteorder"' --cfg 'feature="rustc-hex"' --cfg 'feature="serde"' --cfg 'feature="std"' --cfg 'feature="tetsy-impl-codec"' --cfg 'feature="tetsy-impl-rlp"' --cfg 'feature="tetsy-impl-serde"' --cfg 'feature="tetsy-rlp"' -C metadata=c3180f674e718a17 -C extra-filename=-c3180f674e718a17 --out-dir /opt/rustwide/target/debug/deps -L dependency=/opt/rustwide/target/debug/deps --extern tetsy_fixed_hash=/opt/rustwide/target/debug/deps/libtetsy_fixed_hash-cb4d73d72c499f00.rmeta --extern tetsy_impl_codec=/opt/rustwide/target/debug/deps/libtetsy_impl_codec-f057a8fc95878f39.rmeta --extern tetsy_impl_rlp=/opt/rustwide/target/debug/deps/libtetsy_impl_rlp-95be3f5e8d3e26e8.rmeta --extern tetsy_impl_serde=/opt/rustwide/target/debug/deps/libtetsy_impl_serde-09c316842d14af7e.rmeta --extern uint_crate=/opt/rustwide/target/debug/deps/libuint_crate-d37d8d871db7a5f2.rmeta --cap-lints allow --cap-lints=warn` (signal: 9, SIGKILL: kill)
[INFO] [stderr] warning: build failed, waiting for other jobs to finish...
[INFO] [stderr] The following warnings were emitted during compilation:
[INFO] [stderr] 
[INFO] [stderr] warning: c++: fatal error: Killed signal terminated program cc1plus
[INFO] [stderr] warning: compilation terminated.
[INFO] [stderr] warning: c++: fatal error: Killed signal terminated program cc1plus
[INFO] [stderr] warning: compilation terminated.
[INFO] [stderr] warning: c++: fatal error: Killed signal terminated program cc1plus
[INFO] [stderr] warning: compilation terminated.
[INFO] [stderr] warning: c++: fatal error: Killed signal terminated program cc1plus
[INFO] [stderr] warning: compilation terminated.
[INFO] [stderr] warning: c++: fatal error: Killed signal terminated program cc1plus
[INFO] [stderr] warning: compilation terminated.
[INFO] [stderr] 
[INFO] [stderr] error: failed to run custom build command for `librocksdb-sys v6.11.4`
[INFO] [stderr] note: To improve backtraces for build dependencies, set the CARGO_PROFILE_DEV_BUILD_OVERRIDE_DEBUG=true environment variable to enable debug information generation.
[INFO] [stderr] 
[INFO] [stderr] Caused by:
[INFO] [stderr]   process didn't exit successfully: `/opt/rustwide/target/debug/build/librocksdb-sys-7011355443c25df5/build-script-build` (exit status: 1)
[INFO] [stderr]   --- stdout
[INFO] [stderr]   cargo:rerun-if-changed=rocksdb/
[INFO] [stderr]   TARGET = Some("x86_64-unknown-linux-gnu")
[INFO] [stderr]   OPT_LEVEL = Some("0")
[INFO] [stderr]   HOST = Some("x86_64-unknown-linux-gnu")
[INFO] [stderr]   CXX_x86_64-unknown-linux-gnu = None
[INFO] [stderr]   CXX_x86_64_unknown_linux_gnu = None
[INFO] [stderr]   HOST_CXX = None
[INFO] [stderr]   CXX = None
[INFO] [stderr]   CXXFLAGS_x86_64-unknown-linux-gnu = None
[INFO] [stderr]   CXXFLAGS_x86_64_unknown_linux_gnu = None
[INFO] [stderr]   HOST_CXXFLAGS = None
[INFO] [stderr]   CXXFLAGS = None
[INFO] [stderr]   CRATE_CC_NO_DEFAULTS = None
[INFO] [stderr]   DEBUG = Some("true")
[INFO] [stderr]   CARGO_CFG_TARGET_FEATURE = Some("fxsr,sse,sse2")
[INFO] [stderr]   CXX_x86_64-unknown-linux-gnu = None
[INFO] [stderr]   CXX_x86_64_unknown_linux_gnu = None
[INFO] [stderr]   HOST_CXX = None
[INFO] [stderr]   CXX = None
[INFO] [stderr]   CXXFLAGS_x86_64-unknown-linux-gnu = None
[INFO] [stderr]   CXXFLAGS_x86_64_unknown_linux_gnu = None
[INFO] [stderr]   HOST_CXXFLAGS = None
[INFO] [stderr]   CXXFLAGS = None
[INFO] [stderr]   CRATE_CC_NO_DEFAULTS = None
[INFO] [stderr]   CARGO_CFG_TARGET_FEATURE = Some("fxsr,sse,sse2")
[INFO] [stderr]   CXX_x86_64-unknown-linux-gnu = None
[INFO] [stderr]   CXX_x86_64_unknown_linux_gnu = None
[INFO] [stderr]   HOST_CXX = None
[INFO] [stderr]   CXX = None
[INFO] [stderr]   CXXFLAGS_x86_64-unknown-linux-gnu = None
[INFO] [stderr]   CXXFLAGS_x86_64_unknown_linux_gnu = None
[INFO] [stderr]   HOST_CXXFLAGS = None
[INFO] [stderr]   CXXFLAGS = None
[INFO] [stderr]   CRATE_CC_NO_DEFAULTS = None
[INFO] [stderr]   CARGO_CFG_TARGET_FEATURE = Some("fxsr,sse,sse2")
[INFO] [stderr]   CXX_x86_64-unknown-linux-gnu = None
[INFO] [stderr]   CXX_x86_64_unknown_linux_gnu = None
[INFO] [stderr]   HOST_CXX = None
[INFO] [stderr]   CXX = None
[INFO] [stderr]   CXXFLAGS_x86_64-unknown-linux-gnu = None
[INFO] [stderr]   CXXFLAGS_x86_64_unknown_linux_gnu = None
[INFO] [stderr]   HOST_CXXFLAGS = None
[INFO] [stderr]   CXXFLAGS = None
[INFO] [stderr]   CRATE_CC_NO_DEFAULTS = None
[INFO] [stderr]   CARGO_CFG_TARGET_FEATURE = Some("fxsr,sse,sse2")
[INFO] [stderr]   CXX_x86_64-unknown-linux-gnu = None
[INFO] [stderr]   CXX_x86_64_unknown_linux_gnu = None
[INFO] [stderr]   HOST_CXX = None
[INFO] [stderr]   CXX = None
[INFO] [stderr]   CXXFLAGS_x86_64-unknown-linux-gnu = None
[INFO] [stderr]   CXXFLAGS_x86_64_unknown_linux_gnu = None
[INFO] [stderr]   HOST_CXXFLAGS = None
[INFO] [stderr]   CXXFLAGS = None
[INFO] [stderr]   CRATE_CC_NO_DEFAULTS = None
[INFO] [stderr]   CARGO_CFG_TARGET_FEATURE = Some("fxsr,sse,sse2")
[INFO] [stderr]   running: "c++" "-O0" "-ffunction-sections" "-fdata-sections" "-fPIC" "-g" "-fno-omit-frame-pointer" "-m64" "-I" "rocksdb/include/" "-I" "rocksdb/" "-I" "rocksdb/third-party/gtest-1.8.1/fused-src/" "-I" "snappy/" "-I" "." "-Wall" "-Wextra" "-std=c++11" "-Wno-unused-parameter" "-msse2" "-msse4.1" "-msse4.2" "-mpclmul" "-DSNAPPY=1" "-DNDEBUG=1" "-DHAVE_SSE42=1" "-DHAVE_PCLMUL=1" "-DOS_LINUX=1" "-DROCKSDB_PLATFORM_POSIX=1" "-DROCKSDB_LIB_IO_POSIX=1" "-o" "/opt/rustwide/target/debug/build/librocksdb-sys-fc604c2255528f1d/out/rocksdb/cache/cache.o" "-c" "rocksdb/cache/cache.cc"
[INFO] [stderr]   running: "c++" "-O0" "-ffunction-sections" "-fdata-sections" "-fPIC" "-g" "-fno-omit-frame-pointer" "-m64" "-I" "rocksdb/include/" "-I" "rocksdb/" "-I" "rocksdb/third-party/gtest-1.8.1/fused-src/" "-I" "snappy/" "-I" "." "-Wall" "-Wextra" "-std=c++11" "-Wno-unused-parameter" "-msse2" "-msse4.1" "-msse4.2" "-mpclmul" "-DSNAPPY=1" "-DNDEBUG=1" "-DHAVE_SSE42=1" "-DHAVE_PCLMUL=1" "-DOS_LINUX=1" "-DROCKSDB_PLATFORM_POSIX=1" "-DROCKSDB_LIB_IO_POSIX=1" "-o" "/opt/rustwide/target/debug/build/librocksdb-sys-fc604c2255528f1d/out/rocksdb/db/blob/blob_file_meta.o" "-c" "rocksdb/db/blob/blob_file_meta.cc"
[INFO] [stderr]   running: "c++" "-O0" "-ffunction-sections" "-fdata-sections" "-fPIC" "-g" "-fno-omit-frame-pointer" "-m64" "-I" "rocksdb/include/" "-I" "rocksdb/" "-I" "rocksdb/third-party/gtest-1.8.1/fused-src/" "-I" "snappy/" "-I" "." "-Wall" "-Wextra" "-std=c++11" "-Wno-unused-parameter" "-msse2" "-msse4.1" "-msse4.2" "-mpclmul" "-DSNAPPY=1" "-DNDEBUG=1" "-DHAVE_SSE42=1" "-DHAVE_PCLMUL=1" "-DOS_LINUX=1" "-DROCKSDB_PLATFORM_POSIX=1" "-DROCKSDB_LIB_IO_POSIX=1" "-o" "/opt/rustwide/target/debug/build/librocksdb-sys-fc604c2255528f1d/out/rocksdb/cache/lru_cache.o" "-c" "rocksdb/cache/lru_cache.cc"
[INFO] [stderr]   running: "c++" "-O0" "-ffunction-sections" "-fdata-sections" "-fPIC" "-g" "-fno-omit-frame-pointer" "-m64" "-I" "rocksdb/include/" "-I" "rocksdb/" "-I" "rocksdb/third-party/gtest-1.8.1/fused-src/" "-I" "snappy/" "-I" "." "-Wall" "-Wextra" "-std=c++11" "-Wno-unused-parameter" "-msse2" "-msse4.1" "-msse4.2" "-mpclmul" "-DSNAPPY=1" "-DNDEBUG=1" "-DHAVE_SSE42=1" "-DHAVE_PCLMUL=1" "-DOS_LINUX=1" "-DROCKSDB_PLATFORM_POSIX=1" "-DROCKSDB_LIB_IO_POSIX=1" "-o" "/opt/rustwide/target/debug/build/librocksdb-sys-fc604c2255528f1d/out/rocksdb/db/blob/blob_file_addition.o" "-c" "rocksdb/db/blob/blob_file_addition.cc"
[INFO] [stderr]   running: "c++" "-O0" "-ffunction-sections" "-fdata-sections" "-fPIC" "-g" "-fno-omit-frame-pointer" "-m64" "-I" "rocksdb/include/" "-I" "rocksdb/" "-I" "rocksdb/third-party/gtest-1.8.1/fused-src/" "-I" "snappy/" "-I" "." "-Wall" "-Wextra" "-std=c++11" "-Wno-unused-parameter" "-msse2" "-msse4.1" "-msse4.2" "-mpclmul" "-DSNAPPY=1" "-DNDEBUG=1" "-DHAVE_SSE42=1" "-DHAVE_PCLMUL=1" "-DOS_LINUX=1" "-DROCKSDB_PLATFORM_POSIX=1" "-DROCKSDB_LIB_IO_POSIX=1" "-o" "/opt/rustwide/target/debug/build/librocksdb-sys-fc604c2255528f1d/out/rocksdb/db/blob/blob_log_format.o" "-c" "rocksdb/db/blob/blob_log_format.cc"
[INFO] [stderr]   running: "c++" "-O0" "-ffunction-sections" "-fdata-sections" "-fPIC" "-g" "-fno-omit-frame-pointer" "-m64" "-I" "rocksdb/include/" "-I" "rocksdb/" "-I" "rocksdb/third-party/gtest-1.8.1/fused-src/" "-I" "snappy/" "-I" "." "-Wall" "-Wextra" "-std=c++11" "-Wno-unused-parameter" "-msse2" "-msse4.1" "-msse4.2" "-mpclmul" "-DSNAPPY=1" "-DNDEBUG=1" "-DHAVE_SSE42=1" "-DHAVE_PCLMUL=1" "-DOS_LINUX=1" "-DROCKSDB_PLATFORM_POSIX=1" "-DROCKSDB_LIB_IO_POSIX=1" "-o" "/opt/rustwide/target/debug/build/librocksdb-sys-fc604c2255528f1d/out/rocksdb/cache/clock_cache.o" "-c" "rocksdb/cache/clock_cache.cc"
[INFO] [stderr]   running: "c++" "-O0" "-ffunction-sections" "-fdata-sections" "-fPIC" "-g" "-fno-omit-frame-pointer" "-m64" "-I" "rocksdb/include/" "-I" "rocksdb/" "-I" "rocksdb/third-party/gtest-1.8.1/fused-src/" "-I" "snappy/" "-I" "." "-Wall" "-Wextra" "-std=c++11" "-Wno-unused-parameter" "-msse2" "-msse4.1" "-msse4.2" "-mpclmul" "-DSNAPPY=1" "-DNDEBUG=1" "-DHAVE_SSE42=1" "-DHAVE_PCLMUL=1" "-DOS_LINUX=1" "-DROCKSDB_PLATFORM_POSIX=1" "-DROCKSDB_LIB_IO_POSIX=1" "-o" "/opt/rustwide/target/debug/build/librocksdb-sys-fc604c2255528f1d/out/rocksdb/db/blob/blob_log_reader.o" "-c" "rocksdb/db/blob/blob_log_reader.cc"
[INFO] [stderr]   running: "c++" "-O0" "-ffunction-sections" "-fdata-sections" "-fPIC" "-g" "-fno-omit-frame-pointer" "-m64" "-I" "rocksdb/include/" "-I" "rocksdb/" "-I" "rocksdb/third-party/gtest-1.8.1/fused-src/" "-I" "snappy/" "-I" "." "-Wall" "-Wextra" "-std=c++11" "-Wno-unused-parameter" "-msse2" "-msse4.1" "-msse4.2" "-mpclmul" "-DSNAPPY=1" "-DNDEBUG=1" "-DHAVE_SSE42=1" "-DHAVE_PCLMUL=1" "-DOS_LINUX=1" "-DROCKSDB_PLATFORM_POSIX=1" "-DROCKSDB_LIB_IO_POSIX=1" "-o" "/opt/rustwide/target/debug/build/librocksdb-sys-fc604c2255528f1d/out/rocksdb/db/blob/blob_log_writer.o" "-c" "rocksdb/db/blob/blob_log_writer.cc"
[INFO] [stderr]   running: "c++" "-O0" "-ffunction-sections" "-fdata-sections" "-fPIC" "-g" "-fno-omit-frame-pointer" "-m64" "-I" "rocksdb/include/" "-I" "rocksdb/" "-I" "rocksdb/third-party/gtest-1.8.1/fused-src/" "-I" "snappy/" "-I" "." "-Wall" "-Wextra" "-std=c++11" "-Wno-unused-parameter" "-msse2" "-msse4.1" "-msse4.2" "-mpclmul" "-DSNAPPY=1" "-DNDEBUG=1" "-DHAVE_SSE42=1" "-DHAVE_PCLMUL=1" "-DOS_LINUX=1" "-DROCKSDB_PLATFORM_POSIX=1" "-DROCKSDB_LIB_IO_POSIX=1" "-o" "/opt/rustwide/target/debug/build/librocksdb-sys-fc604c2255528f1d/out/rocksdb/db/builder.o" "-c" "rocksdb/db/builder.cc"
[INFO] [stderr]   running: "c++" "-O0" "-ffunction-sections" "-fdata-sections" "-fPIC" "-g" "-fno-omit-frame-pointer" "-m64" "-I" "rocksdb/include/" "-I" "rocksdb/" "-I" "rocksdb/third-party/gtest-1.8.1/fused-src/" "-I" "snappy/" "-I" "." "-Wall" "-Wextra" "-std=c++11" "-Wno-unused-parameter" "-msse2" "-msse4.1" "-msse4.2" "-mpclmul" "-DSNAPPY=1" "-DNDEBUG=1" "-DHAVE_SSE42=1" "-DHAVE_PCLMUL=1" "-DOS_LINUX=1" "-DROCKSDB_PLATFORM_POSIX=1" "-DROCKSDB_LIB_IO_POSIX=1" "-o" "/opt/rustwide/target/debug/build/librocksdb-sys-fc604c2255528f1d/out/rocksdb/db/column_family.o" "-c" "rocksdb/db/column_family.cc"
[INFO] [stderr]   running: "c++" "-O0" "-ffunction-sections" "-fdata-sections" "-fPIC" "-g" "-fno-omit-frame-pointer" "-m64" "-I" "rocksdb/include/" "-I" "rocksdb/" "-I" "rocksdb/third-party/gtest-1.8.1/fused-src/" "-I" "snappy/" "-I" "." "-Wall" "-Wextra" "-std=c++11" "-Wno-unused-parameter" "-msse2" "-msse4.1" "-msse4.2" "-mpclmul" "-DSNAPPY=1" "-DNDEBUG=1" "-DHAVE_SSE42=1" "-DHAVE_PCLMUL=1" "-DOS_LINUX=1" "-DROCKSDB_PLATFORM_POSIX=1" "-DROCKSDB_LIB_IO_POSIX=1" "-o" "/opt/rustwide/target/debug/build/librocksdb-sys-fc604c2255528f1d/out/rocksdb/db/c.o" "-c" "rocksdb/db/c.cc"
[INFO] [stderr]   running: "c++" "-O0" "-ffunction-sections" "-fdata-sections" "-fPIC" "-g" "-fno-omit-frame-pointer" "-m64" "-I" "rocksdb/include/" "-I" "rocksdb/" "-I" "rocksdb/third-party/gtest-1.8.1/fused-src/" "-I" "snappy/" "-I" "." "-Wall" "-Wextra" "-std=c++11" "-Wno-unused-parameter" "-msse2" "-msse4.1" "-msse4.2" "-mpclmul" "-DSNAPPY=1" "-DNDEBUG=1" "-DHAVE_SSE42=1" "-DHAVE_PCLMUL=1" "-DOS_LINUX=1" "-DROCKSDB_PLATFORM_POSIX=1" "-DROCKSDB_LIB_IO_POSIX=1" "-o" "/opt/rustwide/target/debug/build/librocksdb-sys-fc604c2255528f1d/out/rocksdb/db/compacted_db_impl.o" "-c" "rocksdb/db/compacted_db_impl.cc"
[INFO] [stderr]   running: "c++" "-O0" "-ffunction-sections" "-fdata-sections" "-fPIC" "-g" "-fno-omit-frame-pointer" "-m64" "-I" "rocksdb/include/" "-I" "rocksdb/" "-I" "rocksdb/third-party/gtest-1.8.1/fused-src/" "-I" "snappy/" "-I" "." "-Wall" "-Wextra" "-std=c++11" "-Wno-unused-parameter" "-msse2" "-msse4.1" "-msse4.2" "-mpclmul" "-DSNAPPY=1" "-DNDEBUG=1" "-DHAVE_SSE42=1" "-DHAVE_PCLMUL=1" "-DOS_LINUX=1" "-DROCKSDB_PLATFORM_POSIX=1" "-DROCKSDB_LIB_IO_POSIX=1" "-o" "/opt/rustwide/target/debug/build/librocksdb-sys-fc604c2255528f1d/out/rocksdb/db/blob/blob_file_garbage.o" "-c" "rocksdb/db/blob/blob_file_garbage.cc"
[INFO] [stderr]   running: "c++" "-O0" "-ffunction-sections" "-fdata-sections" "-fPIC" "-g" "-fno-omit-frame-pointer" "-m64" "-I" "rocksdb/include/" "-I" "rocksdb/" "-I" "rocksdb/third-party/gtest-1.8.1/fused-src/" "-I" "snappy/" "-I" "." "-Wall" "-Wextra" "-std=c++11" "-Wno-unused-parameter" "-msse2" "-msse4.1" "-msse4.2" "-mpclmul" "-DSNAPPY=1" "-DNDEBUG=1" "-DHAVE_SSE42=1" "-DHAVE_PCLMUL=1" "-DOS_LINUX=1" "-DROCKSDB_PLATFORM_POSIX=1" "-DROCKSDB_LIB_IO_POSIX=1" "-o" "/opt/rustwide/target/debug/build/librocksdb-sys-fc604c2255528f1d/out/rocksdb/cache/sharded_cache.o" "-c" "rocksdb/cache/sharded_cache.cc"
[INFO] [stderr]   running: "c++" "-O0" "-ffunction-sections" "-fdata-sections" "-fPIC" "-g" "-fno-omit-frame-pointer" "-m64" "-I" "rocksdb/include/" "-I" "rocksdb/" "-I" "rocksdb/third-party/gtest-1.8.1/fused-src/" "-I" "snappy/" "-I" "." "-Wall" "-Wextra" "-std=c++11" "-Wno-unused-parameter" "-msse2" "-msse4.1" "-msse4.2" "-mpclmul" "-DSNAPPY=1" "-DNDEBUG=1" "-DHAVE_SSE42=1" "-DHAVE_PCLMUL=1" "-DOS_LINUX=1" "-DROCKSDB_PLATFORM_POSIX=1" "-DROCKSDB_LIB_IO_POSIX=1" "-o" "/opt/rustwide/target/debug/build/librocksdb-sys-fc604c2255528f1d/out/rocksdb/db/arena_wrapped_db_iter.o" "-c" "rocksdb/db/arena_wrapped_db_iter.cc"
[INFO] [stderr]   exit status: 0
[INFO] [stderr]   running: "c++" "-O0" "-ffunction-sections" "-fdata-sections" "-fPIC" "-g" "-fno-omit-frame-pointer" "-m64" "-I" "rocksdb/include/" "-I" "rocksdb/" "-I" "rocksdb/third-party/gtest-1.8.1/fused-src/" "-I" "snappy/" "-I" "." "-Wall" "-Wextra" "-std=c++11" "-Wno-unused-parameter" "-msse2" "-msse4.1" "-msse4.2" "-mpclmul" "-DSNAPPY=1" "-DNDEBUG=1" "-DHAVE_SSE42=1" "-DHAVE_PCLMUL=1" "-DOS_LINUX=1" "-DROCKSDB_PLATFORM_POSIX=1" "-DROCKSDB_LIB_IO_POSIX=1" "-o" "/opt/rustwide/target/debug/build/librocksdb-sys-fc604c2255528f1d/out/rocksdb/db/compaction/compaction.o" "-c" "rocksdb/db/compaction/compaction.cc"
[INFO] [stderr]   exit status: 0
[INFO] [stderr]   running: "c++" "-O0" "-ffunction-sections" "-fdata-sections" "-fPIC" "-g" "-fno-omit-frame-pointer" "-m64" "-I" "rocksdb/include/" "-I" "rocksdb/" "-I" "rocksdb/third-party/gtest-1.8.1/fused-src/" "-I" "snappy/" "-I" "." "-Wall" "-Wextra" "-std=c++11" "-Wno-unused-parameter" "-msse2" "-msse4.1" "-msse4.2" "-mpclmul" "-DSNAPPY=1" "-DNDEBUG=1" "-DHAVE_SSE42=1" "-DHAVE_PCLMUL=1" "-DOS_LINUX=1" "-DROCKSDB_PLATFORM_POSIX=1" "-DROCKSDB_LIB_IO_POSIX=1" "-o" "/opt/rustwide/target/debug/build/librocksdb-sys-fc604c2255528f1d/out/rocksdb/db/compaction/compaction_iterator.o" "-c" "rocksdb/db/compaction/compaction_iterator.cc"
[INFO] [stderr]   running: "c++" "-O0" "-ffunction-sections" "-fdata-sections" "-fPIC" "-g" "-fno-omit-frame-pointer" "-m64" "-I" "rocksdb/include/" "-I" "rocksdb/" "-I" "rocksdb/third-party/gtest-1.8.1/fused-src/" "-I" "snappy/" "-I" "." "-Wall" "-Wextra" "-std=c++11" "-Wno-unused-parameter" "-msse2" "-msse4.1" "-msse4.2" "-mpclmul" "-DSNAPPY=1" "-DNDEBUG=1" "-DHAVE_SSE42=1" "-DHAVE_PCLMUL=1" "-DOS_LINUX=1" "-DROCKSDB_PLATFORM_POSIX=1" "-DROCKSDB_LIB_IO_POSIX=1" "-o" "/opt/rustwide/target/debug/build/librocksdb-sys-fc604c2255528f1d/out/rocksdb/db/compaction/compaction_job.o" "-c" "rocksdb/db/compaction/compaction_job.cc"
[INFO] [stderr]   cargo:warning=c++: fatal error: Killed signal terminated program cc1plus
[INFO] [stderr]   cargo:warning=compilation terminated.
[INFO] [stderr]   exit status: 1
[INFO] [stderr]   running: "c++" "-O0" "-ffunction-sections" "-fdata-sections" "-fPIC" "-g" "-fno-omit-frame-pointer" "-m64" "-I" "rocksdb/include/" "-I" "rocksdb/" "-I" "rocksdb/third-party/gtest-1.8.1/fused-src/" "-I" "snappy/" "-I" "." "-Wall" "-Wextra" "-std=c++11" "-Wno-unused-parameter" "-msse2" "-msse4.1" "-msse4.2" "-mpclmul" "-DSNAPPY=1" "-DNDEBUG=1" "-DHAVE_SSE42=1" "-DHAVE_PCLMUL=1" "-DOS_LINUX=1" "-DROCKSDB_PLATFORM_POSIX=1" "-DROCKSDB_LIB_IO_POSIX=1" "-o" "/opt/rustwide/target/debug/build/librocksdb-sys-fc604c2255528f1d/out/rocksdb/db/compaction/compaction_picker.o" "-c" "rocksdb/db/compaction/compaction_picker.cc"
[INFO] [stderr]   exit status: 0
[INFO] [stderr]   exit status: 0
[INFO] [stderr]   exit status: 0
[INFO] [stderr]   exit status: 0
[INFO] [stderr]   exit status: 0
[INFO] [stderr]   cargo:warning=c++: fatal error: Killed signal terminated program cc1plus
[INFO] [stderr]   cargo:warning=compilation terminated.
[INFO] [stderr]   exit status: 1
[INFO] [stderr]   exit status: 0
[INFO] [stderr]   cargo:warning=c++: fatal error: Killed signal terminated program cc1plus
[INFO] [stderr]   cargo:warning=compilation terminated.
[INFO] [stderr]   exit status: 1
[INFO] [stderr]   cargo:warning=c++: fatal error: Killed signal terminated program cc1plus
[INFO] [stderr]   cargo:warning=compilation terminated.
[INFO] [stderr]   exit status: 1
[INFO] [stderr]   exit status: 0
[INFO] [stderr]   cargo:warning=c++: fatal error: Killed signal terminated program cc1plus
[INFO] [stderr]   cargo:warning=compilation terminated.
[INFO] [stderr]   exit status: 1
[INFO] [stderr]   exit status: 0
[INFO] [stderr]   exit status: 0
[INFO] [stderr]   exit status: 0
[INFO] [stderr]   exit status: 0
[INFO] [stderr]   exit status: 0
[INFO] [stderr] 
[INFO] [stderr]   --- stderr
[INFO] [stderr]   error: 'rustfmt' is not installed for the toolchain 'beta-2023-04-20-x86_64-unknown-linux-gnu'
[INFO] [stderr]   To install, run `rustup component add rustfmt --toolchain beta-2023-04-20-x86_64-unknown-linux-gnu`
[INFO] [stderr]   Failed to run rustfmt: Internal rustfmt error (non-fatal, continuing)
[INFO] [stderr] 
[INFO] [stderr] 
[INFO] [stderr]   error occurred: Command "c++" "-O0" "-ffunction-sections" "-fdata-sections" "-fPIC" "-g" "-fno-omit-frame-pointer" "-m64" "-I" "rocksdb/include/" "-I" "rocksdb/" "-I" "rocksdb/third-party/gtest-1.8.1/fused-src/" "-I" "snappy/" "-I" "." "-Wall" "-Wextra" "-std=c++11" "-Wno-unused-parameter" "-msse2" "-msse4.1" "-msse4.2" "-mpclmul" "-DSNAPPY=1" "-DNDEBUG=1" "-DHAVE_SSE42=1" "-DHAVE_PCLMUL=1" "-DOS_LINUX=1" "-DROCKSDB_PLATFORM_POSIX=1" "-DROCKSDB_LIB_IO_POSIX=1" "-o" "/opt/rustwide/target/debug/build/librocksdb-sys-fc604c2255528f1d/out/rocksdb/db/arena_wrapped_db_iter.o" "-c" "rocksdb/db/arena_wrapped_db_iter.cc" with args "c++" did not execute successfully (status code exit status: 1).
[INFO] [stderr] 
[INFO] [stderr] 
[INFO] running `Command { std: "docker" "inspect" "eadb4535c811020cd0dc1b99650305ce10b2dd8be9f86c240db53f2258e62f65", kill_on_drop: false }`
[INFO] running `Command { std: "docker" "rm" "-f" "eadb4535c811020cd0dc1b99650305ce10b2dd8be9f86c240db53f2258e62f65", kill_on_drop: false }`
[INFO] [stdout] eadb4535c811020cd0dc1b99650305ce10b2dd8be9f86c240db53f2258e62f65
