[INFO] fetching crate vqueue 2.2.1...
[INFO] testing vqueue-2.2.1 against 1.69.0 for beta-1.70-1
[INFO] extracting crate vqueue 2.2.1 into /workspace/builds/worker-4-tc1/source
[INFO] validating manifest of crates.io crate vqueue 2.2.1 on toolchain 1.69.0
[INFO] running `Command { std: CARGO_HOME="/workspace/cargo-home" RUSTUP_HOME="/workspace/rustup-home" "/workspace/cargo-home/bin/cargo" "+1.69.0" "metadata" "--manifest-path" "Cargo.toml" "--no-deps", kill_on_drop: false }`
[INFO] started tweaking crates.io crate vqueue 2.2.1
[INFO] finished tweaking crates.io crate vqueue 2.2.1
[INFO] tweaked toml for crates.io crate vqueue 2.2.1 written to /workspace/builds/worker-4-tc1/source/Cargo.toml
[INFO] crate crates.io crate vqueue 2.2.1 already has a lockfile, it will not be regenerated
[INFO] running `Command { std: CARGO_HOME="/workspace/cargo-home" RUSTUP_HOME="/workspace/rustup-home" "/workspace/cargo-home/bin/cargo" "+1.69.0" "fetch" "--manifest-path" "Cargo.toml", kill_on_drop: false }`
[INFO] [stderr]  Downloading crates ...
[INFO] [stderr]   Downloaded ecdsa v0.16.1
[INFO] [stderr]   Downloaded cxxbridge-flags v1.0.93
[INFO] [stderr]   Downloaded quoted_printable v0.4.7
[INFO] [stderr]   Downloaded vsmtp-plugin-vsl v2.2.1
[INFO] [stderr]   Downloaded viaspf-record v0.4.1
[INFO] [stderr]   Downloaded ed25519 v2.2.0
[INFO] [stderr]   Downloaded vsmtp-common v2.2.1
[INFO] [stderr]   Downloaded email-encoding v0.2.0
[INFO] [stderr]   Downloaded vsmtp-config v2.2.1
[INFO] [stderr]   Downloaded vsmtp-auth v2.2.1
[INFO] [stderr]   Downloaded vsmtp-mail-parser v2.2.1
[INFO] [stderr]   Downloaded iprange v0.6.7
[INFO] [stderr]   Downloaded cxxbridge-macro v1.0.93
[INFO] [stderr]   Downloaded acid_io v0.1.0
[INFO] [stderr]   Downloaded cxx v1.0.93
[INFO] [stderr]   Downloaded rsasl v2.0.0
[INFO] [stderr]   Downloaded cxx-build v1.0.93
[INFO] [stderr]   Downloaded lettre v0.10.3
[INFO] [stderr]   Downloaded ring-compat v0.7.0
[INFO] [stderr]   Downloaded windows_aarch64_msvc v0.29.0
[INFO] [stderr]   Downloaded windows_x86_64_msvc v0.29.0
[INFO] [stderr]   Downloaded windows_i686_msvc v0.29.0
[INFO] [stderr]   Downloaded windows_i686_gnu v0.29.0
[INFO] [stderr]   Downloaded windows_x86_64_gnu v0.29.0
[INFO] [stderr]   Downloaded viaspf v0.5.2
[INFO] [stderr]   Downloaded windows v0.29.0
[INFO] running `Command { std: "docker" "create" "-v" "/var/lib/crater-agent-workspace/builds/worker-4-tc1/target:/opt/rustwide/target:rw,Z" "-v" "/var/lib/crater-agent-workspace/builds/worker-4-tc1/source:/opt/rustwide/workdir:ro,Z" "-v" "/var/lib/crater-agent-workspace/cargo-home:/opt/rustwide/cargo-home:ro,Z" "-v" "/var/lib/crater-agent-workspace/rustup-home:/opt/rustwide/rustup-home:ro,Z" "-e" "SOURCE_DIR=/opt/rustwide/workdir" "-e" "CARGO_TARGET_DIR=/opt/rustwide/target" "-e" "CARGO_HOME=/opt/rustwide/cargo-home" "-e" "RUSTUP_HOME=/opt/rustwide/rustup-home" "-w" "/opt/rustwide/workdir" "-m" "1610612736" "--user" "0:0" "--network" "none" "ghcr.io/rust-lang/crates-build-env/linux@sha256:5ff2268d62e97bff2cde7d5815dd6ed5b47097566f13b8d0ca110b04b60e07ed" "/opt/rustwide/cargo-home/bin/cargo" "+1.69.0" "metadata" "--no-deps" "--format-version=1", kill_on_drop: false }`
[INFO] [stdout] e5df65c3ca38b2e12db2bba7fb3da921deed755685bf5c43d223bc84b5d0df05
[INFO] running `Command { std: "docker" "start" "-a" "e5df65c3ca38b2e12db2bba7fb3da921deed755685bf5c43d223bc84b5d0df05", kill_on_drop: false }`
[INFO] running `Command { std: "docker" "inspect" "e5df65c3ca38b2e12db2bba7fb3da921deed755685bf5c43d223bc84b5d0df05", kill_on_drop: false }`
[INFO] running `Command { std: "docker" "rm" "-f" "e5df65c3ca38b2e12db2bba7fb3da921deed755685bf5c43d223bc84b5d0df05", kill_on_drop: false }`
[INFO] [stdout] e5df65c3ca38b2e12db2bba7fb3da921deed755685bf5c43d223bc84b5d0df05
[INFO] running `Command { std: "docker" "create" "-v" "/var/lib/crater-agent-workspace/builds/worker-4-tc1/target:/opt/rustwide/target:rw,Z" "-v" "/var/lib/crater-agent-workspace/builds/worker-4-tc1/source:/opt/rustwide/workdir:ro,Z" "-v" "/var/lib/crater-agent-workspace/cargo-home:/opt/rustwide/cargo-home:ro,Z" "-v" "/var/lib/crater-agent-workspace/rustup-home:/opt/rustwide/rustup-home:ro,Z" "-e" "SOURCE_DIR=/opt/rustwide/workdir" "-e" "CARGO_TARGET_DIR=/opt/rustwide/target" "-e" "CARGO_INCREMENTAL=0" "-e" "RUST_BACKTRACE=full" "-e" "RUSTFLAGS=--cap-lints=warn" "-e" "RUSTDOCFLAGS=--cap-lints=warn" "-e" "CARGO_HOME=/opt/rustwide/cargo-home" "-e" "RUSTUP_HOME=/opt/rustwide/rustup-home" "-w" "/opt/rustwide/workdir" "-m" "1610612736" "--user" "0:0" "--network" "none" "ghcr.io/rust-lang/crates-build-env/linux@sha256:5ff2268d62e97bff2cde7d5815dd6ed5b47097566f13b8d0ca110b04b60e07ed" "/opt/rustwide/cargo-home/bin/cargo" "+1.69.0" "build" "--frozen" "--message-format=json", kill_on_drop: false }`
[INFO] [stdout] d92dccb45ac0547ac767c9f73b9fed69ffbb7cfd8a02a239ea939a84a8fc9626
[INFO] running `Command { std: "docker" "start" "-a" "d92dccb45ac0547ac767c9f73b9fed69ffbb7cfd8a02a239ea939a84a8fc9626", kill_on_drop: false }`
[INFO] [stderr]    Compiling proc-macro2 v1.0.52
[INFO] [stderr]    Compiling serde_derive v1.0.159
[INFO] [stderr]    Compiling serde v1.0.159
[INFO] [stderr]    Compiling zeroize v1.5.7
[INFO] [stderr]    Compiling once_cell v1.17.1
[INFO] [stderr]    Compiling syn v1.0.109
[INFO] [stderr]    Compiling const-oid v0.9.2
[INFO] [stderr]    Compiling typenum v1.16.0
[INFO] [stderr]    Compiling spin v0.5.2
[INFO] [stderr]    Compiling cc v1.0.79
[INFO] [stderr]    Compiling generic-array v0.14.6
[INFO] [stderr]    Compiling untrusted v0.7.1
[INFO] [stderr]    Compiling getrandom v0.2.8
[INFO] [stderr]    Compiling tinyvec_macros v0.1.1
[INFO] [stderr]    Compiling subtle v2.5.0
[INFO] [stderr]    Compiling futures-core v0.3.27
[INFO] [stderr]    Compiling rand_core v0.6.4
[INFO] [stderr]    Compiling tinyvec v1.6.0
[INFO] [stderr]    Compiling der v0.7.1
[INFO] [stderr]    Compiling tokio v1.27.0
[INFO] [stderr]    Compiling unicode-bidi v0.3.12
[INFO] [stderr]    Compiling mio v0.8.6
[INFO] [stderr]    Compiling socket2 v0.4.9
[INFO] [stderr]    Compiling num_cpus v1.15.0
[INFO] [stderr]    Compiling ppv-lite86 v0.2.17
[INFO] [stderr]    Compiling bytes v1.4.0
[INFO] [stderr]    Compiling heck v0.4.1
[INFO] [stderr]    Compiling libm v0.2.6
[INFO] [stderr]    Compiling ff v0.13.0
[INFO] [stderr]    Compiling tracing-core v0.1.30
[INFO] [stderr]    Compiling slab v0.4.8
[INFO] [stderr]    Compiling num-traits v0.2.15
[INFO] [stderr]    Compiling async-trait v0.1.68
[INFO] [stderr]    Compiling thiserror v1.0.40
[INFO] [stderr]    Compiling quote v1.0.26
[INFO] [stderr]    Compiling rand_chacha v0.3.1
[INFO] [stderr]    Compiling base16ct v0.2.0
[INFO] [stderr]    Compiling rustls v0.20.8
[INFO] [stderr]    Compiling futures-task v0.3.27
[INFO] [stderr]    Compiling syn v2.0.10
[INFO] [stderr]    Compiling unicode-normalization v0.1.22
[INFO] [stderr]    Compiling rand v0.8.5
[INFO] [stderr]    Compiling group v0.13.0
[INFO] [stderr]    Compiling base64ct v1.6.0
[INFO] [stderr]    Compiling base64 v0.21.0
[INFO] [stderr]    Compiling ring v0.16.20
[INFO] [stderr]    Compiling futures-util v0.3.27
[INFO] [stderr]    Compiling idna v0.3.0
[INFO] [stderr]    Compiling pem-rfc7468 v0.6.0
[INFO] [stderr]    Compiling lazy_static v1.4.0
[INFO] [stderr]    Compiling lock_api v0.4.9
[INFO] [stderr]    Compiling num-integer v0.1.45
[INFO] [stderr]    Compiling crunchy v0.2.2
[INFO] [stderr]    Compiling percent-encoding v2.2.0
[INFO] [stderr]    Compiling parking_lot_core v0.9.7
[INFO] [stderr]    Compiling futures-channel v0.3.27
[INFO] [stderr]    Compiling libc v0.2.140
[INFO] [stderr]    Compiling futures-io v0.3.27
[INFO] [stderr]    Compiling form_urlencoded v1.1.0
[INFO] [stderr]    Compiling der v0.6.1
[INFO] [stderr]    Compiling rustls-pemfile v1.0.2
[INFO] [stderr]    Compiling num-iter v0.1.43
[INFO] [stderr]    Compiling block-buffer v0.10.4
[INFO] [stderr]    Compiling crypto-common v0.1.6
[INFO] [stderr]    Compiling sec1 v0.7.1
[INFO] [stderr]    Compiling crypto-bigint v0.5.1
[INFO] [stderr]    Compiling fnv v1.0.7
[INFO] [stderr]    Compiling strsim v0.10.0
[INFO] [stderr]    Compiling digest v0.10.6
[INFO] [stderr]    Compiling matches v0.1.10
[INFO] [stderr]    Compiling ident_case v1.0.1
[INFO] [stderr]    Compiling proc-macro-hack v0.5.20+deprecated
[INFO] [stderr]    Compiling byteorder v1.4.3
[INFO] [stderr]    Compiling tiny-keccak v2.0.2
[INFO] [stderr]    Compiling signature v2.0.0
[INFO] [stderr]    Compiling match_cfg v0.1.0
[INFO] [stderr]    Compiling rustversion v1.0.12
[INFO] [stderr]    Compiling ipnet v2.7.2
[INFO] [stderr]    Compiling hostname v0.3.1
[INFO] [stderr]    Compiling idna v0.2.3
[INFO] [stderr]    Compiling num-bigint-dig v0.8.2
[INFO] [stderr]    Compiling io-lifetimes v1.0.7
[INFO] [stderr]    Compiling spki v0.6.0
[INFO] [stderr]    Compiling data-encoding v2.3.3
[INFO] [stderr]    Compiling itoa v1.0.6
[INFO] [stderr]    Compiling serde_json v1.0.95
[INFO] [stderr]    Compiling anyhow v1.0.70
[INFO] [stderr]    Compiling quick-error v1.2.3
[INFO] [stderr]    Compiling linked-hash-map v0.5.6
[INFO] [stderr]    Compiling resolv-conf v0.7.0
[INFO] [stderr]    Compiling pkcs8 v0.9.0
[INFO] [stderr]    Compiling elliptic-curve v0.13.2
[INFO] [stderr]    Compiling lru-cache v0.1.2
[INFO] [stderr]    Compiling spki v0.7.0
[INFO] [stderr]    Compiling rustix v0.36.9
[INFO] [stderr]    Compiling primeorder v0.13.0
[INFO] [stderr]    Compiling ecdsa v0.16.1
[INFO] [stderr]    Compiling ryu v1.0.13
[INFO] [stderr]    Compiling either v1.8.1
[INFO] [stderr]    Compiling unicode-segmentation v1.10.1
[INFO] [stderr]    Compiling regex-syntax v0.6.29
[INFO] [stderr]    Compiling pkcs8 v0.10.1
[INFO] [stderr]    Compiling pkcs1 v0.4.1
[INFO] [stderr]    Compiling ed25519 v2.2.0
[INFO] [stderr]    Compiling p384 v0.13.0
[INFO] [stderr]    Compiling p256 v0.13.0
[INFO] [stderr]    Compiling convert_case v0.6.0
[INFO] [stderr]    Compiling smartstring v1.0.1
[INFO] [stderr]    Compiling ahash v0.8.3
[INFO] [stderr]    Compiling base64 v0.13.1
[INFO] [stderr]    Compiling time-core v0.1.0
[INFO] [stderr]    Compiling minimal-lexical v0.2.1
[INFO] [stderr]    Compiling erased-serde v0.3.25
[INFO] [stderr]    Compiling viaspf-record v0.4.1
[INFO] [stderr]    Compiling psl-types v2.0.11
[INFO] [stderr]    Compiling sha2 v0.10.6
[INFO] [stderr]    Compiling const-random-macro v0.1.15
[INFO] [stderr]    Compiling addr v0.15.6
[INFO] [stderr]    Compiling nom v7.1.3
[INFO] [stderr]    Compiling time-macros v0.2.8
[INFO] [stderr]    Compiling acid_io v0.1.0
[INFO] [stderr]    Compiling email-encoding v0.2.0
[INFO] [stderr]    Compiling stringprep v0.1.2
[INFO] [stderr]    Compiling aho-corasick v0.7.20
[INFO] [stderr]    Compiling function_name-proc-macro v0.3.0
[INFO] [stderr]    Compiling email_address v0.2.4
[INFO] [stderr]    Compiling darling_core v0.14.4
[INFO] [stderr]    Compiling const-random v0.1.15
[INFO] [stderr]    Compiling mime v0.3.16
[INFO] [stderr]    Compiling fastrand v1.9.0
[INFO] [stderr]    Compiling quoted_printable v0.4.7
[INFO] [stderr]    Compiling webpki v0.22.0
[INFO] [stderr]    Compiling sct v0.7.0
[INFO] [stderr]    Compiling ring-compat v0.7.0
[INFO] [stderr]    Compiling function_name v0.3.0
[INFO] [stderr]    Compiling semver v1.0.17
[INFO] [stderr]    Compiling iprange v0.6.7
[INFO] [stderr]    Compiling is-terminal v0.4.4
[INFO] [stderr]    Compiling thread_local v1.1.7
[INFO] [stderr]    Compiling webpki-roots v0.22.6
[INFO] [stderr]    Compiling regex v1.7.3
[INFO] [stderr]    Compiling regex-automata v0.1.10
[INFO] [stderr]    Compiling anstream v0.2.6
[INFO] [stderr]    Compiling users v0.11.0
[INFO] [stderr]    Compiling humantime v2.1.0
[INFO] [stderr]    Compiling pem v1.1.1
[INFO] [stderr]    Compiling clap_builder v4.2.0
[INFO] [stderr]    Compiling tokio-macros v2.0.0
[INFO] [stderr]    Compiling thiserror-impl v1.0.40
[INFO] [stderr]    Compiling clap_derive v4.2.0
[INFO] [stderr]    Compiling matchers v0.1.0
[INFO] [stderr]    Compiling vqueue v2.2.1 (/opt/rustwide/workdir)
[INFO] [stderr]    Compiling itertools v0.10.5
[INFO] [stderr]    Compiling tracing-attributes v0.1.23
[INFO] [stderr]    Compiling enum-as-inner v0.5.1
[INFO] [stderr]    Compiling darling_macro v0.14.4
[INFO] [stderr]    Compiling strum_macros v0.24.3
[INFO] [stderr]    Compiling rhai_codegen v1.5.0
[INFO] [stderr]    Compiling darling v0.14.4
[INFO] [stderr]    Compiling serde_with_macros v2.3.1
[INFO] [stderr]    Compiling tracing v0.1.37
[INFO] [stderr]    Compiling clap v4.2.0
[INFO] [stderr]    Compiling strum v0.24.1
[INFO] [stderr]    Compiling tokio-rustls v0.23.4
[INFO] [stderr]    Compiling tokio-stream v0.1.12
[INFO] [stderr]    Compiling smallvec v1.10.0
[INFO] [stderr]    Compiling url v2.3.1
[INFO] [stderr]    Compiling vsmtp-mail-parser v2.2.1
[INFO] [stderr]    Compiling time v0.3.20
[INFO] [stderr]    Compiling uuid v1.3.0
[INFO] [stderr]    Compiling lettre v0.10.3
[INFO] [stderr]    Compiling serde_with v2.3.1
[INFO] [stderr]    Compiling humantime-serde v1.1.1
[INFO] [stderr]    Compiling tracing-subscriber v0.3.16
[INFO] [stderr]    Compiling serde_path_to_error v0.1.11
[INFO] [stderr]    Compiling parking_lot v0.12.1
[INFO] [stderr]    Compiling trust-dns-proto v0.22.0
[INFO] [stderr]    Compiling rsasl v2.0.0
[INFO] [stderr]    Compiling rhai v1.13.0
[INFO] [stderr]    Compiling rsa v0.8.2
[INFO] [stderr]    Compiling trust-dns-resolver v0.22.0
[INFO] [stderr]    Compiling viaspf v0.5.2
[INFO] [stderr]    Compiling vsmtp-auth v2.2.1
[INFO] [stderr]    Compiling vsmtp-common v2.2.1
[INFO] [stderr]    Compiling vsmtp-plugin-vsl v2.2.1
[INFO] [stderr]    Compiling vsmtp-config v2.2.1
[INFO] [stderr]     Finished dev [unoptimized + debuginfo] target(s) in 43.52s
[INFO] running `Command { std: "docker" "inspect" "d92dccb45ac0547ac767c9f73b9fed69ffbb7cfd8a02a239ea939a84a8fc9626", kill_on_drop: false }`
[INFO] running `Command { std: "docker" "rm" "-f" "d92dccb45ac0547ac767c9f73b9fed69ffbb7cfd8a02a239ea939a84a8fc9626", kill_on_drop: false }`
[INFO] [stdout] d92dccb45ac0547ac767c9f73b9fed69ffbb7cfd8a02a239ea939a84a8fc9626
[INFO] running `Command { std: "docker" "create" "-v" "/var/lib/crater-agent-workspace/builds/worker-4-tc1/target:/opt/rustwide/target:rw,Z" "-v" "/var/lib/crater-agent-workspace/builds/worker-4-tc1/source:/opt/rustwide/workdir:ro,Z" "-v" "/var/lib/crater-agent-workspace/cargo-home:/opt/rustwide/cargo-home:ro,Z" "-v" "/var/lib/crater-agent-workspace/rustup-home:/opt/rustwide/rustup-home:ro,Z" "-e" "SOURCE_DIR=/opt/rustwide/workdir" "-e" "CARGO_TARGET_DIR=/opt/rustwide/target" "-e" "CARGO_INCREMENTAL=0" "-e" "RUST_BACKTRACE=full" "-e" "RUSTFLAGS=--cap-lints=warn" "-e" "RUSTDOCFLAGS=--cap-lints=warn" "-e" "CARGO_HOME=/opt/rustwide/cargo-home" "-e" "RUSTUP_HOME=/opt/rustwide/rustup-home" "-w" "/opt/rustwide/workdir" "-m" "1610612736" "--user" "0:0" "--network" "none" "ghcr.io/rust-lang/crates-build-env/linux@sha256:5ff2268d62e97bff2cde7d5815dd6ed5b47097566f13b8d0ca110b04b60e07ed" "/opt/rustwide/cargo-home/bin/cargo" "+1.69.0" "test" "--frozen" "--no-run" "--message-format=json", kill_on_drop: false }`
[INFO] [stdout] 225aa44fbf5f6dbf5788e7918a8c649e98c3bfdf65c8a30858ddbe2c6ed313e7
[INFO] running `Command { std: "docker" "start" "-a" "225aa44fbf5f6dbf5788e7918a8c649e98c3bfdf65c8a30858ddbe2c6ed313e7", kill_on_drop: false }`
[INFO] [stderr]    Compiling function_name v0.3.0
[INFO] [stderr]    Compiling yansi v0.5.1
[INFO] [stderr]    Compiling diff v0.1.13
[INFO] [stderr]    Compiling vsmtp-common v2.2.1
[INFO] [stderr]    Compiling pretty_assertions v1.3.0
[INFO] [stderr]    Compiling vsmtp-plugin-vsl v2.2.1
[INFO] [stderr]    Compiling vsmtp-config v2.2.1
[INFO] [stderr]    Compiling vqueue v2.2.1 (/opt/rustwide/workdir)
[INFO] [stdout] error[E0433]: failed to resolve: use of undeclared crate or module `vsmtp_test`
[INFO] [stdout]   --> src/cli/debugger/message_remove.rs:82:9
[INFO] [stdout]    |
[INFO] [stdout] 82 |     use vsmtp_test::config::{local_ctx, local_msg, local_test};
[INFO] [stdout]    |         ^^^^^^^^^^ use of undeclared crate or module `vsmtp_test`
[INFO] [stdout] 
[INFO] [stdout] 
[INFO] [stdout] error[E0433]: failed to resolve: use of undeclared crate or module `vsmtp_test`
[INFO] [stdout]   --> src/cli/debugger/message_show.rs:70:9
[INFO] [stdout]    |
[INFO] [stdout] 70 |     use vsmtp_test::config::{local_ctx, local_msg, local_test};
[INFO] [stdout]    |         ^^^^^^^^^^ use of undeclared crate or module `vsmtp_test`
[INFO] [stdout] 
[INFO] [stdout] 
[INFO] [stdout] error[E0433]: failed to resolve: use of undeclared crate or module `vsmtp_test`
[INFO] [stdout]    --> src/cli/debugger/show.rs:248:9
[INFO] [stdout]     |
[INFO] [stdout] 248 |     use vsmtp_test::config::{local_ctx, local_msg, local_test};
[INFO] [stdout]     |         ^^^^^^^^^^ use of undeclared crate or module `vsmtp_test`
[INFO] [stdout] 
[INFO] [stdout] 
[INFO] [stdout] error[E0433]: failed to resolve: use of undeclared crate or module `vsmtp_test`
[INFO] [stdout]   --> src/implementation/fs.rs:74:9
[INFO] [stdout]    |
[INFO] [stdout] 74 |     use vsmtp_test::config::local_test;
[INFO] [stdout]    |         ^^^^^^^^^^ use of undeclared crate or module `vsmtp_test`
[INFO] [stdout] 
[INFO] [stdout] 
[INFO] [stdout] error[E0433]: failed to resolve: could not find `temp` in the crate root
[INFO] [stdout]   --> src/cli/debugger/message_remove.rs:90:36
[INFO] [stdout]    |
[INFO] [stdout] 90 |         let queue_manager = crate::temp::QueueManager::init(config, vec![]).unwrap();
[INFO] [stdout]    |                                    ^^^^ could not find `temp` in the crate root
[INFO] [stdout]    |
[INFO] [stdout] help: consider importing this struct
[INFO] [stdout]    |
[INFO] [stdout] 81 |     use crate::fs::QueueManager;
[INFO] [stdout]    |
[INFO] [stdout] help: if you import `QueueManager`, refer to it directly
[INFO] [stdout]    |
[INFO] [stdout] 90 -         let queue_manager = crate::temp::QueueManager::init(config, vec![]).unwrap();
[INFO] [stdout] 90 +         let queue_manager = QueueManager::init(config, vec![]).unwrap();
[INFO] [stdout]    |
[INFO] [stdout] 
[INFO] [stdout] 
[INFO] [stdout] error[E0433]: failed to resolve: could not find `temp` in the crate root
[INFO] [stdout]    --> src/cli/debugger/message_remove.rs:132:36
[INFO] [stdout]     |
[INFO] [stdout] 132 |         let queue_manager = crate::temp::QueueManager::init(config, vec![]).unwrap();
[INFO] [stdout]     |                                    ^^^^ could not find `temp` in the crate root
[INFO] [stdout]     |
[INFO] [stdout] help: consider importing this struct
[INFO] [stdout]     |
[INFO] [stdout] 81  |     use crate::fs::QueueManager;
[INFO] [stdout]     |
[INFO] [stdout] help: if you import `QueueManager`, refer to it directly
[INFO] [stdout]     |
[INFO] [stdout] 132 -         let queue_manager = crate::temp::QueueManager::init(config, vec![]).unwrap();
[INFO] [stdout] 132 +         let queue_manager = QueueManager::init(config, vec![]).unwrap();
[INFO] [stdout]     |
[INFO] [stdout] 
[INFO] [stdout] 
[INFO] [stdout] error[E0433]: failed to resolve: could not find `temp` in the crate root
[INFO] [stdout]    --> src/cli/debugger/message_remove.rs:175:36
[INFO] [stdout]     |
[INFO] [stdout] 175 |         let queue_manager = crate::temp::QueueManager::init(config, vec![]).unwrap();
[INFO] [stdout]     |                                    ^^^^ could not find `temp` in the crate root
[INFO] [stdout]     |
[INFO] [stdout] help: consider importing this struct
[INFO] [stdout]     |
[INFO] [stdout] 81  |     use crate::fs::QueueManager;
[INFO] [stdout]     |
[INFO] [stdout] help: if you import `QueueManager`, refer to it directly
[INFO] [stdout]     |
[INFO] [stdout] 175 -         let queue_manager = crate::temp::QueueManager::init(config, vec![]).unwrap();
[INFO] [stdout] 175 +         let queue_manager = QueueManager::init(config, vec![]).unwrap();
[INFO] [stdout]     |
[INFO] [stdout] 
[INFO] [stdout] 
[INFO] [stdout] error[E0433]: failed to resolve: could not find `temp` in the crate root
[INFO] [stdout]   --> src/cli/debugger/message_show.rs:77:36
[INFO] [stdout]    |
[INFO] [stdout] 77 |         let queue_manager = crate::temp::QueueManager::init(config, vec![]).unwrap();
[INFO] [stdout]    |                                    ^^^^ could not find `temp` in the crate root
[INFO] [stdout]    |
[INFO] [stdout] help: consider importing this struct
[INFO] [stdout]    |
[INFO] [stdout] 69 |     use crate::fs::QueueManager;
[INFO] [stdout]    |
[INFO] [stdout] help: if you import `QueueManager`, refer to it directly
[INFO] [stdout]    |
[INFO] [stdout] 77 -         let queue_manager = crate::temp::QueueManager::init(config, vec![]).unwrap();
[INFO] [stdout] 77 +         let queue_manager = QueueManager::init(config, vec![]).unwrap();
[INFO] [stdout]    |
[INFO] [stdout] 
[INFO] [stdout] 
[INFO] [stdout] error[E0433]: failed to resolve: could not find `temp` in the crate root
[INFO] [stdout]    --> src/cli/debugger/message_show.rs:165:36
[INFO] [stdout]     |
[INFO] [stdout] 165 |         let queue_manager = crate::temp::QueueManager::init(config, vec![]).unwrap();
[INFO] [stdout]     |                                    ^^^^ could not find `temp` in the crate root
[INFO] [stdout]     |
[INFO] [stdout] help: consider importing this struct
[INFO] [stdout]     |
[INFO] [stdout] 69  |     use crate::fs::QueueManager;
[INFO] [stdout]     |
[INFO] [stdout] help: if you import `QueueManager`, refer to it directly
[INFO] [stdout]     |
[INFO] [stdout] 165 -         let queue_manager = crate::temp::QueueManager::init(config, vec![]).unwrap();
[INFO] [stdout] 165 +         let queue_manager = QueueManager::init(config, vec![]).unwrap();
[INFO] [stdout]     |
[INFO] [stdout] 
[INFO] [stdout] 
[INFO] [stdout] error[E0433]: failed to resolve: could not find `temp` in the crate root
[INFO] [stdout]    --> src/cli/debugger/show.rs:255:36
[INFO] [stdout]     |
[INFO] [stdout] 255 |         let queue_manager = crate::temp::QueueManager::init(config, vec![]).unwrap();
[INFO] [stdout]     |                                    ^^^^ could not find `temp` in the crate root
[INFO] [stdout]     |
[INFO] [stdout] help: consider importing this struct
[INFO] [stdout]     |
[INFO] [stdout] 247 |     use crate::fs::QueueManager;
[INFO] [stdout]     |
[INFO] [stdout] help: if you import `QueueManager`, refer to it directly
[INFO] [stdout]     |
[INFO] [stdout] 255 -         let queue_manager = crate::temp::QueueManager::init(config, vec![]).unwrap();
[INFO] [stdout] 255 +         let queue_manager = QueueManager::init(config, vec![]).unwrap();
[INFO] [stdout]     |
[INFO] [stdout] 
[INFO] [stdout] 
[INFO] [stdout] error[E0433]: failed to resolve: could not find `temp` in the crate root
[INFO] [stdout]    --> src/cli/debugger/show.rs:277:36
[INFO] [stdout]     |
[INFO] [stdout] 277 |         let queue_manager = crate::temp::QueueManager::init(config, vec![]).unwrap();
[INFO] [stdout]     |                                    ^^^^ could not find `temp` in the crate root
[INFO] [stdout]     |
[INFO] [stdout] help: consider importing this struct
[INFO] [stdout]     |
[INFO] [stdout] 247 |     use crate::fs::QueueManager;
[INFO] [stdout]     |
[INFO] [stdout] help: if you import `QueueManager`, refer to it directly
[INFO] [stdout]     |
[INFO] [stdout] 277 -         let queue_manager = crate::temp::QueueManager::init(config, vec![]).unwrap();
[INFO] [stdout] 277 +         let queue_manager = QueueManager::init(config, vec![]).unwrap();
[INFO] [stdout]     |
[INFO] [stdout] 
[INFO] [stdout] 
[INFO] [stdout] error[E0433]: failed to resolve: could not find `temp` in the crate root
[INFO] [stdout]    --> src/cli/debugger/show.rs:309:20
[INFO] [stdout]     |
[INFO] [stdout] 309 |             crate::temp::QueueManager::init(alloc::sync::Arc::clone(&config), vec![]).unwrap();
[INFO] [stdout]     |                    ^^^^ could not find `temp` in the crate root
[INFO] [stdout]     |
[INFO] [stdout] help: consider importing this struct
[INFO] [stdout]     |
[INFO] [stdout] 247 |     use crate::fs::QueueManager;
[INFO] [stdout]     |
[INFO] [stdout] help: if you import `QueueManager`, refer to it directly
[INFO] [stdout]     |
[INFO] [stdout] 309 -             crate::temp::QueueManager::init(alloc::sync::Arc::clone(&config), vec![]).unwrap();
[INFO] [stdout] 309 +             QueueManager::init(alloc::sync::Arc::clone(&config), vec![]).unwrap();
[INFO] [stdout]     |
[INFO] [stdout] 
[INFO] [stdout] 
[INFO] [stdout] error[E0433]: failed to resolve: could not find `temp` in the crate root
[INFO] [stdout]    --> src/cli/debugger/show.rs:341:20
[INFO] [stdout]     |
[INFO] [stdout] 341 |             crate::temp::QueueManager::init(alloc::sync::Arc::clone(&config), vec![]).unwrap();
[INFO] [stdout]     |                    ^^^^ could not find `temp` in the crate root
[INFO] [stdout]     |
[INFO] [stdout] help: consider importing this struct
[INFO] [stdout]     |
[INFO] [stdout] 247 |     use crate::fs::QueueManager;
[INFO] [stdout]     |
[INFO] [stdout] help: if you import `QueueManager`, refer to it directly
[INFO] [stdout]     |
[INFO] [stdout] 341 -             crate::temp::QueueManager::init(alloc::sync::Arc::clone(&config), vec![]).unwrap();
[INFO] [stdout] 341 +             QueueManager::init(alloc::sync::Arc::clone(&config), vec![]).unwrap();
[INFO] [stdout]     |
[INFO] [stdout] 
[INFO] [stdout] 
[INFO] [stdout] error[E0433]: failed to resolve: could not find `temp` in the crate root
[INFO] [stdout]    --> src/cli/debugger/show.rs:383:36
[INFO] [stdout]     |
[INFO] [stdout] 383 |         let queue_manager = crate::temp::QueueManager::init(config, vec![]).unwrap();
[INFO] [stdout]     |                                    ^^^^ could not find `temp` in the crate root
[INFO] [stdout]     |
[INFO] [stdout] help: consider importing this struct
[INFO] [stdout]     |
[INFO] [stdout] 247 |     use crate::fs::QueueManager;
[INFO] [stdout]     |
[INFO] [stdout] help: if you import `QueueManager`, refer to it directly
[INFO] [stdout]     |
[INFO] [stdout] 383 -         let queue_manager = crate::temp::QueueManager::init(config, vec![]).unwrap();
[INFO] [stdout] 383 +         let queue_manager = QueueManager::init(config, vec![]).unwrap();
[INFO] [stdout]     |
[INFO] [stdout] 
[INFO] [stdout] 
[INFO] [stdout] error: aborting due to 14 previous errors
[INFO] [stdout] 
[INFO] [stdout] 
[INFO] [stdout] For more information about this error, try `rustc --explain E0433`.
[INFO] [stdout] 
[INFO] [stderr] error: could not compile `vqueue` due to 15 previous errors
[INFO] running `Command { std: "docker" "inspect" "225aa44fbf5f6dbf5788e7918a8c649e98c3bfdf65c8a30858ddbe2c6ed313e7", kill_on_drop: false }`
[INFO] running `Command { std: "docker" "rm" "-f" "225aa44fbf5f6dbf5788e7918a8c649e98c3bfdf65c8a30858ddbe2c6ed313e7", kill_on_drop: false }`
[INFO] [stdout] 225aa44fbf5f6dbf5788e7918a8c649e98c3bfdf65c8a30858ddbe2c6ed313e7
