[INFO] fetching crate volatile-ptr 0.1.1...
[INFO] testing volatile-ptr-0.1.1 against 1.69.0 for beta-1.70-1
[INFO] extracting crate volatile-ptr 0.1.1 into /workspace/builds/worker-3-tc1/source
[INFO] validating manifest of crates.io crate volatile-ptr 0.1.1 on toolchain 1.69.0
[INFO] running `Command { std: CARGO_HOME="/workspace/cargo-home" RUSTUP_HOME="/workspace/rustup-home" "/workspace/cargo-home/bin/cargo" "+1.69.0" "metadata" "--manifest-path" "Cargo.toml" "--no-deps", kill_on_drop: false }`
[INFO] started tweaking crates.io crate volatile-ptr 0.1.1
[INFO] finished tweaking crates.io crate volatile-ptr 0.1.1
[INFO] tweaked toml for crates.io crate volatile-ptr 0.1.1 written to /workspace/builds/worker-3-tc1/source/Cargo.toml
[INFO] running `Command { std: CARGO_HOME="/workspace/cargo-home" RUSTUP_HOME="/workspace/rustup-home" __CARGO_TEST_CHANNEL_OVERRIDE_DO_NOT_USE_THIS="nightly" "/workspace/cargo-home/bin/cargo" "+1.69.0" "generate-lockfile" "--manifest-path" "Cargo.toml" "-Zno-index-update", kill_on_drop: false }`
[INFO] running `Command { std: CARGO_HOME="/workspace/cargo-home" RUSTUP_HOME="/workspace/rustup-home" "/workspace/cargo-home/bin/cargo" "+1.69.0" "fetch" "--manifest-path" "Cargo.toml", kill_on_drop: false }`
[INFO] running `Command { std: "docker" "create" "-v" "/var/lib/crater-agent-workspace/builds/worker-3-tc1/target:/opt/rustwide/target:rw,Z" "-v" "/var/lib/crater-agent-workspace/builds/worker-3-tc1/source:/opt/rustwide/workdir:ro,Z" "-v" "/var/lib/crater-agent-workspace/cargo-home:/opt/rustwide/cargo-home:ro,Z" "-v" "/var/lib/crater-agent-workspace/rustup-home:/opt/rustwide/rustup-home:ro,Z" "-e" "SOURCE_DIR=/opt/rustwide/workdir" "-e" "CARGO_TARGET_DIR=/opt/rustwide/target" "-e" "CARGO_HOME=/opt/rustwide/cargo-home" "-e" "RUSTUP_HOME=/opt/rustwide/rustup-home" "-w" "/opt/rustwide/workdir" "-m" "1610612736" "--user" "0:0" "--network" "none" "ghcr.io/rust-lang/crates-build-env/linux@sha256:5ff2268d62e97bff2cde7d5815dd6ed5b47097566f13b8d0ca110b04b60e07ed" "/opt/rustwide/cargo-home/bin/cargo" "+1.69.0" "metadata" "--no-deps" "--format-version=1", kill_on_drop: false }`
[INFO] [stdout] cc6b5d984214c5ec5c67a445b08cae81d009b50ee9e9f1399cd722e2625d7a9d
[INFO] running `Command { std: "docker" "start" "-a" "cc6b5d984214c5ec5c67a445b08cae81d009b50ee9e9f1399cd722e2625d7a9d", kill_on_drop: false }`
[INFO] running `Command { std: "docker" "inspect" "cc6b5d984214c5ec5c67a445b08cae81d009b50ee9e9f1399cd722e2625d7a9d", kill_on_drop: false }`
[INFO] running `Command { std: "docker" "rm" "-f" "cc6b5d984214c5ec5c67a445b08cae81d009b50ee9e9f1399cd722e2625d7a9d", kill_on_drop: false }`
[INFO] [stdout] cc6b5d984214c5ec5c67a445b08cae81d009b50ee9e9f1399cd722e2625d7a9d
[INFO] running `Command { std: "docker" "create" "-v" "/var/lib/crater-agent-workspace/builds/worker-3-tc1/target:/opt/rustwide/target:rw,Z" "-v" "/var/lib/crater-agent-workspace/builds/worker-3-tc1/source:/opt/rustwide/workdir:ro,Z" "-v" "/var/lib/crater-agent-workspace/cargo-home:/opt/rustwide/cargo-home:ro,Z" "-v" "/var/lib/crater-agent-workspace/rustup-home:/opt/rustwide/rustup-home:ro,Z" "-e" "SOURCE_DIR=/opt/rustwide/workdir" "-e" "CARGO_TARGET_DIR=/opt/rustwide/target" "-e" "CARGO_INCREMENTAL=0" "-e" "RUST_BACKTRACE=full" "-e" "RUSTFLAGS=--cap-lints=warn" "-e" "RUSTDOCFLAGS=--cap-lints=warn" "-e" "CARGO_HOME=/opt/rustwide/cargo-home" "-e" "RUSTUP_HOME=/opt/rustwide/rustup-home" "-w" "/opt/rustwide/workdir" "-m" "1610612736" "--user" "0:0" "--network" "none" "ghcr.io/rust-lang/crates-build-env/linux@sha256:5ff2268d62e97bff2cde7d5815dd6ed5b47097566f13b8d0ca110b04b60e07ed" "/opt/rustwide/cargo-home/bin/cargo" "+1.69.0" "build" "--frozen" "--message-format=json", kill_on_drop: false }`
[INFO] [stdout] 7b82878cae1b10e6c2b18e7ef3b8987b4cf7025c111dccdcf86d02735700e40c
[INFO] running `Command { std: "docker" "start" "-a" "7b82878cae1b10e6c2b18e7ef3b8987b4cf7025c111dccdcf86d02735700e40c", kill_on_drop: false }`
[INFO] [stderr]    Compiling volatile-ptr v0.1.1 (/opt/rustwide/workdir)
[INFO] [stdout] error: cannot find macro `asm` in this scope
[INFO] [stdout]    --> src/lib.rs:379:13
[INFO] [stdout]     |
[INFO] [stdout] 379 |             asm!("" ::: "memory" : "volatile");
[INFO] [stdout]     |             ^^^
[INFO] [stdout]     |
[INFO] [stdout]     = help: consider importing this macro:
[INFO] [stdout]             core::arch::asm
[INFO] [stdout] 
[INFO] [stdout] 
[INFO] [stdout] error: cannot find macro `asm` in this scope
[INFO] [stdout]    --> src/lib.rs:388:13
[INFO] [stdout]     |
[INFO] [stdout] 388 |             asm!("" ::: "memory" : "volatile");
[INFO] [stdout]     |             ^^^
[INFO] [stdout]     |
[INFO] [stdout]     = help: consider importing this macro:
[INFO] [stdout]             core::arch::asm
[INFO] [stdout] 
[INFO] [stdout] 
[INFO] [stdout] error[E0554]: `#![feature]` may not be used on the stable release channel
[INFO] [stdout]   --> src/lib.rs:19:12
[INFO] [stdout]    |
[INFO] [stdout] 19 | #![feature(core_intrinsics)]
[INFO] [stdout]    |            ^^^^^^^^^^^^^^^
[INFO] [stdout] 
[INFO] [stdout] 
[INFO] [stdout] error[E0554]: `#![feature]` may not be used on the stable release channel
[INFO] [stdout]   --> src/lib.rs:20:12
[INFO] [stdout]    |
[INFO] [stdout] 20 | #![feature(asm)]
[INFO] [stdout]    |            ^^^
[INFO] [stdout] 
[INFO] [stdout] 
[INFO] [stdout] error[E0554]: `#![feature]` may not be used on the stable release channel
[INFO] [stdout]   --> src/lib.rs:21:12
[INFO] [stdout]    |
[INFO] [stdout] 21 | #![feature(unsize)]
[INFO] [stdout]    |            ^^^^^^
[INFO] [stdout] 
[INFO] [stdout] 
[INFO] [stdout] error[E0554]: `#![feature]` may not be used on the stable release channel
[INFO] [stdout]   --> src/lib.rs:22:12
[INFO] [stdout]    |
[INFO] [stdout] 22 | #![feature(coerce_unsized)]
[INFO] [stdout]    |            ^^^^^^^^^^^^^^
[INFO] [stdout] 
[INFO] [stdout] 
[INFO] [stdout] warning: the feature `asm` has been stable since 1.59.0 and no longer requires an attribute to enable
[INFO] [stdout]   --> src/lib.rs:20:12
[INFO] [stdout]    |
[INFO] [stdout] 20 | #![feature(asm)]
[INFO] [stdout]    |            ^^^
[INFO] [stdout]    |
[INFO] [stdout]    = note: `#[warn(stable_features)]` on by default
[INFO] [stdout] 
[INFO] [stdout] 
[INFO] [stdout] error: aborting due to 6 previous errors; 1 warning emitted
[INFO] [stdout] 
[INFO] [stdout] 
[INFO] [stdout] For more information about this error, try `rustc --explain E0554`.
[INFO] [stdout] 
[INFO] [stderr] error: could not compile `volatile-ptr` due to 7 previous errors; 1 warning emitted
[INFO] running `Command { std: "docker" "inspect" "7b82878cae1b10e6c2b18e7ef3b8987b4cf7025c111dccdcf86d02735700e40c", kill_on_drop: false }`
[INFO] running `Command { std: "docker" "rm" "-f" "7b82878cae1b10e6c2b18e7ef3b8987b4cf7025c111dccdcf86d02735700e40c", kill_on_drop: false }`
[INFO] [stdout] 7b82878cae1b10e6c2b18e7ef3b8987b4cf7025c111dccdcf86d02735700e40c
