[INFO] fetching crate voice_vox_api 0.13.4...
[INFO] testing voice_vox_api-0.13.4 against 1.69.0 for beta-1.70-1
[INFO] extracting crate voice_vox_api 0.13.4 into /workspace/builds/worker-2-tc1/source
[INFO] validating manifest of crates.io crate voice_vox_api 0.13.4 on toolchain 1.69.0
[INFO] running `Command { std: CARGO_HOME="/workspace/cargo-home" RUSTUP_HOME="/workspace/rustup-home" "/workspace/cargo-home/bin/cargo" "+1.69.0" "metadata" "--manifest-path" "Cargo.toml" "--no-deps", kill_on_drop: false }`
[INFO] started tweaking crates.io crate voice_vox_api 0.13.4
[INFO] finished tweaking crates.io crate voice_vox_api 0.13.4
[INFO] tweaked toml for crates.io crate voice_vox_api 0.13.4 written to /workspace/builds/worker-2-tc1/source/Cargo.toml
[INFO] running `Command { std: CARGO_HOME="/workspace/cargo-home" RUSTUP_HOME="/workspace/rustup-home" __CARGO_TEST_CHANNEL_OVERRIDE_DO_NOT_USE_THIS="nightly" "/workspace/cargo-home/bin/cargo" "+1.69.0" "generate-lockfile" "--manifest-path" "Cargo.toml" "-Zno-index-update", kill_on_drop: false }`
[INFO] running `Command { std: CARGO_HOME="/workspace/cargo-home" RUSTUP_HOME="/workspace/rustup-home" "/workspace/cargo-home/bin/cargo" "+1.69.0" "fetch" "--manifest-path" "Cargo.toml", kill_on_drop: false }`
[INFO] running `Command { std: "docker" "create" "-v" "/var/lib/crater-agent-workspace/builds/worker-2-tc1/target:/opt/rustwide/target:rw,Z" "-v" "/var/lib/crater-agent-workspace/builds/worker-2-tc1/source:/opt/rustwide/workdir:ro,Z" "-v" "/var/lib/crater-agent-workspace/cargo-home:/opt/rustwide/cargo-home:ro,Z" "-v" "/var/lib/crater-agent-workspace/rustup-home:/opt/rustwide/rustup-home:ro,Z" "-e" "SOURCE_DIR=/opt/rustwide/workdir" "-e" "CARGO_TARGET_DIR=/opt/rustwide/target" "-e" "CARGO_HOME=/opt/rustwide/cargo-home" "-e" "RUSTUP_HOME=/opt/rustwide/rustup-home" "-w" "/opt/rustwide/workdir" "-m" "1610612736" "--user" "0:0" "--network" "none" "ghcr.io/rust-lang/crates-build-env/linux@sha256:5ff2268d62e97bff2cde7d5815dd6ed5b47097566f13b8d0ca110b04b60e07ed" "/opt/rustwide/cargo-home/bin/cargo" "+1.69.0" "metadata" "--no-deps" "--format-version=1", kill_on_drop: false }`
[INFO] [stdout] fb59b78222190b5c4052b0a9b5497f87b5787771314fcf4b37b545814f351036
[INFO] running `Command { std: "docker" "start" "-a" "fb59b78222190b5c4052b0a9b5497f87b5787771314fcf4b37b545814f351036", kill_on_drop: false }`
[INFO] running `Command { std: "docker" "inspect" "fb59b78222190b5c4052b0a9b5497f87b5787771314fcf4b37b545814f351036", kill_on_drop: false }`
[INFO] running `Command { std: "docker" "rm" "-f" "fb59b78222190b5c4052b0a9b5497f87b5787771314fcf4b37b545814f351036", kill_on_drop: false }`
[INFO] [stdout] fb59b78222190b5c4052b0a9b5497f87b5787771314fcf4b37b545814f351036
[INFO] running `Command { std: "docker" "create" "-v" "/var/lib/crater-agent-workspace/builds/worker-2-tc1/target:/opt/rustwide/target:rw,Z" "-v" "/var/lib/crater-agent-workspace/builds/worker-2-tc1/source:/opt/rustwide/workdir:ro,Z" "-v" "/var/lib/crater-agent-workspace/cargo-home:/opt/rustwide/cargo-home:ro,Z" "-v" "/var/lib/crater-agent-workspace/rustup-home:/opt/rustwide/rustup-home:ro,Z" "-e" "SOURCE_DIR=/opt/rustwide/workdir" "-e" "CARGO_TARGET_DIR=/opt/rustwide/target" "-e" "CARGO_INCREMENTAL=0" "-e" "RUST_BACKTRACE=full" "-e" "RUSTFLAGS=--cap-lints=warn" "-e" "RUSTDOCFLAGS=--cap-lints=warn" "-e" "CARGO_HOME=/opt/rustwide/cargo-home" "-e" "RUSTUP_HOME=/opt/rustwide/rustup-home" "-w" "/opt/rustwide/workdir" "-m" "1610612736" "--user" "0:0" "--network" "none" "ghcr.io/rust-lang/crates-build-env/linux@sha256:5ff2268d62e97bff2cde7d5815dd6ed5b47097566f13b8d0ca110b04b60e07ed" "/opt/rustwide/cargo-home/bin/cargo" "+1.69.0" "build" "--frozen" "--message-format=json", kill_on_drop: false }`
[INFO] [stdout] 6907f18bf5a7043198022c3db317f13e0f8841d3c827a1267c434880143d4342
[INFO] running `Command { std: "docker" "start" "-a" "6907f18bf5a7043198022c3db317f13e0f8841d3c827a1267c434880143d4342", kill_on_drop: false }`
[INFO] [stderr]    Compiling serde v1.0.160
[INFO] [stderr]    Compiling base64 v0.21.0
[INFO] [stderr]    Compiling syn v2.0.15
[INFO] [stderr]    Compiling serde_derive v1.0.160
[INFO] [stderr]    Compiling voice_vox_api v0.13.4 (/opt/rustwide/workdir)
[INFO] [stdout] error: you need to enable backend_surf or backend_reqwest
[INFO] [stdout]  --> src/lib.rs:5:1
[INFO] [stdout]   |
[INFO] [stdout] 5 | compile_error!("you need to enable backend_surf or backend_reqwest");
[INFO] [stdout]   | ^^^^^^^^^^^^^^^^^^^^^^^^^^^^^^^^^^^^^^^^^^^^^^^^^^^^^^^^^^^^^^^^^^^^
[INFO] [stdout] 
[INFO] [stdout] 
[INFO] [stdout] error[E0432]: unresolved import `reqwest`
[INFO] [stdout]   --> src/reqwest_api.rs:12:5
[INFO] [stdout]    |
[INFO] [stdout] 12 | use reqwest::{Error, StatusCode};
[INFO] [stdout]    |     ^^^^^^^ use of undeclared crate or module `reqwest`
[INFO] [stdout] 
[INFO] [stdout] 
[INFO] [stdout] error[E0433]: failed to resolve: use of undeclared crate or module `reqwest`
[INFO] [stdout]   --> src/reqwest_api.rs:18:24
[INFO] [stdout]    |
[INFO] [stdout] 18 | static CLIENT: OnceBox<reqwest::Client> = once_cell::race::OnceBox::new();
[INFO] [stdout]    |                        ^^^^^^^ use of undeclared crate or module `reqwest`
[INFO] [stdout] 
[INFO] [stdout] 
[INFO] [stdout] error[E0433]: failed to resolve: use of undeclared crate or module `reqwest`
[INFO] [stdout]   --> src/reqwest_api.rs:21:25
[INFO] [stdout]    |
[INFO] [stdout] 21 | fn client() -> &'static reqwest::Client {
[INFO] [stdout]    |                         ^^^^^^^ use of undeclared crate or module `reqwest`
[INFO] [stdout] 
[INFO] [stdout] 
[INFO] [stdout] error[E0433]: failed to resolve: use of undeclared crate or module `reqwest`
[INFO] [stdout]   --> src/reqwest_api.rs:22:36
[INFO] [stdout]    |
[INFO] [stdout] 22 |     CLIENT.get_or_init(|| Box::new(reqwest::Client::new()))
[INFO] [stdout]    |                                    ^^^^^^^ use of undeclared crate or module `reqwest`
[INFO] [stdout] 
[INFO] [stdout] 
[INFO] [stdout] error[E0433]: failed to resolve: use of undeclared crate or module `reqwest`
[INFO] [stdout]    --> src/reqwest_api.rs:107:11
[INFO] [stdout]     |
[INFO] [stdout] 107 | impl From<reqwest::Error> for AccentPhrasesErrors {
[INFO] [stdout]     |           ^^^^^^^ use of undeclared crate or module `reqwest`
[INFO] [stdout] 
[INFO] [stdout] 
[INFO] [stdout] error[E0433]: failed to resolve: use of undeclared crate or module `reqwest`
[INFO] [stdout]    --> src/reqwest_api.rs:113:11
[INFO] [stdout]     |
[INFO] [stdout] 113 | impl From<reqwest::StatusCode> for AccentPhrasesErrors {
[INFO] [stdout]     |           ^^^^^^^ use of undeclared crate or module `reqwest`
[INFO] [stdout] 
[INFO] [stdout] 
[INFO] [stdout] error[E0433]: failed to resolve: use of undeclared crate or module `reqwest`
[INFO] [stdout]    --> src/reqwest_api.rs:114:16
[INFO] [stdout]     |
[INFO] [stdout] 114 |     fn from(e: reqwest::StatusCode) -> Self {
[INFO] [stdout]     |                ^^^^^^^ use of undeclared crate or module `reqwest`
[INFO] [stdout] 
[INFO] [stdout] 
[INFO] [stdout] error[E0433]: failed to resolve: use of undeclared crate or module `reqwest`
[INFO] [stdout]    --> src/reqwest_api.rs:504:25
[INFO] [stdout]     |
[INFO] [stdout] 504 | impl AddCoreVersion for reqwest::RequestBuilder {
[INFO] [stdout]     |                         ^^^^^^^ use of undeclared crate or module `reqwest`
[INFO] [stdout] 
[INFO] [stdout] 
[INFO] [stdout] error[E0433]: failed to resolve: use of undeclared crate or module `reqwest`
[INFO] [stdout]    --> src/reqwest_api.rs:520:13
[INFO] [stdout]     |
[INFO] [stdout] 520 |     Reqwest(reqwest::Error),
[INFO] [stdout]     |             ^^^^^^^ use of undeclared crate or module `reqwest`
[INFO] [stdout] 
[INFO] [stdout] 
[INFO] [stdout] error[E0433]: failed to resolve: use of undeclared crate or module `reqwest`
[INFO] [stdout]    --> src/reqwest_api.rs:535:11
[INFO] [stdout]     |
[INFO] [stdout] 535 | impl From<reqwest::Error> for APIError {
[INFO] [stdout]     |           ^^^^^^^ use of undeclared crate or module `reqwest`
[INFO] [stdout] 
[INFO] [stdout] 
[INFO] [stdout] warning: unused import: `convert::TryInto`
[INFO] [stdout]   --> src/reqwest_api.rs:13:33
[INFO] [stdout]    |
[INFO] [stdout] 13 | use std::{collections::HashMap, convert::TryInto, io::ErrorKind};
[INFO] [stdout]    |                                 ^^^^^^^^^^^^^^^^
[INFO] [stdout]    |
[INFO] [stdout]    = note: `#[warn(unused_imports)]` on by default
[INFO] [stdout] 
[INFO] [stdout] 
[INFO] [stdout] error: aborting due to 11 previous errors; 1 warning emitted
[INFO] [stdout] 
[INFO] [stdout] 
[INFO] [stdout] Some errors have detailed explanations: E0432, E0433.
[INFO] [stdout] 
[INFO] [stdout] For more information about an error, try `rustc --explain E0432`.
[INFO] [stdout] 
[INFO] [stderr] error: could not compile `voice_vox_api` due to 12 previous errors; 1 warning emitted
[INFO] running `Command { std: "docker" "inspect" "6907f18bf5a7043198022c3db317f13e0f8841d3c827a1267c434880143d4342", kill_on_drop: false }`
[INFO] running `Command { std: "docker" "rm" "-f" "6907f18bf5a7043198022c3db317f13e0f8841d3c827a1267c434880143d4342", kill_on_drop: false }`
[INFO] [stdout] 6907f18bf5a7043198022c3db317f13e0f8841d3c827a1267c434880143d4342
