[INFO] fetching crate viz-macros 0.1.0...
[INFO] testing viz-macros-0.1.0 against 1.69.0 for beta-1.70-1
[INFO] extracting crate viz-macros 0.1.0 into /workspace/builds/worker-4-tc1/source
[INFO] validating manifest of crates.io crate viz-macros 0.1.0 on toolchain 1.69.0
[INFO] running `Command { std: CARGO_HOME="/workspace/cargo-home" RUSTUP_HOME="/workspace/rustup-home" "/workspace/cargo-home/bin/cargo" "+1.69.0" "metadata" "--manifest-path" "Cargo.toml" "--no-deps", kill_on_drop: false }`
[INFO] started tweaking crates.io crate viz-macros 0.1.0
[INFO] finished tweaking crates.io crate viz-macros 0.1.0
[INFO] tweaked toml for crates.io crate viz-macros 0.1.0 written to /workspace/builds/worker-4-tc1/source/Cargo.toml
[INFO] running `Command { std: CARGO_HOME="/workspace/cargo-home" RUSTUP_HOME="/workspace/rustup-home" __CARGO_TEST_CHANNEL_OVERRIDE_DO_NOT_USE_THIS="nightly" "/workspace/cargo-home/bin/cargo" "+1.69.0" "generate-lockfile" "--manifest-path" "Cargo.toml" "-Zno-index-update", kill_on_drop: false }`
[INFO] running `Command { std: CARGO_HOME="/workspace/cargo-home" RUSTUP_HOME="/workspace/rustup-home" "/workspace/cargo-home/bin/cargo" "+1.69.0" "fetch" "--manifest-path" "Cargo.toml", kill_on_drop: false }`
[INFO] running `Command { std: "docker" "create" "-v" "/var/lib/crater-agent-workspace/builds/worker-4-tc1/target:/opt/rustwide/target:rw,Z" "-v" "/var/lib/crater-agent-workspace/builds/worker-4-tc1/source:/opt/rustwide/workdir:ro,Z" "-v" "/var/lib/crater-agent-workspace/cargo-home:/opt/rustwide/cargo-home:ro,Z" "-v" "/var/lib/crater-agent-workspace/rustup-home:/opt/rustwide/rustup-home:ro,Z" "-e" "SOURCE_DIR=/opt/rustwide/workdir" "-e" "CARGO_TARGET_DIR=/opt/rustwide/target" "-e" "CARGO_HOME=/opt/rustwide/cargo-home" "-e" "RUSTUP_HOME=/opt/rustwide/rustup-home" "-w" "/opt/rustwide/workdir" "-m" "1610612736" "--user" "0:0" "--network" "none" "ghcr.io/rust-lang/crates-build-env/linux@sha256:5ff2268d62e97bff2cde7d5815dd6ed5b47097566f13b8d0ca110b04b60e07ed" "/opt/rustwide/cargo-home/bin/cargo" "+1.69.0" "metadata" "--no-deps" "--format-version=1", kill_on_drop: false }`
[INFO] [stdout] 8b6ef5a6eb81542b45f7ccc46e5f16e34c33061b0c2eaa8af35fa799b5e21246
[INFO] running `Command { std: "docker" "start" "-a" "8b6ef5a6eb81542b45f7ccc46e5f16e34c33061b0c2eaa8af35fa799b5e21246", kill_on_drop: false }`
[INFO] running `Command { std: "docker" "inspect" "8b6ef5a6eb81542b45f7ccc46e5f16e34c33061b0c2eaa8af35fa799b5e21246", kill_on_drop: false }`
[INFO] running `Command { std: "docker" "rm" "-f" "8b6ef5a6eb81542b45f7ccc46e5f16e34c33061b0c2eaa8af35fa799b5e21246", kill_on_drop: false }`
[INFO] [stdout] 8b6ef5a6eb81542b45f7ccc46e5f16e34c33061b0c2eaa8af35fa799b5e21246
[INFO] running `Command { std: "docker" "create" "-v" "/var/lib/crater-agent-workspace/builds/worker-4-tc1/target:/opt/rustwide/target:rw,Z" "-v" "/var/lib/crater-agent-workspace/builds/worker-4-tc1/source:/opt/rustwide/workdir:ro,Z" "-v" "/var/lib/crater-agent-workspace/cargo-home:/opt/rustwide/cargo-home:ro,Z" "-v" "/var/lib/crater-agent-workspace/rustup-home:/opt/rustwide/rustup-home:ro,Z" "-e" "SOURCE_DIR=/opt/rustwide/workdir" "-e" "CARGO_TARGET_DIR=/opt/rustwide/target" "-e" "CARGO_INCREMENTAL=0" "-e" "RUST_BACKTRACE=full" "-e" "RUSTFLAGS=--cap-lints=warn" "-e" "RUSTDOCFLAGS=--cap-lints=warn" "-e" "CARGO_HOME=/opt/rustwide/cargo-home" "-e" "RUSTUP_HOME=/opt/rustwide/rustup-home" "-w" "/opt/rustwide/workdir" "-m" "1610612736" "--user" "0:0" "--network" "none" "ghcr.io/rust-lang/crates-build-env/linux@sha256:5ff2268d62e97bff2cde7d5815dd6ed5b47097566f13b8d0ca110b04b60e07ed" "/opt/rustwide/cargo-home/bin/cargo" "+1.69.0" "build" "--frozen" "--message-format=json", kill_on_drop: false }`
[INFO] [stdout] 154da51bd940c3d5656ba8e804c479602ac30ef30dc8a0268c7998aa7c76c0ac
[INFO] running `Command { std: "docker" "start" "-a" "154da51bd940c3d5656ba8e804c479602ac30ef30dc8a0268c7998aa7c76c0ac", kill_on_drop: false }`
[INFO] [stderr]    Compiling viz-macros v0.1.0 (/opt/rustwide/workdir)
[INFO] [stderr]     Finished dev [unoptimized + debuginfo] target(s) in 0.71s
[INFO] running `Command { std: "docker" "inspect" "154da51bd940c3d5656ba8e804c479602ac30ef30dc8a0268c7998aa7c76c0ac", kill_on_drop: false }`
[INFO] running `Command { std: "docker" "rm" "-f" "154da51bd940c3d5656ba8e804c479602ac30ef30dc8a0268c7998aa7c76c0ac", kill_on_drop: false }`
[INFO] [stdout] 154da51bd940c3d5656ba8e804c479602ac30ef30dc8a0268c7998aa7c76c0ac
[INFO] running `Command { std: "docker" "create" "-v" "/var/lib/crater-agent-workspace/builds/worker-4-tc1/target:/opt/rustwide/target:rw,Z" "-v" "/var/lib/crater-agent-workspace/builds/worker-4-tc1/source:/opt/rustwide/workdir:ro,Z" "-v" "/var/lib/crater-agent-workspace/cargo-home:/opt/rustwide/cargo-home:ro,Z" "-v" "/var/lib/crater-agent-workspace/rustup-home:/opt/rustwide/rustup-home:ro,Z" "-e" "SOURCE_DIR=/opt/rustwide/workdir" "-e" "CARGO_TARGET_DIR=/opt/rustwide/target" "-e" "CARGO_INCREMENTAL=0" "-e" "RUST_BACKTRACE=full" "-e" "RUSTFLAGS=--cap-lints=warn" "-e" "RUSTDOCFLAGS=--cap-lints=warn" "-e" "CARGO_HOME=/opt/rustwide/cargo-home" "-e" "RUSTUP_HOME=/opt/rustwide/rustup-home" "-w" "/opt/rustwide/workdir" "-m" "1610612736" "--user" "0:0" "--network" "none" "ghcr.io/rust-lang/crates-build-env/linux@sha256:5ff2268d62e97bff2cde7d5815dd6ed5b47097566f13b8d0ca110b04b60e07ed" "/opt/rustwide/cargo-home/bin/cargo" "+1.69.0" "test" "--frozen" "--no-run" "--message-format=json", kill_on_drop: false }`
[INFO] [stdout] 289d0e08bb4f9743945ecc0e36044cb621f09a2d0e104efe2cd5fa75e2632fbd
[INFO] running `Command { std: "docker" "start" "-a" "289d0e08bb4f9743945ecc0e36044cb621f09a2d0e104efe2cd5fa75e2632fbd", kill_on_drop: false }`
[INFO] [stderr]     Blocking waiting for file lock on package cache
[INFO] [stderr]    Compiling tokio v1.28.0
[INFO] [stderr]    Compiling syn v2.0.15
[INFO] [stderr]    Compiling viz-macros v0.1.0 (/opt/rustwide/workdir)
[INFO] [stderr]    Compiling tokio-macros v2.1.0
[INFO] [stdout] error[E0432]: unresolved import `viz`
[INFO] [stdout]  --> tests/handler.rs:1:5
[INFO] [stdout]   |
[INFO] [stdout] 1 | use viz::{async_trait, Error, FromRequest, Handler, IntoResponse, Request, Result, StatusCode};
[INFO] [stdout]   |     ^^^ use of undeclared crate or module `viz`
[INFO] [stdout] 
[INFO] [stdout] 
[INFO] [stdout] error[E0433]: failed to resolve: use of undeclared crate or module `viz`
[INFO] [stdout]   --> tests/handler.rs:36:1
[INFO] [stdout]    |
[INFO] [stdout] 36 | #[handler]
[INFO] [stdout]    | ^^^^^^^^^^ use of undeclared crate or module `viz`
[INFO] [stdout]    |
[INFO] [stdout]    = note: this error originates in the attribute macro `handler` (in Nightly builds, run with -Z macro-backtrace for more info)
[INFO] [stdout] 
[INFO] [stdout] 
[INFO] [stdout] error[E0433]: failed to resolve: use of undeclared crate or module `viz`
[INFO] [stdout]   --> tests/handler.rs:39:1
[INFO] [stdout]    |
[INFO] [stdout] 39 | #[handler]
[INFO] [stdout]    | ^^^^^^^^^^ use of undeclared crate or module `viz`
[INFO] [stdout]    |
[INFO] [stdout]    = note: this error originates in the attribute macro `handler` (in Nightly builds, run with -Z macro-backtrace for more info)
[INFO] [stdout] 
[INFO] [stdout] 
[INFO] [stdout] error[E0433]: failed to resolve: use of undeclared crate or module `viz`
[INFO] [stdout]   --> tests/handler.rs:44:1
[INFO] [stdout]    |
[INFO] [stdout] 44 | #[handler]
[INFO] [stdout]    | ^^^^^^^^^^ use of undeclared crate or module `viz`
[INFO] [stdout]    |
[INFO] [stdout]    = note: this error originates in the attribute macro `handler` (in Nightly builds, run with -Z macro-backtrace for more info)
[INFO] [stdout] 
[INFO] [stdout] 
[INFO] [stdout] error[E0433]: failed to resolve: use of undeclared crate or module `viz`
[INFO] [stdout]   --> tests/handler.rs:49:1
[INFO] [stdout]    |
[INFO] [stdout] 49 | #[handler]
[INFO] [stdout]    | ^^^^^^^^^^ use of undeclared crate or module `viz`
[INFO] [stdout]    |
[INFO] [stdout]    = note: this error originates in the attribute macro `handler` (in Nightly builds, run with -Z macro-backtrace for more info)
[INFO] [stdout] 
[INFO] [stdout] 
[INFO] [stdout] error[E0433]: failed to resolve: use of undeclared crate or module `viz`
[INFO] [stdout]   --> tests/handler.rs:52:1
[INFO] [stdout]    |
[INFO] [stdout] 52 | #[handler]
[INFO] [stdout]    | ^^^^^^^^^^ use of undeclared crate or module `viz`
[INFO] [stdout]    |
[INFO] [stdout]    = note: this error originates in the attribute macro `handler` (in Nightly builds, run with -Z macro-backtrace for more info)
[INFO] [stdout] 
[INFO] [stdout] 
[INFO] [stdout] error[E0433]: failed to resolve: use of undeclared crate or module `viz`
[INFO] [stdout]   --> tests/handler.rs:57:1
[INFO] [stdout]    |
[INFO] [stdout] 57 | #[handler]
[INFO] [stdout]    | ^^^^^^^^^^ use of undeclared crate or module `viz`
[INFO] [stdout]    |
[INFO] [stdout]    = note: this error originates in the attribute macro `handler` (in Nightly builds, run with -Z macro-backtrace for more info)
[INFO] [stdout] 
[INFO] [stdout] 
[INFO] [stdout] error[E0433]: failed to resolve: use of undeclared crate or module `viz`
[INFO] [stdout]   --> tests/handler.rs:62:1
[INFO] [stdout]    |
[INFO] [stdout] 62 | #[handler]
[INFO] [stdout]    | ^^^^^^^^^^ use of undeclared crate or module `viz`
[INFO] [stdout]    |
[INFO] [stdout]    = note: this error originates in the attribute macro `handler` (in Nightly builds, run with -Z macro-backtrace for more info)
[INFO] [stdout] 
[INFO] [stdout] 
[INFO] [stdout] error[E0433]: failed to resolve: use of undeclared crate or module `viz`
[INFO] [stdout]   --> tests/handler.rs:65:1
[INFO] [stdout]    |
[INFO] [stdout] 65 | #[handler]
[INFO] [stdout]    | ^^^^^^^^^^ use of undeclared crate or module `viz`
[INFO] [stdout]    |
[INFO] [stdout]    = note: this error originates in the attribute macro `handler` (in Nightly builds, run with -Z macro-backtrace for more info)
[INFO] [stdout] 
[INFO] [stdout] 
[INFO] [stdout] error[E0433]: failed to resolve: use of undeclared crate or module `viz`
[INFO] [stdout]   --> tests/handler.rs:70:1
[INFO] [stdout]    |
[INFO] [stdout] 70 | #[handler]
[INFO] [stdout]    | ^^^^^^^^^^ use of undeclared crate or module `viz`
[INFO] [stdout]    |
[INFO] [stdout]    = note: this error originates in the attribute macro `handler` (in Nightly builds, run with -Z macro-backtrace for more info)
[INFO] [stdout] 
[INFO] [stdout] 
[INFO] [stdout] error[E0433]: failed to resolve: use of undeclared crate or module `viz`
[INFO] [stdout]   --> tests/handler.rs:75:1
[INFO] [stdout]    |
[INFO] [stdout] 75 | #[handler]
[INFO] [stdout]    | ^^^^^^^^^^ use of undeclared crate or module `viz`
[INFO] [stdout]    |
[INFO] [stdout]    = note: this error originates in the attribute macro `handler` (in Nightly builds, run with -Z macro-backtrace for more info)
[INFO] [stdout] 
[INFO] [stdout] 
[INFO] [stdout] error[E0433]: failed to resolve: use of undeclared crate or module `viz`
[INFO] [stdout]   --> tests/handler.rs:80:1
[INFO] [stdout]    |
[INFO] [stdout] 80 | #[handler]
[INFO] [stdout]    | ^^^^^^^^^^ use of undeclared crate or module `viz`
[INFO] [stdout]    |
[INFO] [stdout]    = note: this error originates in the attribute macro `handler` (in Nightly builds, run with -Z macro-backtrace for more info)
[INFO] [stdout] 
[INFO] [stdout] 
[INFO] [stdout] error[E0433]: failed to resolve: use of undeclared crate or module `viz`
[INFO] [stdout]   --> tests/handler.rs:83:1
[INFO] [stdout]    |
[INFO] [stdout] 83 | #[handler]
[INFO] [stdout]    | ^^^^^^^^^^ use of undeclared crate or module `viz`
[INFO] [stdout]    |
[INFO] [stdout]    = note: this error originates in the attribute macro `handler` (in Nightly builds, run with -Z macro-backtrace for more info)
[INFO] [stdout] 
[INFO] [stdout] 
[INFO] [stdout] error[E0433]: failed to resolve: use of undeclared crate or module `viz`
[INFO] [stdout]   --> tests/handler.rs:88:1
[INFO] [stdout]    |
[INFO] [stdout] 88 | #[handler]
[INFO] [stdout]    | ^^^^^^^^^^ use of undeclared crate or module `viz`
[INFO] [stdout]    |
[INFO] [stdout]    = note: this error originates in the attribute macro `handler` (in Nightly builds, run with -Z macro-backtrace for more info)
[INFO] [stdout] 
[INFO] [stdout] 
[INFO] [stdout] error[E0433]: failed to resolve: use of undeclared crate or module `viz`
[INFO] [stdout]   --> tests/handler.rs:93:1
[INFO] [stdout]    |
[INFO] [stdout] 93 | #[handler]
[INFO] [stdout]    | ^^^^^^^^^^ use of undeclared crate or module `viz`
[INFO] [stdout]    |
[INFO] [stdout]    = note: this error originates in the attribute macro `handler` (in Nightly builds, run with -Z macro-backtrace for more info)
[INFO] [stdout] 
[INFO] [stdout] 
[INFO] [stdout] error[E0433]: failed to resolve: use of undeclared crate or module `viz`
[INFO] [stdout]   --> tests/handler.rs:96:1
[INFO] [stdout]    |
[INFO] [stdout] 96 | #[handler]
[INFO] [stdout]    | ^^^^^^^^^^ use of undeclared crate or module `viz`
[INFO] [stdout]    |
[INFO] [stdout]    = note: this error originates in the attribute macro `handler` (in Nightly builds, run with -Z macro-backtrace for more info)
[INFO] [stdout] 
[INFO] [stdout] 
[INFO] [stdout] error[E0433]: failed to resolve: use of undeclared crate or module `viz`
[INFO] [stdout]    --> tests/handler.rs:101:1
[INFO] [stdout]     |
[INFO] [stdout] 101 | #[handler]
[INFO] [stdout]     | ^^^^^^^^^^ use of undeclared crate or module `viz`
[INFO] [stdout]     |
[INFO] [stdout]     = note: this error originates in the attribute macro `handler` (in Nightly builds, run with -Z macro-backtrace for more info)
[INFO] [stdout] 
[INFO] [stdout] 
[INFO] [stdout] error[E0433]: failed to resolve: use of undeclared crate or module `viz`
[INFO] [stdout]    --> tests/handler.rs:106:1
[INFO] [stdout]     |
[INFO] [stdout] 106 | #[handler]
[INFO] [stdout]     | ^^^^^^^^^^ use of undeclared crate or module `viz`
[INFO] [stdout]     |
[INFO] [stdout]     = note: this error originates in the attribute macro `handler` (in Nightly builds, run with -Z macro-backtrace for more info)
[INFO] [stdout] 
[INFO] [stdout] 
[INFO] [stdout] error[E0433]: failed to resolve: use of undeclared crate or module `viz`
[INFO] [stdout]    --> tests/handler.rs:109:1
[INFO] [stdout]     |
[INFO] [stdout] 109 | #[handler]
[INFO] [stdout]     | ^^^^^^^^^^ use of undeclared crate or module `viz`
[INFO] [stdout]     |
[INFO] [stdout]     = note: this error originates in the attribute macro `handler` (in Nightly builds, run with -Z macro-backtrace for more info)
[INFO] [stdout] 
[INFO] [stdout] 
[INFO] [stdout] error[E0433]: failed to resolve: use of undeclared crate or module `viz`
[INFO] [stdout]    --> tests/handler.rs:114:1
[INFO] [stdout]     |
[INFO] [stdout] 114 | #[handler]
[INFO] [stdout]     | ^^^^^^^^^^ use of undeclared crate or module `viz`
[INFO] [stdout]     |
[INFO] [stdout]     = note: this error originates in the attribute macro `handler` (in Nightly builds, run with -Z macro-backtrace for more info)
[INFO] [stdout] 
[INFO] [stdout] 
[INFO] [stdout] error: cannot determine resolution for the attribute macro `async_trait`
[INFO] [stdout]  --> tests/handler.rs:7:3
[INFO] [stdout]   |
[INFO] [stdout] 7 | #[async_trait]
[INFO] [stdout]   |   ^^^^^^^^^^^
[INFO] [stdout]   |
[INFO] [stdout]   = note: import resolution is stuck, try simplifying macro imports
[INFO] [stdout] 
[INFO] [stdout] 
[INFO] [stdout] error: cannot determine resolution for the attribute macro `async_trait`
[INFO] [stdout]   --> tests/handler.rs:19:3
[INFO] [stdout]    |
[INFO] [stdout] 19 | #[async_trait]
[INFO] [stdout]    |   ^^^^^^^^^^^
[INFO] [stdout]    |
[INFO] [stdout]    = note: import resolution is stuck, try simplifying macro imports
[INFO] [stdout] 
[INFO] [stdout] 
[INFO] [stdout] error[E0706]: functions in traits cannot be declared `async`
[INFO] [stdout]   --> tests/handler.rs:11:5
[INFO] [stdout]    |
[INFO] [stdout] 11 |     async fn extract(_: &mut Request) -> Result<Self> {
[INFO] [stdout]    |     -----^^^^^^^^^^^^^^^^^^^^^^^^^^^^^^^^^^^^^^^^^^^^
[INFO] [stdout]    |     |
[INFO] [stdout]    |     `async` because of this
[INFO] [stdout]    |
[INFO] [stdout]    = note: `async` trait functions are not currently supported
[INFO] [stdout]    = note: consider using the `async-trait` crate: https://crates.io/crates/async-trait
[INFO] [stdout]    = note: see issue #91611 <https://github.com/rust-lang/rust/issues/91611> for more information
[INFO] [stdout] 
[INFO] [stdout] 
[INFO] [stdout] error[E0706]: functions in traits cannot be declared `async`
[INFO] [stdout]   --> tests/handler.rs:23:5
[INFO] [stdout]    |
[INFO] [stdout] 23 |     async fn extract(_: &mut Request) -> Result<Self> {
[INFO] [stdout]    |     -----^^^^^^^^^^^^^^^^^^^^^^^^^^^^^^^^^^^^^^^^^^^^
[INFO] [stdout]    |     |
[INFO] [stdout]    |     `async` because of this
[INFO] [stdout]    |
[INFO] [stdout]    = note: `async` trait functions are not currently supported
[INFO] [stdout]    = note: consider using the `async-trait` crate: https://crates.io/crates/async-trait
[INFO] [stdout]    = note: see issue #91611 <https://github.com/rust-lang/rust/issues/91611> for more information
[INFO] [stdout] 
[INFO] [stdout] 
[INFO] [stdout] error[E0706]: functions in traits cannot be declared `async`
[INFO] [stdout]   --> tests/handler.rs:36:1
[INFO] [stdout]    |
[INFO] [stdout] 36 | #[handler]
[INFO] [stdout]    | ^^^^^^^^^^ `async` because of this
[INFO] [stdout]    |
[INFO] [stdout]    = note: `async` trait functions are not currently supported
[INFO] [stdout]    = note: consider using the `async-trait` crate: https://crates.io/crates/async-trait
[INFO] [stdout]    = note: see issue #91611 <https://github.com/rust-lang/rust/issues/91611> for more information
[INFO] [stdout]    = note: this error originates in the attribute macro `handler` (in Nightly builds, run with -Z macro-backtrace for more info)
[INFO] [stdout] 
[INFO] [stdout] 
[INFO] [stdout] error[E0706]: functions in traits cannot be declared `async`
[INFO] [stdout]   --> tests/handler.rs:39:1
[INFO] [stdout]    |
[INFO] [stdout] 39 | #[handler]
[INFO] [stdout]    | ^^^^^^^^^^ `async` because of this
[INFO] [stdout]    |
[INFO] [stdout]    = note: `async` trait functions are not currently supported
[INFO] [stdout]    = note: consider using the `async-trait` crate: https://crates.io/crates/async-trait
[INFO] [stdout]    = note: see issue #91611 <https://github.com/rust-lang/rust/issues/91611> for more information
[INFO] [stdout]    = note: this error originates in the attribute macro `handler` (in Nightly builds, run with -Z macro-backtrace for more info)
[INFO] [stdout] 
[INFO] [stdout] 
[INFO] [stdout] error[E0706]: functions in traits cannot be declared `async`
[INFO] [stdout]   --> tests/handler.rs:44:1
[INFO] [stdout]    |
[INFO] [stdout] 44 | #[handler]
[INFO] [stdout]    | ^^^^^^^^^^ `async` because of this
[INFO] [stdout]    |
[INFO] [stdout]    = note: `async` trait functions are not currently supported
[INFO] [stdout]    = note: consider using the `async-trait` crate: https://crates.io/crates/async-trait
[INFO] [stdout]    = note: see issue #91611 <https://github.com/rust-lang/rust/issues/91611> for more information
[INFO] [stdout]    = note: this error originates in the attribute macro `handler` (in Nightly builds, run with -Z macro-backtrace for more info)
[INFO] [stdout] 
[INFO] [stdout] 
[INFO] [stdout] error[E0706]: functions in traits cannot be declared `async`
[INFO] [stdout]   --> tests/handler.rs:49:1
[INFO] [stdout]    |
[INFO] [stdout] 49 | #[handler]
[INFO] [stdout]    | ^^^^^^^^^^ `async` because of this
[INFO] [stdout]    |
[INFO] [stdout]    = note: `async` trait functions are not currently supported
[INFO] [stdout]    = note: consider using the `async-trait` crate: https://crates.io/crates/async-trait
[INFO] [stdout]    = note: see issue #91611 <https://github.com/rust-lang/rust/issues/91611> for more information
[INFO] [stdout]    = note: this error originates in the attribute macro `handler` (in Nightly builds, run with -Z macro-backtrace for more info)
[INFO] [stdout] 
[INFO] [stdout] 
[INFO] [stdout] error[E0706]: functions in traits cannot be declared `async`
[INFO] [stdout]   --> tests/handler.rs:52:1
[INFO] [stdout]    |
[INFO] [stdout] 52 | #[handler]
[INFO] [stdout]    | ^^^^^^^^^^ `async` because of this
[INFO] [stdout]    |
[INFO] [stdout]    = note: `async` trait functions are not currently supported
[INFO] [stdout]    = note: consider using the `async-trait` crate: https://crates.io/crates/async-trait
[INFO] [stdout]    = note: see issue #91611 <https://github.com/rust-lang/rust/issues/91611> for more information
[INFO] [stdout]    = note: this error originates in the attribute macro `handler` (in Nightly builds, run with -Z macro-backtrace for more info)
[INFO] [stdout] 
[INFO] [stdout] 
[INFO] [stdout] error[E0706]: functions in traits cannot be declared `async`
[INFO] [stdout]   --> tests/handler.rs:57:1
[INFO] [stdout]    |
[INFO] [stdout] 57 | #[handler]
[INFO] [stdout]    | ^^^^^^^^^^ `async` because of this
[INFO] [stdout]    |
[INFO] [stdout]    = note: `async` trait functions are not currently supported
[INFO] [stdout]    = note: consider using the `async-trait` crate: https://crates.io/crates/async-trait
[INFO] [stdout]    = note: see issue #91611 <https://github.com/rust-lang/rust/issues/91611> for more information
[INFO] [stdout]    = note: this error originates in the attribute macro `handler` (in Nightly builds, run with -Z macro-backtrace for more info)
[INFO] [stdout] 
[INFO] [stdout] 
[INFO] [stdout] error[E0706]: functions in traits cannot be declared `async`
[INFO] [stdout]   --> tests/handler.rs:62:1
[INFO] [stdout]    |
[INFO] [stdout] 62 | #[handler]
[INFO] [stdout]    | ^^^^^^^^^^ `async` because of this
[INFO] [stdout]    |
[INFO] [stdout]    = note: `async` trait functions are not currently supported
[INFO] [stdout]    = note: consider using the `async-trait` crate: https://crates.io/crates/async-trait
[INFO] [stdout]    = note: see issue #91611 <https://github.com/rust-lang/rust/issues/91611> for more information
[INFO] [stdout]    = note: this error originates in the attribute macro `handler` (in Nightly builds, run with -Z macro-backtrace for more info)
[INFO] [stdout] 
[INFO] [stdout] 
[INFO] [stdout] error[E0706]: functions in traits cannot be declared `async`
[INFO] [stdout]   --> tests/handler.rs:65:1
[INFO] [stdout]    |
[INFO] [stdout] 65 | #[handler]
[INFO] [stdout]    | ^^^^^^^^^^ `async` because of this
[INFO] [stdout]    |
[INFO] [stdout]    = note: `async` trait functions are not currently supported
[INFO] [stdout]    = note: consider using the `async-trait` crate: https://crates.io/crates/async-trait
[INFO] [stdout]    = note: see issue #91611 <https://github.com/rust-lang/rust/issues/91611> for more information
[INFO] [stdout]    = note: this error originates in the attribute macro `handler` (in Nightly builds, run with -Z macro-backtrace for more info)
[INFO] [stdout] 
[INFO] [stdout] 
[INFO] [stdout] error[E0706]: functions in traits cannot be declared `async`
[INFO] [stdout]   --> tests/handler.rs:70:1
[INFO] [stdout]    |
[INFO] [stdout] 70 | #[handler]
[INFO] [stdout]    | ^^^^^^^^^^ `async` because of this
[INFO] [stdout]    |
[INFO] [stdout]    = note: `async` trait functions are not currently supported
[INFO] [stdout]    = note: consider using the `async-trait` crate: https://crates.io/crates/async-trait
[INFO] [stdout]    = note: see issue #91611 <https://github.com/rust-lang/rust/issues/91611> for more information
[INFO] [stdout]    = note: this error originates in the attribute macro `handler` (in Nightly builds, run with -Z macro-backtrace for more info)
[INFO] [stdout] 
[INFO] [stdout] 
[INFO] [stdout] error[E0706]: functions in traits cannot be declared `async`
[INFO] [stdout]   --> tests/handler.rs:75:1
[INFO] [stdout]    |
[INFO] [stdout] 75 | #[handler]
[INFO] [stdout]    | ^^^^^^^^^^ `async` because of this
[INFO] [stdout]    |
[INFO] [stdout]    = note: `async` trait functions are not currently supported
[INFO] [stdout]    = note: consider using the `async-trait` crate: https://crates.io/crates/async-trait
[INFO] [stdout]    = note: see issue #91611 <https://github.com/rust-lang/rust/issues/91611> for more information
[INFO] [stdout]    = note: this error originates in the attribute macro `handler` (in Nightly builds, run with -Z macro-backtrace for more info)
[INFO] [stdout] 
[INFO] [stdout] 
[INFO] [stdout] error[E0706]: functions in traits cannot be declared `async`
[INFO] [stdout]   --> tests/handler.rs:80:1
[INFO] [stdout]    |
[INFO] [stdout] 80 | #[handler]
[INFO] [stdout]    | ^^^^^^^^^^ `async` because of this
[INFO] [stdout]    |
[INFO] [stdout]    = note: `async` trait functions are not currently supported
[INFO] [stdout]    = note: consider using the `async-trait` crate: https://crates.io/crates/async-trait
[INFO] [stdout]    = note: see issue #91611 <https://github.com/rust-lang/rust/issues/91611> for more information
[INFO] [stdout]    = note: this error originates in the attribute macro `handler` (in Nightly builds, run with -Z macro-backtrace for more info)
[INFO] [stdout] 
[INFO] [stdout] 
[INFO] [stdout] error[E0706]: functions in traits cannot be declared `async`
[INFO] [stdout]   --> tests/handler.rs:83:1
[INFO] [stdout]    |
[INFO] [stdout] 83 | #[handler]
[INFO] [stdout]    | ^^^^^^^^^^ `async` because of this
[INFO] [stdout]    |
[INFO] [stdout]    = note: `async` trait functions are not currently supported
[INFO] [stdout]    = note: consider using the `async-trait` crate: https://crates.io/crates/async-trait
[INFO] [stdout]    = note: see issue #91611 <https://github.com/rust-lang/rust/issues/91611> for more information
[INFO] [stdout]    = note: this error originates in the attribute macro `handler` (in Nightly builds, run with -Z macro-backtrace for more info)
[INFO] [stdout] 
[INFO] [stdout] 
[INFO] [stdout] error[E0706]: functions in traits cannot be declared `async`
[INFO] [stdout]   --> tests/handler.rs:88:1
[INFO] [stdout]    |
[INFO] [stdout] 88 | #[handler]
[INFO] [stdout]    | ^^^^^^^^^^ `async` because of this
[INFO] [stdout]    |
[INFO] [stdout]    = note: `async` trait functions are not currently supported
[INFO] [stdout]    = note: consider using the `async-trait` crate: https://crates.io/crates/async-trait
[INFO] [stdout]    = note: see issue #91611 <https://github.com/rust-lang/rust/issues/91611> for more information
[INFO] [stdout]    = note: this error originates in the attribute macro `handler` (in Nightly builds, run with -Z macro-backtrace for more info)
[INFO] [stdout] 
[INFO] [stdout] 
[INFO] [stdout] error[E0706]: functions in traits cannot be declared `async`
[INFO] [stdout]   --> tests/handler.rs:93:1
[INFO] [stdout]    |
[INFO] [stdout] 93 | #[handler]
[INFO] [stdout]    | ^^^^^^^^^^ `async` because of this
[INFO] [stdout]    |
[INFO] [stdout]    = note: `async` trait functions are not currently supported
[INFO] [stdout]    = note: consider using the `async-trait` crate: https://crates.io/crates/async-trait
[INFO] [stdout]    = note: see issue #91611 <https://github.com/rust-lang/rust/issues/91611> for more information
[INFO] [stdout]    = note: this error originates in the attribute macro `handler` (in Nightly builds, run with -Z macro-backtrace for more info)
[INFO] [stdout] 
[INFO] [stdout] 
[INFO] [stdout] error[E0706]: functions in traits cannot be declared `async`
[INFO] [stdout]   --> tests/handler.rs:96:1
[INFO] [stdout]    |
[INFO] [stdout] 96 | #[handler]
[INFO] [stdout]    | ^^^^^^^^^^ `async` because of this
[INFO] [stdout]    |
[INFO] [stdout]    = note: `async` trait functions are not currently supported
[INFO] [stdout]    = note: consider using the `async-trait` crate: https://crates.io/crates/async-trait
[INFO] [stdout]    = note: see issue #91611 <https://github.com/rust-lang/rust/issues/91611> for more information
[INFO] [stdout]    = note: this error originates in the attribute macro `handler` (in Nightly builds, run with -Z macro-backtrace for more info)
[INFO] [stdout] 
[INFO] [stdout] 
[INFO] [stdout] error[E0706]: functions in traits cannot be declared `async`
[INFO] [stdout]    --> tests/handler.rs:101:1
[INFO] [stdout]     |
[INFO] [stdout] 101 | #[handler]
[INFO] [stdout]     | ^^^^^^^^^^ `async` because of this
[INFO] [stdout]     |
[INFO] [stdout]     = note: `async` trait functions are not currently supported
[INFO] [stdout]     = note: consider using the `async-trait` crate: https://crates.io/crates/async-trait
[INFO] [stdout]     = note: see issue #91611 <https://github.com/rust-lang/rust/issues/91611> for more information
[INFO] [stdout]     = note: this error originates in the attribute macro `handler` (in Nightly builds, run with -Z macro-backtrace for more info)
[INFO] [stdout] 
[INFO] [stdout] 
[INFO] [stdout] error[E0706]: functions in traits cannot be declared `async`
[INFO] [stdout]    --> tests/handler.rs:106:1
[INFO] [stdout]     |
[INFO] [stdout] 106 | #[handler]
[INFO] [stdout]     | ^^^^^^^^^^ `async` because of this
[INFO] [stdout]     |
[INFO] [stdout]     = note: `async` trait functions are not currently supported
[INFO] [stdout]     = note: consider using the `async-trait` crate: https://crates.io/crates/async-trait
[INFO] [stdout]     = note: see issue #91611 <https://github.com/rust-lang/rust/issues/91611> for more information
[INFO] [stdout]     = note: this error originates in the attribute macro `handler` (in Nightly builds, run with -Z macro-backtrace for more info)
[INFO] [stdout] 
[INFO] [stdout] 
[INFO] [stdout] error[E0706]: functions in traits cannot be declared `async`
[INFO] [stdout]    --> tests/handler.rs:109:1
[INFO] [stdout]     |
[INFO] [stdout] 109 | #[handler]
[INFO] [stdout]     | ^^^^^^^^^^ `async` because of this
[INFO] [stdout]     |
[INFO] [stdout]     = note: `async` trait functions are not currently supported
[INFO] [stdout]     = note: consider using the `async-trait` crate: https://crates.io/crates/async-trait
[INFO] [stdout]     = note: see issue #91611 <https://github.com/rust-lang/rust/issues/91611> for more information
[INFO] [stdout]     = note: this error originates in the attribute macro `handler` (in Nightly builds, run with -Z macro-backtrace for more info)
[INFO] [stdout] 
[INFO] [stdout] 
[INFO] [stdout] error[E0706]: functions in traits cannot be declared `async`
[INFO] [stdout]    --> tests/handler.rs:114:1
[INFO] [stdout]     |
[INFO] [stdout] 114 | #[handler]
[INFO] [stdout]     | ^^^^^^^^^^ `async` because of this
[INFO] [stdout]     |
[INFO] [stdout]     = note: `async` trait functions are not currently supported
[INFO] [stdout]     = note: consider using the `async-trait` crate: https://crates.io/crates/async-trait
[INFO] [stdout]     = note: see issue #91611 <https://github.com/rust-lang/rust/issues/91611> for more information
[INFO] [stdout]     = note: this error originates in the attribute macro `handler` (in Nightly builds, run with -Z macro-backtrace for more info)
[INFO] [stdout] 
[INFO] [stdout] 
[INFO] [stdout] error: aborting due to 43 previous errors
[INFO] [stdout] 
[INFO] [stdout] 
[INFO] [stdout] Some errors have detailed explanations: E0432, E0433, E0706.
[INFO] [stdout] 
[INFO] [stdout] For more information about an error, try `rustc --explain E0432`.
[INFO] [stdout] 
[INFO] [stderr] error: could not compile `viz-macros` due to 44 previous errors
[INFO] [stderr] warning: build failed, waiting for other jobs to finish...
[INFO] running `Command { std: "docker" "inspect" "289d0e08bb4f9743945ecc0e36044cb621f09a2d0e104efe2cd5fa75e2632fbd", kill_on_drop: false }`
[INFO] running `Command { std: "docker" "rm" "-f" "289d0e08bb4f9743945ecc0e36044cb621f09a2d0e104efe2cd5fa75e2632fbd", kill_on_drop: false }`
[INFO] [stdout] 289d0e08bb4f9743945ecc0e36044cb621f09a2d0e104efe2cd5fa75e2632fbd
