[INFO] fetching crate vex-sys 0.3.0...
[INFO] testing vex-sys-0.3.0 against 1.69.0 for beta-1.70-1
[INFO] extracting crate vex-sys 0.3.0 into /workspace/builds/worker-7-tc1/source
[INFO] validating manifest of crates.io crate vex-sys 0.3.0 on toolchain 1.69.0
[INFO] running `Command { std: CARGO_HOME="/workspace/cargo-home" RUSTUP_HOME="/workspace/rustup-home" "/workspace/cargo-home/bin/cargo" "+1.69.0" "metadata" "--manifest-path" "Cargo.toml" "--no-deps", kill_on_drop: false }`
[INFO] started tweaking crates.io crate vex-sys 0.3.0
[INFO] finished tweaking crates.io crate vex-sys 0.3.0
[INFO] tweaked toml for crates.io crate vex-sys 0.3.0 written to /workspace/builds/worker-7-tc1/source/Cargo.toml
[INFO] running `Command { std: CARGO_HOME="/workspace/cargo-home" RUSTUP_HOME="/workspace/rustup-home" __CARGO_TEST_CHANNEL_OVERRIDE_DO_NOT_USE_THIS="nightly" "/workspace/cargo-home/bin/cargo" "+1.69.0" "generate-lockfile" "--manifest-path" "Cargo.toml" "-Zno-index-update", kill_on_drop: false }`
[INFO] running `Command { std: CARGO_HOME="/workspace/cargo-home" RUSTUP_HOME="/workspace/rustup-home" "/workspace/cargo-home/bin/cargo" "+1.69.0" "fetch" "--manifest-path" "Cargo.toml", kill_on_drop: false }`
[INFO] [stderr]  Downloading crates ...
[INFO] [stderr]   Downloaded bindgen v0.57.0
[INFO] running `Command { std: "docker" "create" "-v" "/var/lib/crater-agent-workspace/builds/worker-7-tc1/target:/opt/rustwide/target:rw,Z" "-v" "/var/lib/crater-agent-workspace/builds/worker-7-tc1/source:/opt/rustwide/workdir:ro,Z" "-v" "/var/lib/crater-agent-workspace/cargo-home:/opt/rustwide/cargo-home:ro,Z" "-v" "/var/lib/crater-agent-workspace/rustup-home:/opt/rustwide/rustup-home:ro,Z" "-e" "SOURCE_DIR=/opt/rustwide/workdir" "-e" "CARGO_TARGET_DIR=/opt/rustwide/target" "-e" "CARGO_HOME=/opt/rustwide/cargo-home" "-e" "RUSTUP_HOME=/opt/rustwide/rustup-home" "-w" "/opt/rustwide/workdir" "-m" "1610612736" "--user" "0:0" "--network" "none" "ghcr.io/rust-lang/crates-build-env/linux@sha256:5ff2268d62e97bff2cde7d5815dd6ed5b47097566f13b8d0ca110b04b60e07ed" "/opt/rustwide/cargo-home/bin/cargo" "+1.69.0" "metadata" "--no-deps" "--format-version=1", kill_on_drop: false }`
[INFO] [stdout] 243e4485c055e81d3588e5d6f789f91cd40166d57b45cc8688cd691ebd3b69d2
[INFO] running `Command { std: "docker" "start" "-a" "243e4485c055e81d3588e5d6f789f91cd40166d57b45cc8688cd691ebd3b69d2", kill_on_drop: false }`
[INFO] running `Command { std: "docker" "inspect" "243e4485c055e81d3588e5d6f789f91cd40166d57b45cc8688cd691ebd3b69d2", kill_on_drop: false }`
[INFO] running `Command { std: "docker" "rm" "-f" "243e4485c055e81d3588e5d6f789f91cd40166d57b45cc8688cd691ebd3b69d2", kill_on_drop: false }`
[INFO] [stdout] 243e4485c055e81d3588e5d6f789f91cd40166d57b45cc8688cd691ebd3b69d2
[INFO] running `Command { std: "docker" "create" "-v" "/var/lib/crater-agent-workspace/builds/worker-7-tc1/target:/opt/rustwide/target:rw,Z" "-v" "/var/lib/crater-agent-workspace/builds/worker-7-tc1/source:/opt/rustwide/workdir:ro,Z" "-v" "/var/lib/crater-agent-workspace/cargo-home:/opt/rustwide/cargo-home:ro,Z" "-v" "/var/lib/crater-agent-workspace/rustup-home:/opt/rustwide/rustup-home:ro,Z" "-e" "SOURCE_DIR=/opt/rustwide/workdir" "-e" "CARGO_TARGET_DIR=/opt/rustwide/target" "-e" "CARGO_INCREMENTAL=0" "-e" "RUST_BACKTRACE=full" "-e" "RUSTFLAGS=--cap-lints=warn" "-e" "RUSTDOCFLAGS=--cap-lints=warn" "-e" "CARGO_HOME=/opt/rustwide/cargo-home" "-e" "RUSTUP_HOME=/opt/rustwide/rustup-home" "-w" "/opt/rustwide/workdir" "-m" "1610612736" "--user" "0:0" "--network" "none" "ghcr.io/rust-lang/crates-build-env/linux@sha256:5ff2268d62e97bff2cde7d5815dd6ed5b47097566f13b8d0ca110b04b60e07ed" "/opt/rustwide/cargo-home/bin/cargo" "+1.69.0" "build" "--frozen" "--message-format=json", kill_on_drop: false }`
[INFO] [stdout] 7dcdbefc6b1d79ec82d5f5e231b3c8daf371076b7b69f0fe9f9319d89d803ac7
[INFO] running `Command { std: "docker" "start" "-a" "7dcdbefc6b1d79ec82d5f5e231b3c8daf371076b7b69f0fe9f9319d89d803ac7", kill_on_drop: false }`
[INFO] [stderr]    Compiling libc v0.2.142
[INFO] [stderr]    Compiling memchr v2.5.0
[INFO] [stderr]    Compiling cfg-if v1.0.0
[INFO] [stderr]    Compiling version_check v0.9.4
[INFO] [stderr]    Compiling glob v0.3.1
[INFO] [stderr]    Compiling log v0.4.17
[INFO] [stderr]    Compiling proc-macro2 v1.0.56
[INFO] [stderr]    Compiling unicode-width v0.1.10
[INFO] [stderr]    Compiling regex-syntax v0.7.1
[INFO] [stderr]    Compiling quote v1.0.26
[INFO] [stderr]    Compiling unicode-ident v1.0.8
[INFO] [stderr]    Compiling nom v5.1.3
[INFO] [stderr]    Compiling clang-sys v1.6.1
[INFO] [stderr]    Compiling libloading v0.7.4
[INFO] [stderr]    Compiling textwrap v0.11.0
[INFO] [stderr]    Compiling ansi_term v0.12.1
[INFO] [stderr]    Compiling aho-corasick v1.0.1
[INFO] [stderr]    Compiling strsim v0.8.0
[INFO] [stderr]    Compiling bitflags v1.3.2
[INFO] [stderr]    Compiling atty v0.2.14
[INFO] [stderr]    Compiling humantime v2.1.0
[INFO] [stderr]    Compiling bindgen v0.57.0
[INFO] [stderr]    Compiling vec_map v0.8.2
[INFO] [stderr]    Compiling termcolor v1.2.0
[INFO] [stderr]    Compiling clap v2.34.0
[INFO] [stderr]    Compiling which v3.1.1
[INFO] [stderr]    Compiling shlex v0.1.1
[INFO] [stderr]    Compiling peeking_take_while v0.1.2
[INFO] [stderr]    Compiling lazy_static v1.4.0
[INFO] [stderr]    Compiling rustc-hash v1.1.0
[INFO] [stderr]    Compiling lazycell v1.3.0
[INFO] [stderr]    Compiling fs_extra v1.3.0
[INFO] [stderr]    Compiling regex v1.8.1
[INFO] [stderr]    Compiling cexpr v0.4.0
[INFO] [stderr]    Compiling env_logger v0.8.4
[INFO] [stderr]    Compiling vex-sys v0.3.0 (/opt/rustwide/workdir)
[INFO] [stderr]     Finished dev [unoptimized + debuginfo] target(s) in 4m 50s
[INFO] running `Command { std: "docker" "inspect" "7dcdbefc6b1d79ec82d5f5e231b3c8daf371076b7b69f0fe9f9319d89d803ac7", kill_on_drop: false }`
[INFO] running `Command { std: "docker" "rm" "-f" "7dcdbefc6b1d79ec82d5f5e231b3c8daf371076b7b69f0fe9f9319d89d803ac7", kill_on_drop: false }`
[INFO] [stdout] 7dcdbefc6b1d79ec82d5f5e231b3c8daf371076b7b69f0fe9f9319d89d803ac7
[INFO] running `Command { std: "docker" "create" "-v" "/var/lib/crater-agent-workspace/builds/worker-7-tc1/target:/opt/rustwide/target:rw,Z" "-v" "/var/lib/crater-agent-workspace/builds/worker-7-tc1/source:/opt/rustwide/workdir:ro,Z" "-v" "/var/lib/crater-agent-workspace/cargo-home:/opt/rustwide/cargo-home:ro,Z" "-v" "/var/lib/crater-agent-workspace/rustup-home:/opt/rustwide/rustup-home:ro,Z" "-e" "SOURCE_DIR=/opt/rustwide/workdir" "-e" "CARGO_TARGET_DIR=/opt/rustwide/target" "-e" "CARGO_INCREMENTAL=0" "-e" "RUST_BACKTRACE=full" "-e" "RUSTFLAGS=--cap-lints=warn" "-e" "RUSTDOCFLAGS=--cap-lints=warn" "-e" "CARGO_HOME=/opt/rustwide/cargo-home" "-e" "RUSTUP_HOME=/opt/rustwide/rustup-home" "-w" "/opt/rustwide/workdir" "-m" "1610612736" "--user" "0:0" "--network" "none" "ghcr.io/rust-lang/crates-build-env/linux@sha256:5ff2268d62e97bff2cde7d5815dd6ed5b47097566f13b8d0ca110b04b60e07ed" "/opt/rustwide/cargo-home/bin/cargo" "+1.69.0" "test" "--frozen" "--no-run" "--message-format=json", kill_on_drop: false }`
[INFO] [stdout] 3ad5cd0b56dae0a63f9ff774d3bae2b2386cb626eda56d3e387771de567e95f1
[INFO] running `Command { std: "docker" "start" "-a" "3ad5cd0b56dae0a63f9ff774d3bae2b2386cb626eda56d3e387771de567e95f1", kill_on_drop: false }`
[INFO] [stderr]    Compiling vex-sys v0.3.0 (/opt/rustwide/workdir)
[INFO] [stdout] error[E0425]: cannot find value `VexArch_VexArchAMD64` in this scope
[INFO] [stdout]   --> src/lib.rs:85:27
[INFO] [stdout]    |
[INFO] [stdout] 85 |         let va: VexArch = VexArch_VexArchAMD64;
[INFO] [stdout]    |                           ^^^^^^^^^^^^^^^^^^^^ not found in this scope
[INFO] [stdout] 
[INFO] [stdout] 
[INFO] [stdout] error[E0425]: cannot find value `VexEndness_VexEndnessLE` in this scope
[INFO] [stdout]   --> src/lib.rs:86:30
[INFO] [stdout]    |
[INFO] [stdout] 86 |         let ve: VexEndness = VexEndness_VexEndnessLE;
[INFO] [stdout]    |                              ^^^^^^^^^^^^^^^^^^^^^^^ not found in this scope
[INFO] [stdout] 
[INFO] [stdout] 
[INFO] [stdout] error[E0308]: mismatched types
[INFO] [stdout]    --> src/lib.rs:125:37
[INFO] [stdout]     |
[INFO] [stdout] 125 |         vta.needs_self_check = Some(return_0);
[INFO] [stdout]     |                                ---- ^^^^^^^^ expected fn pointer, found fn item
[INFO] [stdout]     |                                |
[INFO] [stdout]     |                                arguments to this enum variant are incorrect
[INFO] [stdout]     |
[INFO] [stdout]     = note: expected fn pointer `unsafe extern "C" fn(_, *mut VexRegisterUpdates, _) -> _`
[INFO] [stdout]                   found fn item `unsafe extern "C" fn(_, *mut u32, _) -> _ {return_0}`
[INFO] [stdout]     = note: when the arguments and return types match, functions can be coerced to function pointers
[INFO] [stdout] help: the type constructed contains `unsafe extern "C" fn(*mut c_void, *mut u32, *const VexGuestExtents) -> u32 {return_0}` due to the type of the argument passed
[INFO] [stdout]    --> src/lib.rs:125:32
[INFO] [stdout]     |
[INFO] [stdout] 125 |         vta.needs_self_check = Some(return_0);
[INFO] [stdout]     |                                ^^^^^--------^
[INFO] [stdout]     |                                     |
[INFO] [stdout]     |                                     this argument influences the type of `Some`
[INFO] [stdout] note: tuple variant defined here
[INFO] [stdout]    --> /rustc/84c898d65adf2f39a5a98507f1fe0ce10a2b8dbc/library/core/src/option.rs:571:5
[INFO] [stdout] 
[INFO] [stdout] 
[INFO] [stdout] error: aborting due to 3 previous errors
[INFO] [stdout] 
[INFO] [stdout] 
[INFO] [stdout] Some errors have detailed explanations: E0308, E0425.
[INFO] [stdout] 
[INFO] [stdout] For more information about an error, try `rustc --explain E0308`.
[INFO] [stdout] 
[INFO] [stderr] error: could not compile `vex-sys` due to 4 previous errors
[INFO] running `Command { std: "docker" "inspect" "3ad5cd0b56dae0a63f9ff774d3bae2b2386cb626eda56d3e387771de567e95f1", kill_on_drop: false }`
[INFO] running `Command { std: "docker" "rm" "-f" "3ad5cd0b56dae0a63f9ff774d3bae2b2386cb626eda56d3e387771de567e95f1", kill_on_drop: false }`
[INFO] [stdout] 3ad5cd0b56dae0a63f9ff774d3bae2b2386cb626eda56d3e387771de567e95f1
