[INFO] fetching crate venial 0.5.0...
[INFO] testing venial-0.5.0 against beta-2023-04-20 for beta-1.70-1
[INFO] extracting crate venial 0.5.0 into /workspace/builds/worker-2-tc2/source
[INFO] validating manifest of crates.io crate venial 0.5.0 on toolchain beta-2023-04-20
[INFO] running `Command { std: CARGO_HOME="/workspace/cargo-home" RUSTUP_HOME="/workspace/rustup-home" "/workspace/cargo-home/bin/cargo" "+beta-2023-04-20" "metadata" "--manifest-path" "Cargo.toml" "--no-deps", kill_on_drop: false }`
[INFO] started tweaking crates.io crate venial 0.5.0
[INFO] finished tweaking crates.io crate venial 0.5.0
[INFO] tweaked toml for crates.io crate venial 0.5.0 written to /workspace/builds/worker-2-tc2/source/Cargo.toml
[INFO] running `Command { std: CARGO_HOME="/workspace/cargo-home" RUSTUP_HOME="/workspace/rustup-home" __CARGO_TEST_CHANNEL_OVERRIDE_DO_NOT_USE_THIS="nightly" "/workspace/cargo-home/bin/cargo" "+beta-2023-04-20" "generate-lockfile" "--manifest-path" "Cargo.toml" "-Zno-index-update", kill_on_drop: false }`
[INFO] running `Command { std: CARGO_HOME="/workspace/cargo-home" RUSTUP_HOME="/workspace/rustup-home" "/workspace/cargo-home/bin/cargo" "+beta-2023-04-20" "fetch" "--manifest-path" "Cargo.toml", kill_on_drop: false }`
[INFO] running `Command { std: "docker" "create" "-v" "/var/lib/crater-agent-workspace/builds/worker-2-tc2/target:/opt/rustwide/target:rw,Z" "-v" "/var/lib/crater-agent-workspace/builds/worker-2-tc2/source:/opt/rustwide/workdir:ro,Z" "-v" "/var/lib/crater-agent-workspace/cargo-home:/opt/rustwide/cargo-home:ro,Z" "-v" "/var/lib/crater-agent-workspace/rustup-home:/opt/rustwide/rustup-home:ro,Z" "-e" "SOURCE_DIR=/opt/rustwide/workdir" "-e" "CARGO_TARGET_DIR=/opt/rustwide/target" "-e" "CARGO_HOME=/opt/rustwide/cargo-home" "-e" "RUSTUP_HOME=/opt/rustwide/rustup-home" "-w" "/opt/rustwide/workdir" "-m" "1610612736" "--user" "0:0" "--network" "none" "ghcr.io/rust-lang/crates-build-env/linux@sha256:5ff2268d62e97bff2cde7d5815dd6ed5b47097566f13b8d0ca110b04b60e07ed" "/opt/rustwide/cargo-home/bin/cargo" "+beta-2023-04-20" "metadata" "--no-deps" "--format-version=1", kill_on_drop: false }`
[INFO] [stdout] e95a0ca32f9c455ddd5961b404e01f67e9781eebd97eb952ad6b3f8cd7219cc3
[INFO] running `Command { std: "docker" "start" "-a" "e95a0ca32f9c455ddd5961b404e01f67e9781eebd97eb952ad6b3f8cd7219cc3", kill_on_drop: false }`
[INFO] running `Command { std: "docker" "inspect" "e95a0ca32f9c455ddd5961b404e01f67e9781eebd97eb952ad6b3f8cd7219cc3", kill_on_drop: false }`
[INFO] running `Command { std: "docker" "rm" "-f" "e95a0ca32f9c455ddd5961b404e01f67e9781eebd97eb952ad6b3f8cd7219cc3", kill_on_drop: false }`
[INFO] [stdout] e95a0ca32f9c455ddd5961b404e01f67e9781eebd97eb952ad6b3f8cd7219cc3
[INFO] running `Command { std: "docker" "create" "-v" "/var/lib/crater-agent-workspace/builds/worker-2-tc2/target:/opt/rustwide/target:rw,Z" "-v" "/var/lib/crater-agent-workspace/builds/worker-2-tc2/source:/opt/rustwide/workdir:ro,Z" "-v" "/var/lib/crater-agent-workspace/cargo-home:/opt/rustwide/cargo-home:ro,Z" "-v" "/var/lib/crater-agent-workspace/rustup-home:/opt/rustwide/rustup-home:ro,Z" "-e" "SOURCE_DIR=/opt/rustwide/workdir" "-e" "CARGO_TARGET_DIR=/opt/rustwide/target" "-e" "CARGO_INCREMENTAL=0" "-e" "RUST_BACKTRACE=full" "-e" "RUSTFLAGS=--cap-lints=warn" "-e" "RUSTDOCFLAGS=--cap-lints=warn" "-e" "CARGO_HOME=/opt/rustwide/cargo-home" "-e" "RUSTUP_HOME=/opt/rustwide/rustup-home" "-w" "/opt/rustwide/workdir" "-m" "1610612736" "--user" "0:0" "--network" "none" "ghcr.io/rust-lang/crates-build-env/linux@sha256:5ff2268d62e97bff2cde7d5815dd6ed5b47097566f13b8d0ca110b04b60e07ed" "/opt/rustwide/cargo-home/bin/cargo" "+beta-2023-04-20" "build" "--frozen" "--message-format=json", kill_on_drop: false }`
[INFO] [stdout] 80d43ebf7ba9d37862bd629b934b7a5037a07e972779429dad423c4913568722
[INFO] running `Command { std: "docker" "start" "-a" "80d43ebf7ba9d37862bd629b934b7a5037a07e972779429dad423c4913568722", kill_on_drop: false }`
[INFO] [stderr]    Compiling proc-macro2 v1.0.56
[INFO] [stderr]    Compiling unicode-ident v1.0.8
[INFO] [stderr]    Compiling quote v1.0.26
[INFO] [stderr]    Compiling venial v0.5.0 (/opt/rustwide/workdir)
[INFO] [stderr]     Finished dev [unoptimized + debuginfo] target(s) in 1.05s
[INFO] running `Command { std: "docker" "inspect" "80d43ebf7ba9d37862bd629b934b7a5037a07e972779429dad423c4913568722", kill_on_drop: false }`
[INFO] running `Command { std: "docker" "rm" "-f" "80d43ebf7ba9d37862bd629b934b7a5037a07e972779429dad423c4913568722", kill_on_drop: false }`
[INFO] [stdout] 80d43ebf7ba9d37862bd629b934b7a5037a07e972779429dad423c4913568722
[INFO] running `Command { std: "docker" "create" "-v" "/var/lib/crater-agent-workspace/builds/worker-2-tc2/target:/opt/rustwide/target:rw,Z" "-v" "/var/lib/crater-agent-workspace/builds/worker-2-tc2/source:/opt/rustwide/workdir:ro,Z" "-v" "/var/lib/crater-agent-workspace/cargo-home:/opt/rustwide/cargo-home:ro,Z" "-v" "/var/lib/crater-agent-workspace/rustup-home:/opt/rustwide/rustup-home:ro,Z" "-e" "SOURCE_DIR=/opt/rustwide/workdir" "-e" "CARGO_TARGET_DIR=/opt/rustwide/target" "-e" "CARGO_INCREMENTAL=0" "-e" "RUST_BACKTRACE=full" "-e" "RUSTFLAGS=--cap-lints=warn" "-e" "RUSTDOCFLAGS=--cap-lints=warn" "-e" "CARGO_HOME=/opt/rustwide/cargo-home" "-e" "RUSTUP_HOME=/opt/rustwide/rustup-home" "-w" "/opt/rustwide/workdir" "-m" "1610612736" "--user" "0:0" "--network" "none" "ghcr.io/rust-lang/crates-build-env/linux@sha256:5ff2268d62e97bff2cde7d5815dd6ed5b47097566f13b8d0ca110b04b60e07ed" "/opt/rustwide/cargo-home/bin/cargo" "+beta-2023-04-20" "test" "--frozen" "--no-run" "--message-format=json", kill_on_drop: false }`
[INFO] [stdout] c3fb724057bee89fd611f5e0555944d6de89f099a49c3ace9c24a53c45a8a673
[INFO] running `Command { std: "docker" "start" "-a" "c3fb724057bee89fd611f5e0555944d6de89f099a49c3ace9c24a53c45a8a673", kill_on_drop: false }`
[INFO] [stderr]    Compiling memchr v2.5.0
[INFO] [stderr]    Compiling lazy_static v1.4.0
[INFO] [stderr]    Compiling regex-automata v0.1.10
[INFO] [stderr]    Compiling unicode-segmentation v1.10.1
[INFO] [stderr]    Compiling linked-hash-map v0.5.6
[INFO] [stderr]    Compiling console v0.15.5
[INFO] [stderr]    Compiling yaml-rust v0.4.5
[INFO] [stderr]    Compiling bstr v0.2.17
[INFO] [stderr]    Compiling similar v2.2.1
[INFO] [stderr]    Compiling similar-asserts v1.4.2
[INFO] [stderr]    Compiling insta v1.29.0
[INFO] [stderr]    Compiling venial v0.5.0 (/opt/rustwide/workdir)
[INFO] [stdout] warning: use of deprecated macro `similar_asserts::assert_str_eq`: use assert_eq! instead
[INFO] [stdout]   --> src/tests.rs:23:5
[INFO] [stdout]    |
[INFO] [stdout] 23 |     similar_asserts::assert_str_eq!(quote!(#declaration), initial_tokens);
[INFO] [stdout]    |     ^^^^^^^^^^^^^^^^^^^^^^^^^^^^^^
[INFO] [stdout]    |
[INFO] [stdout]    = note: `#[warn(deprecated)]` on by default
[INFO] [stdout] 
[INFO] [stdout] 
[INFO] [stdout] warning: use of deprecated macro `similar_asserts::assert_str_eq`: use assert_eq! instead
[INFO] [stdout]   --> src/tests.rs:34:5
[INFO] [stdout]    |
[INFO] [stdout] 34 |     similar_asserts::assert_str_eq!(quote!(#generic_args), initial_tokens);
[INFO] [stdout]    |     ^^^^^^^^^^^^^^^^^^^^^^^^^^^^^^
[INFO] [stdout] 
[INFO] [stdout] 
[INFO] [stdout] warning: use of deprecated macro `similar_asserts::assert_str_eq`: use assert_eq! instead
[INFO] [stdout]     --> src/tests.rs:1215:5
[INFO] [stdout]      |
[INFO] [stdout] 1215 |     similar_asserts::assert_str_eq!(quote!(#ty_expr), tokens);
[INFO] [stdout]      |     ^^^^^^^^^^^^^^^^^^^^^^^^^^^^^^
[INFO] [stdout] 
[INFO] [stdout] 
[INFO] [stdout] warning: use of deprecated macro `similar_asserts::assert_str_eq`: use assert_eq! instead
[INFO] [stdout]     --> src/tests.rs:1228:5
[INFO] [stdout]      |
[INFO] [stdout] 1228 |     similar_asserts::assert_str_eq!(quote!(#ty_expr), tokens);
[INFO] [stdout]      |     ^^^^^^^^^^^^^^^^^^^^^^^^^^^^^^
[INFO] [stdout] 
[INFO] [stdout] 
[INFO] [stdout] error[E0369]: binary operation `==` cannot be applied to type `TokenStream`
[INFO] [stdout]   --> src/tests.rs:23:5
[INFO] [stdout]    |
[INFO] [stdout] 23 |     similar_asserts::assert_str_eq!(quote!(#declaration), initial_tokens);
[INFO] [stdout]    |     ^^^^^^^^^^^^^^^^^^^^^^^^^^^^^^^^^^^^^^^^^^^^^^^^^^^^^^^^^^^^^^^^^^^^^
[INFO] [stdout]    |     |
[INFO] [stdout]    |     TokenStream
[INFO] [stdout]    |     TokenStream
[INFO] [stdout]    |
[INFO] [stdout]    = note: this error originates in the macro `$crate::__assert_eq` which comes from the expansion of the macro `similar_asserts::assert_str_eq` (in Nightly builds, run with -Z macro-backtrace for more info)
[INFO] [stdout] 
[INFO] [stdout] 
[INFO] [stdout] error[E0369]: binary operation `==` cannot be applied to type `TokenStream`
[INFO] [stdout]   --> src/tests.rs:34:5
[INFO] [stdout]    |
[INFO] [stdout] 34 |     similar_asserts::assert_str_eq!(quote!(#generic_args), initial_tokens);
[INFO] [stdout]    |     ^^^^^^^^^^^^^^^^^^^^^^^^^^^^^^^^^^^^^^^^^^^^^^^^^^^^^^^^^^^^^^^^^^^^^^
[INFO] [stdout]    |     |
[INFO] [stdout]    |     TokenStream
[INFO] [stdout]    |     TokenStream
[INFO] [stdout]    |
[INFO] [stdout]    = note: this error originates in the macro `$crate::__assert_eq` which comes from the expansion of the macro `similar_asserts::assert_str_eq` (in Nightly builds, run with -Z macro-backtrace for more info)
[INFO] [stdout] 
[INFO] [stdout] 
[INFO] [stdout] error[E0369]: binary operation `==` cannot be applied to type `TokenStream`
[INFO] [stdout]     --> src/tests.rs:1215:5
[INFO] [stdout]      |
[INFO] [stdout] 1215 |     similar_asserts::assert_str_eq!(quote!(#ty_expr), tokens);
[INFO] [stdout]      |     ^^^^^^^^^^^^^^^^^^^^^^^^^^^^^^^^^^^^^^^^^^^^^^^^^^^^^^^^^
[INFO] [stdout]      |     |
[INFO] [stdout]      |     TokenStream
[INFO] [stdout]      |     TokenStream
[INFO] [stdout]      |
[INFO] [stdout]      = note: this error originates in the macro `$crate::__assert_eq` which comes from the expansion of the macro `similar_asserts::assert_str_eq` (in Nightly builds, run with -Z macro-backtrace for more info)
[INFO] [stdout] 
[INFO] [stdout] 
[INFO] [stdout] error[E0369]: binary operation `==` cannot be applied to type `TokenStream`
[INFO] [stdout]     --> src/tests.rs:1228:5
[INFO] [stdout]      |
[INFO] [stdout] 1228 |     similar_asserts::assert_str_eq!(quote!(#ty_expr), tokens);
[INFO] [stdout]      |     ^^^^^^^^^^^^^^^^^^^^^^^^^^^^^^^^^^^^^^^^^^^^^^^^^^^^^^^^^
[INFO] [stdout]      |     |
[INFO] [stdout]      |     TokenStream
[INFO] [stdout]      |     TokenStream
[INFO] [stdout]      |
[INFO] [stdout]      = note: this error originates in the macro `$crate::__assert_eq` which comes from the expansion of the macro `similar_asserts::assert_str_eq` (in Nightly builds, run with -Z macro-backtrace for more info)
[INFO] [stdout] 
[INFO] [stdout] 
[INFO] [stdout] error: aborting due to 4 previous errors; 4 warnings emitted
[INFO] [stdout] 
[INFO] [stdout] 
[INFO] [stdout] For more information about this error, try `rustc --explain E0369`.
[INFO] [stdout] 
[INFO] [stderr] error: could not compile `venial` (lib test) due to 5 previous errors; 4 warnings emitted
[INFO] running `Command { std: "docker" "inspect" "c3fb724057bee89fd611f5e0555944d6de89f099a49c3ace9c24a53c45a8a673", kill_on_drop: false }`
[INFO] running `Command { std: "docker" "rm" "-f" "c3fb724057bee89fd611f5e0555944d6de89f099a49c3ace9c24a53c45a8a673", kill_on_drop: false }`
[INFO] [stdout] c3fb724057bee89fd611f5e0555944d6de89f099a49c3ace9c24a53c45a8a673
