[INFO] fetching crate vecfx 0.1.6...
[INFO] testing vecfx-0.1.6 against beta-2023-04-20 for beta-1.70-1
[INFO] extracting crate vecfx 0.1.6 into /workspace/builds/worker-4-tc2/source
[INFO] validating manifest of crates.io crate vecfx 0.1.6 on toolchain beta-2023-04-20
[INFO] running `Command { std: CARGO_HOME="/workspace/cargo-home" RUSTUP_HOME="/workspace/rustup-home" "/workspace/cargo-home/bin/cargo" "+beta-2023-04-20" "metadata" "--manifest-path" "Cargo.toml" "--no-deps", kill_on_drop: false }`
[INFO] started tweaking crates.io crate vecfx 0.1.6
[INFO] finished tweaking crates.io crate vecfx 0.1.6
[INFO] tweaked toml for crates.io crate vecfx 0.1.6 written to /workspace/builds/worker-4-tc2/source/Cargo.toml
[INFO] running `Command { std: CARGO_HOME="/workspace/cargo-home" RUSTUP_HOME="/workspace/rustup-home" __CARGO_TEST_CHANNEL_OVERRIDE_DO_NOT_USE_THIS="nightly" "/workspace/cargo-home/bin/cargo" "+beta-2023-04-20" "generate-lockfile" "--manifest-path" "Cargo.toml" "-Zno-index-update", kill_on_drop: false }`
[INFO] running `Command { std: CARGO_HOME="/workspace/cargo-home" RUSTUP_HOME="/workspace/rustup-home" "/workspace/cargo-home/bin/cargo" "+beta-2023-04-20" "fetch" "--manifest-path" "Cargo.toml", kill_on_drop: false }`
[INFO] [stderr]  Downloading crates ...
[INFO] [stderr]   Downloaded simba v0.7.3
[INFO] [stderr]   Downloaded matrixmultiply v0.3.4
[INFO] [stderr]   Downloaded nalgebra v0.31.4
[INFO] running `Command { std: "docker" "create" "-v" "/var/lib/crater-agent-workspace/builds/worker-4-tc2/target:/opt/rustwide/target:rw,Z" "-v" "/var/lib/crater-agent-workspace/builds/worker-4-tc2/source:/opt/rustwide/workdir:ro,Z" "-v" "/var/lib/crater-agent-workspace/cargo-home:/opt/rustwide/cargo-home:ro,Z" "-v" "/var/lib/crater-agent-workspace/rustup-home:/opt/rustwide/rustup-home:ro,Z" "-e" "SOURCE_DIR=/opt/rustwide/workdir" "-e" "CARGO_TARGET_DIR=/opt/rustwide/target" "-e" "CARGO_HOME=/opt/rustwide/cargo-home" "-e" "RUSTUP_HOME=/opt/rustwide/rustup-home" "-w" "/opt/rustwide/workdir" "-m" "1610612736" "--user" "0:0" "--network" "none" "ghcr.io/rust-lang/crates-build-env/linux@sha256:5ff2268d62e97bff2cde7d5815dd6ed5b47097566f13b8d0ca110b04b60e07ed" "/opt/rustwide/cargo-home/bin/cargo" "+beta-2023-04-20" "metadata" "--no-deps" "--format-version=1", kill_on_drop: false }`
[INFO] [stdout] a912b4b24ea30a1b81503190fa25c3422cf2242a80085880630fcd3a562fbd97
[INFO] running `Command { std: "docker" "start" "-a" "a912b4b24ea30a1b81503190fa25c3422cf2242a80085880630fcd3a562fbd97", kill_on_drop: false }`
[INFO] running `Command { std: "docker" "inspect" "a912b4b24ea30a1b81503190fa25c3422cf2242a80085880630fcd3a562fbd97", kill_on_drop: false }`
[INFO] running `Command { std: "docker" "rm" "-f" "a912b4b24ea30a1b81503190fa25c3422cf2242a80085880630fcd3a562fbd97", kill_on_drop: false }`
[INFO] [stdout] a912b4b24ea30a1b81503190fa25c3422cf2242a80085880630fcd3a562fbd97
[INFO] running `Command { std: "docker" "create" "-v" "/var/lib/crater-agent-workspace/builds/worker-4-tc2/target:/opt/rustwide/target:rw,Z" "-v" "/var/lib/crater-agent-workspace/builds/worker-4-tc2/source:/opt/rustwide/workdir:ro,Z" "-v" "/var/lib/crater-agent-workspace/cargo-home:/opt/rustwide/cargo-home:ro,Z" "-v" "/var/lib/crater-agent-workspace/rustup-home:/opt/rustwide/rustup-home:ro,Z" "-e" "SOURCE_DIR=/opt/rustwide/workdir" "-e" "CARGO_TARGET_DIR=/opt/rustwide/target" "-e" "CARGO_INCREMENTAL=0" "-e" "RUST_BACKTRACE=full" "-e" "RUSTFLAGS=--cap-lints=warn" "-e" "RUSTDOCFLAGS=--cap-lints=warn" "-e" "CARGO_HOME=/opt/rustwide/cargo-home" "-e" "RUSTUP_HOME=/opt/rustwide/rustup-home" "-w" "/opt/rustwide/workdir" "-m" "1610612736" "--user" "0:0" "--network" "none" "ghcr.io/rust-lang/crates-build-env/linux@sha256:5ff2268d62e97bff2cde7d5815dd6ed5b47097566f13b8d0ca110b04b60e07ed" "/opt/rustwide/cargo-home/bin/cargo" "+beta-2023-04-20" "build" "--frozen" "--message-format=json", kill_on_drop: false }`
[INFO] [stdout] 458f09223280f02e283ca9b95c817a959717e3ba222432611005a351b8e6a73d
[INFO] running `Command { std: "docker" "start" "-a" "458f09223280f02e283ca9b95c817a959717e3ba222432611005a351b8e6a73d", kill_on_drop: false }`
[INFO] [stderr]    Compiling serde v1.0.160
[INFO] [stderr]    Compiling num-traits v0.2.15
[INFO] [stderr]    Compiling approx v0.5.1
[INFO] [stderr]    Compiling rand_core v0.6.4
[INFO] [stderr]    Compiling rand v0.8.5
[INFO] [stderr]    Compiling ordered-float v3.7.0
[INFO] [stderr]    Compiling vecfx v0.1.6 (/opt/rustwide/workdir)
[INFO] [stdout] warning: unused import: `std::f64`
[INFO] [stdout]  --> src/lib.rs:4:5
[INFO] [stdout]   |
[INFO] [stdout] 4 | use std::f64;
[INFO] [stdout]   |     ^^^^^^^^
[INFO] [stdout]   |
[INFO] [stdout]   = note: `#[warn(unused_imports)]` on by default
[INFO] [stdout] 
[INFO] [stdout] 
[INFO] [stdout] warning: the item `TryInto` is imported redundantly
[INFO] [stdout]   --> src/array.rs:11:9
[INFO] [stdout]    |
[INFO] [stdout] 11 |     use std::convert::TryInto;
[INFO] [stdout]    |         ^^^^^^^^^^^^^^^^^^^^^
[INFO] [stdout]   --> /rustc/1b7dd2252b99671ce5d1cb9664c5f8636329436d/library/std/src/prelude/mod.rs:129:13
[INFO] [stdout]    |
[INFO] [stdout]    = note: the item `TryInto` is already defined here
[INFO] [stdout] 
[INFO] [stdout] 
[INFO] [stdout] warning: the item `TryInto` is imported redundantly
[INFO] [stdout]   --> src/array.rs:21:9
[INFO] [stdout]    |
[INFO] [stdout] 21 |     use std::convert::TryInto;
[INFO] [stdout]    |         ^^^^^^^^^^^^^^^^^^^^^
[INFO] [stdout]   --> /rustc/1b7dd2252b99671ce5d1cb9664c5f8636329436d/library/std/src/prelude/mod.rs:129:13
[INFO] [stdout]    |
[INFO] [stdout]    = note: the item `TryInto` is already defined here
[INFO] [stdout] 
[INFO] [stdout] 
[INFO] [stdout] warning: unused import: `std::borrow::Borrow`
[INFO] [stdout]  --> src/ord.rs:2:5
[INFO] [stdout]   |
[INFO] [stdout] 2 | use std::borrow::Borrow;
[INFO] [stdout]   |     ^^^^^^^^^^^^^^^^^^^
[INFO] [stdout] 
[INFO] [stdout] 
[INFO] [stdout] warning: unused import: `std::borrow::Borrow`
[INFO] [stdout]   --> src/iterator.rs:54:5
[INFO] [stdout]    |
[INFO] [stdout] 54 | use std::borrow::Borrow;
[INFO] [stdout]    |     ^^^^^^^^^^^^^^^^^^^
[INFO] [stdout] 
[INFO] [stdout] 
[INFO] [stdout] warning: 5 warnings emitted
[INFO] [stdout] 
[INFO] [stdout] 
[INFO] [stderr]     Finished dev [unoptimized + debuginfo] target(s) in 4.10s
[INFO] running `Command { std: "docker" "inspect" "458f09223280f02e283ca9b95c817a959717e3ba222432611005a351b8e6a73d", kill_on_drop: false }`
[INFO] running `Command { std: "docker" "rm" "-f" "458f09223280f02e283ca9b95c817a959717e3ba222432611005a351b8e6a73d", kill_on_drop: false }`
[INFO] [stdout] 458f09223280f02e283ca9b95c817a959717e3ba222432611005a351b8e6a73d
[INFO] running `Command { std: "docker" "create" "-v" "/var/lib/crater-agent-workspace/builds/worker-4-tc2/target:/opt/rustwide/target:rw,Z" "-v" "/var/lib/crater-agent-workspace/builds/worker-4-tc2/source:/opt/rustwide/workdir:ro,Z" "-v" "/var/lib/crater-agent-workspace/cargo-home:/opt/rustwide/cargo-home:ro,Z" "-v" "/var/lib/crater-agent-workspace/rustup-home:/opt/rustwide/rustup-home:ro,Z" "-e" "SOURCE_DIR=/opt/rustwide/workdir" "-e" "CARGO_TARGET_DIR=/opt/rustwide/target" "-e" "CARGO_INCREMENTAL=0" "-e" "RUST_BACKTRACE=full" "-e" "RUSTFLAGS=--cap-lints=warn" "-e" "RUSTDOCFLAGS=--cap-lints=warn" "-e" "CARGO_HOME=/opt/rustwide/cargo-home" "-e" "RUSTUP_HOME=/opt/rustwide/rustup-home" "-w" "/opt/rustwide/workdir" "-m" "1610612736" "--user" "0:0" "--network" "none" "ghcr.io/rust-lang/crates-build-env/linux@sha256:5ff2268d62e97bff2cde7d5815dd6ed5b47097566f13b8d0ca110b04b60e07ed" "/opt/rustwide/cargo-home/bin/cargo" "+beta-2023-04-20" "test" "--frozen" "--no-run" "--message-format=json", kill_on_drop: false }`
[INFO] [stdout] c3fa029680f5c1a05990adad1cd2aa4745fcb750187f7a25fdbea4c7fc504db4
[INFO] running `Command { std: "docker" "start" "-a" "c3fa029680f5c1a05990adad1cd2aa4745fcb750187f7a25fdbea4c7fc504db4", kill_on_drop: false }`
[INFO] [stdout] warning: unused import: `std::f64`
[INFO] [stdout]  --> src/lib.rs:4:5
[INFO] [stdout]   |
[INFO] [stdout] 4 | use std::f64;
[INFO] [stdout]   |     ^^^^^^^^
[INFO] [stdout]   |
[INFO] [stdout]   = note: `#[warn(unused_imports)]` on by default
[INFO] [stdout] 
[INFO] [stdout] 
[INFO] [stdout] warning: the item `TryInto` is imported redundantly
[INFO] [stdout]   --> src/array.rs:11:9
[INFO] [stdout]    |
[INFO] [stdout] 11 |     use std::convert::TryInto;
[INFO] [stdout]    |         ^^^^^^^^^^^^^^^^^^^^^
[INFO] [stdout]   --> /rustc/1b7dd2252b99671ce5d1cb9664c5f8636329436d/library/std/src/prelude/mod.rs:129:13
[INFO] [stdout]    |
[INFO] [stdout]    = note: the item `TryInto` is already defined here
[INFO] [stdout] 
[INFO] [stdout] 
[INFO] [stdout] warning: the item `TryInto` is imported redundantly
[INFO] [stdout]   --> src/array.rs:21:9
[INFO] [stdout]    |
[INFO] [stdout] 21 |     use std::convert::TryInto;
[INFO] [stdout]    |         ^^^^^^^^^^^^^^^^^^^^^
[INFO] [stdout]   --> /rustc/1b7dd2252b99671ce5d1cb9664c5f8636329436d/library/std/src/prelude/mod.rs:129:13
[INFO] [stdout]    |
[INFO] [stdout]    = note: the item `TryInto` is already defined here
[INFO] [stdout] 
[INFO] [stdout] 
[INFO] [stdout] warning: unused import: `std::borrow::Borrow`
[INFO] [stdout]  --> src/ord.rs:2:5
[INFO] [stdout]   |
[INFO] [stdout] 2 | use std::borrow::Borrow;
[INFO] [stdout]   |     ^^^^^^^^^^^^^^^^^^^
[INFO] [stdout] 
[INFO] [stdout] 
[INFO] [stdout] warning: unused import: `std::borrow::Borrow`
[INFO] [stdout]   --> src/iterator.rs:54:5
[INFO] [stdout]    |
[INFO] [stdout] 54 | use std::borrow::Borrow;
[INFO] [stdout]    |     ^^^^^^^^^^^^^^^^^^^
[INFO] [stdout] 
[INFO] [stdout] 
[INFO] [stdout] warning: 5 warnings emitted
[INFO] [stdout] 
[INFO] [stdout] 
[INFO] [stderr]    Compiling vecfx v0.1.6 (/opt/rustwide/workdir)
[INFO] [stdout] error[E0432]: unresolved import `crate::approx`
[INFO] [stdout]   --> src/array.rs:57:16
[INFO] [stdout]    |
[INFO] [stdout] 57 |     use crate::approx::*;
[INFO] [stdout]    |                ^^^^^^ could not find `approx` in the crate root
[INFO] [stdout] 
[INFO] [stdout] 
[INFO] [stdout] error: cannot find macro `assert_relative_eq` in this scope
[INFO] [stdout]   --> src/array.rs:68:5
[INFO] [stdout]    |
[INFO] [stdout] 68 |     assert_relative_eq!(p4[2], 6.3, epsilon = 1e-4);
[INFO] [stdout]    |     ^^^^^^^^^^^^^^^^^^
[INFO] [stdout]    |
[INFO] [stdout]    = help: consider importing this macro:
[INFO] [stdout]            approx::assert_relative_eq
[INFO] [stdout] 
[INFO] [stdout] 
[INFO] [stdout] error: cannot find macro `assert_relative_eq` in this scope
[INFO] [stdout]   --> src/array.rs:67:5
[INFO] [stdout]    |
[INFO] [stdout] 67 |     assert_relative_eq!(p4[1], 4.2, epsilon = 1e-4);
[INFO] [stdout]    |     ^^^^^^^^^^^^^^^^^^
[INFO] [stdout]    |
[INFO] [stdout]    = help: consider importing this macro:
[INFO] [stdout]            approx::assert_relative_eq
[INFO] [stdout] 
[INFO] [stdout] 
[INFO] [stdout] error: cannot find macro `assert_relative_eq` in this scope
[INFO] [stdout]   --> src/array.rs:66:5
[INFO] [stdout]    |
[INFO] [stdout] 66 |     assert_relative_eq!(p4[0], 2.1, epsilon = 1e-4);
[INFO] [stdout]    |     ^^^^^^^^^^^^^^^^^^
[INFO] [stdout]    |
[INFO] [stdout]    = help: consider importing this macro:
[INFO] [stdout]            approx::assert_relative_eq
[INFO] [stdout] 
[INFO] [stdout] 
[INFO] [stdout] error: cannot find macro `assert_relative_eq` in this scope
[INFO] [stdout]   --> src/array.rs:65:5
[INFO] [stdout]    |
[INFO] [stdout] 65 |     assert_relative_eq!(p3[2], 0.3, epsilon = 1e-4);
[INFO] [stdout]    |     ^^^^^^^^^^^^^^^^^^
[INFO] [stdout]    |
[INFO] [stdout]    = help: consider importing this macro:
[INFO] [stdout]            approx::assert_relative_eq
[INFO] [stdout] 
[INFO] [stdout] 
[INFO] [stdout] error: cannot find macro `assert_relative_eq` in this scope
[INFO] [stdout]   --> src/array.rs:64:5
[INFO] [stdout]    |
[INFO] [stdout] 64 |     assert_relative_eq!(p3[1], 0.2, epsilon = 1e-4);
[INFO] [stdout]    |     ^^^^^^^^^^^^^^^^^^
[INFO] [stdout]    |
[INFO] [stdout]    = help: consider importing this macro:
[INFO] [stdout]            approx::assert_relative_eq
[INFO] [stdout] 
[INFO] [stdout] 
[INFO] [stdout] error: cannot find macro `assert_relative_eq` in this scope
[INFO] [stdout]   --> src/array.rs:63:5
[INFO] [stdout]    |
[INFO] [stdout] 63 |     assert_relative_eq!(p3[0], 0.1, epsilon = 1e-4);
[INFO] [stdout]    |     ^^^^^^^^^^^^^^^^^^
[INFO] [stdout]    |
[INFO] [stdout]    = help: consider importing this macro:
[INFO] [stdout]            approx::assert_relative_eq
[INFO] [stdout] 
[INFO] [stdout] 
[INFO] [stdout] warning: the item `TryInto` is imported redundantly
[INFO] [stdout]   --> src/array.rs:11:9
[INFO] [stdout]    |
[INFO] [stdout] 11 |     use std::convert::TryInto;
[INFO] [stdout]    |         ^^^^^^^^^^^^^^^^^^^^^
[INFO] [stdout]   --> /rustc/1b7dd2252b99671ce5d1cb9664c5f8636329436d/library/std/src/prelude/mod.rs:129:13
[INFO] [stdout]    |
[INFO] [stdout]    = note: the item `TryInto` is already defined here
[INFO] [stdout]    |
[INFO] [stdout]    = note: `#[warn(unused_imports)]` on by default
[INFO] [stdout] 
[INFO] [stdout] 
[INFO] [stdout] warning: the item `TryInto` is imported redundantly
[INFO] [stdout]   --> src/array.rs:21:9
[INFO] [stdout]    |
[INFO] [stdout] 21 |     use std::convert::TryInto;
[INFO] [stdout]    |         ^^^^^^^^^^^^^^^^^^^^^
[INFO] [stdout]   --> /rustc/1b7dd2252b99671ce5d1cb9664c5f8636329436d/library/std/src/prelude/mod.rs:129:13
[INFO] [stdout]    |
[INFO] [stdout]    = note: the item `TryInto` is already defined here
[INFO] [stdout] 
[INFO] [stdout] 
[INFO] [stdout] warning: unused import: `std::borrow::Borrow`
[INFO] [stdout]  --> src/ord.rs:2:5
[INFO] [stdout]   |
[INFO] [stdout] 2 | use std::borrow::Borrow;
[INFO] [stdout]   |     ^^^^^^^^^^^^^^^^^^^
[INFO] [stdout] 
[INFO] [stdout] 
[INFO] [stdout] warning: unused import: `approx::*`
[INFO] [stdout]    --> src/vector.rs:279:9
[INFO] [stdout]     |
[INFO] [stdout] 279 |     use approx::*;
[INFO] [stdout]     |         ^^^^^^^^^
[INFO] [stdout] 
[INFO] [stdout] 
[INFO] [stdout] error[E0599]: no method named `as_vector_slice` found for array `[{float}; 2]` in the current scope
[INFO] [stdout]    --> src/vector.rs:424:15
[INFO] [stdout]     |
[INFO] [stdout] 424 |     let a = x.as_vector_slice();
[INFO] [stdout]     |               ^^^^^^^^^^^^^^^ help: there is a method with a similar name: `as_slice`
[INFO] [stdout] 
[INFO] [stdout] 
[INFO] [stdout] error[E0599]: no method named `as_vector_slice` found for array `[{float}; 2]` in the current scope
[INFO] [stdout]    --> src/vector.rs:426:15
[INFO] [stdout]     |
[INFO] [stdout] 426 |     let b = x.as_vector_slice();
[INFO] [stdout]     |               ^^^^^^^^^^^^^^^ help: there is a method with a similar name: `as_slice`
[INFO] [stdout] 
[INFO] [stdout] 
[INFO] [stdout] warning: unused import: `std::borrow::Borrow`
[INFO] [stdout]   --> src/iterator.rs:54:5
[INFO] [stdout]    |
[INFO] [stdout] 54 | use std::borrow::Borrow;
[INFO] [stdout]    |     ^^^^^^^^^^^^^^^^^^^
[INFO] [stdout] 
[INFO] [stdout] 
[INFO] [stdout] error: aborting due to 9 previous errors; 5 warnings emitted
[INFO] [stdout] 
[INFO] [stdout] 
[INFO] [stdout] Some errors have detailed explanations: E0432, E0599.
[INFO] [stdout] 
[INFO] [stdout] For more information about an error, try `rustc --explain E0432`.
[INFO] [stdout] 
[INFO] [stderr] error: could not compile `vecfx` (lib test) due to 10 previous errors; 5 warnings emitted
[INFO] running `Command { std: "docker" "inspect" "c3fa029680f5c1a05990adad1cd2aa4745fcb750187f7a25fdbea4c7fc504db4", kill_on_drop: false }`
[INFO] running `Command { std: "docker" "rm" "-f" "c3fa029680f5c1a05990adad1cd2aa4745fcb750187f7a25fdbea4c7fc504db4", kill_on_drop: false }`
[INFO] [stdout] c3fa029680f5c1a05990adad1cd2aa4745fcb750187f7a25fdbea4c7fc504db4
