[INFO] fetching crate uwcl_rbpf 0.0.2...
[INFO] testing uwcl_rbpf-0.0.2 against beta-2023-04-20 for beta-1.70-1
[INFO] extracting crate uwcl_rbpf 0.0.2 into /workspace/builds/worker-7-tc2/source
[INFO] validating manifest of crates.io crate uwcl_rbpf 0.0.2 on toolchain beta-2023-04-20
[INFO] running `Command { std: CARGO_HOME="/workspace/cargo-home" RUSTUP_HOME="/workspace/rustup-home" "/workspace/cargo-home/bin/cargo" "+beta-2023-04-20" "metadata" "--manifest-path" "Cargo.toml" "--no-deps", kill_on_drop: false }`
[INFO] started tweaking crates.io crate uwcl_rbpf 0.0.2
[INFO] finished tweaking crates.io crate uwcl_rbpf 0.0.2
[INFO] tweaked toml for crates.io crate uwcl_rbpf 0.0.2 written to /workspace/builds/worker-7-tc2/source/Cargo.toml
[INFO] crate crates.io crate uwcl_rbpf 0.0.2 already has a lockfile, it will not be regenerated
[INFO] running `Command { std: CARGO_HOME="/workspace/cargo-home" RUSTUP_HOME="/workspace/rustup-home" "/workspace/cargo-home/bin/cargo" "+beta-2023-04-20" "fetch" "--manifest-path" "Cargo.toml", kill_on_drop: false }`
[INFO] [stderr]     Updating crates.io index
[INFO] [stderr]  Downloading crates ...
[INFO] [stderr]   Downloaded hash32 v0.1.0
[INFO] [stderr]   Downloaded elf v0.0.10
[INFO] [stderr]   Downloaded json v0.11.15
[INFO] [stderr]   Downloaded goblin v0.4.2
[INFO] [stderr]   Downloaded byteorder v1.2.7
[INFO] running `Command { std: "docker" "create" "-v" "/var/lib/crater-agent-workspace/builds/worker-7-tc2/target:/opt/rustwide/target:rw,Z" "-v" "/var/lib/crater-agent-workspace/builds/worker-7-tc2/source:/opt/rustwide/workdir:ro,Z" "-v" "/var/lib/crater-agent-workspace/cargo-home:/opt/rustwide/cargo-home:ro,Z" "-v" "/var/lib/crater-agent-workspace/rustup-home:/opt/rustwide/rustup-home:ro,Z" "-e" "SOURCE_DIR=/opt/rustwide/workdir" "-e" "CARGO_TARGET_DIR=/opt/rustwide/target" "-e" "CARGO_HOME=/opt/rustwide/cargo-home" "-e" "RUSTUP_HOME=/opt/rustwide/rustup-home" "-w" "/opt/rustwide/workdir" "-m" "1610612736" "--user" "0:0" "--network" "none" "ghcr.io/rust-lang/crates-build-env/linux@sha256:5ff2268d62e97bff2cde7d5815dd6ed5b47097566f13b8d0ca110b04b60e07ed" "/opt/rustwide/cargo-home/bin/cargo" "+beta-2023-04-20" "metadata" "--no-deps" "--format-version=1", kill_on_drop: false }`
[INFO] [stdout] e68cb0da3d4d878b4709cf1b34dc0a95078e9b6aa41557e8b91e89786db296c9
[INFO] running `Command { std: "docker" "start" "-a" "e68cb0da3d4d878b4709cf1b34dc0a95078e9b6aa41557e8b91e89786db296c9", kill_on_drop: false }`
[INFO] running `Command { std: "docker" "inspect" "e68cb0da3d4d878b4709cf1b34dc0a95078e9b6aa41557e8b91e89786db296c9", kill_on_drop: false }`
[INFO] running `Command { std: "docker" "rm" "-f" "e68cb0da3d4d878b4709cf1b34dc0a95078e9b6aa41557e8b91e89786db296c9", kill_on_drop: false }`
[INFO] [stdout] e68cb0da3d4d878b4709cf1b34dc0a95078e9b6aa41557e8b91e89786db296c9
[INFO] running `Command { std: "docker" "create" "-v" "/var/lib/crater-agent-workspace/builds/worker-7-tc2/target:/opt/rustwide/target:rw,Z" "-v" "/var/lib/crater-agent-workspace/builds/worker-7-tc2/source:/opt/rustwide/workdir:ro,Z" "-v" "/var/lib/crater-agent-workspace/cargo-home:/opt/rustwide/cargo-home:ro,Z" "-v" "/var/lib/crater-agent-workspace/rustup-home:/opt/rustwide/rustup-home:ro,Z" "-e" "SOURCE_DIR=/opt/rustwide/workdir" "-e" "CARGO_TARGET_DIR=/opt/rustwide/target" "-e" "CARGO_INCREMENTAL=0" "-e" "RUST_BACKTRACE=full" "-e" "RUSTFLAGS=--cap-lints=warn" "-e" "RUSTDOCFLAGS=--cap-lints=warn" "-e" "CARGO_HOME=/opt/rustwide/cargo-home" "-e" "RUSTUP_HOME=/opt/rustwide/rustup-home" "-w" "/opt/rustwide/workdir" "-m" "1610612736" "--user" "0:0" "--network" "none" "ghcr.io/rust-lang/crates-build-env/linux@sha256:5ff2268d62e97bff2cde7d5815dd6ed5b47097566f13b8d0ca110b04b60e07ed" "/opt/rustwide/cargo-home/bin/cargo" "+beta-2023-04-20" "build" "--frozen" "--message-format=json", kill_on_drop: false }`
[INFO] [stdout] b05c50825e20a1d9e690c76b91d5626eaf203c788a3f31dd32b1536cd428074e
[INFO] running `Command { std: "docker" "start" "-a" "b05c50825e20a1d9e690c76b91d5626eaf203c788a3f31dd32b1536cd428074e", kill_on_drop: false }`
[INFO] [stderr]    Compiling proc-macro2 v1.0.27
[INFO] [stderr]    Compiling libc v0.2.69
[INFO] [stderr]    Compiling unicode-xid v0.2.0
[INFO] [stderr]    Compiling syn v1.0.73
[INFO] [stderr]    Compiling cfg-if v0.1.6
[INFO] [stderr]    Compiling getrandom v0.1.14
[INFO] [stderr]    Compiling memchr v2.3.4
[INFO] [stderr]    Compiling ppv-lite86 v0.2.6
[INFO] [stderr]    Compiling void v1.0.2
[INFO] [stderr]    Compiling byteorder v1.2.7
[INFO] [stderr]    Compiling ascii v0.9.3
[INFO] [stderr]    Compiling either v1.6.1
[INFO] [stderr]    Compiling plain v0.2.3
[INFO] [stderr]    Compiling rustc-demangle v0.1.18
[INFO] [stderr]    Compiling log v0.4.6
[INFO] [stderr]    Compiling unreachable v1.0.0
[INFO] [stderr]    Compiling hash32 v0.1.0
[INFO] [stderr]    Compiling combine v3.8.1
[INFO] [stderr]    Compiling quote v1.0.3
[INFO] [stderr]    Compiling time v0.1.43
[INFO] [stderr]    Compiling rand_core v0.5.1
[INFO] [stderr]    Compiling rand_pcg v0.2.1
[INFO] [stderr]    Compiling rand_chacha v0.2.2
[INFO] [stderr]    Compiling rand v0.7.3
[INFO] [stderr]    Compiling scroll_derive v0.10.1
[INFO] [stderr]    Compiling thiserror-impl v1.0.26
[INFO] [stderr]    Compiling scroll v0.10.1
[INFO] [stderr]    Compiling goblin v0.4.2
[INFO] [stderr]    Compiling thiserror v1.0.26
[INFO] [stderr]    Compiling uwcl_rbpf v0.0.2 (/opt/rustwide/workdir)
[INFO] [stderr]     Finished dev [unoptimized + debuginfo] target(s) in 8.58s
[INFO] running `Command { std: "docker" "inspect" "b05c50825e20a1d9e690c76b91d5626eaf203c788a3f31dd32b1536cd428074e", kill_on_drop: false }`
[INFO] running `Command { std: "docker" "rm" "-f" "b05c50825e20a1d9e690c76b91d5626eaf203c788a3f31dd32b1536cd428074e", kill_on_drop: false }`
[INFO] [stdout] b05c50825e20a1d9e690c76b91d5626eaf203c788a3f31dd32b1536cd428074e
[INFO] running `Command { std: "docker" "create" "-v" "/var/lib/crater-agent-workspace/builds/worker-7-tc2/target:/opt/rustwide/target:rw,Z" "-v" "/var/lib/crater-agent-workspace/builds/worker-7-tc2/source:/opt/rustwide/workdir:ro,Z" "-v" "/var/lib/crater-agent-workspace/cargo-home:/opt/rustwide/cargo-home:ro,Z" "-v" "/var/lib/crater-agent-workspace/rustup-home:/opt/rustwide/rustup-home:ro,Z" "-e" "SOURCE_DIR=/opt/rustwide/workdir" "-e" "CARGO_TARGET_DIR=/opt/rustwide/target" "-e" "CARGO_INCREMENTAL=0" "-e" "RUST_BACKTRACE=full" "-e" "RUSTFLAGS=--cap-lints=warn" "-e" "RUSTDOCFLAGS=--cap-lints=warn" "-e" "CARGO_HOME=/opt/rustwide/cargo-home" "-e" "RUSTUP_HOME=/opt/rustwide/rustup-home" "-w" "/opt/rustwide/workdir" "-m" "1610612736" "--user" "0:0" "--network" "none" "ghcr.io/rust-lang/crates-build-env/linux@sha256:5ff2268d62e97bff2cde7d5815dd6ed5b47097566f13b8d0ca110b04b60e07ed" "/opt/rustwide/cargo-home/bin/cargo" "+beta-2023-04-20" "test" "--frozen" "--no-run" "--message-format=json", kill_on_drop: false }`
[INFO] [stdout] 87321f2231896149036572b799bf18e4717007113aa419084f8fce3a46ce94dc
[INFO] running `Command { std: "docker" "start" "-a" "87321f2231896149036572b799bf18e4717007113aa419084f8fce3a46ce94dc", kill_on_drop: false }`
[INFO] [stderr]    Compiling byteorder v0.5.3
[INFO] [stderr]    Compiling json v0.11.15
[INFO] [stderr]    Compiling elf v0.0.10
[INFO] [stderr]    Compiling uwcl_rbpf v0.0.2 (/opt/rustwide/workdir)
[INFO] [stdout] error[E0463]: can't find crate for `uwcl_test_utils`
[INFO] [stdout]  --> tests/assembler.rs:9:1
[INFO] [stdout]   |
[INFO] [stdout] 9 | extern crate uwcl_test_utils;
[INFO] [stdout]   | ^^^^^^^^^^^^^^^^^^^^^^^^^^^^^ can't find crate
[INFO] [stdout] 
[INFO] [stdout] 
[INFO] [stdout] error[E0463]: can't find crate for `uwcl_test_utils`
[INFO] [stdout]   --> tests/misc.rs:22:1
[INFO] [stdout]    |
[INFO] [stdout] 22 | extern crate uwcl_test_utils;
[INFO] [stdout]    | ^^^^^^^^^^^^^^^^^^^^^^^^^^^^^ can't find crate
[INFO] [stdout] 
[INFO] [stdout] 
[INFO] [stdout] error: aborting due to previous error
[INFO] [stdout] 
[INFO] [stdout] 
[INFO] [stdout] For more information about this error, try `rustc --explain E0463`.
[INFO] [stdout] 
[INFO] [stdout] error[E0463]: can't find crate for `uwcl_test_utils`
[INFO] [stdout]   --> tests/ubpf_execution.rs:11:1
[INFO] [stdout]    |
[INFO] [stdout] 11 | extern crate uwcl_test_utils;
[INFO] [stdout]    | ^^^^^^^^^^^^^^^^^^^^^^^^^^^^^ can't find crate
[INFO] [stdout] 
[INFO] [stdout] 
[INFO] [stderr] error: could not compile `uwcl_rbpf` (test "misc") due to 2 previous errors
[INFO] [stderr] warning: build failed, waiting for other jobs to finish...
[INFO] [stdout] error: aborting due to previous error
[INFO] [stdout] 
[INFO] [stdout] 
[INFO] [stdout] For more information about this error, try `rustc --explain E0463`.
[INFO] [stdout] 
[INFO] [stderr] error: could not compile `uwcl_rbpf` (test "assembler") due to 2 previous errors
[INFO] [stdout] error: aborting due to previous error
[INFO] [stdout] 
[INFO] [stdout] 
[INFO] [stdout] For more information about this error, try `rustc --explain E0463`.
[INFO] [stdout] 
[INFO] [stderr] error: could not compile `uwcl_rbpf` (test "ubpf_execution") due to 2 previous errors
[INFO] running `Command { std: "docker" "inspect" "87321f2231896149036572b799bf18e4717007113aa419084f8fce3a46ce94dc", kill_on_drop: false }`
[INFO] running `Command { std: "docker" "rm" "-f" "87321f2231896149036572b799bf18e4717007113aa419084f8fce3a46ce94dc", kill_on_drop: false }`
[INFO] [stdout] 87321f2231896149036572b799bf18e4717007113aa419084f8fce3a46ce94dc
