[INFO] fetching crate tzf-rs 0.4.0...
[INFO] testing tzf-rs-0.4.0 against beta-2023-04-20 for beta-1.70-1
[INFO] extracting crate tzf-rs 0.4.0 into /workspace/builds/worker-6-tc2/source
[INFO] validating manifest of crates.io crate tzf-rs 0.4.0 on toolchain beta-2023-04-20
[INFO] running `Command { std: CARGO_HOME="/workspace/cargo-home" RUSTUP_HOME="/workspace/rustup-home" "/workspace/cargo-home/bin/cargo" "+beta-2023-04-20" "metadata" "--manifest-path" "Cargo.toml" "--no-deps", kill_on_drop: false }`
[INFO] started tweaking crates.io crate tzf-rs 0.4.0
[INFO] finished tweaking crates.io crate tzf-rs 0.4.0
[INFO] tweaked toml for crates.io crate tzf-rs 0.4.0 written to /workspace/builds/worker-6-tc2/source/Cargo.toml
[INFO] crate crates.io crate tzf-rs 0.4.0 already has a lockfile, it will not be regenerated
[INFO] running `Command { std: CARGO_HOME="/workspace/cargo-home" RUSTUP_HOME="/workspace/rustup-home" "/workspace/cargo-home/bin/cargo" "+beta-2023-04-20" "fetch" "--manifest-path" "Cargo.toml", kill_on_drop: false }`
[INFO] [stderr]     Updating crates.io index
[INFO] [stderr]  Downloading crates ...
[INFO] [stderr]   Downloaded geometry-rs v0.1.2
[INFO] [stderr]   Downloaded prost-derive v0.11.8
[INFO] [stderr]   Downloaded rustc-demangle v0.1.22
[INFO] [stderr]   Downloaded pprof v0.11.1
[INFO] [stderr]   Downloaded prost-build v0.11.8
[INFO] [stderr]   Downloaded num-format v0.4.4
[INFO] [stderr]   Downloaded inferno v0.11.15
[INFO] [stderr]   Downloaded symbolic-demangle v10.2.1
[INFO] [stderr]   Downloaded quick-xml v0.26.0
[INFO] [stderr]   Downloaded cpp_demangle v0.4.0
[INFO] [stderr]   Downloaded prost-types v0.11.8
[INFO] [stderr]   Downloaded symbolic-common v10.2.1
[INFO] [stderr]   Downloaded prost v0.11.8
[INFO] [stderr]   Downloaded tzf-rel v0.0.2023-b
[INFO] [stderr]   Downloaded cities-json v0.3.5
[INFO] running `Command { std: "docker" "create" "-v" "/var/lib/crater-agent-workspace/builds/worker-6-tc2/target:/opt/rustwide/target:rw,Z" "-v" "/var/lib/crater-agent-workspace/builds/worker-6-tc2/source:/opt/rustwide/workdir:ro,Z" "-v" "/var/lib/crater-agent-workspace/cargo-home:/opt/rustwide/cargo-home:ro,Z" "-v" "/var/lib/crater-agent-workspace/rustup-home:/opt/rustwide/rustup-home:ro,Z" "-e" "SOURCE_DIR=/opt/rustwide/workdir" "-e" "CARGO_TARGET_DIR=/opt/rustwide/target" "-e" "CARGO_HOME=/opt/rustwide/cargo-home" "-e" "RUSTUP_HOME=/opt/rustwide/rustup-home" "-w" "/opt/rustwide/workdir" "-m" "1610612736" "--user" "0:0" "--network" "none" "ghcr.io/rust-lang/crates-build-env/linux@sha256:5ff2268d62e97bff2cde7d5815dd6ed5b47097566f13b8d0ca110b04b60e07ed" "/opt/rustwide/cargo-home/bin/cargo" "+beta-2023-04-20" "metadata" "--no-deps" "--format-version=1", kill_on_drop: false }`
[INFO] [stdout] 4bbeb8e11fc53f762cf807307c0ed52076fb8e834c9be0d38ea9ab1c2f3fcec8
[INFO] running `Command { std: "docker" "start" "-a" "4bbeb8e11fc53f762cf807307c0ed52076fb8e834c9be0d38ea9ab1c2f3fcec8", kill_on_drop: false }`
[INFO] running `Command { std: "docker" "inspect" "4bbeb8e11fc53f762cf807307c0ed52076fb8e834c9be0d38ea9ab1c2f3fcec8", kill_on_drop: false }`
[INFO] running `Command { std: "docker" "rm" "-f" "4bbeb8e11fc53f762cf807307c0ed52076fb8e834c9be0d38ea9ab1c2f3fcec8", kill_on_drop: false }`
[INFO] [stdout] 4bbeb8e11fc53f762cf807307c0ed52076fb8e834c9be0d38ea9ab1c2f3fcec8
[INFO] running `Command { std: "docker" "create" "-v" "/var/lib/crater-agent-workspace/builds/worker-6-tc2/target:/opt/rustwide/target:rw,Z" "-v" "/var/lib/crater-agent-workspace/builds/worker-6-tc2/source:/opt/rustwide/workdir:ro,Z" "-v" "/var/lib/crater-agent-workspace/cargo-home:/opt/rustwide/cargo-home:ro,Z" "-v" "/var/lib/crater-agent-workspace/rustup-home:/opt/rustwide/rustup-home:ro,Z" "-e" "SOURCE_DIR=/opt/rustwide/workdir" "-e" "CARGO_TARGET_DIR=/opt/rustwide/target" "-e" "CARGO_INCREMENTAL=0" "-e" "RUST_BACKTRACE=full" "-e" "RUSTFLAGS=--cap-lints=warn" "-e" "RUSTDOCFLAGS=--cap-lints=warn" "-e" "CARGO_HOME=/opt/rustwide/cargo-home" "-e" "RUSTUP_HOME=/opt/rustwide/rustup-home" "-w" "/opt/rustwide/workdir" "-m" "1610612736" "--user" "0:0" "--network" "none" "ghcr.io/rust-lang/crates-build-env/linux@sha256:5ff2268d62e97bff2cde7d5815dd6ed5b47097566f13b8d0ca110b04b60e07ed" "/opt/rustwide/cargo-home/bin/cargo" "+beta-2023-04-20" "build" "--frozen" "--message-format=json", kill_on_drop: false }`
[INFO] [stdout] 2a0b5d96466f174f3612c92d99310cfc68a706f3afa5b95e97099b5a10a9b3e2
[INFO] running `Command { std: "docker" "start" "-a" "2a0b5d96466f174f3612c92d99310cfc68a706f3afa5b95e97099b5a10a9b3e2", kill_on_drop: false }`
[INFO] [stderr]    Compiling proc-macro2 v1.0.53
[INFO] [stderr]    Compiling linux-raw-sys v0.1.4
[INFO] [stderr]    Compiling syn v1.0.109
[INFO] [stderr]    Compiling anyhow v1.0.70
[INFO] [stderr]    Compiling either v1.8.1
[INFO] [stderr]    Compiling io-lifetimes v1.0.9
[INFO] [stderr]    Compiling rustix v0.36.11
[INFO] [stderr]    Compiling log v0.4.17
[INFO] [stderr]    Compiling itertools v0.10.5
[INFO] [stderr]    Compiling indexmap v1.9.3
[INFO] [stderr]    Compiling fastrand v1.9.0
[INFO] [stderr]    Compiling quote v1.0.26
[INFO] [stderr]    Compiling prettyplease v0.1.25
[INFO] [stderr]    Compiling serde_derive v1.0.158
[INFO] [stderr]    Compiling bytes v1.4.0
[INFO] [stderr]    Compiling syn v2.0.10
[INFO] [stderr]    Compiling ahash v0.8.3
[INFO] [stderr]    Compiling lock_api v0.4.9
[INFO] [stderr]    Compiling parking_lot_core v0.9.7
[INFO] [stderr]    Compiling fixedbitset v0.4.2
[INFO] [stderr]    Compiling cpp_demangle v0.4.0
[INFO] [stderr]    Compiling once_cell v1.17.1
[INFO] [stderr]    Compiling regex-syntax v0.6.29
[INFO] [stderr]    Compiling serde v1.0.158
[INFO] [stderr]    Compiling uuid v1.3.0
[INFO] [stderr]    Compiling petgraph v0.6.3
[INFO] [stderr]    Compiling debugid v0.8.0
[INFO] [stderr]    Compiling is-terminal v0.4.5
[INFO] [stderr]    Compiling tempfile v3.4.0
[INFO] [stderr]    Compiling findshlibs v0.10.2
[INFO] [stderr]    Compiling backtrace v0.3.67
[INFO] [stderr]    Compiling which v4.4.0
[INFO] [stderr]    Compiling memmap2 v0.5.10
[INFO] [stderr]    Compiling multimap v0.8.3
[INFO] [stderr]    Compiling serde_json v1.0.94
[INFO] [stderr]    Compiling rustc-demangle v0.1.22
[INFO] [stderr]    Compiling regex v1.7.3
[INFO] [stderr]    Compiling thiserror v1.0.40
[INFO] [stderr]    Compiling stable_deref_trait v1.2.0
[INFO] [stderr]    Compiling symbolic-demangle v10.2.1
[INFO] [stderr]    Compiling arrayvec v0.7.2
[INFO] [stderr]    Compiling bytemuck v1.13.1
[INFO] [stderr]    Compiling num-format v0.4.4
[INFO] [stderr]    Compiling rgb v0.8.36
[INFO] [stderr]    Compiling symbolic-common v10.2.1
[INFO] [stderr]    Compiling quick-xml v0.26.0
[INFO] [stderr]    Compiling static_assertions v1.1.0
[INFO] [stderr]    Compiling str_stack v0.1.0
[INFO] [stderr]    Compiling os_str_bytes v6.5.0
[INFO] [stderr]    Compiling pprof v0.11.1
[INFO] [stderr]    Compiling ryu v1.0.13
[INFO] [stderr]    Compiling clap_lex v0.3.3
[INFO] [stderr]    Compiling nix v0.26.2
[INFO] [stderr]    Compiling inferno v0.11.15
[INFO] [stderr]    Compiling thiserror-impl v1.0.40
[INFO] [stderr]    Compiling clap_derive v4.1.12
[INFO] [stderr]    Compiling prost-derive v0.11.8
[INFO] [stderr]    Compiling float_next_after v0.1.5
[INFO] [stderr]    Compiling parking_lot v0.12.1
[INFO] [stderr]    Compiling geometry-rs v0.1.2
[INFO] [stderr]    Compiling tzf-rel v0.0.2023-b
[INFO] [stderr]    Compiling clap v4.1.13
[INFO] [stderr]    Compiling prost v0.11.8
[INFO] [stderr]    Compiling prost-types v0.11.8
[INFO] [stderr]    Compiling prost-build v0.11.8
[INFO] [stderr]    Compiling tzf-rs v0.4.0 (/opt/rustwide/workdir)
[INFO] [stderr]    Compiling cities-json v0.3.5
[INFO] [stderr]     Finished dev [unoptimized + debuginfo] target(s) in 28.57s
[INFO] running `Command { std: "docker" "inspect" "2a0b5d96466f174f3612c92d99310cfc68a706f3afa5b95e97099b5a10a9b3e2", kill_on_drop: false }`
[INFO] running `Command { std: "docker" "rm" "-f" "2a0b5d96466f174f3612c92d99310cfc68a706f3afa5b95e97099b5a10a9b3e2", kill_on_drop: false }`
[INFO] [stdout] 2a0b5d96466f174f3612c92d99310cfc68a706f3afa5b95e97099b5a10a9b3e2
[INFO] running `Command { std: "docker" "create" "-v" "/var/lib/crater-agent-workspace/builds/worker-6-tc2/target:/opt/rustwide/target:rw,Z" "-v" "/var/lib/crater-agent-workspace/builds/worker-6-tc2/source:/opt/rustwide/workdir:ro,Z" "-v" "/var/lib/crater-agent-workspace/cargo-home:/opt/rustwide/cargo-home:ro,Z" "-v" "/var/lib/crater-agent-workspace/rustup-home:/opt/rustwide/rustup-home:ro,Z" "-e" "SOURCE_DIR=/opt/rustwide/workdir" "-e" "CARGO_TARGET_DIR=/opt/rustwide/target" "-e" "CARGO_INCREMENTAL=0" "-e" "RUST_BACKTRACE=full" "-e" "RUSTFLAGS=--cap-lints=warn" "-e" "RUSTDOCFLAGS=--cap-lints=warn" "-e" "CARGO_HOME=/opt/rustwide/cargo-home" "-e" "RUSTUP_HOME=/opt/rustwide/rustup-home" "-w" "/opt/rustwide/workdir" "-m" "1610612736" "--user" "0:0" "--network" "none" "ghcr.io/rust-lang/crates-build-env/linux@sha256:5ff2268d62e97bff2cde7d5815dd6ed5b47097566f13b8d0ca110b04b60e07ed" "/opt/rustwide/cargo-home/bin/cargo" "+beta-2023-04-20" "test" "--frozen" "--no-run" "--message-format=json", kill_on_drop: false }`
[INFO] [stdout] f3ec50c55293b62e72f9f4f175d249c3b16a286b919191c0a0173e9f7f423fe6
[INFO] running `Command { std: "docker" "start" "-a" "f3ec50c55293b62e72f9f4f175d249c3b16a286b919191c0a0173e9f7f423fe6", kill_on_drop: false }`
[INFO] [stderr]    Compiling indexmap v1.9.3
[INFO] [stderr]    Compiling serde v1.0.158
[INFO] [stderr]    Compiling either v1.8.1
[INFO] [stderr]    Compiling half v1.8.2
[INFO] [stderr]    Compiling plotters-backend v0.3.4
[INFO] [stderr]    Compiling ciborium-io v0.2.0
[INFO] [stderr]    Compiling rayon-core v1.11.0
[INFO] [stderr]    Compiling clap_lex v0.2.4
[INFO] [stderr]    Compiling itertools v0.10.5
[INFO] [stderr]    Compiling cast v0.3.0
[INFO] [stderr]    Compiling petgraph v0.6.3
[INFO] [stderr]    Compiling inferno v0.11.15
[INFO] [stderr]    Compiling plotters-svg v0.3.3
[INFO] [stderr]    Compiling ciborium-ll v0.2.0
[INFO] [stderr]    Compiling regex-syntax v0.6.29
[INFO] [stderr]    Compiling textwrap v0.16.0
[INFO] [stderr]    Compiling rayon v1.7.0
[INFO] [stderr]    Compiling pprof v0.11.1
[INFO] [stderr]    Compiling criterion-plot v0.5.0
[INFO] [stderr]    Compiling prost-build v0.11.8
[INFO] [stderr]    Compiling regex v1.7.3
[INFO] [stderr]    Compiling clap v3.2.23
[INFO] [stderr]    Compiling plotters v0.3.4
[INFO] [stderr]    Compiling walkdir v2.3.3
[INFO] [stderr]    Compiling anes v0.1.6
[INFO] [stderr]    Compiling tzf-rs v0.4.0 (/opt/rustwide/workdir)
[INFO] [stderr]    Compiling oorandom v11.1.3
[INFO] [stderr]    Compiling serde_json v1.0.94
[INFO] [stderr]    Compiling ciborium v0.2.0
[INFO] [stderr]    Compiling cities-json v0.3.5
[INFO] [stderr]    Compiling tinytemplate v1.2.1
[INFO] [stderr]    Compiling criterion v0.4.0
[INFO] [stdout] error[E0554]: `#![feature]` may not be used on the beta release channel
[INFO] [stdout]  --> tests/default.rs:1:12
[INFO] [stdout]   |
[INFO] [stdout] 1 | #![feature(test)]
[INFO] [stdout]   |            ^^^^
[INFO] [stdout] 
[INFO] [stdout] 
[INFO] [stderr] error: could not compile `tzf-rs` (test "default") due to 2 previous errors
[INFO] [stdout] error: aborting due to previous error
[INFO] [stdout] 
[INFO] [stdout] 
[INFO] [stderr] warning: build failed, waiting for other jobs to finish...
[INFO] [stdout] For more information about this error, try `rustc --explain E0554`.
[INFO] [stdout] 
[INFO] [stdout] error[E0554]: `#![feature]` may not be used on the beta release channel
[INFO] [stdout]  --> tests/basic_test.rs:1:12
[INFO] [stdout]   |
[INFO] [stdout] 1 | #![feature(test)]
[INFO] [stdout]   |            ^^^^
[INFO] [stdout] 
[INFO] [stdout] 
[INFO] [stdout] error[E0554]: `#![feature]` may not be used on the beta release channel
[INFO] [stdout]  --> tests/fuzzy_test.rs:1:12
[INFO] [stdout]   |
[INFO] [stdout] 1 | #![feature(test)]
[INFO] [stdout]   |            ^^^^
[INFO] [stdout] 
[INFO] [stdout] 
[INFO] [stdout] error: aborting due to previous error
[INFO] [stdout] 
[INFO] [stdout] 
[INFO] [stdout] For more information about this error, try `rustc --explain E0554`.
[INFO] [stdout] 
[INFO] [stdout] error: aborting due to previous error
[INFO] [stdout] 
[INFO] [stdout] 
[INFO] [stdout] For more information about this error, try `rustc --explain E0554`.
[INFO] [stdout] 
[INFO] [stderr] error: could not compile `tzf-rs` (test "fuzzy_test") due to 2 previous errors
[INFO] [stderr] error: could not compile `tzf-rs` (test "basic_test") due to 2 previous errors
[INFO] running `Command { std: "docker" "inspect" "f3ec50c55293b62e72f9f4f175d249c3b16a286b919191c0a0173e9f7f423fe6", kill_on_drop: false }`
[INFO] running `Command { std: "docker" "rm" "-f" "f3ec50c55293b62e72f9f4f175d249c3b16a286b919191c0a0173e9f7f423fe6", kill_on_drop: false }`
[INFO] [stdout] f3ec50c55293b62e72f9f4f175d249c3b16a286b919191c0a0173e9f7f423fe6
