[INFO] fetching crate twelf 0.10.0...
[INFO] testing twelf-0.10.0 against 1.69.0 for beta-1.70-1
[INFO] extracting crate twelf 0.10.0 into /workspace/builds/worker-2-tc1/source
[INFO] validating manifest of crates.io crate twelf 0.10.0 on toolchain 1.69.0
[INFO] running `Command { std: CARGO_HOME="/workspace/cargo-home" RUSTUP_HOME="/workspace/rustup-home" "/workspace/cargo-home/bin/cargo" "+1.69.0" "metadata" "--manifest-path" "Cargo.toml" "--no-deps", kill_on_drop: false }`
[INFO] started tweaking crates.io crate twelf 0.10.0
[INFO] finished tweaking crates.io crate twelf 0.10.0
[INFO] tweaked toml for crates.io crate twelf 0.10.0 written to /workspace/builds/worker-2-tc1/source/Cargo.toml
[INFO] crate crates.io crate twelf 0.10.0 already has a lockfile, it will not be regenerated
[INFO] running `Command { std: CARGO_HOME="/workspace/cargo-home" RUSTUP_HOME="/workspace/rustup-home" "/workspace/cargo-home/bin/cargo" "+1.69.0" "fetch" "--manifest-path" "Cargo.toml", kill_on_drop: false }`
[INFO] [stderr]  Downloading crates ...
[INFO] [stderr]   Downloaded result v1.0.0
[INFO] [stderr]   Downloaded pest_consume_macros v1.1.0
[INFO] [stderr]   Downloaded pest_consume v1.1.3
[INFO] [stderr]   Downloaded abnf_to_pest v0.5.1
[INFO] [stderr]   Downloaded pretty v0.11.3
[INFO] [stderr]   Downloaded abnf-core v0.5.0
[INFO] [stderr]   Downloaded envy v0.4.1
[INFO] [stderr]   Downloaded config-derive v0.10.0
[INFO] [stderr]   Downloaded abnf v0.12.0
[INFO] [stderr]   Downloaded serde_ini v0.2.0
[INFO] [stderr]   Downloaded annotate-snippets v0.9.1
[INFO] [stderr]   Downloaded elsa v1.7.0
[INFO] [stderr]   Downloaded serde_dhall v0.11.2
[INFO] [stderr]   Downloaded dhall_proc_macros v0.6.0
[INFO] [stderr]   Downloaded dhall v0.11.1
[INFO] running `Command { std: "docker" "create" "-v" "/var/lib/crater-agent-workspace/builds/worker-2-tc1/target:/opt/rustwide/target:rw,Z" "-v" "/var/lib/crater-agent-workspace/builds/worker-2-tc1/source:/opt/rustwide/workdir:ro,Z" "-v" "/var/lib/crater-agent-workspace/cargo-home:/opt/rustwide/cargo-home:ro,Z" "-v" "/var/lib/crater-agent-workspace/rustup-home:/opt/rustwide/rustup-home:ro,Z" "-e" "SOURCE_DIR=/opt/rustwide/workdir" "-e" "CARGO_TARGET_DIR=/opt/rustwide/target" "-e" "CARGO_HOME=/opt/rustwide/cargo-home" "-e" "RUSTUP_HOME=/opt/rustwide/rustup-home" "-w" "/opt/rustwide/workdir" "-m" "1610612736" "--user" "0:0" "--network" "none" "ghcr.io/rust-lang/crates-build-env/linux@sha256:5ff2268d62e97bff2cde7d5815dd6ed5b47097566f13b8d0ca110b04b60e07ed" "/opt/rustwide/cargo-home/bin/cargo" "+1.69.0" "metadata" "--no-deps" "--format-version=1", kill_on_drop: false }`
[INFO] [stdout] dd5618b7e1fab1f724d3b5c081fcd79927de030a22ae2754749a4b36e647698e
[INFO] running `Command { std: "docker" "start" "-a" "dd5618b7e1fab1f724d3b5c081fcd79927de030a22ae2754749a4b36e647698e", kill_on_drop: false }`
[INFO] running `Command { std: "docker" "inspect" "dd5618b7e1fab1f724d3b5c081fcd79927de030a22ae2754749a4b36e647698e", kill_on_drop: false }`
[INFO] running `Command { std: "docker" "rm" "-f" "dd5618b7e1fab1f724d3b5c081fcd79927de030a22ae2754749a4b36e647698e", kill_on_drop: false }`
[INFO] [stdout] dd5618b7e1fab1f724d3b5c081fcd79927de030a22ae2754749a4b36e647698e
[INFO] running `Command { std: "docker" "create" "-v" "/var/lib/crater-agent-workspace/builds/worker-2-tc1/target:/opt/rustwide/target:rw,Z" "-v" "/var/lib/crater-agent-workspace/builds/worker-2-tc1/source:/opt/rustwide/workdir:ro,Z" "-v" "/var/lib/crater-agent-workspace/cargo-home:/opt/rustwide/cargo-home:ro,Z" "-v" "/var/lib/crater-agent-workspace/rustup-home:/opt/rustwide/rustup-home:ro,Z" "-e" "SOURCE_DIR=/opt/rustwide/workdir" "-e" "CARGO_TARGET_DIR=/opt/rustwide/target" "-e" "CARGO_INCREMENTAL=0" "-e" "RUST_BACKTRACE=full" "-e" "RUSTFLAGS=--cap-lints=warn" "-e" "RUSTDOCFLAGS=--cap-lints=warn" "-e" "CARGO_HOME=/opt/rustwide/cargo-home" "-e" "RUSTUP_HOME=/opt/rustwide/rustup-home" "-w" "/opt/rustwide/workdir" "-m" "1610612736" "--user" "0:0" "--network" "none" "ghcr.io/rust-lang/crates-build-env/linux@sha256:5ff2268d62e97bff2cde7d5815dd6ed5b47097566f13b8d0ca110b04b60e07ed" "/opt/rustwide/cargo-home/bin/cargo" "+1.69.0" "build" "--frozen" "--message-format=json", kill_on_drop: false }`
[INFO] [stdout] 16d2c0911678f91608067648a91aaf47dd3cd27e670073cb3dfea4962bd49a47
[INFO] running `Command { std: "docker" "start" "-a" "16d2c0911678f91608067648a91aaf47dd3cd27e670073cb3dfea4962bd49a47", kill_on_drop: false }`
[INFO] [stderr]    Compiling proc-macro2 v1.0.51
[INFO] [stderr]    Compiling syn v1.0.107
[INFO] [stderr]    Compiling libc v0.2.139
[INFO] [stderr]    Compiling io-lifetimes v1.0.5
[INFO] [stderr]    Compiling serde_derive v1.0.117
[INFO] [stderr]    Compiling serde v1.0.117
[INFO] [stderr]    Compiling rustix v0.36.8
[INFO] [stderr]    Compiling heck v0.4.1
[INFO] [stderr]    Compiling linux-raw-sys v0.1.4
[INFO] [stderr]    Compiling serde_json v1.0.92
[INFO] [stderr]    Compiling os_str_bytes v6.4.1
[INFO] [stderr]    Compiling termcolor v1.2.0
[INFO] [stderr]    Compiling once_cell v1.17.0
[INFO] [stderr]    Compiling ryu v1.0.12
[INFO] [stderr]    Compiling clap_lex v0.3.1
[INFO] [stderr]    Compiling quote v1.0.23
[INFO] [stderr]    Compiling proc-macro-error-attr v1.0.4
[INFO] [stderr]    Compiling is-terminal v0.4.3
[INFO] [stderr]    Compiling proc-macro-error v1.0.4
[INFO] [stderr]    Compiling thiserror-impl v1.0.38
[INFO] [stderr]    Compiling clap_derive v4.1.0
[INFO] [stderr]    Compiling config-derive v0.10.0
[INFO] [stderr]    Compiling thiserror v1.0.38
[INFO] [stderr]    Compiling clap v4.1.4
[INFO] [stderr]    Compiling envy v0.4.1
[INFO] [stderr]    Compiling twelf v0.10.0 (/opt/rustwide/workdir)
[INFO] [stderr]     Finished dev [unoptimized + debuginfo] target(s) in 17.75s
[INFO] running `Command { std: "docker" "inspect" "16d2c0911678f91608067648a91aaf47dd3cd27e670073cb3dfea4962bd49a47", kill_on_drop: false }`
[INFO] running `Command { std: "docker" "rm" "-f" "16d2c0911678f91608067648a91aaf47dd3cd27e670073cb3dfea4962bd49a47", kill_on_drop: false }`
[INFO] [stdout] 16d2c0911678f91608067648a91aaf47dd3cd27e670073cb3dfea4962bd49a47
[INFO] running `Command { std: "docker" "create" "-v" "/var/lib/crater-agent-workspace/builds/worker-2-tc1/target:/opt/rustwide/target:rw,Z" "-v" "/var/lib/crater-agent-workspace/builds/worker-2-tc1/source:/opt/rustwide/workdir:ro,Z" "-v" "/var/lib/crater-agent-workspace/cargo-home:/opt/rustwide/cargo-home:ro,Z" "-v" "/var/lib/crater-agent-workspace/rustup-home:/opt/rustwide/rustup-home:ro,Z" "-e" "SOURCE_DIR=/opt/rustwide/workdir" "-e" "CARGO_TARGET_DIR=/opt/rustwide/target" "-e" "CARGO_INCREMENTAL=0" "-e" "RUST_BACKTRACE=full" "-e" "RUSTFLAGS=--cap-lints=warn" "-e" "RUSTDOCFLAGS=--cap-lints=warn" "-e" "CARGO_HOME=/opt/rustwide/cargo-home" "-e" "RUSTUP_HOME=/opt/rustwide/rustup-home" "-w" "/opt/rustwide/workdir" "-m" "1610612736" "--user" "0:0" "--network" "none" "ghcr.io/rust-lang/crates-build-env/linux@sha256:5ff2268d62e97bff2cde7d5815dd6ed5b47097566f13b8d0ca110b04b60e07ed" "/opt/rustwide/cargo-home/bin/cargo" "+1.69.0" "test" "--frozen" "--no-run" "--message-format=json", kill_on_drop: false }`
[INFO] [stdout] 408d4e849c5ed23df88cb5df8cddb6dbdb684ca6c38c31c66be687d0b7dbbbb5
[INFO] running `Command { std: "docker" "start" "-a" "408d4e849c5ed23df88cb5df8cddb6dbdb684ca6c38c31c66be687d0b7dbbbb5", kill_on_drop: false }`
[INFO] [stderr]    Compiling twelf v0.10.0 (/opt/rustwide/workdir)
[INFO] [stdout] error[E0599]: no variant or associated item named `Json` found for enum `Layer` in the current scope
[INFO] [stdout]   --> examples/simple_env_json.rs:13:16
[INFO] [stdout]    |
[INFO] [stdout] 13 |         Layer::Json("./twelf/examples/config.json".into()),
[INFO] [stdout]    |                ^^^^ variant or associated item not found in `Layer`
[INFO] [stdout] 
[INFO] [stdout] 
[INFO] [stdout] error: aborting due to previous error
[INFO] [stdout] 
[INFO] [stdout] 
[INFO] [stdout] For more information about this error, try `rustc --explain E0599`.
[INFO] [stdout] 
[INFO] [stderr] error: could not compile `twelf` due to 2 previous errors
[INFO] [stderr] warning: build failed, waiting for other jobs to finish...
[INFO] [stdout] error[E0599]: no variant or associated item named `DefaultTrait` found for enum `Layer` in the current scope
[INFO] [stdout]   --> tests/default.rs:24:28
[INFO] [stdout]    |
[INFO] [stdout] 24 |     let prio = vec![Layer::DefaultTrait, Layer::Env(None)];
[INFO] [stdout]    |                            ^^^^^^^^^^^^ variant or associated item not found in `Layer`
[INFO] [stdout] 
[INFO] [stdout] 
[INFO] [stdout] error[E0599]: no variant or associated item named `DefaultTrait` found for enum `Layer` in the current scope
[INFO] [stdout]   --> tests/default.rs:29:46
[INFO] [stdout]    |
[INFO] [stdout] 29 |     let prio = vec![Layer::Env(None), Layer::DefaultTrait];
[INFO] [stdout]    |                                              ^^^^^^^^^^^^ variant or associated item not found in `Layer`
[INFO] [stdout] 
[INFO] [stdout] 
[INFO] [stdout] error: aborting due to 2 previous errors
[INFO] [stdout] 
[INFO] [stdout] 
[INFO] [stdout] For more information about this error, try `rustc --explain E0599`.
[INFO] [stdout] 
[INFO] [stderr] error: could not compile `twelf` due to 3 previous errors
[INFO] [stdout] error[E0599]: no variant or associated item named `Dhall` found for enum `Layer` in the current scope
[INFO] [stdout]   --> tests/dhall.rs:21:28
[INFO] [stdout]    |
[INFO] [stdout] 21 |     let prio = vec![Layer::Dhall(DHALL_TEST_FILE.into()), Layer::Env(None)];
[INFO] [stdout]    |                            ^^^^^ variant or associated item not found in `Layer`
[INFO] [stdout] 
[INFO] [stdout] 
[INFO] [stdout] error[E0599]: no variant or associated item named `Dhall` found for enum `Layer` in the current scope
[INFO] [stdout]   --> tests/dhall.rs:26:46
[INFO] [stdout]    |
[INFO] [stdout] 26 |     let prio = vec![Layer::Env(None), Layer::Dhall(DHALL_TEST_FILE.into())];
[INFO] [stdout]    |                                              ^^^^^ variant or associated item not found in `Layer`
[INFO] [stdout] 
[INFO] [stdout] 
[INFO] [stdout] error[E0599]: no variant or associated item named `Toml` found for enum `Layer` in the current scope
[INFO] [stdout]   --> tests/toml.rs:21:28
[INFO] [stdout]    |
[INFO] [stdout] 21 |     let prio = vec![Layer::Toml(TOML_TEST_FILE.into()), Layer::Env(None)];
[INFO] [stdout]    |                            ^^^^ variant or associated item not found in `Layer`
[INFO] [stdout] 
[INFO] [stdout] 
[INFO] [stdout] error[E0599]: no variant or associated item named `Json` found for enum `Layer` in the current scope
[INFO] [stdout]   --> tests/clap.rs:36:16
[INFO] [stdout]    |
[INFO] [stdout] 36 |         Layer::Json(JSON_TEST_FILE.into()),
[INFO] [stdout]    |                ^^^^ variant or associated item not found in `Layer`
[INFO] [stdout] 
[INFO] [stdout] 
[INFO] [stdout] error[E0599]: no variant or associated item named `Toml` found for enum `Layer` in the current scope
[INFO] [stdout]   --> tests/toml.rs:26:46
[INFO] [stdout]    |
[INFO] [stdout] 26 |     let prio = vec![Layer::Env(None), Layer::Toml(TOML_TEST_FILE.into())];
[INFO] [stdout]    |                                              ^^^^ variant or associated item not found in `Layer`
[INFO] [stdout] 
[INFO] [stdout] 
[INFO] [stdout] error[E0599]: no variant or associated item named `Dhall` found for enum `Layer` in the current scope
[INFO] [stdout]   --> tests/dhall.rs:44:16
[INFO] [stdout]    |
[INFO] [stdout] 44 |         Layer::Dhall(DHALL_TEST_FILE.into()),
[INFO] [stdout]    |                ^^^^^ variant or associated item not found in `Layer`
[INFO] [stdout] 
[INFO] [stdout] 
[INFO] [stdout] error[E0599]: no variant or associated item named `Dhall` found for enum `Layer` in the current scope
[INFO] [stdout]   --> tests/dhall.rs:68:16
[INFO] [stdout]    |
[INFO] [stdout] 68 |         Layer::Dhall(DHALL_TEST_FILE.into()),
[INFO] [stdout]    |                ^^^^^ variant or associated item not found in `Layer`
[INFO] [stdout] 
[INFO] [stdout] 
[INFO] [stdout] error[E0599]: no variant or associated item named `Dhall` found for enum `Layer` in the current scope
[INFO] [stdout]   --> tests/dhall.rs:92:28
[INFO] [stdout]    |
[INFO] [stdout] 92 |     let prio = vec![Layer::Dhall(DHALL_TEST_FILE.into()), Layer::Env(None)];
[INFO] [stdout]    |                            ^^^^^ variant or associated item not found in `Layer`
[INFO] [stdout] 
[INFO] [stdout] 
[INFO] [stdout] error[E0599]: no variant or associated item named `Toml` found for enum `Layer` in the current scope
[INFO] [stdout]   --> tests/toml.rs:44:16
[INFO] [stdout]    |
[INFO] [stdout] 44 |         Layer::Toml(TOML_TEST_FILE.into()),
[INFO] [stdout]    |                ^^^^ variant or associated item not found in `Layer`
[INFO] [stdout] 
[INFO] [stdout] 
[INFO] [stdout] error[E0599]: no variant or associated item named `Dhall` found for enum `Layer` in the current scope
[INFO] [stdout]    --> tests/dhall.rs:106:46
[INFO] [stdout]     |
[INFO] [stdout] 106 |     let prio = vec![Layer::Env(None), Layer::Dhall(DHALL_TEST_FILE.into())];
[INFO] [stdout]     |                                              ^^^^^ variant or associated item not found in `Layer`
[INFO] [stdout] 
[INFO] [stdout] 
[INFO] [stdout] error[E0599]: no variant or associated item named `Dhall` found for enum `Layer` in the current scope
[INFO] [stdout]    --> tests/dhall.rs:124:28
[INFO] [stdout]     |
[INFO] [stdout] 124 |     let prio = vec![Layer::Dhall(DHALL_TEST_FILE.into()), Layer::Env(None)];
[INFO] [stdout]     |                            ^^^^^ variant or associated item not found in `Layer`
[INFO] [stdout] 
[INFO] [stdout] 
[INFO] [stdout] error[E0599]: no variant or associated item named `Toml` found for enum `Layer` in the current scope
[INFO] [stdout]   --> tests/toml.rs:68:16
[INFO] [stdout]    |
[INFO] [stdout] 68 |         Layer::Toml(TOML_TEST_FILE.into()),
[INFO] [stdout]    |                ^^^^ variant or associated item not found in `Layer`
[INFO] [stdout] 
[INFO] [stdout] 
[INFO] [stdout] error[E0599]: no variant or associated item named `Ini` found for enum `Layer` in the current scope
[INFO] [stdout]   --> tests/ini.rs:21:28
[INFO] [stdout]    |
[INFO] [stdout] 21 |     let prio = vec![Layer::Ini(INI_TEST_FILE.into()), Layer::Env(None)];
[INFO] [stdout]    |                            ^^^ variant or associated item not found in `Layer`
[INFO] [stdout] 
[INFO] [stdout] 
[INFO] [stdout] error[E0599]: no variant or associated item named `Ini` found for enum `Layer` in the current scope
[INFO] [stdout]   --> tests/ini.rs:26:46
[INFO] [stdout]    |
[INFO] [stdout] 26 |     let prio = vec![Layer::Env(None), Layer::Ini(INI_TEST_FILE.into())];
[INFO] [stdout]    |                                              ^^^ variant or associated item not found in `Layer`
[INFO] [stdout] 
[INFO] [stdout] 
[INFO] [stdout] error[E0599]: no variant or associated item named `Yaml` found for enum `Layer` in the current scope
[INFO] [stdout]   --> tests/yaml.rs:21:28
[INFO] [stdout]    |
[INFO] [stdout] 21 |     let prio = vec![Layer::Yaml(YAML_TEST_FILE.into()), Layer::Env(None)];
[INFO] [stdout]    |                            ^^^^ variant or associated item not found in `Layer`
[INFO] [stdout] 
[INFO] [stdout] 
[INFO] [stdout] error: aborting due to previous error
[INFO] [stdout] 
[INFO] [stdout] 
[INFO] [stdout] error[E0599]: no variant or associated item named `Yaml` found for enum `Layer` in the current scope
[INFO] [stdout]   --> tests/yaml.rs:26:46
[INFO] [stdout]    |
[INFO] [stdout] 26 |     let prio = vec![Layer::Env(None), Layer::Yaml(YAML_TEST_FILE.into())];
[INFO] [stdout]    |                                              ^^^^ variant or associated item not found in `Layer`
[INFO] [stdout] 
[INFO] [stdout] 
[INFO] [stdout] For more information about this error, try `rustc --explain E0599`.
[INFO] [stdout] 
[INFO] [stdout] error[E0599]: no variant or associated item named `Json` found for enum `Layer` in the current scope
[INFO] [stdout]   --> examples/advanced_struct.rs:26:16
[INFO] [stdout]    |
[INFO] [stdout] 26 |         Layer::Json("./twelf/examples/config.json".into()),
[INFO] [stdout]    |                ^^^^ variant or associated item not found in `Layer`
[INFO] [stdout] 
[INFO] [stdout] 
[INFO] [stdout] error[E0599]: no variant or associated item named `Toml` found for enum `Layer` in the current scope
[INFO] [stdout]   --> tests/toml.rs:92:28
[INFO] [stdout]    |
[INFO] [stdout] 92 |     let prio = vec![Layer::Toml(TOML_TEST_FILE.into()), Layer::Env(None)];
[INFO] [stdout]    |                            ^^^^ variant or associated item not found in `Layer`
[INFO] [stdout] 
[INFO] [stdout] 
[INFO] [stderr] error: could not compile `twelf` due to 2 previous errors
[INFO] [stdout] error: aborting due to previous error
[INFO] [stdout] 
[INFO] [stdout] 
[INFO] [stdout] For more information about this error, try `rustc --explain E0599`.
[INFO] [stdout] 
[INFO] [stderr] error: could not compile `twelf` due to 2 previous errors
[INFO] [stdout] error[E0599]: no variant or associated item named `Toml` found for enum `Layer` in the current scope
[INFO] [stdout]    --> tests/toml.rs:106:46
[INFO] [stdout]     |
[INFO] [stdout] 106 |     let prio = vec![Layer::Env(None), Layer::Toml(TOML_TEST_FILE.into())];
[INFO] [stdout]     |                                              ^^^^ variant or associated item not found in `Layer`
[INFO] [stdout] 
[INFO] [stdout] 
[INFO] [stdout] error: aborting due to 7 previous errors
[INFO] [stdout] 
[INFO] [stdout] 
[INFO] [stdout] For more information about this error, try `rustc --explain E0599`.
[INFO] [stdout] 
[INFO] [stdout] error[E0599]: no variant or associated item named `Toml` found for enum `Layer` in the current scope
[INFO] [stdout]    --> tests/toml.rs:124:28
[INFO] [stdout]     |
[INFO] [stdout] 124 |     let prio = vec![Layer::Toml(TOML_TEST_FILE.into()), Layer::Env(None)];
[INFO] [stdout]     |                            ^^^^ variant or associated item not found in `Layer`
[INFO] [stdout] 
[INFO] [stdout] 
[INFO] [stdout] error[E0599]: no variant or associated item named `Ini` found for enum `Layer` in the current scope
[INFO] [stdout]   --> tests/ini.rs:45:16
[INFO] [stdout]    |
[INFO] [stdout] 45 |         Layer::Ini(INI_TEST_FILE.into()),
[INFO] [stdout]    |                ^^^ variant or associated item not found in `Layer`
[INFO] [stdout] 
[INFO] [stdout] 
[INFO] [stderr] error: could not compile `twelf` due to 8 previous errors
[INFO] [stdout] error: aborting due to 7 previous errors
[INFO] [stdout] 
[INFO] [stdout] 
[INFO] [stdout] For more information about this error, try `rustc --explain E0599`.
[INFO] [stdout] 
[INFO] [stderr] error: could not compile `twelf` due to 8 previous errors
[INFO] [stdout] error[E0599]: no variant or associated item named `Yaml` found for enum `Layer` in the current scope
[INFO] [stdout]   --> tests/yaml.rs:44:16
[INFO] [stdout]    |
[INFO] [stdout] 44 |         Layer::Yaml(YAML_TEST_FILE.into()),
[INFO] [stdout]    |                ^^^^ variant or associated item not found in `Layer`
[INFO] [stdout] 
[INFO] [stdout] 
[INFO] [stdout] error[E0599]: no variant or associated item named `Json` found for enum `Layer` in the current scope
[INFO] [stdout]   --> tests/json.rs:21:28
[INFO] [stdout]    |
[INFO] [stdout] 21 |     let prio = vec![Layer::Json(JSON_TEST_FILE.into()), Layer::Env(None)];
[INFO] [stdout]    |                            ^^^^ variant or associated item not found in `Layer`
[INFO] [stdout] 
[INFO] [stdout] 
[INFO] [stdout] error[E0599]: no variant or associated item named `Json` found for enum `Layer` in the current scope
[INFO] [stdout]   --> tests/json.rs:26:46
[INFO] [stdout]    |
[INFO] [stdout] 26 |     let prio = vec![Layer::Env(None), Layer::Json(JSON_TEST_FILE.into())];
[INFO] [stdout]    |                                              ^^^^ variant or associated item not found in `Layer`
[INFO] [stdout] 
[INFO] [stdout] 
[INFO] [stdout] error[E0599]: no variant or associated item named `Ini` found for enum `Layer` in the current scope
[INFO] [stdout]   --> tests/ini.rs:69:16
[INFO] [stdout]    |
[INFO] [stdout] 69 |         Layer::Ini(INI_TEST_FILE.into()),
[INFO] [stdout]    |                ^^^ variant or associated item not found in `Layer`
[INFO] [stdout] 
[INFO] [stdout] 
[INFO] [stdout] error[E0599]: no variant or associated item named `Yaml` found for enum `Layer` in the current scope
[INFO] [stdout]   --> tests/yaml.rs:68:16
[INFO] [stdout]    |
[INFO] [stdout] 68 |         Layer::Yaml(YAML_TEST_FILE.into()),
[INFO] [stdout]    |                ^^^^ variant or associated item not found in `Layer`
[INFO] [stdout] 
[INFO] [stdout] 
[INFO] [stdout] error[E0599]: no variant or associated item named `Yaml` found for enum `Layer` in the current scope
[INFO] [stdout]   --> tests/yaml.rs:92:28
[INFO] [stdout]    |
[INFO] [stdout] 92 |     let prio = vec![Layer::Yaml(YAML_TEST_FILE.into()), Layer::Env(None)];
[INFO] [stdout]    |                            ^^^^ variant or associated item not found in `Layer`
[INFO] [stdout] 
[INFO] [stdout] 
[INFO] [stdout] error[E0599]: no variant or associated item named `Ini` found for enum `Layer` in the current scope
[INFO] [stdout]   --> tests/ini.rs:93:28
[INFO] [stdout]    |
[INFO] [stdout] 93 |     let prio = vec![Layer::Ini(INI_TEST_FILE.into()), Layer::Env(None)];
[INFO] [stdout]    |                            ^^^ variant or associated item not found in `Layer`
[INFO] [stdout] 
[INFO] [stdout] 
[INFO] [stdout] error[E0599]: no variant or associated item named `Yaml` found for enum `Layer` in the current scope
[INFO] [stdout]    --> tests/yaml.rs:106:46
[INFO] [stdout]     |
[INFO] [stdout] 106 |     let prio = vec![Layer::Env(None), Layer::Yaml(YAML_TEST_FILE.into())];
[INFO] [stdout]     |                                              ^^^^ variant or associated item not found in `Layer`
[INFO] [stdout] 
[INFO] [stdout] 
[INFO] [stdout] error[E0599]: no variant or associated item named `Ini` found for enum `Layer` in the current scope
[INFO] [stdout]    --> tests/ini.rs:107:46
[INFO] [stdout]     |
[INFO] [stdout] 107 |     let prio = vec![Layer::Env(None), Layer::Ini(INI_TEST_FILE.into())];
[INFO] [stdout]     |                                              ^^^ variant or associated item not found in `Layer`
[INFO] [stdout] 
[INFO] [stdout] 
[INFO] [stdout] error[E0599]: no variant or associated item named `Json` found for enum `Layer` in the current scope
[INFO] [stdout]   --> tests/json.rs:44:16
[INFO] [stdout]    |
[INFO] [stdout] 44 |         Layer::Json(JSON_TEST_FILE.into()),
[INFO] [stdout]    |                ^^^^ variant or associated item not found in `Layer`
[INFO] [stdout] 
[INFO] [stdout] 
[INFO] [stdout] error[E0599]: no variant or associated item named `Ini` found for enum `Layer` in the current scope
[INFO] [stdout]    --> tests/ini.rs:125:28
[INFO] [stdout]     |
[INFO] [stdout] 125 |     let prio = vec![Layer::Ini(INI_TEST_FILE.into()), Layer::Env(None)];
[INFO] [stdout]     |                            ^^^ variant or associated item not found in `Layer`
[INFO] [stdout] 
[INFO] [stdout] 
[INFO] [stdout] error[E0599]: no variant or associated item named `Json` found for enum `Layer` in the current scope
[INFO] [stdout]   --> tests/json.rs:68:16
[INFO] [stdout]    |
[INFO] [stdout] 68 |         Layer::Json(JSON_TEST_FILE.into()),
[INFO] [stdout]    |                ^^^^ variant or associated item not found in `Layer`
[INFO] [stdout] 
[INFO] [stdout] 
[INFO] [stdout] error[E0599]: no variant or associated item named `Yaml` found for enum `Layer` in the current scope
[INFO] [stdout]    --> tests/yaml.rs:124:28
[INFO] [stdout]     |
[INFO] [stdout] 124 |     let prio = vec![Layer::Yaml(YAML_TEST_FILE.into()), Layer::Env(None)];
[INFO] [stdout]     |                            ^^^^ variant or associated item not found in `Layer`
[INFO] [stdout] 
[INFO] [stdout] 
[INFO] [stdout] error: aborting due to 7 previous errors
[INFO] [stdout] 
[INFO] [stdout] 
[INFO] [stdout] For more information about this error, try `rustc --explain E0599`.
[INFO] [stdout] 
[INFO] [stderr] error: could not compile `twelf` due to 8 previous errors
[INFO] [stdout] error: aborting due to 7 previous errors
[INFO] [stdout] 
[INFO] [stdout] 
[INFO] [stdout] For more information about this error, try `rustc --explain E0599`.
[INFO] [stdout] 
[INFO] [stdout] error[E0599]: no variant or associated item named `Json` found for enum `Layer` in the current scope
[INFO] [stdout]   --> tests/json.rs:92:28
[INFO] [stdout]    |
[INFO] [stdout] 92 |     let prio = vec![Layer::Json(JSON_TEST_FILE.into()), Layer::Env(None)];
[INFO] [stdout]    |                            ^^^^ variant or associated item not found in `Layer`
[INFO] [stdout] 
[INFO] [stdout] 
[INFO] [stdout] error[E0599]: no variant or associated item named `Json` found for enum `Layer` in the current scope
[INFO] [stdout]    --> tests/json.rs:106:46
[INFO] [stdout]     |
[INFO] [stdout] 106 |     let prio = vec![Layer::Env(None), Layer::Json(JSON_TEST_FILE.into())];
[INFO] [stdout]     |                                              ^^^^ variant or associated item not found in `Layer`
[INFO] [stdout] 
[INFO] [stdout] 
[INFO] [stderr] error: could not compile `twelf` due to 8 previous errors
[INFO] [stdout] error[E0599]: no variant or associated item named `Json` found for enum `Layer` in the current scope
[INFO] [stdout]    --> tests/json.rs:124:28
[INFO] [stdout]     |
[INFO] [stdout] 124 |     let prio = vec![Layer::Json(JSON_TEST_FILE.into()), Layer::Env(None)];
[INFO] [stdout]     |                            ^^^^ variant or associated item not found in `Layer`
[INFO] [stdout] 
[INFO] [stdout] 
[INFO] [stdout] error[E0599]: no variant or associated item named `Toml` found for enum `Layer` in the current scope
[INFO] [stdout]   --> tests/mixed.rs:87:16
[INFO] [stdout]    |
[INFO] [stdout] 87 |         Layer::Toml(TOML_TEST_FILE.into()),
[INFO] [stdout]    |                ^^^^ variant or associated item not found in `Layer`
[INFO] [stdout] 
[INFO] [stdout] 
[INFO] [stdout] error[E0599]: no variant or associated item named `Json` found for enum `Layer` in the current scope
[INFO] [stdout]   --> tests/mixed.rs:88:16
[INFO] [stdout]    |
[INFO] [stdout] 88 |         Layer::Json(JSON_TEST_FILE.into()),
[INFO] [stdout]    |                ^^^^ variant or associated item not found in `Layer`
[INFO] [stdout] 
[INFO] [stdout] 
[INFO] [stdout] error[E0599]: no variant or associated item named `Toml` found for enum `Layer` in the current scope
[INFO] [stdout]   --> tests/mixed.rs:97:16
[INFO] [stdout]    |
[INFO] [stdout] 97 |         Layer::Toml(TOML_TEST_FILE.into()),
[INFO] [stdout]    |                ^^^^ variant or associated item not found in `Layer`
[INFO] [stdout] 
[INFO] [stdout] 
[INFO] [stdout] error[E0599]: no variant or associated item named `Json` found for enum `Layer` in the current scope
[INFO] [stdout]   --> tests/mixed.rs:98:16
[INFO] [stdout]    |
[INFO] [stdout] 98 |         Layer::Json(JSON_TEST_FILE.into()),
[INFO] [stdout]    |                ^^^^ variant or associated item not found in `Layer`
[INFO] [stdout] 
[INFO] [stdout] 
[INFO] [stdout] error: aborting due to 7 previous errors
[INFO] [stdout] 
[INFO] [stdout] 
[INFO] [stdout] For more information about this error, try `rustc --explain E0599`.
[INFO] [stdout] 
[INFO] [stderr] error: could not compile `twelf` due to 8 previous errors
[INFO] [stdout] error[E0599]: no variant or associated item named `Toml` found for enum `Layer` in the current scope
[INFO] [stdout]    --> tests/mixed.rs:117:16
[INFO] [stdout]     |
[INFO] [stdout] 117 |         Layer::Toml(TOML_TEST_FILE.into()),
[INFO] [stdout]     |                ^^^^ variant or associated item not found in `Layer`
[INFO] [stdout] 
[INFO] [stdout] 
[INFO] [stdout] error[E0599]: no variant or associated item named `Json` found for enum `Layer` in the current scope
[INFO] [stdout]    --> tests/mixed.rs:118:16
[INFO] [stdout]     |
[INFO] [stdout] 118 |         Layer::Json(JSON_TEST_FILE.into()),
[INFO] [stdout]     |                ^^^^ variant or associated item not found in `Layer`
[INFO] [stdout] 
[INFO] [stdout] 
[INFO] [stdout] error[E0599]: no variant or associated item named `Toml` found for enum `Layer` in the current scope
[INFO] [stdout]    --> tests/mixed.rs:142:16
[INFO] [stdout]     |
[INFO] [stdout] 142 |         Layer::Toml(TOML_TEST_FILE.into()),
[INFO] [stdout]     |                ^^^^ variant or associated item not found in `Layer`
[INFO] [stdout] 
[INFO] [stdout] 
[INFO] [stdout] error[E0599]: no variant or associated item named `Json` found for enum `Layer` in the current scope
[INFO] [stdout]    --> tests/mixed.rs:143:16
[INFO] [stdout]     |
[INFO] [stdout] 143 |         Layer::Json(JSON_TEST_FILE.into()),
[INFO] [stdout]     |                ^^^^ variant or associated item not found in `Layer`
[INFO] [stdout] 
[INFO] [stdout] 
[INFO] [stdout] error[E0599]: no variant or associated item named `Toml` found for enum `Layer` in the current scope
[INFO] [stdout]    --> tests/mixed.rs:168:16
[INFO] [stdout]     |
[INFO] [stdout] 168 |         Layer::Toml(TOML_TEST_FILE.into()),
[INFO] [stdout]     |                ^^^^ variant or associated item not found in `Layer`
[INFO] [stdout] 
[INFO] [stdout] 
[INFO] [stdout] error[E0599]: no variant or associated item named `Json` found for enum `Layer` in the current scope
[INFO] [stdout]    --> tests/mixed.rs:169:16
[INFO] [stdout]     |
[INFO] [stdout] 169 |         Layer::Json(JSON_TEST_FILE.into()),
[INFO] [stdout]     |                ^^^^ variant or associated item not found in `Layer`
[INFO] [stdout] 
[INFO] [stdout] 
[INFO] [stdout] error[E0599]: no variant or associated item named `Toml` found for enum `Layer` in the current scope
[INFO] [stdout]    --> tests/mixed.rs:187:16
[INFO] [stdout]     |
[INFO] [stdout] 187 |         Layer::Toml(TOML_TEST_FILE.into()),
[INFO] [stdout]     |                ^^^^ variant or associated item not found in `Layer`
[INFO] [stdout] 
[INFO] [stdout] 
[INFO] [stdout] error[E0599]: no variant or associated item named `Json` found for enum `Layer` in the current scope
[INFO] [stdout]    --> tests/mixed.rs:188:16
[INFO] [stdout]     |
[INFO] [stdout] 188 |         Layer::Json(JSON_TEST_FILE.into()),
[INFO] [stdout]     |                ^^^^ variant or associated item not found in `Layer`
[INFO] [stdout] 
[INFO] [stdout] 
[INFO] [stdout] error[E0599]: no variant or associated item named `Toml` found for enum `Layer` in the current scope
[INFO] [stdout]    --> tests/mixed.rs:208:16
[INFO] [stdout]     |
[INFO] [stdout] 208 |         Layer::Toml(TOML_TEST_FILE.into()),
[INFO] [stdout]     |                ^^^^ variant or associated item not found in `Layer`
[INFO] [stdout] 
[INFO] [stdout] 
[INFO] [stdout] error[E0599]: no variant or associated item named `Json` found for enum `Layer` in the current scope
[INFO] [stdout]    --> tests/mixed.rs:209:16
[INFO] [stdout]     |
[INFO] [stdout] 209 |         Layer::Json(JSON_TEST_FILE.into()),
[INFO] [stdout]     |                ^^^^ variant or associated item not found in `Layer`
[INFO] [stdout] 
[INFO] [stdout] 
[INFO] [stdout] error: aborting due to 14 previous errors
[INFO] [stdout] 
[INFO] [stdout] 
[INFO] [stdout] For more information about this error, try `rustc --explain E0599`.
[INFO] [stdout] 
[INFO] [stderr] error: could not compile `twelf` due to 15 previous errors
[INFO] running `Command { std: "docker" "inspect" "408d4e849c5ed23df88cb5df8cddb6dbdb684ca6c38c31c66be687d0b7dbbbb5", kill_on_drop: false }`
[INFO] running `Command { std: "docker" "rm" "-f" "408d4e849c5ed23df88cb5df8cddb6dbdb684ca6c38c31c66be687d0b7dbbbb5", kill_on_drop: false }`
[INFO] [stdout] 408d4e849c5ed23df88cb5df8cddb6dbdb684ca6c38c31c66be687d0b7dbbbb5
