[INFO] fetching crate twain 0.1.0...
[INFO] testing twain-0.1.0 against beta-2023-04-20 for beta-1.70-1
[INFO] extracting crate twain 0.1.0 into /workspace/builds/worker-4-tc2/source
[INFO] validating manifest of crates.io crate twain 0.1.0 on toolchain beta-2023-04-20
[INFO] running `Command { std: CARGO_HOME="/workspace/cargo-home" RUSTUP_HOME="/workspace/rustup-home" "/workspace/cargo-home/bin/cargo" "+beta-2023-04-20" "metadata" "--manifest-path" "Cargo.toml" "--no-deps", kill_on_drop: false }`
[INFO] started tweaking crates.io crate twain 0.1.0
[INFO] finished tweaking crates.io crate twain 0.1.0
[INFO] tweaked toml for crates.io crate twain 0.1.0 written to /workspace/builds/worker-4-tc2/source/Cargo.toml
[INFO] running `Command { std: CARGO_HOME="/workspace/cargo-home" RUSTUP_HOME="/workspace/rustup-home" __CARGO_TEST_CHANNEL_OVERRIDE_DO_NOT_USE_THIS="nightly" "/workspace/cargo-home/bin/cargo" "+beta-2023-04-20" "generate-lockfile" "--manifest-path" "Cargo.toml" "-Zno-index-update", kill_on_drop: false }`
[INFO] running `Command { std: CARGO_HOME="/workspace/cargo-home" RUSTUP_HOME="/workspace/rustup-home" "/workspace/cargo-home/bin/cargo" "+beta-2023-04-20" "fetch" "--manifest-path" "Cargo.toml", kill_on_drop: false }`
[INFO] running `Command { std: "docker" "create" "-v" "/var/lib/crater-agent-workspace/builds/worker-4-tc2/target:/opt/rustwide/target:rw,Z" "-v" "/var/lib/crater-agent-workspace/builds/worker-4-tc2/source:/opt/rustwide/workdir:ro,Z" "-v" "/var/lib/crater-agent-workspace/cargo-home:/opt/rustwide/cargo-home:ro,Z" "-v" "/var/lib/crater-agent-workspace/rustup-home:/opt/rustwide/rustup-home:ro,Z" "-e" "SOURCE_DIR=/opt/rustwide/workdir" "-e" "CARGO_TARGET_DIR=/opt/rustwide/target" "-e" "CARGO_HOME=/opt/rustwide/cargo-home" "-e" "RUSTUP_HOME=/opt/rustwide/rustup-home" "-w" "/opt/rustwide/workdir" "-m" "1610612736" "--user" "0:0" "--network" "none" "ghcr.io/rust-lang/crates-build-env/linux@sha256:5ff2268d62e97bff2cde7d5815dd6ed5b47097566f13b8d0ca110b04b60e07ed" "/opt/rustwide/cargo-home/bin/cargo" "+beta-2023-04-20" "metadata" "--no-deps" "--format-version=1", kill_on_drop: false }`
[INFO] [stdout] 9f6184ff6f4f35b2b3ce3e0bff1ee9f696aa05bbfc21cb0aa0b4247585e41017
[INFO] running `Command { std: "docker" "start" "-a" "9f6184ff6f4f35b2b3ce3e0bff1ee9f696aa05bbfc21cb0aa0b4247585e41017", kill_on_drop: false }`
[INFO] running `Command { std: "docker" "inspect" "9f6184ff6f4f35b2b3ce3e0bff1ee9f696aa05bbfc21cb0aa0b4247585e41017", kill_on_drop: false }`
[INFO] running `Command { std: "docker" "rm" "-f" "9f6184ff6f4f35b2b3ce3e0bff1ee9f696aa05bbfc21cb0aa0b4247585e41017", kill_on_drop: false }`
[INFO] [stdout] 9f6184ff6f4f35b2b3ce3e0bff1ee9f696aa05bbfc21cb0aa0b4247585e41017
[INFO] running `Command { std: "docker" "create" "-v" "/var/lib/crater-agent-workspace/builds/worker-4-tc2/target:/opt/rustwide/target:rw,Z" "-v" "/var/lib/crater-agent-workspace/builds/worker-4-tc2/source:/opt/rustwide/workdir:ro,Z" "-v" "/var/lib/crater-agent-workspace/cargo-home:/opt/rustwide/cargo-home:ro,Z" "-v" "/var/lib/crater-agent-workspace/rustup-home:/opt/rustwide/rustup-home:ro,Z" "-e" "SOURCE_DIR=/opt/rustwide/workdir" "-e" "CARGO_TARGET_DIR=/opt/rustwide/target" "-e" "CARGO_INCREMENTAL=0" "-e" "RUST_BACKTRACE=full" "-e" "RUSTFLAGS=--cap-lints=warn" "-e" "RUSTDOCFLAGS=--cap-lints=warn" "-e" "CARGO_HOME=/opt/rustwide/cargo-home" "-e" "RUSTUP_HOME=/opt/rustwide/rustup-home" "-w" "/opt/rustwide/workdir" "-m" "1610612736" "--user" "0:0" "--network" "none" "ghcr.io/rust-lang/crates-build-env/linux@sha256:5ff2268d62e97bff2cde7d5815dd6ed5b47097566f13b8d0ca110b04b60e07ed" "/opt/rustwide/cargo-home/bin/cargo" "+beta-2023-04-20" "build" "--frozen" "--message-format=json", kill_on_drop: false }`
[INFO] [stdout] 43c8e1d7fae565bff712d739cc4b1ab0f078e7dc766bf2ef8b13f5acc0c30474
[INFO] running `Command { std: "docker" "start" "-a" "43c8e1d7fae565bff712d739cc4b1ab0f078e7dc766bf2ef8b13f5acc0c30474", kill_on_drop: false }`
[INFO] [stderr]    Compiling proc-macro2 v0.4.30
[INFO] [stderr]    Compiling syn v0.15.44
[INFO] [stderr]    Compiling libc v0.2.142
[INFO] [stderr]    Compiling lazy_static v1.4.0
[INFO] [stderr]    Compiling quote v0.6.13
[INFO] [stderr]    Compiling dlopen_derive v0.1.4
[INFO] [stderr]    Compiling dlopen v0.1.8
[INFO] [stderr]    Compiling twain v0.1.0 (/opt/rustwide/workdir)
[INFO] [stdout] warning: unused imports: `c_char`, `c_int`
[INFO] [stdout]   --> src/lib.rs:18:15
[INFO] [stdout]    |
[INFO] [stdout] 18 |     os::raw::{c_char, c_int},
[INFO] [stdout]    |               ^^^^^^  ^^^^^
[INFO] [stdout]    |
[INFO] [stdout]    = note: `#[warn(unused_imports)]` on by default
[INFO] [stdout] 
[INFO] [stdout] 
[INFO] [stdout] error[E0507]: cannot move out of `self.info` which is behind a shared reference
[INFO] [stdout]    --> src/lib.rs:405:5
[INFO] [stdout]     |
[INFO] [stdout] 399 | #[derive(Debug, Clone)]
[INFO] [stdout]     |          ----- in this derive macro expansion
[INFO] [stdout] ...
[INFO] [stdout] 405 |     info: Str32,
[INFO] [stdout]     |     ^^^^^^^^^^^ move occurs because `self.info` has type `Str32`, which does not implement the `Copy` trait
[INFO] [stdout]     |
[INFO] [stdout]     = note: this error originates in the derive macro `Debug` (in Nightly builds, run with -Z macro-backtrace for more info)
[INFO] [stdout] 
[INFO] [stdout] 
[INFO] [stdout] error[E0507]: cannot move out of `self.info` which is behind a shared reference
[INFO] [stdout]    --> src/lib.rs:405:5
[INFO] [stdout]     |
[INFO] [stdout] 399 | #[derive(Debug, Clone)]
[INFO] [stdout]     |                 ----- in this derive macro expansion
[INFO] [stdout] ...
[INFO] [stdout] 405 |     info: Str32,
[INFO] [stdout]     |     ^^^^^^^^^^^ move occurs because `self.info` has type `Str32`, which does not implement the `Copy` trait
[INFO] [stdout]     |
[INFO] [stdout]     = note: this error originates in the derive macro `Clone` (in Nightly builds, run with -Z macro-backtrace for more info)
[INFO] [stdout] 
[INFO] [stdout] 
[INFO] [stdout] error[E0507]: cannot move out of `self.version` which is behind a shared reference
[INFO] [stdout]    --> src/lib.rs:425:5
[INFO] [stdout]     |
[INFO] [stdout] 422 | #[derive(Debug, Default, Clone)]
[INFO] [stdout]     |          ----- in this derive macro expansion
[INFO] [stdout] ...
[INFO] [stdout] 425 |     version: Version,
[INFO] [stdout]     |     ^^^^^^^^^^^^^^^^ move occurs because `self.version` has type `Version`, which does not implement the `Copy` trait
[INFO] [stdout]     |
[INFO] [stdout]     = note: this error originates in the derive macro `Debug` (in Nightly builds, run with -Z macro-backtrace for more info)
[INFO] [stdout] 
[INFO] [stdout] 
[INFO] [stdout] error[E0507]: cannot move out of `self.manufacturer` which is behind a shared reference
[INFO] [stdout]    --> src/lib.rs:429:5
[INFO] [stdout]     |
[INFO] [stdout] 422 | #[derive(Debug, Default, Clone)]
[INFO] [stdout]     |          ----- in this derive macro expansion
[INFO] [stdout] ...
[INFO] [stdout] 429 |     manufacturer: Str32,
[INFO] [stdout]     |     ^^^^^^^^^^^^^^^^^^^ move occurs because `self.manufacturer` has type `Str32`, which does not implement the `Copy` trait
[INFO] [stdout]     |
[INFO] [stdout]     = note: this error originates in the derive macro `Debug` (in Nightly builds, run with -Z macro-backtrace for more info)
[INFO] [stdout] 
[INFO] [stdout] 
[INFO] [stdout] error[E0507]: cannot move out of `self.product_family` which is behind a shared reference
[INFO] [stdout]    --> src/lib.rs:430:5
[INFO] [stdout]     |
[INFO] [stdout] 422 | #[derive(Debug, Default, Clone)]
[INFO] [stdout]     |          ----- in this derive macro expansion
[INFO] [stdout] ...
[INFO] [stdout] 430 |     product_family: Str32,
[INFO] [stdout]     |     ^^^^^^^^^^^^^^^^^^^^^ move occurs because `self.product_family` has type `Str32`, which does not implement the `Copy` trait
[INFO] [stdout]     |
[INFO] [stdout]     = note: this error originates in the derive macro `Debug` (in Nightly builds, run with -Z macro-backtrace for more info)
[INFO] [stdout] 
[INFO] [stdout] 
[INFO] [stdout] error[E0507]: cannot move out of `self.product_name` which is behind a shared reference
[INFO] [stdout]    --> src/lib.rs:431:5
[INFO] [stdout]     |
[INFO] [stdout] 422 | #[derive(Debug, Default, Clone)]
[INFO] [stdout]     |          ----- in this derive macro expansion
[INFO] [stdout] ...
[INFO] [stdout] 431 |     product_name: Str32,
[INFO] [stdout]     |     ^^^^^^^^^^^^^^^^^^^ move occurs because `self.product_name` has type `Str32`, which does not implement the `Copy` trait
[INFO] [stdout]     |
[INFO] [stdout]     = note: this error originates in the derive macro `Debug` (in Nightly builds, run with -Z macro-backtrace for more info)
[INFO] [stdout] 
[INFO] [stdout] 
[INFO] [stdout] error[E0507]: cannot move out of `self.version` which is behind a shared reference
[INFO] [stdout]    --> src/lib.rs:425:5
[INFO] [stdout]     |
[INFO] [stdout] 422 | #[derive(Debug, Default, Clone)]
[INFO] [stdout]     |                          ----- in this derive macro expansion
[INFO] [stdout] ...
[INFO] [stdout] 425 |     version: Version,
[INFO] [stdout]     |     ^^^^^^^^^^^^^^^^ move occurs because `self.version` has type `Version`, which does not implement the `Copy` trait
[INFO] [stdout]     |
[INFO] [stdout]     = note: this error originates in the derive macro `Clone` (in Nightly builds, run with -Z macro-backtrace for more info)
[INFO] [stdout] 
[INFO] [stdout] 
[INFO] [stdout] error[E0507]: cannot move out of `self.manufacturer` which is behind a shared reference
[INFO] [stdout]    --> src/lib.rs:429:5
[INFO] [stdout]     |
[INFO] [stdout] 422 | #[derive(Debug, Default, Clone)]
[INFO] [stdout]     |                          ----- in this derive macro expansion
[INFO] [stdout] ...
[INFO] [stdout] 429 |     manufacturer: Str32,
[INFO] [stdout]     |     ^^^^^^^^^^^^^^^^^^^ move occurs because `self.manufacturer` has type `Str32`, which does not implement the `Copy` trait
[INFO] [stdout]     |
[INFO] [stdout]     = note: this error originates in the derive macro `Clone` (in Nightly builds, run with -Z macro-backtrace for more info)
[INFO] [stdout] 
[INFO] [stdout] 
[INFO] [stdout] error[E0507]: cannot move out of `self.product_family` which is behind a shared reference
[INFO] [stdout]    --> src/lib.rs:430:5
[INFO] [stdout]     |
[INFO] [stdout] 422 | #[derive(Debug, Default, Clone)]
[INFO] [stdout]     |                          ----- in this derive macro expansion
[INFO] [stdout] ...
[INFO] [stdout] 430 |     product_family: Str32,
[INFO] [stdout]     |     ^^^^^^^^^^^^^^^^^^^^^ move occurs because `self.product_family` has type `Str32`, which does not implement the `Copy` trait
[INFO] [stdout]     |
[INFO] [stdout]     = note: this error originates in the derive macro `Clone` (in Nightly builds, run with -Z macro-backtrace for more info)
[INFO] [stdout] 
[INFO] [stdout] 
[INFO] [stdout] error[E0507]: cannot move out of `self.product_name` which is behind a shared reference
[INFO] [stdout]    --> src/lib.rs:431:5
[INFO] [stdout]     |
[INFO] [stdout] 422 | #[derive(Debug, Default, Clone)]
[INFO] [stdout]     |                          ----- in this derive macro expansion
[INFO] [stdout] ...
[INFO] [stdout] 431 |     product_name: Str32,
[INFO] [stdout]     |     ^^^^^^^^^^^^^^^^^^^ move occurs because `self.product_name` has type `Str32`, which does not implement the `Copy` trait
[INFO] [stdout]     |
[INFO] [stdout]     = note: this error originates in the derive macro `Clone` (in Nightly builds, run with -Z macro-backtrace for more info)
[INFO] [stdout] 
[INFO] [stdout] 
[INFO] [stdout] error[E0507]: cannot move out of `self.x_resolution` which is behind a shared reference
[INFO] [stdout]    --> src/lib.rs:438:5
[INFO] [stdout]     |
[INFO] [stdout] 435 | #[derive(Debug, Default)]
[INFO] [stdout]     |          ----- in this derive macro expansion
[INFO] [stdout] ...
[INFO] [stdout] 438 |     x_resolution: FixedPoint32,
[INFO] [stdout]     |     ^^^^^^^^^^^^^^^^^^^^^^^^^^ move occurs because `self.x_resolution` has type `FixedPoint32`, which does not implement the `Copy` trait
[INFO] [stdout]     |
[INFO] [stdout]     = note: this error originates in the derive macro `Debug` (in Nightly builds, run with -Z macro-backtrace for more info)
[INFO] [stdout] 
[INFO] [stdout] 
[INFO] [stdout] error[E0507]: cannot move out of `self.y_resolution` which is behind a shared reference
[INFO] [stdout]    --> src/lib.rs:439:5
[INFO] [stdout]     |
[INFO] [stdout] 435 | #[derive(Debug, Default)]
[INFO] [stdout]     |          ----- in this derive macro expansion
[INFO] [stdout] ...
[INFO] [stdout] 439 |     y_resolution: FixedPoint32,
[INFO] [stdout]     |     ^^^^^^^^^^^^^^^^^^^^^^^^^^ move occurs because `self.y_resolution` has type `FixedPoint32`, which does not implement the `Copy` trait
[INFO] [stdout]     |
[INFO] [stdout]     = note: this error originates in the derive macro `Debug` (in Nightly builds, run with -Z macro-backtrace for more info)
[INFO] [stdout] 
[INFO] [stdout] 
[INFO] [stdout] warning: variable does not need to be mutable
[INFO] [stdout]     --> src/lib.rs:1094:13
[INFO] [stdout]      |
[INFO] [stdout] 1094 |         let mut info = ImageInfo::default();
[INFO] [stdout]      |             ----^^^^
[INFO] [stdout]      |             |
[INFO] [stdout]      |             help: remove this `mut`
[INFO] [stdout]      |
[INFO] [stdout]      = note: `#[warn(unused_mut)]` on by default
[INFO] [stdout] 
[INFO] [stdout] 
[INFO] [stdout] error: aborting due to 12 previous errors; 2 warnings emitted
[INFO] [stdout] 
[INFO] [stdout] 
[INFO] [stdout] For more information about this error, try `rustc --explain E0507`.
[INFO] [stdout] 
[INFO] [stderr] error: could not compile `twain` (lib) due to 13 previous errors; 2 warnings emitted
[INFO] running `Command { std: "docker" "inspect" "43c8e1d7fae565bff712d739cc4b1ab0f078e7dc766bf2ef8b13f5acc0c30474", kill_on_drop: false }`
[INFO] running `Command { std: "docker" "rm" "-f" "43c8e1d7fae565bff712d739cc4b1ab0f078e7dc766bf2ef8b13f5acc0c30474", kill_on_drop: false }`
[INFO] [stdout] 43c8e1d7fae565bff712d739cc4b1ab0f078e7dc766bf2ef8b13f5acc0c30474
