[INFO] fetching crate tunm 0.2.1...
[INFO] testing tunm-0.2.1 against beta-2023-04-20 for beta-1.70-1
[INFO] extracting crate tunm 0.2.1 into /workspace/builds/worker-7-tc2/source
[INFO] validating manifest of crates.io crate tunm 0.2.1 on toolchain beta-2023-04-20
[INFO] running `Command { std: CARGO_HOME="/workspace/cargo-home" RUSTUP_HOME="/workspace/rustup-home" "/workspace/cargo-home/bin/cargo" "+beta-2023-04-20" "metadata" "--manifest-path" "Cargo.toml" "--no-deps", kill_on_drop: false }`
[INFO] started tweaking crates.io crate tunm 0.2.1
[INFO] finished tweaking crates.io crate tunm 0.2.1
[INFO] tweaked toml for crates.io crate tunm 0.2.1 written to /workspace/builds/worker-7-tc2/source/Cargo.toml
[INFO] crate crates.io crate tunm 0.2.1 already has a lockfile, it will not be regenerated
[INFO] running `Command { std: CARGO_HOME="/workspace/cargo-home" RUSTUP_HOME="/workspace/rustup-home" "/workspace/cargo-home/bin/cargo" "+beta-2023-04-20" "fetch" "--manifest-path" "Cargo.toml", kill_on_drop: false }`
[INFO] [stderr]     Updating crates.io index
[INFO] [stderr]     Blocking waiting for file lock on package cache
[INFO] [stderr]  Downloading crates ...
[INFO] [stderr]   Downloaded frunk_derives v0.4.0
[INFO] [stderr]   Downloaded mysql v22.1.0
[INFO] [stderr]   Downloaded lexical-write-integer v0.8.3
[INFO] [stderr]   Downloaded lru v0.7.5
[INFO] [stderr]   Downloaded mysql_common v0.28.2
[INFO] [stderr]   Downloaded rust_decimal v1.23.1
[INFO] [stderr]   Downloaded lexical-core v0.8.3
[INFO] [stderr]   Downloaded url v0.5.10
[INFO] [stderr]   Downloaded lexical-parse-integer v0.8.3
[INFO] [stderr]   Downloaded lexical-parse-float v0.8.3
[INFO] [stderr]   Downloaded frunk_proc_macros v0.1.0
[INFO] [stderr]   Downloaded lexical-util v0.8.3
[INFO] [stderr]   Downloaded frunk_proc_macros_impl v0.1.0
[INFO] [stderr]   Downloaded frunk v0.4.0
[INFO] [stderr]   Downloaded frunk_proc_macro_helpers v0.1.0
[INFO] [stderr]   Downloaded frunk_core v0.4.0
[INFO] [stderr]   Downloaded wyz v0.4.0
[INFO] [stderr]   Downloaded io-enum v1.0.1
[INFO] [stderr]   Downloaded bitvec v0.22.3
[INFO] [stderr]   Downloaded clang-sys v1.3.1
[INFO] [stderr]   Downloaded crossbeam v0.8.1
[INFO] [stderr]   Downloaded unicode-bidi v0.2.6
[INFO] [stderr]   Downloaded uuid v0.2.3
[INFO] [stderr]   Downloaded lexical-write-float v0.8.4
[INFO] [stderr]   Downloaded lexical v6.1.0
[INFO] [stderr]   Downloaded rusqlite v0.27.0
[INFO] [stderr]   Downloaded commander v0.1.5
[INFO] [stderr]   Downloaded td_rlua v0.1.9
[INFO] [stderr]   Downloaded psocket v0.1.5
[INFO] [stderr]   Downloaded td_clua_ext v0.1.0
[INFO] [stderr]   Downloaded sha1 v0.1.1
[INFO] [stderr]   Downloaded td_clua v0.1.3
[INFO] [stderr]   Downloaded websocket-simple v0.1.1
[INFO] [stderr]   Downloaded tunm_proto v0.1.9
[INFO] [stderr]   Downloaded rbtree v0.1.5
[INFO] [stderr]   Downloaded td_rlua v0.2.1
[INFO] [stderr]   Downloaded td_rthreadpool v0.1.2
[INFO] [stderr]   Downloaded td_proto_rust v0.1.4
[INFO] [stderr]   Downloaded td_rredis v0.1.2
[INFO] [stderr]   Downloaded td_revent v0.3.2
[INFO] running `Command { std: "docker" "create" "-v" "/var/lib/crater-agent-workspace/builds/worker-7-tc2/target:/opt/rustwide/target:rw,Z" "-v" "/var/lib/crater-agent-workspace/builds/worker-7-tc2/source:/opt/rustwide/workdir:ro,Z" "-v" "/var/lib/crater-agent-workspace/cargo-home:/opt/rustwide/cargo-home:ro,Z" "-v" "/var/lib/crater-agent-workspace/rustup-home:/opt/rustwide/rustup-home:ro,Z" "-e" "SOURCE_DIR=/opt/rustwide/workdir" "-e" "CARGO_TARGET_DIR=/opt/rustwide/target" "-e" "CARGO_HOME=/opt/rustwide/cargo-home" "-e" "RUSTUP_HOME=/opt/rustwide/rustup-home" "-w" "/opt/rustwide/workdir" "-m" "1610612736" "--user" "0:0" "--network" "none" "ghcr.io/rust-lang/crates-build-env/linux@sha256:5ff2268d62e97bff2cde7d5815dd6ed5b47097566f13b8d0ca110b04b60e07ed" "/opt/rustwide/cargo-home/bin/cargo" "+beta-2023-04-20" "metadata" "--no-deps" "--format-version=1", kill_on_drop: false }`
[INFO] [stdout] 018cc43078571d49b2c447c7908873437ee791cc17d257062371c1e032df4ed7
[INFO] running `Command { std: "docker" "start" "-a" "018cc43078571d49b2c447c7908873437ee791cc17d257062371c1e032df4ed7", kill_on_drop: false }`
[INFO] running `Command { std: "docker" "inspect" "018cc43078571d49b2c447c7908873437ee791cc17d257062371c1e032df4ed7", kill_on_drop: false }`
[INFO] running `Command { std: "docker" "rm" "-f" "018cc43078571d49b2c447c7908873437ee791cc17d257062371c1e032df4ed7", kill_on_drop: false }`
[INFO] [stdout] 018cc43078571d49b2c447c7908873437ee791cc17d257062371c1e032df4ed7
[INFO] running `Command { std: "docker" "create" "-v" "/var/lib/crater-agent-workspace/builds/worker-7-tc2/target:/opt/rustwide/target:rw,Z" "-v" "/var/lib/crater-agent-workspace/builds/worker-7-tc2/source:/opt/rustwide/workdir:ro,Z" "-v" "/var/lib/crater-agent-workspace/cargo-home:/opt/rustwide/cargo-home:ro,Z" "-v" "/var/lib/crater-agent-workspace/rustup-home:/opt/rustwide/rustup-home:ro,Z" "-e" "SOURCE_DIR=/opt/rustwide/workdir" "-e" "CARGO_TARGET_DIR=/opt/rustwide/target" "-e" "CARGO_INCREMENTAL=0" "-e" "RUST_BACKTRACE=full" "-e" "RUSTFLAGS=--cap-lints=warn" "-e" "RUSTDOCFLAGS=--cap-lints=warn" "-e" "CARGO_HOME=/opt/rustwide/cargo-home" "-e" "RUSTUP_HOME=/opt/rustwide/rustup-home" "-w" "/opt/rustwide/workdir" "-m" "1610612736" "--user" "0:0" "--network" "none" "ghcr.io/rust-lang/crates-build-env/linux@sha256:5ff2268d62e97bff2cde7d5815dd6ed5b47097566f13b8d0ca110b04b60e07ed" "/opt/rustwide/cargo-home/bin/cargo" "+beta-2023-04-20" "build" "--frozen" "--message-format=json", kill_on_drop: false }`
[INFO] [stdout] 6c1f187af41f5bbf35477f040137b02fb9097f57751a275d41342b56c297bb39
[INFO] running `Command { std: "docker" "start" "-a" "6c1f187af41f5bbf35477f040137b02fb9097f57751a275d41342b56c297bb39", kill_on_drop: false }`
[INFO] [stderr]    Compiling libc v0.2.125
[INFO] [stderr]    Compiling cfg-if v1.0.0
[INFO] [stderr]    Compiling autocfg v1.1.0
[INFO] [stderr]    Compiling proc-macro2 v1.0.38
[INFO] [stderr]    Compiling unicode-xid v0.2.3
[INFO] [stderr]    Compiling syn v1.0.94
[INFO] [stderr]    Compiling serde_derive v1.0.137
[INFO] [stderr]    Compiling serde v1.0.137
[INFO] [stderr]    Compiling pkg-config v0.3.25
[INFO] [stderr]    Compiling cc v1.0.73
[INFO] [stderr]    Compiling version_check v0.9.4
[INFO] [stderr]    Compiling memchr v2.5.0
[INFO] [stderr]    Compiling log v0.4.17
[INFO] [stderr]    Compiling once_cell v1.10.0
[INFO] [stderr]    Compiling lazy_static v1.4.0
[INFO] [stderr]    Compiling typenum v1.15.0
[INFO] [stderr]    Compiling bitflags v1.3.2
[INFO] [stderr]    Compiling itoa v1.0.1
[INFO] [stderr]    Compiling matches v0.1.9
[INFO] [stderr]    Compiling tinyvec_macros v0.1.0
[INFO] [stderr]    Compiling bytes v1.1.0
[INFO] [stderr]    Compiling tinyvec v1.6.0
[INFO] [stderr]    Compiling gcc v0.3.55
[INFO] [stderr]    Compiling static_assertions v1.1.0
[INFO] [stderr]    Compiling pin-project-lite v0.2.9
[INFO] [stderr]    Compiling ahash v0.7.6
[INFO] [stderr]    Compiling generic-array v0.14.5
[INFO] [stderr]    Compiling num-traits v0.2.15
[INFO] [stderr]    Compiling num-integer v0.1.45
[INFO] [stderr]    Compiling memoffset v0.6.5
[INFO] [stderr]    Compiling ppv-lite86 v0.2.16
[INFO] [stderr]    Compiling glob v0.3.0
[INFO] [stderr]    Compiling unicode-bidi v0.3.8
[INFO] [stderr]    Compiling futures-core v0.3.21
[INFO] [stderr]    Compiling indexmap v1.8.1
[INFO] [stderr]    Compiling lexical-util v0.8.3
[INFO] [stderr]    Compiling crossbeam-utils v0.8.8
[INFO] [stderr]    Compiling byteorder v1.4.3
[INFO] [stderr]    Compiling slab v0.4.6
[INFO] [stderr]    Compiling clang-sys v1.3.1
[INFO] [stderr]    Compiling quote v1.0.18
[INFO] [stderr]    Compiling unicode-normalization v0.1.19
[INFO] [stderr]    Compiling aho-corasick v0.7.18
[INFO] [stderr]    Compiling ryu v1.0.9
[INFO] [stderr]    Compiling lazycell v1.3.0
[INFO] [stderr]    Compiling openssl-sys v0.9.73
[INFO] [stderr]    Compiling minimal-lexical v0.2.1
[INFO] [stderr]    Compiling fnv v1.0.7
[INFO] [stderr]    Compiling proc-macro-hack v0.5.19
[INFO] [stderr]    Compiling regex-syntax v0.6.25
[INFO] [stderr]    Compiling futures-task v0.3.21
[INFO] [stderr]    Compiling frunk_core v0.4.0
[INFO] [stderr]    Compiling winapi-build v0.1.1
[INFO] [stderr]    Compiling scopeguard v1.1.0
[INFO] [stderr]    Compiling foreign-types-shared v0.1.1
[INFO] [stderr]    Compiling percent-encoding v2.1.0
[INFO] [stderr]    Compiling openssl v0.10.40
[INFO] [stderr]    Compiling getrandom v0.2.6
[INFO] [stderr]    Compiling socket2 v0.4.4
[INFO] [stderr]    Compiling time v0.1.44
[INFO] [stderr]    Compiling num_cpus v1.13.1
[INFO] [stderr]    Compiling httparse v1.7.1
[INFO] [stderr]    Compiling rand_core v0.6.3
[INFO] [stderr]    Compiling hashbrown v0.11.2
[INFO] [stderr]    Compiling form_urlencoded v1.0.1
[INFO] [stderr]    Compiling rand v0.4.6
[INFO] [stderr]    Compiling nom v7.1.1
[INFO] [stderr]    Compiling foreign-types v0.3.2
[INFO] [stderr]    Compiling tracing-core v0.1.26
[INFO] [stderr]    Compiling libloading v0.7.3
[INFO] [stderr]    Compiling futures-util v0.3.21
[INFO] [stderr]    Compiling getrandom v0.1.16
[INFO] [stderr]    Compiling native-tls v0.2.10
[INFO] [stderr]    Compiling bindgen v0.59.2
[INFO] [stderr]    Compiling serde_json v1.0.81
[INFO] [stderr]    Compiling smallvec v1.8.0
[INFO] [stderr]    Compiling rand v0.3.23
[INFO] [stderr]    Compiling rand_chacha v0.3.1
[INFO] [stderr]    Compiling idna v0.2.3
[INFO] [stderr]    Compiling crypto-common v0.1.3
[INFO] [stderr]    Compiling block-buffer v0.10.2
[INFO] [stderr]    Compiling http v0.2.7
[INFO] [stderr]    Compiling lexical-write-integer v0.8.3
[INFO] [stderr]    Compiling lexical-parse-integer v0.8.3
[INFO] [stderr]    Compiling libz-sys v1.1.6
[INFO] [stderr]    Compiling td_clua v0.1.3
[INFO] [stderr]    Compiling crossbeam-epoch v0.9.8
[INFO] [stderr]    Compiling num-bigint v0.4.3
[INFO] [stderr]    Compiling peeking_take_while v0.1.2
[INFO] [stderr]    Compiling futures-io v0.3.21
[INFO] [stderr]    Compiling shlex v1.1.0
[INFO] [stderr]    Compiling regex v1.5.5
[INFO] [stderr]    Compiling rustc-hash v1.1.0
[INFO] [stderr]    Compiling radium v0.6.2
[INFO] [stderr]    Compiling futures-sink v0.3.21
[INFO] [stderr]    Compiling crc32fast v1.3.2
[INFO] [stderr]    Compiling num_threads v0.1.6
[INFO] [stderr]    Compiling futures-channel v0.3.21
[INFO] [stderr]    Compiling openssl-probe v0.1.5
[INFO] [stderr]    Compiling time-macros v0.2.4
[INFO] [stderr]    Compiling pin-utils v0.1.0
[INFO] [stderr]    Compiling lexical-write-float v0.8.4
[INFO] [stderr]    Compiling url v2.2.2
[INFO] [stderr]    Compiling lexical-parse-float v0.8.3
[INFO] [stderr]    Compiling digest v0.10.3
[INFO] [stderr]    Compiling rand v0.8.5
[INFO] [stderr]    Compiling cexpr v0.6.0
[INFO] [stderr]    Compiling chrono v0.4.19
[INFO] [stderr]    Compiling iovec v0.1.4
[INFO] [stderr]    Compiling subprocess v0.2.8
[INFO] [stderr]    Compiling generic-array v0.12.4
[INFO] [stderr]    Compiling cmake v0.1.48
[INFO] [stderr]    Compiling lock_api v0.4.7
[INFO] [stderr]    Compiling rust_decimal v1.23.1
[INFO] [stderr]    Compiling cfg-if v0.1.10
[INFO] [stderr]    Compiling frunk_proc_macro_helpers v0.1.0
[INFO] [stderr]    Compiling crossbeam-queue v0.3.5
[INFO] [stderr]    Compiling rustc-serialize v0.3.24
[INFO] [stderr]    Compiling cpufeatures v0.2.2
[INFO] [stderr]    Compiling base64 v0.13.0
[INFO] [stderr]    Compiling parking_lot_core v0.9.3
[INFO] [stderr]    Compiling vcpkg v0.2.15
[INFO] [stderr]    Compiling byte-tools v0.3.1
[INFO] [stderr]    Compiling tap v1.0.1
[INFO] [stderr]    Compiling time v0.3.9
[INFO] [stderr]    Compiling try-lock v0.2.3
[INFO] [stderr]    Compiling block-padding v0.1.5
[INFO] [stderr]    Compiling wyz v0.4.0
[INFO] [stderr]    Compiling net2 v0.2.37
[INFO] [stderr]    Compiling lexical-core v0.8.3
[INFO] [stderr]    Compiling rand_core v0.5.1
[INFO] [stderr]    Compiling http-body v0.4.4
[INFO] [stderr]    Compiling kernel32-sys v0.2.2
[INFO] [stderr]    Compiling ws2_32-sys v0.2.1
[INFO] [stderr]    Compiling io-enum v1.0.1
[INFO] [stderr]    Compiling funty v1.2.0
[INFO] [stderr]    Compiling tower-service v0.3.1
[INFO] [stderr]    Compiling arrayvec v0.7.2
[INFO] [stderr]    Compiling winapi v0.2.8
[INFO] [stderr]    Compiling linked-hash-map v0.5.4
[INFO] [stderr]    Compiling anyhow v1.0.57
[INFO] [stderr]    Compiling traitobject v0.1.0
[INFO] [stderr]    Compiling httpdate v1.0.2
[INFO] [stderr]    Compiling encoding_rs v0.8.31
[INFO] [stderr]    Compiling libsqlite3-sys v0.24.2
[INFO] [stderr]    Compiling yaml-rust v0.4.5
[INFO] [stderr]    Compiling unsafe-any v0.4.2
[INFO] [stderr]    Compiling bitvec v0.22.3
[INFO] [stderr]    Compiling flate2 v1.0.23
[INFO] [stderr]    Compiling crossbeam-deque v0.8.1
[INFO] [stderr]    Compiling rand_chacha v0.2.2
[INFO] [stderr]    Compiling lexical v6.1.0
[INFO] [stderr]    Compiling bigdecimal v0.3.0
[INFO] [stderr]    Compiling commander v0.1.5
[INFO] [stderr]    Compiling block-buffer v0.7.3
[INFO] [stderr]    Compiling sha-1 v0.10.0
[INFO] [stderr]    Compiling sha2 v0.10.2
[INFO] [stderr]    Compiling derive_utils v0.11.2
[INFO] [stderr]    Compiling digest v0.8.1
[INFO] [stderr]    Compiling uuid v0.2.3
[INFO] [stderr]    Compiling crossbeam-channel v0.5.4
[INFO] [stderr]    Compiling ordered-float v2.10.0
[INFO] [stderr]    Compiling idna v0.1.5
[INFO] [stderr]    Compiling sys-info v0.9.1
[INFO] [stderr]    Compiling rust-crypto v0.2.36
[INFO] [stderr]    Compiling td_clua_ext v0.1.0
[INFO] [stderr]    Compiling unicode-bidi v0.2.6
[INFO] [stderr]    Compiling humantime v2.1.0
[INFO] [stderr]    Compiling opaque-debug v0.2.3
[INFO] [stderr]    Compiling fake-simd v0.1.2
[INFO] [stderr]    Compiling uuid v0.8.2
[INFO] [stderr]    Compiling mysql v22.1.0
[INFO] [stderr]    Compiling saturating v0.1.0
[INFO] [stderr]    Compiling percent-encoding v1.0.1
[INFO] [stderr]    Compiling sha-1 v0.8.2
[INFO] [stderr]    Compiling url v0.5.10
[INFO] [stderr]    Compiling openssl-macros v0.1.0
[INFO] [stderr]    Compiling tracing-attributes v0.1.21
[INFO] [stderr]    Compiling frunk_proc_macros_impl v0.1.0
[INFO] [stderr]    Compiling thiserror-impl v1.0.31
[INFO] [stderr]    Compiling frunk_derives v0.4.0
[INFO] [stderr]    Compiling derivative v2.2.0
[INFO] [stderr]    Compiling url v1.7.2
[INFO] [stderr]    Compiling crossbeam v0.8.1
[INFO] [stderr]    Compiling parking_lot v0.12.0
[INFO] [stderr]    Compiling td_rlua v0.1.9
[INFO] [stderr]    Compiling rand v0.7.3
[INFO] [stderr]    Compiling frunk_proc_macros v0.1.0
[INFO] [stderr]    Compiling typemap v0.3.3
[INFO] [stderr]    Compiling pem v1.0.2
[INFO] [stderr]    Compiling twox-hash v1.6.3
[INFO] [stderr]    Compiling bytes v0.4.12
[INFO] [stderr]    Compiling hashlink v0.7.0
[INFO] [stderr]    Compiling frunk v0.4.0
[INFO] [stderr]    Compiling lru v0.7.5
[INFO] [stderr]    Compiling psocket v0.1.5
[INFO] [stderr]    Compiling nix v0.23.1
[INFO] [stderr]    Compiling nix v0.24.1
[INFO] [stderr]    Compiling atty v0.2.14
[INFO] [stderr]    Compiling thread-id v4.0.0
[INFO] [stderr]    Compiling sha1 v0.1.1
[INFO] [stderr]    Compiling chunked_transfer v1.4.0
[INFO] [stderr]    Compiling fallible-streaming-iterator v0.1.9
[INFO] [stderr]    Compiling arc-swap v1.5.0
[INFO] [stderr]    Compiling mime v0.3.16
[INFO] [stderr]    Compiling fallible-iterator v0.2.0
[INFO] [stderr]    Compiling rbtree v0.1.5
[INFO] [stderr]    Compiling ascii v1.0.0
[INFO] [stderr]    Compiling tracing v0.1.34
[INFO] [stderr]    Compiling bufstream v0.1.4
[INFO] [stderr]    Compiling ipnet v2.5.0
[INFO] [stderr]    Compiling log-mdc v0.1.0
[INFO] [stderr]    Compiling sha1 v0.2.0
[INFO] [stderr]    Compiling termcolor v1.1.3
[INFO] [stderr]    Compiling td_rredis v0.1.2
[INFO] [stderr]    Compiling thiserror v1.0.31
[INFO] [stderr]    Compiling td_rlua v0.2.1
[INFO] [stderr]    Compiling td_proto_rust v0.1.4
[INFO] [stderr]    Compiling td_rthreadpool v0.1.2
[INFO] [stderr]    Compiling tunm_proto v0.1.9
[INFO] [stderr]    Compiling mysql_common v0.28.2
[INFO] [stderr]    Compiling td_revent v0.3.2
[INFO] [stdout] error[E0432]: unresolved imports `FLAG_READ`, `FLAG_WRITE`, `FLAG_ACCEPT`
[INFO] [stdout]  --> /opt/rustwide/cargo-home/registry/src/index.crates.io-6f17d22bba15001f/td_revent-0.3.2/src/sys/unix/epoll.rs:4:30
[INFO] [stdout]   |
[INFO] [stdout] 4 | use {EventEntry, EventFlags, FLAG_READ, FLAG_WRITE, FLAG_ACCEPT, EventBuffer, EventLoop, RetValue};
[INFO] [stdout]   |                              ^^^^^^^^^  ^^^^^^^^^^  ^^^^^^^^^^^ no `FLAG_ACCEPT` in the root
[INFO] [stdout]   |                              |          |
[INFO] [stdout]   |                              |          no `FLAG_WRITE` in the root
[INFO] [stdout]   |                              no `FLAG_READ` in the root
[INFO] [stdout] 
[INFO] [stdout] 
[INFO] [stdout] error[E0425]: cannot find value `EPOLLIN` in this scope
[INFO] [stdout]    --> /opt/rustwide/cargo-home/registry/src/index.crates.io-6f17d22bba15001f/td_revent-0.3.2/src/sys/unix/epoll.rs:194:38
[INFO] [stdout]     |
[INFO] [stdout] 194 |             if value.events.contains(EPOLLIN) {
[INFO] [stdout]     |                                      ^^^^^^^ not found in this scope
[INFO] [stdout]     |
[INFO] [stdout] help: consider importing this constant
[INFO] [stdout]     |
[INFO] [stdout] 2   + use libc::EPOLLIN;
[INFO] [stdout]     |
[INFO] [stdout] 
[INFO] [stdout] 
[INFO] [stdout] error[E0425]: cannot find value `EPOLLOUT` in this scope
[INFO] [stdout]    --> /opt/rustwide/cargo-home/registry/src/index.crates.io-6f17d22bba15001f/td_revent-0.3.2/src/sys/unix/epoll.rs:197:38
[INFO] [stdout]     |
[INFO] [stdout] 197 |             if value.events.contains(EPOLLOUT) {
[INFO] [stdout]     |                                      ^^^^^^^^ not found in this scope
[INFO] [stdout]     |
[INFO] [stdout] help: consider importing this constant
[INFO] [stdout]     |
[INFO] [stdout] 2   + use libc::EPOLLOUT;
[INFO] [stdout]     |
[INFO] [stdout] 
[INFO] [stdout] 
[INFO] [stdout] error[E0425]: cannot find value `EPOLLIN` in this scope
[INFO] [stdout]    --> /opt/rustwide/cargo-home/registry/src/index.crates.io-6f17d22bba15001f/td_revent-0.3.2/src/sys/unix/epoll.rs:231:38
[INFO] [stdout]     |
[INFO] [stdout] 231 |             if value.events.contains(EPOLLIN) {
[INFO] [stdout]     |                                      ^^^^^^^ not found in this scope
[INFO] [stdout]     |
[INFO] [stdout] help: consider importing this constant
[INFO] [stdout]     |
[INFO] [stdout] 2   + use libc::EPOLLIN;
[INFO] [stdout]     |
[INFO] [stdout] 
[INFO] [stdout] 
[INFO] [stdout] error[E0425]: cannot find value `EPOLLOUT` in this scope
[INFO] [stdout]    --> /opt/rustwide/cargo-home/registry/src/index.crates.io-6f17d22bba15001f/td_revent-0.3.2/src/sys/unix/epoll.rs:234:38
[INFO] [stdout]     |
[INFO] [stdout] 234 |             if value.events.contains(EPOLLOUT) {
[INFO] [stdout]     |                                      ^^^^^^^^ not found in this scope
[INFO] [stdout]     |
[INFO] [stdout] help: consider importing this constant
[INFO] [stdout]     |
[INFO] [stdout] 2   + use libc::EPOLLOUT;
[INFO] [stdout]     |
[INFO] [stdout] 
[INFO] [stdout] 
[INFO] [stdout] error[E0412]: cannot find type `EpollEventKind` in this scope
[INFO] [stdout]    --> /opt/rustwide/cargo-home/registry/src/index.crates.io-6f17d22bba15001f/td_revent-0.3.2/src/sys/unix/epoll.rs:378:47
[INFO] [stdout]     |
[INFO] [stdout] 378 | fn ioevent_to_epoll(ev_events: EventFlags) -> EpollEventKind {
[INFO] [stdout]     |                                               ^^^^^^^^^^^^^^ help: a struct with a similar name exists: `EpollEvent`
[INFO] [stdout]     |
[INFO] [stdout]    ::: /opt/rustwide/cargo-home/registry/src/index.crates.io-6f17d22bba15001f/nix-0.24.1/src/sys/epoll.rs:46:1
[INFO] [stdout]     |
[INFO] [stdout] 46  | pub struct EpollEvent {
[INFO] [stdout]     | --------------------- similarly named struct `EpollEvent` defined here
[INFO] [stdout] 
[INFO] [stdout] 
[INFO] [stdout] error[E0425]: cannot find value `EPOLLIN` in this scope
[INFO] [stdout]    --> /opt/rustwide/cargo-home/registry/src/index.crates.io-6f17d22bba15001f/td_revent-0.3.2/src/sys/unix/epoll.rs:382:21
[INFO] [stdout]     |
[INFO] [stdout] 382 |         kind.insert(EPOLLIN);
[INFO] [stdout]     |                     ^^^^^^^ not found in this scope
[INFO] [stdout]     |
[INFO] [stdout] help: consider importing this constant
[INFO] [stdout]     |
[INFO] [stdout] 2   + use libc::EPOLLIN;
[INFO] [stdout]     |
[INFO] [stdout] 
[INFO] [stdout] 
[INFO] [stdout] error[E0425]: cannot find value `EPOLLOUT` in this scope
[INFO] [stdout]    --> /opt/rustwide/cargo-home/registry/src/index.crates.io-6f17d22bba15001f/td_revent-0.3.2/src/sys/unix/epoll.rs:386:21
[INFO] [stdout]     |
[INFO] [stdout] 386 |         kind.insert(EPOLLOUT);
[INFO] [stdout]     |                     ^^^^^^^^ not found in this scope
[INFO] [stdout]     |
[INFO] [stdout] help: consider importing this constant
[INFO] [stdout]     |
[INFO] [stdout] 2   + use libc::EPOLLOUT;
[INFO] [stdout]     |
[INFO] [stdout] 
[INFO] [stdout] 
[INFO] [stdout] error[E0615]: attempted to take value of method `events` on type `nix::sys::epoll::EpollEvent`
[INFO] [stdout]    --> /opt/rustwide/cargo-home/registry/src/index.crates.io-6f17d22bba15001f/td_revent-0.3.2/src/sys/unix/epoll.rs:194:22
[INFO] [stdout]     |
[INFO] [stdout] 194 |             if value.events.contains(EPOLLIN) {
[INFO] [stdout]     |                      ^^^^^^ method, not a field
[INFO] [stdout]     |
[INFO] [stdout] help: use parentheses to call the method
[INFO] [stdout]     |
[INFO] [stdout] 194 |             if value.events().contains(EPOLLIN) {
[INFO] [stdout]     |                            ++
[INFO] [stdout] 
[INFO] [stdout] 
[INFO] [stdout] error[E0615]: attempted to take value of method `data` on type `nix::sys::epoll::EpollEvent`
[INFO] [stdout]    --> /opt/rustwide/cargo-home/registry/src/index.crates.io-6f17d22bba15001f/td_revent-0.3.2/src/sys/unix/epoll.rs:195:40
[INFO] [stdout]     |
[INFO] [stdout] 195 |                 read_done(event, value.data as SOCKET);
[INFO] [stdout]     |                                        ^^^^ method, not a field
[INFO] [stdout]     |
[INFO] [stdout] help: use parentheses to call the method
[INFO] [stdout]     |
[INFO] [stdout] 195 |                 read_done(event, value.data() as SOCKET);
[INFO] [stdout]     |                                            ++
[INFO] [stdout] 
[INFO] [stdout] 
[INFO] [stdout] error[E0615]: attempted to take value of method `events` on type `nix::sys::epoll::EpollEvent`
[INFO] [stdout]    --> /opt/rustwide/cargo-home/registry/src/index.crates.io-6f17d22bba15001f/td_revent-0.3.2/src/sys/unix/epoll.rs:197:22
[INFO] [stdout]     |
[INFO] [stdout] 197 |             if value.events.contains(EPOLLOUT) {
[INFO] [stdout]     |                      ^^^^^^ method, not a field
[INFO] [stdout]     |
[INFO] [stdout] help: use parentheses to call the method
[INFO] [stdout]     |
[INFO] [stdout] 197 |             if value.events().contains(EPOLLOUT) {
[INFO] [stdout]     |                            ++
[INFO] [stdout] 
[INFO] [stdout] 
[INFO] [stdout] error[E0615]: attempted to take value of method `data` on type `nix::sys::epoll::EpollEvent`
[INFO] [stdout]    --> /opt/rustwide/cargo-home/registry/src/index.crates.io-6f17d22bba15001f/td_revent-0.3.2/src/sys/unix/epoll.rs:198:41
[INFO] [stdout]     |
[INFO] [stdout] 198 |                 write_done(event, value.data as SOCKET);
[INFO] [stdout]     |                                         ^^^^ method, not a field
[INFO] [stdout]     |
[INFO] [stdout] help: use parentheses to call the method
[INFO] [stdout]     |
[INFO] [stdout] 198 |                 write_done(event, value.data() as SOCKET);
[INFO] [stdout]     |                                             ++
[INFO] [stdout] 
[INFO] [stdout] 
[INFO] [stdout] error[E0615]: attempted to take value of method `events` on type `nix::sys::epoll::EpollEvent`
[INFO] [stdout]    --> /opt/rustwide/cargo-home/registry/src/index.crates.io-6f17d22bba15001f/td_revent-0.3.2/src/sys/unix/epoll.rs:231:22
[INFO] [stdout]     |
[INFO] [stdout] 231 |             if value.events.contains(EPOLLIN) {
[INFO] [stdout]     |                      ^^^^^^ method, not a field
[INFO] [stdout]     |
[INFO] [stdout] help: use parentheses to call the method
[INFO] [stdout]     |
[INFO] [stdout] 231 |             if value.events().contains(EPOLLIN) {
[INFO] [stdout]     |                            ++
[INFO] [stdout] 
[INFO] [stdout] 
[INFO] [stdout] error[E0615]: attempted to take value of method `events` on type `nix::sys::epoll::EpollEvent`
[INFO] [stdout]    --> /opt/rustwide/cargo-home/registry/src/index.crates.io-6f17d22bba15001f/td_revent-0.3.2/src/sys/unix/epoll.rs:234:22
[INFO] [stdout]     |
[INFO] [stdout] 234 |             if value.events.contains(EPOLLOUT) {
[INFO] [stdout]     |                      ^^^^^^ method, not a field
[INFO] [stdout]     |
[INFO] [stdout] help: use parentheses to call the method
[INFO] [stdout]     |
[INFO] [stdout] 234 |             if value.events().contains(EPOLLOUT) {
[INFO] [stdout]     |                            ++
[INFO] [stdout] 
[INFO] [stdout] 
[INFO] [stdout] error[E0615]: attempted to take value of method `data` on type `nix::sys::epoll::EpollEvent`
[INFO] [stdout]    --> /opt/rustwide/cargo-home/registry/src/index.crates.io-6f17d22bba15001f/td_revent-0.3.2/src/sys/unix/epoll.rs:237:50
[INFO] [stdout]     |
[INFO] [stdout] 237 |             evts.push(EventEntry::new_evfd(value.data as i32, ev_flag));
[INFO] [stdout]     |                                                  ^^^^ method, not a field
[INFO] [stdout]     |
[INFO] [stdout] help: use parentheses to call the method
[INFO] [stdout]     |
[INFO] [stdout] 237 |             evts.push(EventEntry::new_evfd(value.data() as i32, ev_flag));
[INFO] [stdout]     |                                                      ++
[INFO] [stdout] 
[INFO] [stdout] 
[INFO] [stdout] error[E0560]: struct `nix::sys::epoll::EpollEvent` has no field named `events`
[INFO] [stdout]    --> /opt/rustwide/cargo-home/registry/src/index.crates.io-6f17d22bba15001f/td_revent-0.3.2/src/sys/unix/epoll.rs:245:13
[INFO] [stdout]     |
[INFO] [stdout] 245 |             events: ioevent_to_epoll(ev_events),
[INFO] [stdout]     |             ^^^^^^ `nix::sys::epoll::EpollEvent` does not have this field
[INFO] [stdout] 
[INFO] [stdout] 
[INFO] [stdout] error[E0560]: struct `nix::sys::epoll::EpollEvent` has no field named `data`
[INFO] [stdout]    --> /opt/rustwide/cargo-home/registry/src/index.crates.io-6f17d22bba15001f/td_revent-0.3.2/src/sys/unix/epoll.rs:246:13
[INFO] [stdout]     |
[INFO] [stdout] 246 |             data: socket as u64,
[INFO] [stdout]     |             ^^^^ `nix::sys::epoll::EpollEvent` does not have this field
[INFO] [stdout] 
[INFO] [stdout] 
[INFO] [stdout] error[E0277]: the trait bound `Option<&mut nix::sys::epoll::EpollEvent>: From<&nix::sys::epoll::EpollEvent>` is not satisfied
[INFO] [stdout]    --> /opt/rustwide/cargo-home/registry/src/index.crates.io-6f17d22bba15001f/td_revent-0.3.2/src/sys/unix/epoll.rs:249:69
[INFO] [stdout]     |
[INFO] [stdout] 249 |         epoll_ctl(self.epfd, EpollOp::EpollCtlAdd, socket as RawFd, &info)
[INFO] [stdout]     |         --------- required by a bound introduced by this call       ^^^^^ the trait `From<&nix::sys::epoll::EpollEvent>` is not implemented for `Option<&mut nix::sys::epoll::EpollEvent>`
[INFO] [stdout]     |
[INFO] [stdout]     = help: the following other types implement trait `From<T>`:
[INFO] [stdout]               <Option<&'a T> as From<&'a Option<T>>>
[INFO] [stdout]               <Option<&'a mut T> as From<&'a mut Option<T>>>
[INFO] [stdout]               <Option<T> as From<T>>
[INFO] [stdout]     = note: required for `&nix::sys::epoll::EpollEvent` to implement `Into<Option<&mut nix::sys::epoll::EpollEvent>>`
[INFO] [stdout] note: required by a bound in `nix::sys::epoll::epoll_ctl`
[INFO] [stdout]    --> /opt/rustwide/cargo-home/registry/src/index.crates.io-6f17d22bba15001f/nix-0.24.1/src/sys/epoll.rs:84:14
[INFO] [stdout]     |
[INFO] [stdout] 84  |     where T: Into<Option<&'a mut EpollEvent>>
[INFO] [stdout]     |              ^^^^^^^^^^^^^^^^^^^^^^^^^^^^^^^^ required by this bound in `epoll_ctl`
[INFO] [stdout] 
[INFO] [stdout] 
[INFO] [stdout] error[E0560]: struct `nix::sys::epoll::EpollEvent` has no field named `events`
[INFO] [stdout]    --> /opt/rustwide/cargo-home/registry/src/index.crates.io-6f17d22bba15001f/td_revent-0.3.2/src/sys/unix/epoll.rs:256:13
[INFO] [stdout]     |
[INFO] [stdout] 256 |             events: ioevent_to_epoll(ev_events),
[INFO] [stdout]     |             ^^^^^^ `nix::sys::epoll::EpollEvent` does not have this field
[INFO] [stdout] 
[INFO] [stdout] 
[INFO] [stdout] error[E0560]: struct `nix::sys::epoll::EpollEvent` has no field named `data`
[INFO] [stdout]    --> /opt/rustwide/cargo-home/registry/src/index.crates.io-6f17d22bba15001f/td_revent-0.3.2/src/sys/unix/epoll.rs:257:13
[INFO] [stdout]     |
[INFO] [stdout] 257 |             data: socket as u64,
[INFO] [stdout]     |             ^^^^ `nix::sys::epoll::EpollEvent` does not have this field
[INFO] [stdout] 
[INFO] [stdout] 
[INFO] [stdout] error[E0277]: the trait bound `Option<&mut nix::sys::epoll::EpollEvent>: From<&nix::sys::epoll::EpollEvent>` is not satisfied
[INFO] [stdout]    --> /opt/rustwide/cargo-home/registry/src/index.crates.io-6f17d22bba15001f/td_revent-0.3.2/src/sys/unix/epoll.rs:260:69
[INFO] [stdout]     |
[INFO] [stdout] 260 |         epoll_ctl(self.epfd, EpollOp::EpollCtlMod, socket as RawFd, &info)
[INFO] [stdout]     |         --------- required by a bound introduced by this call       ^^^^^ the trait `From<&nix::sys::epoll::EpollEvent>` is not implemented for `Option<&mut nix::sys::epoll::EpollEvent>`
[INFO] [stdout]     |
[INFO] [stdout]     = help: the following other types implement trait `From<T>`:
[INFO] [stdout]               <Option<&'a T> as From<&'a Option<T>>>
[INFO] [stdout]               <Option<&'a mut T> as From<&'a mut Option<T>>>
[INFO] [stdout]               <Option<T> as From<T>>
[INFO] [stdout]     = note: required for `&nix::sys::epoll::EpollEvent` to implement `Into<Option<&mut nix::sys::epoll::EpollEvent>>`
[INFO] [stdout] note: required by a bound in `nix::sys::epoll::epoll_ctl`
[INFO] [stdout]    --> /opt/rustwide/cargo-home/registry/src/index.crates.io-6f17d22bba15001f/nix-0.24.1/src/sys/epoll.rs:84:14
[INFO] [stdout]     |
[INFO] [stdout] 84  |     where T: Into<Option<&'a mut EpollEvent>>
[INFO] [stdout]     |              ^^^^^^^^^^^^^^^^^^^^^^^^^^^^^^^^ required by this bound in `epoll_ctl`
[INFO] [stdout] 
[INFO] [stdout] 
[INFO] [stdout] error[E0560]: struct `nix::sys::epoll::EpollEvent` has no field named `events`
[INFO] [stdout]    --> /opt/rustwide/cargo-home/registry/src/index.crates.io-6f17d22bba15001f/td_revent-0.3.2/src/sys/unix/epoll.rs:266:13
[INFO] [stdout]     |
[INFO] [stdout] 266 |             events: ioevent_to_epoll(ev_events),
[INFO] [stdout]     |             ^^^^^^ `nix::sys::epoll::EpollEvent` does not have this field
[INFO] [stdout] 
[INFO] [stdout] 
[INFO] [stdout] error[E0560]: struct `nix::sys::epoll::EpollEvent` has no field named `data`
[INFO] [stdout]    --> /opt/rustwide/cargo-home/registry/src/index.crates.io-6f17d22bba15001f/td_revent-0.3.2/src/sys/unix/epoll.rs:267:13
[INFO] [stdout]     |
[INFO] [stdout] 267 |             data: 0,
[INFO] [stdout]     |             ^^^^ `nix::sys::epoll::EpollEvent` does not have this field
[INFO] [stdout] 
[INFO] [stdout] 
[INFO] [stdout] error[E0277]: the trait bound `Option<&mut nix::sys::epoll::EpollEvent>: From<&nix::sys::epoll::EpollEvent>` is not satisfied
[INFO] [stdout]    --> /opt/rustwide/cargo-home/registry/src/index.crates.io-6f17d22bba15001f/td_revent-0.3.2/src/sys/unix/epoll.rs:270:69
[INFO] [stdout]     |
[INFO] [stdout] 270 |         epoll_ctl(self.epfd, EpollOp::EpollCtlDel, socket as RawFd, &info)
[INFO] [stdout]     |         --------- required by a bound introduced by this call       ^^^^^ the trait `From<&nix::sys::epoll::EpollEvent>` is not implemented for `Option<&mut nix::sys::epoll::EpollEvent>`
[INFO] [stdout]     |
[INFO] [stdout]     = help: the following other types implement trait `From<T>`:
[INFO] [stdout]               <Option<&'a T> as From<&'a Option<T>>>
[INFO] [stdout]               <Option<&'a mut T> as From<&'a mut Option<T>>>
[INFO] [stdout]               <Option<T> as From<T>>
[INFO] [stdout]     = note: required for `&nix::sys::epoll::EpollEvent` to implement `Into<Option<&mut nix::sys::epoll::EpollEvent>>`
[INFO] [stdout] note: required by a bound in `nix::sys::epoll::epoll_ctl`
[INFO] [stdout]    --> /opt/rustwide/cargo-home/registry/src/index.crates.io-6f17d22bba15001f/nix-0.24.1/src/sys/epoll.rs:84:14
[INFO] [stdout]     |
[INFO] [stdout] 84  |     where T: Into<Option<&'a mut EpollEvent>>
[INFO] [stdout]     |              ^^^^^^^^^^^^^^^^^^^^^^^^^^^^^^^^ required by this bound in `epoll_ctl`
[INFO] [stdout] 
[INFO] [stdout] 
[INFO] [stdout] error[E0560]: struct `nix::sys::epoll::EpollEvent` has no field named `events`
[INFO] [stdout]    --> /opt/rustwide/cargo-home/registry/src/index.crates.io-6f17d22bba15001f/td_revent-0.3.2/src/sys/unix/epoll.rs:289:13
[INFO] [stdout]     |
[INFO] [stdout] 289 |             events: ioevent_to_epoll(entry.ev_events),
[INFO] [stdout]     |             ^^^^^^ `nix::sys::epoll::EpollEvent` does not have this field
[INFO] [stdout] 
[INFO] [stdout] 
[INFO] [stdout] error[E0560]: struct `nix::sys::epoll::EpollEvent` has no field named `data`
[INFO] [stdout]    --> /opt/rustwide/cargo-home/registry/src/index.crates.io-6f17d22bba15001f/td_revent-0.3.2/src/sys/unix/epoll.rs:290:13
[INFO] [stdout]     |
[INFO] [stdout] 290 |             data: socket as u64,
[INFO] [stdout]     |             ^^^^ `nix::sys::epoll::EpollEvent` does not have this field
[INFO] [stdout] 
[INFO] [stdout] 
[INFO] [stdout] error[E0277]: the trait bound `Option<&mut nix::sys::epoll::EpollEvent>: From<&nix::sys::epoll::EpollEvent>` is not satisfied
[INFO] [stdout]    --> /opt/rustwide/cargo-home/registry/src/index.crates.io-6f17d22bba15001f/td_revent-0.3.2/src/sys/unix/epoll.rs:296:89
[INFO] [stdout]     |
[INFO] [stdout] 296 |         if let Err(e) = epoll_ctl(selector.epfd, EpollOp::EpollCtlAdd, socket as RawFd, &info)
[INFO] [stdout]     |                         --------- required by a bound introduced by this call           ^^^^^ the trait `From<&nix::sys::epoll::EpollEvent>` is not implemented for `Option<&mut nix::sys::epoll::EpollEvent>`
[INFO] [stdout]     |
[INFO] [stdout]     = help: the following other types implement trait `From<T>`:
[INFO] [stdout]               <Option<&'a T> as From<&'a Option<T>>>
[INFO] [stdout]               <Option<&'a mut T> as From<&'a mut Option<T>>>
[INFO] [stdout]               <Option<T> as From<T>>
[INFO] [stdout]     = note: required for `&nix::sys::epoll::EpollEvent` to implement `Into<Option<&mut nix::sys::epoll::EpollEvent>>`
[INFO] [stdout] note: required by a bound in `nix::sys::epoll::epoll_ctl`
[INFO] [stdout]    --> /opt/rustwide/cargo-home/registry/src/index.crates.io-6f17d22bba15001f/nix-0.24.1/src/sys/epoll.rs:84:14
[INFO] [stdout]     |
[INFO] [stdout] 84  |     where T: Into<Option<&'a mut EpollEvent>>
[INFO] [stdout]     |              ^^^^^^^^^^^^^^^^^^^^^^^^^^^^^^^^ required by this bound in `epoll_ctl`
[INFO] [stdout] 
[INFO] [stdout] 
[INFO] [stdout] error[E0560]: struct `nix::sys::epoll::EpollEvent` has no field named `events`
[INFO] [stdout]    --> /opt/rustwide/cargo-home/registry/src/index.crates.io-6f17d22bba15001f/td_revent-0.3.2/src/sys/unix/epoll.rs:324:17
[INFO] [stdout]     |
[INFO] [stdout] 324 |                 events: ioevent_to_epoll(event.entry.ev_events),
[INFO] [stdout]     |                 ^^^^^^ `nix::sys::epoll::EpollEvent` does not have this field
[INFO] [stdout] 
[INFO] [stdout] 
[INFO] [stdout] error[E0560]: struct `nix::sys::epoll::EpollEvent` has no field named `data`
[INFO] [stdout]    --> /opt/rustwide/cargo-home/registry/src/index.crates.io-6f17d22bba15001f/td_revent-0.3.2/src/sys/unix/epoll.rs:325:17
[INFO] [stdout]     |
[INFO] [stdout] 325 |                 data: 0,
[INFO] [stdout]     |                 ^^^^ `nix::sys::epoll::EpollEvent` does not have this field
[INFO] [stdout] 
[INFO] [stdout] 
[INFO] [stdout] error[E0277]: the trait bound `Option<&mut nix::sys::epoll::EpollEvent>: From<&nix::sys::epoll::EpollEvent>` is not satisfied
[INFO] [stdout]    --> /opt/rustwide/cargo-home/registry/src/index.crates.io-6f17d22bba15001f/td_revent-0.3.2/src/sys/unix/epoll.rs:328:93
[INFO] [stdout]     |
[INFO] [stdout] 328 |             if let Err(e) = epoll_ctl(selector.epfd, EpollOp::EpollCtlDel, socket as RawFd, &info)
[INFO] [stdout]     |                             --------- required by a bound introduced by this call           ^^^^^ the trait `From<&nix::sys::epoll::EpollEvent>` is not implemented for `Option<&mut nix::sys::epoll::EpollEvent>`
[INFO] [stdout]     |
[INFO] [stdout]     = help: the following other types implement trait `From<T>`:
[INFO] [stdout]               <Option<&'a T> as From<&'a Option<T>>>
[INFO] [stdout]               <Option<&'a mut T> as From<&'a mut Option<T>>>
[INFO] [stdout]               <Option<T> as From<T>>
[INFO] [stdout]     = note: required for `&nix::sys::epoll::EpollEvent` to implement `Into<Option<&mut nix::sys::epoll::EpollEvent>>`
[INFO] [stdout] note: required by a bound in `nix::sys::epoll::epoll_ctl`
[INFO] [stdout]    --> /opt/rustwide/cargo-home/registry/src/index.crates.io-6f17d22bba15001f/nix-0.24.1/src/sys/epoll.rs:84:14
[INFO] [stdout]     |
[INFO] [stdout] 84  |     where T: Into<Option<&'a mut EpollEvent>>
[INFO] [stdout]     |              ^^^^^^^^^^^^^^^^^^^^^^^^^^^^^^^^ required by this bound in `epoll_ctl`
[INFO] [stdout] 
[INFO] [stdout] 
[INFO] [stdout] error[E0433]: failed to resolve: use of undeclared type `EpollEventKind`
[INFO] [stdout]    --> /opt/rustwide/cargo-home/registry/src/index.crates.io-6f17d22bba15001f/td_revent-0.3.2/src/sys/unix/epoll.rs:379:20
[INFO] [stdout]     |
[INFO] [stdout] 379 |     let mut kind = EpollEventKind::empty();
[INFO] [stdout]     |                    ^^^^^^^^^^^^^^
[INFO] [stdout]     |                    |
[INFO] [stdout]     |                    use of undeclared type `EpollEventKind`
[INFO] [stdout]     |                    help: a struct with a similar name exists: `EpollEvent`
[INFO] [stdout] 
[INFO] [stdout] 
[INFO] [stdout] error: aborting due to 31 previous errors
[INFO] [stdout] 
[INFO] [stdout] 
[INFO] [stdout] Some errors have detailed explanations: E0277, E0412, E0425, E0432, E0433, E0560, E0615.
[INFO] [stdout] 
[INFO] [stdout] For more information about an error, try `rustc --explain E0277`.
[INFO] [stdout] 
[INFO] [stderr] error: could not compile `td_revent` (lib) due to 32 previous errors
[INFO] [stderr] warning: build failed, waiting for other jobs to finish...
[INFO] running `Command { std: "docker" "inspect" "6c1f187af41f5bbf35477f040137b02fb9097f57751a275d41342b56c297bb39", kill_on_drop: false }`
[INFO] running `Command { std: "docker" "rm" "-f" "6c1f187af41f5bbf35477f040137b02fb9097f57751a275d41342b56c297bb39", kill_on_drop: false }`
[INFO] [stdout] 6c1f187af41f5bbf35477f040137b02fb9097f57751a275d41342b56c297bb39
