[INFO] fetching crate tuna-macros 0.1.0...
[INFO] testing tuna-macros-0.1.0 against 1.69.0 for beta-1.70-1
[INFO] extracting crate tuna-macros 0.1.0 into /workspace/builds/worker-0-tc1/source
[INFO] validating manifest of crates.io crate tuna-macros 0.1.0 on toolchain 1.69.0
[INFO] running `Command { std: CARGO_HOME="/workspace/cargo-home" RUSTUP_HOME="/workspace/rustup-home" "/workspace/cargo-home/bin/cargo" "+1.69.0" "metadata" "--manifest-path" "Cargo.toml" "--no-deps", kill_on_drop: false }`
[INFO] started tweaking crates.io crate tuna-macros 0.1.0
[INFO] finished tweaking crates.io crate tuna-macros 0.1.0
[INFO] tweaked toml for crates.io crate tuna-macros 0.1.0 written to /workspace/builds/worker-0-tc1/source/Cargo.toml
[INFO] running `Command { std: CARGO_HOME="/workspace/cargo-home" RUSTUP_HOME="/workspace/rustup-home" __CARGO_TEST_CHANNEL_OVERRIDE_DO_NOT_USE_THIS="nightly" "/workspace/cargo-home/bin/cargo" "+1.69.0" "generate-lockfile" "--manifest-path" "Cargo.toml" "-Zno-index-update", kill_on_drop: false }`
[INFO] running `Command { std: CARGO_HOME="/workspace/cargo-home" RUSTUP_HOME="/workspace/rustup-home" "/workspace/cargo-home/bin/cargo" "+1.69.0" "fetch" "--manifest-path" "Cargo.toml", kill_on_drop: false }`
[INFO] running `Command { std: "docker" "create" "-v" "/var/lib/crater-agent-workspace/builds/worker-0-tc1/target:/opt/rustwide/target:rw,Z" "-v" "/var/lib/crater-agent-workspace/builds/worker-0-tc1/source:/opt/rustwide/workdir:ro,Z" "-v" "/var/lib/crater-agent-workspace/cargo-home:/opt/rustwide/cargo-home:ro,Z" "-v" "/var/lib/crater-agent-workspace/rustup-home:/opt/rustwide/rustup-home:ro,Z" "-e" "SOURCE_DIR=/opt/rustwide/workdir" "-e" "CARGO_TARGET_DIR=/opt/rustwide/target" "-e" "CARGO_HOME=/opt/rustwide/cargo-home" "-e" "RUSTUP_HOME=/opt/rustwide/rustup-home" "-w" "/opt/rustwide/workdir" "-m" "1610612736" "--user" "0:0" "--network" "none" "ghcr.io/rust-lang/crates-build-env/linux@sha256:5ff2268d62e97bff2cde7d5815dd6ed5b47097566f13b8d0ca110b04b60e07ed" "/opt/rustwide/cargo-home/bin/cargo" "+1.69.0" "metadata" "--no-deps" "--format-version=1", kill_on_drop: false }`
[INFO] [stdout] ee6714e42d299653484ff38df86afdc2016d12400a7144f93b0ce6ddf05e780c
[INFO] running `Command { std: "docker" "start" "-a" "ee6714e42d299653484ff38df86afdc2016d12400a7144f93b0ce6ddf05e780c", kill_on_drop: false }`
[INFO] running `Command { std: "docker" "inspect" "ee6714e42d299653484ff38df86afdc2016d12400a7144f93b0ce6ddf05e780c", kill_on_drop: false }`
[INFO] running `Command { std: "docker" "rm" "-f" "ee6714e42d299653484ff38df86afdc2016d12400a7144f93b0ce6ddf05e780c", kill_on_drop: false }`
[INFO] [stdout] ee6714e42d299653484ff38df86afdc2016d12400a7144f93b0ce6ddf05e780c
[INFO] running `Command { std: "docker" "create" "-v" "/var/lib/crater-agent-workspace/builds/worker-0-tc1/target:/opt/rustwide/target:rw,Z" "-v" "/var/lib/crater-agent-workspace/builds/worker-0-tc1/source:/opt/rustwide/workdir:ro,Z" "-v" "/var/lib/crater-agent-workspace/cargo-home:/opt/rustwide/cargo-home:ro,Z" "-v" "/var/lib/crater-agent-workspace/rustup-home:/opt/rustwide/rustup-home:ro,Z" "-e" "SOURCE_DIR=/opt/rustwide/workdir" "-e" "CARGO_TARGET_DIR=/opt/rustwide/target" "-e" "CARGO_INCREMENTAL=0" "-e" "RUST_BACKTRACE=full" "-e" "RUSTFLAGS=--cap-lints=warn" "-e" "RUSTDOCFLAGS=--cap-lints=warn" "-e" "CARGO_HOME=/opt/rustwide/cargo-home" "-e" "RUSTUP_HOME=/opt/rustwide/rustup-home" "-w" "/opt/rustwide/workdir" "-m" "1610612736" "--user" "0:0" "--network" "none" "ghcr.io/rust-lang/crates-build-env/linux@sha256:5ff2268d62e97bff2cde7d5815dd6ed5b47097566f13b8d0ca110b04b60e07ed" "/opt/rustwide/cargo-home/bin/cargo" "+1.69.0" "build" "--frozen" "--message-format=json", kill_on_drop: false }`
[INFO] [stdout] 323f8d21c2071ba697dd85f0478b981e3d89066541ded50a7dfaaf424e9675fb
[INFO] running `Command { std: "docker" "start" "-a" "323f8d21c2071ba697dd85f0478b981e3d89066541ded50a7dfaaf424e9675fb", kill_on_drop: false }`
[INFO] [stderr]    Compiling proc-macro2 v1.0.56
[INFO] [stderr]    Compiling syn v1.0.109
[INFO] [stderr]    Compiling quote v1.0.26
[INFO] [stderr]    Compiling tuna-macros v0.1.0 (/opt/rustwide/workdir)
[INFO] [stderr]     Finished dev [unoptimized + debuginfo] target(s) in 5.61s
[INFO] running `Command { std: "docker" "inspect" "323f8d21c2071ba697dd85f0478b981e3d89066541ded50a7dfaaf424e9675fb", kill_on_drop: false }`
[INFO] running `Command { std: "docker" "rm" "-f" "323f8d21c2071ba697dd85f0478b981e3d89066541ded50a7dfaaf424e9675fb", kill_on_drop: false }`
[INFO] [stdout] 323f8d21c2071ba697dd85f0478b981e3d89066541ded50a7dfaaf424e9675fb
[INFO] running `Command { std: "docker" "create" "-v" "/var/lib/crater-agent-workspace/builds/worker-0-tc1/target:/opt/rustwide/target:rw,Z" "-v" "/var/lib/crater-agent-workspace/builds/worker-0-tc1/source:/opt/rustwide/workdir:ro,Z" "-v" "/var/lib/crater-agent-workspace/cargo-home:/opt/rustwide/cargo-home:ro,Z" "-v" "/var/lib/crater-agent-workspace/rustup-home:/opt/rustwide/rustup-home:ro,Z" "-e" "SOURCE_DIR=/opt/rustwide/workdir" "-e" "CARGO_TARGET_DIR=/opt/rustwide/target" "-e" "CARGO_INCREMENTAL=0" "-e" "RUST_BACKTRACE=full" "-e" "RUSTFLAGS=--cap-lints=warn" "-e" "RUSTDOCFLAGS=--cap-lints=warn" "-e" "CARGO_HOME=/opt/rustwide/cargo-home" "-e" "RUSTUP_HOME=/opt/rustwide/rustup-home" "-w" "/opt/rustwide/workdir" "-m" "1610612736" "--user" "0:0" "--network" "none" "ghcr.io/rust-lang/crates-build-env/linux@sha256:5ff2268d62e97bff2cde7d5815dd6ed5b47097566f13b8d0ca110b04b60e07ed" "/opt/rustwide/cargo-home/bin/cargo" "+1.69.0" "test" "--frozen" "--no-run" "--message-format=json", kill_on_drop: false }`
[INFO] [stdout] 320862264d439ac47ed7b6f5dce107a13559b41bdf736ff7333b1ff3f252183f
[INFO] running `Command { std: "docker" "start" "-a" "320862264d439ac47ed7b6f5dce107a13559b41bdf736ff7333b1ff3f252183f", kill_on_drop: false }`
[INFO] [stderr]    Compiling proc-macro2 v1.0.56
[INFO] [stderr]    Compiling unicode-ident v1.0.8
[INFO] [stderr]    Compiling quote v1.0.26
[INFO] [stderr]    Compiling syn v1.0.109
[INFO] [stderr]    Compiling tuna-macros v0.1.0 (/opt/rustwide/workdir)
[INFO] [stdout] error[E0433]: failed to resolve: use of undeclared crate or module `tuna`
[INFO] [stdout]   --> tests/basic.rs:13:5
[INFO] [stdout]    |
[INFO] [stdout] 13 |     #[tuna_macros::tuna]
[INFO] [stdout]    |     ^^^^^^^^^^^^^^^^^^^^ use of undeclared crate or module `tuna`
[INFO] [stdout]    |
[INFO] [stdout]    = note: this error originates in the attribute macro `tuna_macros::tuna` (in Nightly builds, run with -Z macro-backtrace for more info)
[INFO] [stdout] 
[INFO] [stdout] 
[INFO] [stdout] error[E0433]: failed to resolve: use of undeclared crate or module `tuna`
[INFO] [stdout]   --> tests/basic.rs:23:5
[INFO] [stdout]    |
[INFO] [stdout] 23 |     #[tuna_macros::tuna]
[INFO] [stdout]    |     ^^^^^^^^^^^^^^^^^^^^ use of undeclared crate or module `tuna`
[INFO] [stdout]    |
[INFO] [stdout]    = note: this error originates in the attribute macro `tuna_macros::tuna` (in Nightly builds, run with -Z macro-backtrace for more info)
[INFO] [stdout] 
[INFO] [stdout] 
[INFO] [stdout] error[E0433]: failed to resolve: use of undeclared crate or module `tuna`
[INFO] [stdout]   --> tests/basic.rs:33:5
[INFO] [stdout]    |
[INFO] [stdout] 33 |     #[tuna_macros::tuna]
[INFO] [stdout]    |     ^^^^^^^^^^^^^^^^^^^^ use of undeclared crate or module `tuna`
[INFO] [stdout]    |
[INFO] [stdout]    = note: this error originates in the attribute macro `tuna_macros::tuna` (in Nightly builds, run with -Z macro-backtrace for more info)
[INFO] [stdout] 
[INFO] [stdout] 
[INFO] [stdout] error[E0433]: failed to resolve: use of undeclared crate or module `tuna`
[INFO] [stdout]   --> tests/basic.rs:43:5
[INFO] [stdout]    |
[INFO] [stdout] 43 |     #[tuna_macros::tuna]
[INFO] [stdout]    |     ^^^^^^^^^^^^^^^^^^^^ use of undeclared crate or module `tuna`
[INFO] [stdout]    |
[INFO] [stdout]    = note: this error originates in the attribute macro `tuna_macros::tuna` (in Nightly builds, run with -Z macro-backtrace for more info)
[INFO] [stdout] 
[INFO] [stdout] 
[INFO] [stdout] error[E0433]: failed to resolve: use of undeclared crate or module `tuna`
[INFO] [stdout]   --> tests/basic.rs:53:5
[INFO] [stdout]    |
[INFO] [stdout] 53 |     #[tuna_macros::tuna]
[INFO] [stdout]    |     ^^^^^^^^^^^^^^^^^^^^ use of undeclared crate or module `tuna`
[INFO] [stdout]    |
[INFO] [stdout]    = note: this error originates in the attribute macro `tuna_macros::tuna` (in Nightly builds, run with -Z macro-backtrace for more info)
[INFO] [stdout] 
[INFO] [stdout] 
[INFO] [stdout] error[E0433]: failed to resolve: use of undeclared crate or module `tuna`
[INFO] [stdout]   --> tests/basic.rs:53:5
[INFO] [stdout]    |
[INFO] [stdout] 53 |     #[tuna_macros::tuna]
[INFO] [stdout]    |     ^^^^^^^^^^^^^^^^^^^^
[INFO] [stdout]    |     |
[INFO] [stdout]    |     use of undeclared crate or module `tuna`
[INFO] [stdout]    |     help: perhaps you intended to use this type: `bool`
[INFO] [stdout]    |
[INFO] [stdout]    = note: this error originates in the attribute macro `tuna_macros::tuna` (in Nightly builds, run with -Z macro-backtrace for more info)
[INFO] [stdout] 
[INFO] [stdout] 
[INFO] [stdout] error: aborting due to 6 previous errors
[INFO] [stdout] 
[INFO] [stdout] 
[INFO] [stdout] For more information about this error, try `rustc --explain E0433`.
[INFO] [stdout] 
[INFO] [stderr] error: could not compile `tuna-macros` due to 7 previous errors
[INFO] running `Command { std: "docker" "inspect" "320862264d439ac47ed7b6f5dce107a13559b41bdf736ff7333b1ff3f252183f", kill_on_drop: false }`
[INFO] running `Command { std: "docker" "rm" "-f" "320862264d439ac47ed7b6f5dce107a13559b41bdf736ff7333b1ff3f252183f", kill_on_drop: false }`
[INFO] [stdout] 320862264d439ac47ed7b6f5dce107a13559b41bdf736ff7333b1ff3f252183f
