[INFO] fetching crate tstorage 0.1.0...
[INFO] testing tstorage-0.1.0 against beta-2023-04-20 for beta-1.70-1
[INFO] extracting crate tstorage 0.1.0 into /workspace/builds/worker-7-tc2/source
[INFO] validating manifest of crates.io crate tstorage 0.1.0 on toolchain beta-2023-04-20
[INFO] running `Command { std: CARGO_HOME="/workspace/cargo-home" RUSTUP_HOME="/workspace/rustup-home" "/workspace/cargo-home/bin/cargo" "+beta-2023-04-20" "metadata" "--manifest-path" "Cargo.toml" "--no-deps", kill_on_drop: false }`
[INFO] started tweaking crates.io crate tstorage 0.1.0
[INFO] finished tweaking crates.io crate tstorage 0.1.0
[INFO] tweaked toml for crates.io crate tstorage 0.1.0 written to /workspace/builds/worker-7-tc2/source/Cargo.toml
[INFO] crate crates.io crate tstorage 0.1.0 already has a lockfile, it will not be regenerated
[INFO] running `Command { std: CARGO_HOME="/workspace/cargo-home" RUSTUP_HOME="/workspace/rustup-home" "/workspace/cargo-home/bin/cargo" "+beta-2023-04-20" "fetch" "--manifest-path" "Cargo.toml", kill_on_drop: false }`
[INFO] [stderr]     Updating crates.io index
[INFO] [stderr]     Blocking waiting for file lock on package cache
[INFO] [stderr]  Downloading crates ...
[INFO] [stderr]   Downloaded tsz v0.1.4
[INFO] running `Command { std: "docker" "create" "-v" "/var/lib/crater-agent-workspace/builds/worker-7-tc2/target:/opt/rustwide/target:rw,Z" "-v" "/var/lib/crater-agent-workspace/builds/worker-7-tc2/source:/opt/rustwide/workdir:ro,Z" "-v" "/var/lib/crater-agent-workspace/cargo-home:/opt/rustwide/cargo-home:ro,Z" "-v" "/var/lib/crater-agent-workspace/rustup-home:/opt/rustwide/rustup-home:ro,Z" "-e" "SOURCE_DIR=/opt/rustwide/workdir" "-e" "CARGO_TARGET_DIR=/opt/rustwide/target" "-e" "CARGO_HOME=/opt/rustwide/cargo-home" "-e" "RUSTUP_HOME=/opt/rustwide/rustup-home" "-w" "/opt/rustwide/workdir" "-m" "1610612736" "--user" "0:0" "--network" "none" "ghcr.io/rust-lang/crates-build-env/linux@sha256:5ff2268d62e97bff2cde7d5815dd6ed5b47097566f13b8d0ca110b04b60e07ed" "/opt/rustwide/cargo-home/bin/cargo" "+beta-2023-04-20" "metadata" "--no-deps" "--format-version=1", kill_on_drop: false }`
[INFO] [stdout] ed09f1055f3deeb3e19055d80a00f52c1f99cff3f8fc7b3c84eedc1d801107b5
[INFO] running `Command { std: "docker" "start" "-a" "ed09f1055f3deeb3e19055d80a00f52c1f99cff3f8fc7b3c84eedc1d801107b5", kill_on_drop: false }`
[INFO] running `Command { std: "docker" "inspect" "ed09f1055f3deeb3e19055d80a00f52c1f99cff3f8fc7b3c84eedc1d801107b5", kill_on_drop: false }`
[INFO] running `Command { std: "docker" "rm" "-f" "ed09f1055f3deeb3e19055d80a00f52c1f99cff3f8fc7b3c84eedc1d801107b5", kill_on_drop: false }`
[INFO] [stdout] ed09f1055f3deeb3e19055d80a00f52c1f99cff3f8fc7b3c84eedc1d801107b5
[INFO] running `Command { std: "docker" "create" "-v" "/var/lib/crater-agent-workspace/builds/worker-7-tc2/target:/opt/rustwide/target:rw,Z" "-v" "/var/lib/crater-agent-workspace/builds/worker-7-tc2/source:/opt/rustwide/workdir:ro,Z" "-v" "/var/lib/crater-agent-workspace/cargo-home:/opt/rustwide/cargo-home:ro,Z" "-v" "/var/lib/crater-agent-workspace/rustup-home:/opt/rustwide/rustup-home:ro,Z" "-e" "SOURCE_DIR=/opt/rustwide/workdir" "-e" "CARGO_TARGET_DIR=/opt/rustwide/target" "-e" "CARGO_INCREMENTAL=0" "-e" "RUST_BACKTRACE=full" "-e" "RUSTFLAGS=--cap-lints=warn" "-e" "RUSTDOCFLAGS=--cap-lints=warn" "-e" "CARGO_HOME=/opt/rustwide/cargo-home" "-e" "RUSTUP_HOME=/opt/rustwide/rustup-home" "-w" "/opt/rustwide/workdir" "-m" "1610612736" "--user" "0:0" "--network" "none" "ghcr.io/rust-lang/crates-build-env/linux@sha256:5ff2268d62e97bff2cde7d5815dd6ed5b47097566f13b8d0ca110b04b60e07ed" "/opt/rustwide/cargo-home/bin/cargo" "+beta-2023-04-20" "build" "--frozen" "--message-format=json", kill_on_drop: false }`
[INFO] [stdout] 4fa18632cc669cede483779b68802656b7e1a87f9a02e84f116a57ea8654cb96
[INFO] running `Command { std: "docker" "start" "-a" "4fa18632cc669cede483779b68802656b7e1a87f9a02e84f116a57ea8654cb96", kill_on_drop: false }`
[INFO] [stderr]    Compiling proc-macro2 v1.0.53
[INFO] [stderr]    Compiling libc v0.2.137
[INFO] [stderr]    Compiling serde_derive v1.0.158
[INFO] [stderr]    Compiling serde v1.0.158
[INFO] [stderr]    Compiling memoffset v0.8.0
[INFO] [stderr]    Compiling crossbeam-epoch v0.9.14
[INFO] [stderr]    Compiling hashbrown v0.12.3
[INFO] [stderr]    Compiling rayon-core v1.11.0
[INFO] [stderr]    Compiling serde_json v1.0.94
[INFO] [stderr]    Compiling either v1.8.1
[INFO] [stderr]    Compiling half v1.8.2
[INFO] [stderr]    Compiling plotters-backend v0.3.4
[INFO] [stderr]    Compiling crossbeam-channel v0.5.7
[INFO] [stderr]    Compiling ciborium-io v0.2.0
[INFO] [stderr]    Compiling parking_lot_core v0.9.4
[INFO] [stderr]    Compiling os_str_bytes v6.5.0
[INFO] [stderr]    Compiling log v0.4.17
[INFO] [stderr]    Compiling clap_lex v0.2.4
[INFO] [stderr]    Compiling ciborium-ll v0.2.0
[INFO] [stderr]    Compiling itertools v0.10.5
[INFO] [stderr]    Compiling plotters-svg v0.3.3
[INFO] [stderr]    Compiling regex-syntax v0.6.29
[INFO] [stderr]    Compiling textwrap v0.16.0
[INFO] [stderr]    Compiling anyhow v1.0.66
[INFO] [stderr]    Compiling cast v0.3.0
[INFO] [stderr]    Compiling oorandom v11.1.3
[INFO] [stderr]    Compiling anes v0.1.6
[INFO] [stderr]    Compiling once_cell v1.16.0
[INFO] [stderr]    Compiling plotters v0.3.4
[INFO] [stderr]    Compiling indexmap v1.9.3
[INFO] [stderr]    Compiling crossbeam-deque v0.8.3
[INFO] [stderr]    Compiling quote v1.0.26
[INFO] [stderr]    Compiling syn v2.0.6
[INFO] [stderr]    Compiling num_cpus v1.15.0
[INFO] [stderr]    Compiling time v0.1.45
[INFO] [stderr]    Compiling atty v0.2.14
[INFO] [stderr]    Compiling memmap v0.7.0
[INFO] [stderr]    Compiling clap v3.2.23
[INFO] [stderr]    Compiling dashmap v5.4.0
[INFO] [stderr]    Compiling regex v1.7.3
[INFO] [stderr]    Compiling rayon v1.7.0
[INFO] [stderr]    Compiling criterion-plot v0.5.0
[INFO] [stderr]    Compiling thiserror-impl v1.0.40
[INFO] [stderr]    Compiling thiserror v1.0.40
[INFO] [stderr]    Compiling ciborium v0.2.0
[INFO] [stderr]    Compiling tsz v0.1.4
[INFO] [stderr]    Compiling chrono v0.4.24
[INFO] [stderr]    Compiling tinytemplate v1.2.1
[INFO] [stderr]    Compiling criterion v0.4.0
[INFO] [stderr]    Compiling tstorage v0.1.0 (/opt/rustwide/workdir)
[INFO] [stderr]     Finished dev [unoptimized + debuginfo] target(s) in 24.22s
[INFO] running `Command { std: "docker" "inspect" "4fa18632cc669cede483779b68802656b7e1a87f9a02e84f116a57ea8654cb96", kill_on_drop: false }`
[INFO] running `Command { std: "docker" "rm" "-f" "4fa18632cc669cede483779b68802656b7e1a87f9a02e84f116a57ea8654cb96", kill_on_drop: false }`
[INFO] [stdout] 4fa18632cc669cede483779b68802656b7e1a87f9a02e84f116a57ea8654cb96
[INFO] running `Command { std: "docker" "create" "-v" "/var/lib/crater-agent-workspace/builds/worker-7-tc2/target:/opt/rustwide/target:rw,Z" "-v" "/var/lib/crater-agent-workspace/builds/worker-7-tc2/source:/opt/rustwide/workdir:ro,Z" "-v" "/var/lib/crater-agent-workspace/cargo-home:/opt/rustwide/cargo-home:ro,Z" "-v" "/var/lib/crater-agent-workspace/rustup-home:/opt/rustwide/rustup-home:ro,Z" "-e" "SOURCE_DIR=/opt/rustwide/workdir" "-e" "CARGO_TARGET_DIR=/opt/rustwide/target" "-e" "CARGO_INCREMENTAL=0" "-e" "RUST_BACKTRACE=full" "-e" "RUSTFLAGS=--cap-lints=warn" "-e" "RUSTDOCFLAGS=--cap-lints=warn" "-e" "CARGO_HOME=/opt/rustwide/cargo-home" "-e" "RUSTUP_HOME=/opt/rustwide/rustup-home" "-w" "/opt/rustwide/workdir" "-m" "1610612736" "--user" "0:0" "--network" "none" "ghcr.io/rust-lang/crates-build-env/linux@sha256:5ff2268d62e97bff2cde7d5815dd6ed5b47097566f13b8d0ca110b04b60e07ed" "/opt/rustwide/cargo-home/bin/cargo" "+beta-2023-04-20" "test" "--frozen" "--no-run" "--message-format=json", kill_on_drop: false }`
[INFO] [stdout] 71d466ac1fc8115cde2109280ca5b39aa5c14d714bb333fb9ed7770eca5969e8
[INFO] running `Command { std: "docker" "start" "-a" "71d466ac1fc8115cde2109280ca5b39aa5c14d714bb333fb9ed7770eca5969e8", kill_on_drop: false }`
[INFO] [stderr]    Compiling tstorage v0.1.0 (/opt/rustwide/workdir)
[INFO] [stdout] error[E0433]: failed to resolve: use of undeclared crate or module `rstorage`
[INFO] [stdout]  --> examples/simple.rs:3:5
[INFO] [stdout]   |
[INFO] [stdout] 3 | use rstorage::{
[INFO] [stdout]   |     ^^^^^^^^ use of undeclared crate or module `rstorage`
[INFO] [stdout]   |
[INFO] [stdout] help: there is a crate or module with a similar name
[INFO] [stdout]   |
[INFO] [stdout] 3 | use tstorage::{
[INFO] [stdout]   |     ~~~~~~~~
[INFO] [stdout] 
[INFO] [stdout] 
[INFO] [stdout] error[E0432]: unresolved import `rstorage`
[INFO] [stdout]  --> examples/simple.rs:3:5
[INFO] [stdout]   |
[INFO] [stdout] 3 | use rstorage::{
[INFO] [stdout]   |     ^^^^^^^^ use of undeclared crate or module `rstorage`
[INFO] [stdout]   |
[INFO] [stdout] help: there is a crate or module with a similar name
[INFO] [stdout]   |
[INFO] [stdout] 3 | use tstorage::{
[INFO] [stdout]   |     ~~~~~~~~
[INFO] [stdout] 
[INFO] [stdout] 
[INFO] [stdout] error[E0433]: failed to resolve: use of undeclared crate or module `rstorage`
[INFO] [stdout]   --> examples/simple.rs:18:30
[INFO] [stdout]    |
[INFO] [stdout] 18 |             encode_strategy: rstorage::EncodeStrategy::Gorilla,
[INFO] [stdout]    |                              ^^^^^^^^ use of undeclared crate or module `rstorage`
[INFO] [stdout]    |
[INFO] [stdout] help: there is a crate or module with a similar name
[INFO] [stdout]    |
[INFO] [stdout] 18 |             encode_strategy: tstorage::EncodeStrategy::Gorilla,
[INFO] [stdout]    |                              ~~~~~~~~
[INFO] [stdout] 
[INFO] [stdout] 
[INFO] [stderr] error: could not compile `tstorage` (example "simple") due to 4 previous errors
[INFO] [stdout] error: aborting due to 3 previous errors
[INFO] [stdout] 
[INFO] [stdout] 
[INFO] [stderr] warning: build failed, waiting for other jobs to finish...
[INFO] [stdout] Some errors have detailed explanations: E0432, E0433.
[INFO] [stdout] 
[INFO] [stdout] For more information about an error, try `rustc --explain E0432`.
[INFO] [stdout] 
[INFO] running `Command { std: "docker" "inspect" "71d466ac1fc8115cde2109280ca5b39aa5c14d714bb333fb9ed7770eca5969e8", kill_on_drop: false }`
[INFO] running `Command { std: "docker" "rm" "-f" "71d466ac1fc8115cde2109280ca5b39aa5c14d714bb333fb9ed7770eca5969e8", kill_on_drop: false }`
[INFO] [stdout] 71d466ac1fc8115cde2109280ca5b39aa5c14d714bb333fb9ed7770eca5969e8
