[INFO] fetching crate tsc-timer 0.1.5...
[INFO] testing tsc-timer-0.1.5 against 1.69.0 for beta-1.70-1
[INFO] extracting crate tsc-timer 0.1.5 into /workspace/builds/worker-1-tc1/source
[INFO] validating manifest of crates.io crate tsc-timer 0.1.5 on toolchain 1.69.0
[INFO] running `Command { std: CARGO_HOME="/workspace/cargo-home" RUSTUP_HOME="/workspace/rustup-home" "/workspace/cargo-home/bin/cargo" "+1.69.0" "metadata" "--manifest-path" "Cargo.toml" "--no-deps", kill_on_drop: false }`
[INFO] started tweaking crates.io crate tsc-timer 0.1.5
[INFO] finished tweaking crates.io crate tsc-timer 0.1.5
[INFO] tweaked toml for crates.io crate tsc-timer 0.1.5 written to /workspace/builds/worker-1-tc1/source/Cargo.toml
[INFO] running `Command { std: CARGO_HOME="/workspace/cargo-home" RUSTUP_HOME="/workspace/rustup-home" __CARGO_TEST_CHANNEL_OVERRIDE_DO_NOT_USE_THIS="nightly" "/workspace/cargo-home/bin/cargo" "+1.69.0" "generate-lockfile" "--manifest-path" "Cargo.toml" "-Zno-index-update", kill_on_drop: false }`
[INFO] running `Command { std: CARGO_HOME="/workspace/cargo-home" RUSTUP_HOME="/workspace/rustup-home" "/workspace/cargo-home/bin/cargo" "+1.69.0" "fetch" "--manifest-path" "Cargo.toml", kill_on_drop: false }`
[INFO] [stderr]     Blocking waiting for file lock on package cache
[INFO] running `Command { std: "docker" "create" "-v" "/var/lib/crater-agent-workspace/builds/worker-1-tc1/target:/opt/rustwide/target:rw,Z" "-v" "/var/lib/crater-agent-workspace/builds/worker-1-tc1/source:/opt/rustwide/workdir:ro,Z" "-v" "/var/lib/crater-agent-workspace/cargo-home:/opt/rustwide/cargo-home:ro,Z" "-v" "/var/lib/crater-agent-workspace/rustup-home:/opt/rustwide/rustup-home:ro,Z" "-e" "SOURCE_DIR=/opt/rustwide/workdir" "-e" "CARGO_TARGET_DIR=/opt/rustwide/target" "-e" "CARGO_HOME=/opt/rustwide/cargo-home" "-e" "RUSTUP_HOME=/opt/rustwide/rustup-home" "-w" "/opt/rustwide/workdir" "-m" "1610612736" "--user" "0:0" "--network" "none" "ghcr.io/rust-lang/crates-build-env/linux@sha256:5ff2268d62e97bff2cde7d5815dd6ed5b47097566f13b8d0ca110b04b60e07ed" "/opt/rustwide/cargo-home/bin/cargo" "+1.69.0" "metadata" "--no-deps" "--format-version=1", kill_on_drop: false }`
[INFO] [stdout] 5a09a14d2507ad8b289fea4ed39f960436e9296f1b641b97ffd5fc1147080d6e
[INFO] running `Command { std: "docker" "start" "-a" "5a09a14d2507ad8b289fea4ed39f960436e9296f1b641b97ffd5fc1147080d6e", kill_on_drop: false }`
[INFO] running `Command { std: "docker" "inspect" "5a09a14d2507ad8b289fea4ed39f960436e9296f1b641b97ffd5fc1147080d6e", kill_on_drop: false }`
[INFO] running `Command { std: "docker" "rm" "-f" "5a09a14d2507ad8b289fea4ed39f960436e9296f1b641b97ffd5fc1147080d6e", kill_on_drop: false }`
[INFO] [stdout] 5a09a14d2507ad8b289fea4ed39f960436e9296f1b641b97ffd5fc1147080d6e
[INFO] running `Command { std: "docker" "create" "-v" "/var/lib/crater-agent-workspace/builds/worker-1-tc1/target:/opt/rustwide/target:rw,Z" "-v" "/var/lib/crater-agent-workspace/builds/worker-1-tc1/source:/opt/rustwide/workdir:ro,Z" "-v" "/var/lib/crater-agent-workspace/cargo-home:/opt/rustwide/cargo-home:ro,Z" "-v" "/var/lib/crater-agent-workspace/rustup-home:/opt/rustwide/rustup-home:ro,Z" "-e" "SOURCE_DIR=/opt/rustwide/workdir" "-e" "CARGO_TARGET_DIR=/opt/rustwide/target" "-e" "CARGO_INCREMENTAL=0" "-e" "RUST_BACKTRACE=full" "-e" "RUSTFLAGS=--cap-lints=warn" "-e" "RUSTDOCFLAGS=--cap-lints=warn" "-e" "CARGO_HOME=/opt/rustwide/cargo-home" "-e" "RUSTUP_HOME=/opt/rustwide/rustup-home" "-w" "/opt/rustwide/workdir" "-m" "1610612736" "--user" "0:0" "--network" "none" "ghcr.io/rust-lang/crates-build-env/linux@sha256:5ff2268d62e97bff2cde7d5815dd6ed5b47097566f13b8d0ca110b04b60e07ed" "/opt/rustwide/cargo-home/bin/cargo" "+1.69.0" "build" "--frozen" "--message-format=json", kill_on_drop: false }`
[INFO] [stdout] 3ec8bc0f2aca4a276e54a501f3db76aee34893947c4cdb6574fa345a080533cb
[INFO] running `Command { std: "docker" "start" "-a" "3ec8bc0f2aca4a276e54a501f3db76aee34893947c4cdb6574fa345a080533cb", kill_on_drop: false }`
[INFO] [stderr]     Blocking waiting for file lock on package cache
[INFO] [stderr]    Compiling tsc-timer v0.1.5 (/opt/rustwide/workdir)
[INFO] [stdout] error[E0554]: `#![feature]` may not be used on the stable release channel
[INFO] [stdout]   --> src/lib.rs:67:12
[INFO] [stdout]    |
[INFO] [stdout] 67 | #![feature(asm, stdsimd, test)]
[INFO] [stdout]    |            ^^^
[INFO] [stdout] 
[INFO] [stdout] 
[INFO] [stdout] error[E0554]: `#![feature]` may not be used on the stable release channel
[INFO] [stdout]   --> src/lib.rs:67:17
[INFO] [stdout]    |
[INFO] [stdout] 67 | #![feature(asm, stdsimd, test)]
[INFO] [stdout]    |                 ^^^^^^^
[INFO] [stdout] 
[INFO] [stdout] 
[INFO] [stdout] error[E0554]: `#![feature]` may not be used on the stable release channel
[INFO] [stdout]   --> src/lib.rs:67:26
[INFO] [stdout]    |
[INFO] [stdout] 67 | #![feature(asm, stdsimd, test)]
[INFO] [stdout]    |                          ^^^^
[INFO] [stdout] 
[INFO] [stdout] 
[INFO] [stdout] warning: the feature `asm` has been stable since 1.59.0 and no longer requires an attribute to enable
[INFO] [stdout]   --> src/lib.rs:67:12
[INFO] [stdout]    |
[INFO] [stdout] 67 | #![feature(asm, stdsimd, test)]
[INFO] [stdout]    |            ^^^
[INFO] [stdout]    |
[INFO] [stdout]    = note: `#[warn(stable_features)]` on by default
[INFO] [stdout] 
[INFO] [stdout] 
[INFO] [stdout] error: aborting due to 3 previous errors; 1 warning emitted
[INFO] [stdout] 
[INFO] [stdout] 
[INFO] [stdout] For more information about this error, try `rustc --explain E0554`.
[INFO] [stdout] 
[INFO] [stderr] error: could not compile `tsc-timer` due to 4 previous errors; 1 warning emitted
[INFO] running `Command { std: "docker" "inspect" "3ec8bc0f2aca4a276e54a501f3db76aee34893947c4cdb6574fa345a080533cb", kill_on_drop: false }`
[INFO] running `Command { std: "docker" "rm" "-f" "3ec8bc0f2aca4a276e54a501f3db76aee34893947c4cdb6574fa345a080533cb", kill_on_drop: false }`
[INFO] [stdout] 3ec8bc0f2aca4a276e54a501f3db76aee34893947c4cdb6574fa345a080533cb
