[INFO] fetching crate try-drop 0.2.0...
[INFO] testing try-drop-0.2.0 against beta-2023-04-20 for beta-1.70-1
[INFO] extracting crate try-drop 0.2.0 into /workspace/builds/worker-4-tc2/source
[INFO] validating manifest of crates.io crate try-drop 0.2.0 on toolchain beta-2023-04-20
[INFO] running `Command { std: CARGO_HOME="/workspace/cargo-home" RUSTUP_HOME="/workspace/rustup-home" "/workspace/cargo-home/bin/cargo" "+beta-2023-04-20" "metadata" "--manifest-path" "Cargo.toml" "--no-deps", kill_on_drop: false }`
[INFO] started tweaking crates.io crate try-drop 0.2.0
[INFO] finished tweaking crates.io crate try-drop 0.2.0
[INFO] tweaked toml for crates.io crate try-drop 0.2.0 written to /workspace/builds/worker-4-tc2/source/Cargo.toml
[INFO] crate crates.io crate try-drop 0.2.0 already has a lockfile, it will not be regenerated
[INFO] running `Command { std: CARGO_HOME="/workspace/cargo-home" RUSTUP_HOME="/workspace/rustup-home" "/workspace/cargo-home/bin/cargo" "+beta-2023-04-20" "fetch" "--manifest-path" "Cargo.toml", kill_on_drop: false }`
[INFO] [stderr]     Updating crates.io index
[INFO] [stderr]  Downloading crates ...
[INFO] [stderr]   Downloaded shrinkwraprs v0.3.0
[INFO] [stderr]   Downloaded anyhow v1.0.53
[INFO] [stderr]   Downloaded parking_lot_core v0.9.0
[INFO] [stderr]   Downloaded windows_aarch64_msvc v0.29.0
[INFO] [stderr]   Downloaded windows_i686_gnu v0.29.0
[INFO] [stderr]   Downloaded windows_i686_msvc v0.29.0
[INFO] [stderr]   Downloaded windows_x86_64_gnu v0.29.0
[INFO] [stderr]   Downloaded windows_x86_64_msvc v0.29.0
[INFO] [stderr]   Downloaded windows-sys v0.29.0
[INFO] running `Command { std: "docker" "create" "-v" "/var/lib/crater-agent-workspace/builds/worker-4-tc2/target:/opt/rustwide/target:rw,Z" "-v" "/var/lib/crater-agent-workspace/builds/worker-4-tc2/source:/opt/rustwide/workdir:ro,Z" "-v" "/var/lib/crater-agent-workspace/cargo-home:/opt/rustwide/cargo-home:ro,Z" "-v" "/var/lib/crater-agent-workspace/rustup-home:/opt/rustwide/rustup-home:ro,Z" "-e" "SOURCE_DIR=/opt/rustwide/workdir" "-e" "CARGO_TARGET_DIR=/opt/rustwide/target" "-e" "CARGO_HOME=/opt/rustwide/cargo-home" "-e" "RUSTUP_HOME=/opt/rustwide/rustup-home" "-w" "/opt/rustwide/workdir" "-m" "1610612736" "--user" "0:0" "--network" "none" "ghcr.io/rust-lang/crates-build-env/linux@sha256:5ff2268d62e97bff2cde7d5815dd6ed5b47097566f13b8d0ca110b04b60e07ed" "/opt/rustwide/cargo-home/bin/cargo" "+beta-2023-04-20" "metadata" "--no-deps" "--format-version=1", kill_on_drop: false }`
[INFO] [stdout] 7015429696f4071e8b8761a0f2c178bd37c539bbd8e7c064bd3de774f9042e5b
[INFO] running `Command { std: "docker" "start" "-a" "7015429696f4071e8b8761a0f2c178bd37c539bbd8e7c064bd3de774f9042e5b", kill_on_drop: false }`
[INFO] running `Command { std: "docker" "inspect" "7015429696f4071e8b8761a0f2c178bd37c539bbd8e7c064bd3de774f9042e5b", kill_on_drop: false }`
[INFO] running `Command { std: "docker" "rm" "-f" "7015429696f4071e8b8761a0f2c178bd37c539bbd8e7c064bd3de774f9042e5b", kill_on_drop: false }`
[INFO] [stdout] 7015429696f4071e8b8761a0f2c178bd37c539bbd8e7c064bd3de774f9042e5b
[INFO] running `Command { std: "docker" "create" "-v" "/var/lib/crater-agent-workspace/builds/worker-4-tc2/target:/opt/rustwide/target:rw,Z" "-v" "/var/lib/crater-agent-workspace/builds/worker-4-tc2/source:/opt/rustwide/workdir:ro,Z" "-v" "/var/lib/crater-agent-workspace/cargo-home:/opt/rustwide/cargo-home:ro,Z" "-v" "/var/lib/crater-agent-workspace/rustup-home:/opt/rustwide/rustup-home:ro,Z" "-e" "SOURCE_DIR=/opt/rustwide/workdir" "-e" "CARGO_TARGET_DIR=/opt/rustwide/target" "-e" "CARGO_INCREMENTAL=0" "-e" "RUST_BACKTRACE=full" "-e" "RUSTFLAGS=--cap-lints=warn" "-e" "RUSTDOCFLAGS=--cap-lints=warn" "-e" "CARGO_HOME=/opt/rustwide/cargo-home" "-e" "RUSTUP_HOME=/opt/rustwide/rustup-home" "-w" "/opt/rustwide/workdir" "-m" "1610612736" "--user" "0:0" "--network" "none" "ghcr.io/rust-lang/crates-build-env/linux@sha256:5ff2268d62e97bff2cde7d5815dd6ed5b47097566f13b8d0ca110b04b60e07ed" "/opt/rustwide/cargo-home/bin/cargo" "+beta-2023-04-20" "build" "--frozen" "--message-format=json", kill_on_drop: false }`
[INFO] [stdout] db129691128c4b870478c3f9c7aba80bfd08d346f4244c49476104a8a008a597
[INFO] running `Command { std: "docker" "start" "-a" "db129691128c4b870478c3f9c7aba80bfd08d346f4244c49476104a8a008a597", kill_on_drop: false }`
[INFO] [stderr]     Blocking waiting for file lock on package cache
[INFO] [stderr]     Blocking waiting for file lock on package cache
[INFO] [stderr]    Compiling proc-macro2 v1.0.36
[INFO] [stderr]    Compiling unicode-xid v0.2.2
[INFO] [stderr]    Compiling libc v0.2.117
[INFO] [stderr]    Compiling syn v1.0.86
[INFO] [stderr]    Compiling parking_lot_core v0.9.0
[INFO] [stderr]    Compiling smallvec v1.8.0
[INFO] [stderr]    Compiling scopeguard v1.1.0
[INFO] [stderr]    Compiling cfg-if v1.0.0
[INFO] [stderr]    Compiling anyhow v1.0.53
[INFO] [stderr]    Compiling either v1.6.1
[INFO] [stderr]    Compiling lock_api v0.4.6
[INFO] [stderr]    Compiling bitflags v1.3.2
[INFO] [stderr]    Compiling itertools v0.8.2
[INFO] [stderr]    Compiling pin-project-lite v0.2.8
[INFO] [stderr]    Compiling once_cell v1.9.0
[INFO] [stderr]    Compiling downcast-rs v1.2.0
[INFO] [stderr]    Compiling tokio v1.16.1
[INFO] [stderr]    Compiling quote v1.0.15
[INFO] [stderr]    Compiling parking_lot v0.12.0
[INFO] [stderr]    Compiling shrinkwraprs v0.3.0
[INFO] [stderr]    Compiling try-drop v0.2.0 (/opt/rustwide/workdir)
[INFO] [stderr]     Finished dev [unoptimized + debuginfo] target(s) in 8.05s
[INFO] running `Command { std: "docker" "inspect" "db129691128c4b870478c3f9c7aba80bfd08d346f4244c49476104a8a008a597", kill_on_drop: false }`
[INFO] running `Command { std: "docker" "rm" "-f" "db129691128c4b870478c3f9c7aba80bfd08d346f4244c49476104a8a008a597", kill_on_drop: false }`
[INFO] [stdout] db129691128c4b870478c3f9c7aba80bfd08d346f4244c49476104a8a008a597
[INFO] running `Command { std: "docker" "create" "-v" "/var/lib/crater-agent-workspace/builds/worker-4-tc2/target:/opt/rustwide/target:rw,Z" "-v" "/var/lib/crater-agent-workspace/builds/worker-4-tc2/source:/opt/rustwide/workdir:ro,Z" "-v" "/var/lib/crater-agent-workspace/cargo-home:/opt/rustwide/cargo-home:ro,Z" "-v" "/var/lib/crater-agent-workspace/rustup-home:/opt/rustwide/rustup-home:ro,Z" "-e" "SOURCE_DIR=/opt/rustwide/workdir" "-e" "CARGO_TARGET_DIR=/opt/rustwide/target" "-e" "CARGO_INCREMENTAL=0" "-e" "RUST_BACKTRACE=full" "-e" "RUSTFLAGS=--cap-lints=warn" "-e" "RUSTDOCFLAGS=--cap-lints=warn" "-e" "CARGO_HOME=/opt/rustwide/cargo-home" "-e" "RUSTUP_HOME=/opt/rustwide/rustup-home" "-w" "/opt/rustwide/workdir" "-m" "1610612736" "--user" "0:0" "--network" "none" "ghcr.io/rust-lang/crates-build-env/linux@sha256:5ff2268d62e97bff2cde7d5815dd6ed5b47097566f13b8d0ca110b04b60e07ed" "/opt/rustwide/cargo-home/bin/cargo" "+beta-2023-04-20" "test" "--frozen" "--no-run" "--message-format=json", kill_on_drop: false }`
[INFO] [stdout] 0e1147a40583323c64562f376a5d2648cd11a0649e793ab23528fdc70006325c
[INFO] running `Command { std: "docker" "start" "-a" "0e1147a40583323c64562f376a5d2648cd11a0649e793ab23528fdc70006325c", kill_on_drop: false }`
[INFO] [stderr]    Compiling getrandom v0.2.4
[INFO] [stderr]    Compiling num_cpus v1.13.1
[INFO] [stderr]    Compiling ppv-lite86 v0.2.16
[INFO] [stderr]    Compiling rand_core v0.6.3
[INFO] [stderr]    Compiling tokio v1.16.1
[INFO] [stderr]    Compiling rand_chacha v0.3.1
[INFO] [stderr]    Compiling rand v0.8.4
[INFO] [stderr]    Compiling try-drop v0.2.0 (/opt/rustwide/workdir)
[INFO] [stdout] warning: unused imports: `AdHocDropStrategy`, `AdHocFallibleDropStrategy`
[INFO] [stdout]    --> src/handlers/fallback/thread_local.rs:153:34
[INFO] [stdout]     |
[INFO] [stdout] 153 |     use crate::drop_strategies::{AdHocDropStrategy, AdHocFallibleDropStrategy, IntoAdHocDropStrategy, NoOpDropStrategy};
[INFO] [stdout]     |                                  ^^^^^^^^^^^^^^^^^  ^^^^^^^^^^^^^^^^^^^^^^^^^
[INFO] [stdout]     |
[INFO] [stdout]     = note: `#[warn(unused_imports)]` on by default
[INFO] [stdout] 
[INFO] [stdout] 
[INFO] [stdout] warning: unused import: `fallback`
[INFO] [stdout]    --> src/handlers/fallback/thread_local.rs:154:27
[INFO] [stdout]     |
[INFO] [stdout] 154 |     use crate::handlers::{fallback, primary};
[INFO] [stdout]     |                           ^^^^^^^^
[INFO] [stdout] 
[INFO] [stdout] 
[INFO] [stdout] error[E0432]: unresolved import `try_drop::test_utils`
[INFO] [stdout]  --> examples/noop.rs:3:15
[INFO] [stdout]   |
[INFO] [stdout] 3 | use try_drop::test_utils::{ErrorsOnDrop, Fallible};
[INFO] [stdout]   |               ^^^^^^^^^^ could not find `test_utils` in `try_drop`
[INFO] [stdout] 
[INFO] [stdout] 
[INFO] [stdout] error[E0432]: unresolved import `try_drop::test_utils`
[INFO] [stdout]  --> examples/panic.rs:3:15
[INFO] [stdout]   |
[INFO] [stdout] 3 | use try_drop::test_utils::{ErrorsOnDrop, Random};
[INFO] [stdout]   |               ^^^^^^^^^^ could not find `test_utils` in `try_drop`
[INFO] [stdout] 
[INFO] [stdout] 
[INFO] [stdout] error: aborting due to previous error
[INFO] [stdout] 
[INFO] [stdout] 
[INFO] [stdout] For more information about this error, try `rustc --explain E0432`.
[INFO] [stdout] 
[INFO] [stderr] error: could not compile `try-drop` (example "panic") due to 2 previous errors
[INFO] [stderr] warning: build failed, waiting for other jobs to finish...
[INFO] [stdout] error: aborting due to previous error
[INFO] [stdout] 
[INFO] [stdout] 
[INFO] [stdout] For more information about this error, try `rustc --explain E0432`.
[INFO] [stdout] 
[INFO] [stderr] error: could not compile `try-drop` (example "noop") due to 2 previous errors
[INFO] [stdout] error[E0432]: unresolved import `try_drop::test_utils`
[INFO] [stdout]  --> examples/shim.rs:8:15
[INFO] [stdout]   |
[INFO] [stdout] 8 | use try_drop::test_utils::{ErrorsOnDrop, Fallible};
[INFO] [stdout]   |               ^^^^^^^^^^ could not find `test_utils` in `try_drop`
[INFO] [stdout] 
[INFO] [stdout] 
[INFO] [stdout] error[E0432]: unresolved import `try_drop::test_utils`
[INFO] [stdout]  --> examples/once_cell.rs:5:15
[INFO] [stdout]   |
[INFO] [stdout] 5 | use try_drop::test_utils::{ErrorsOnDrop, Mode, Random, TryDropTypes};
[INFO] [stdout]   |               ^^^^^^^^^^ could not find `test_utils` in `try_drop`
[INFO] [stdout] 
[INFO] [stdout] 
[INFO] [stdout] warning: unused imports: `BorrowMut`, `Borrow`
[INFO] [stdout]  --> examples/shim.rs:1:19
[INFO] [stdout]   |
[INFO] [stdout] 1 | use std::borrow::{Borrow, BorrowMut};
[INFO] [stdout]   |                   ^^^^^^  ^^^^^^^^^
[INFO] [stdout]   |
[INFO] [stdout]   = note: `#[warn(unused_imports)]` on by default
[INFO] [stdout] 
[INFO] [stdout] 
[INFO] [stdout] error[E0432]: unresolved import `try_drop::test_utils`
[INFO] [stdout]  --> examples/thread_local.rs:7:15
[INFO] [stdout]   |
[INFO] [stdout] 7 | use try_drop::test_utils::{ErrorsOnDrop, Fallible};
[INFO] [stdout]   |               ^^^^^^^^^^ could not find `test_utils` in `try_drop`
[INFO] [stdout] 
[INFO] [stdout] 
[INFO] [stdout] warning: unused imports: `BorrowMut`, `Borrow`
[INFO] [stdout]  --> examples/thread_local.rs:1:19
[INFO] [stdout]   |
[INFO] [stdout] 1 | use std::borrow::{Borrow, BorrowMut};
[INFO] [stdout]   |                   ^^^^^^  ^^^^^^^^^
[INFO] [stdout]   |
[INFO] [stdout]   = note: `#[warn(unused_imports)]` on by default
[INFO] [stdout] 
[INFO] [stdout] 
[INFO] [stdout] error: aborting due to previous error
[INFO] [stdout] 
[INFO] [stdout] 
[INFO] [stdout] For more information about this error, try `rustc --explain E0432`.
[INFO] [stdout] 
[INFO] [stderr] error: could not compile `try-drop` (example "once_cell") due to 2 previous errors
[INFO] [stdout] error[E0432]: unresolved import `try_drop::drop_strategies::unreachable`
[INFO] [stdout]  --> examples/thread_local_scope.rs:1:32
[INFO] [stdout]   |
[INFO] [stdout] 1 | use try_drop::drop_strategies::unreachable::UnreachableDropStrategy;
[INFO] [stdout]   |                                ^^^^^^^^^^^ could not find `unreachable` in `drop_strategies`
[INFO] [stdout] 
[INFO] [stdout] 
[INFO] [stdout] error[E0432]: unresolved import `try_drop::test_utils`
[INFO] [stdout]  --> examples/thread_local_scope.rs:4:15
[INFO] [stdout]   |
[INFO] [stdout] 4 | use try_drop::test_utils::{ErrorsOnDrop, Fallible};
[INFO] [stdout]   |               ^^^^^^^^^^ could not find `test_utils` in `try_drop`
[INFO] [stdout] 
[INFO] [stdout] 
[INFO] [stdout] warning: unused import: `try_drop::PureTryDrop`
[INFO] [stdout]  --> examples/shim.rs:9:5
[INFO] [stdout]   |
[INFO] [stdout] 9 | use try_drop::PureTryDrop;
[INFO] [stdout]   |     ^^^^^^^^^^^^^^^^^^^^^
[INFO] [stdout] 
[INFO] [stdout] 
[INFO] [stdout] warning: unused import: `try_drop::PureTryDrop`
[INFO] [stdout]  --> examples/thread_local.rs:8:5
[INFO] [stdout]   |
[INFO] [stdout] 8 | use try_drop::PureTryDrop;
[INFO] [stdout]   |     ^^^^^^^^^^^^^^^^^^^^^
[INFO] [stdout] 
[INFO] [stdout] 
[INFO] [stdout] error: aborting due to previous error; 2 warnings emitted
[INFO] [stdout] 
[INFO] [stdout] 
[INFO] [stdout] For more information about this error, try `rustc --explain E0432`.
[INFO] [stdout] 
[INFO] [stderr] error: could not compile `try-drop` (example "thread_local") due to 2 previous errors; 2 warnings emitted
[INFO] [stdout] error: aborting due to previous error; 2 warnings emitted
[INFO] [stdout] 
[INFO] [stdout] 
[INFO] [stdout] For more information about this error, try `rustc --explain E0432`.
[INFO] [stdout] 
[INFO] [stdout] warning: unused import: `try_drop::PureTryDrop`
[INFO] [stdout]  --> examples/thread_local_scope.rs:5:5
[INFO] [stdout]   |
[INFO] [stdout] 5 | use try_drop::PureTryDrop;
[INFO] [stdout]   |     ^^^^^^^^^^^^^^^^^^^^^
[INFO] [stdout]   |
[INFO] [stdout]   = note: `#[warn(unused_imports)]` on by default
[INFO] [stdout] 
[INFO] [stdout] 
[INFO] [stderr] error: could not compile `try-drop` (example "shim") due to 2 previous errors; 2 warnings emitted
[INFO] [stdout] error: aborting due to 2 previous errors; 1 warning emitted
[INFO] [stdout] 
[INFO] [stdout] 
[INFO] [stdout] For more information about this error, try `rustc --explain E0432`.
[INFO] [stdout] 
[INFO] [stderr] error: could not compile `try-drop` (example "thread_local_scope") due to 3 previous errors; 1 warning emitted
[INFO] [stdout] error[E0432]: unresolved import `try_drop::test_utils`
[INFO] [stdout]  --> examples/write.rs:3:15
[INFO] [stdout]   |
[INFO] [stdout] 3 | use try_drop::test_utils::{ErrorsOnDrop, Random};
[INFO] [stdout]   |               ^^^^^^^^^^ could not find `test_utils` in `try_drop`
[INFO] [stdout] 
[INFO] [stdout] 
[INFO] [stdout] error: aborting due to previous error
[INFO] [stdout] 
[INFO] [stdout] 
[INFO] [stdout] For more information about this error, try `rustc --explain E0432`.
[INFO] [stdout] 
[INFO] [stderr] error: could not compile `try-drop` (example "write") due to 2 previous errors
[INFO] [stdout] warning: 2 warnings emitted
[INFO] [stdout] 
[INFO] [stdout] 
[INFO] running `Command { std: "docker" "inspect" "0e1147a40583323c64562f376a5d2648cd11a0649e793ab23528fdc70006325c", kill_on_drop: false }`
[INFO] running `Command { std: "docker" "rm" "-f" "0e1147a40583323c64562f376a5d2648cd11a0649e793ab23528fdc70006325c", kill_on_drop: false }`
[INFO] [stdout] 0e1147a40583323c64562f376a5d2648cd11a0649e793ab23528fdc70006325c
