[INFO] fetching crate trustfall_derive 0.3.0...
[INFO] testing trustfall_derive-0.3.0 against beta-2023-04-20 for beta-1.70-1
[INFO] extracting crate trustfall_derive 0.3.0 into /workspace/builds/worker-0-tc2/source
[INFO] validating manifest of crates.io crate trustfall_derive 0.3.0 on toolchain beta-2023-04-20
[INFO] running `Command { std: CARGO_HOME="/workspace/cargo-home" RUSTUP_HOME="/workspace/rustup-home" "/workspace/cargo-home/bin/cargo" "+beta-2023-04-20" "metadata" "--manifest-path" "Cargo.toml" "--no-deps", kill_on_drop: false }`
[INFO] started tweaking crates.io crate trustfall_derive 0.3.0
[INFO] finished tweaking crates.io crate trustfall_derive 0.3.0
[INFO] tweaked toml for crates.io crate trustfall_derive 0.3.0 written to /workspace/builds/worker-0-tc2/source/Cargo.toml
[INFO] running `Command { std: CARGO_HOME="/workspace/cargo-home" RUSTUP_HOME="/workspace/rustup-home" __CARGO_TEST_CHANNEL_OVERRIDE_DO_NOT_USE_THIS="nightly" "/workspace/cargo-home/bin/cargo" "+beta-2023-04-20" "generate-lockfile" "--manifest-path" "Cargo.toml" "-Zno-index-update", kill_on_drop: false }`
[INFO] running `Command { std: CARGO_HOME="/workspace/cargo-home" RUSTUP_HOME="/workspace/rustup-home" "/workspace/cargo-home/bin/cargo" "+beta-2023-04-20" "fetch" "--manifest-path" "Cargo.toml", kill_on_drop: false }`
[INFO] running `Command { std: "docker" "create" "-v" "/var/lib/crater-agent-workspace/builds/worker-0-tc2/target:/opt/rustwide/target:rw,Z" "-v" "/var/lib/crater-agent-workspace/builds/worker-0-tc2/source:/opt/rustwide/workdir:ro,Z" "-v" "/var/lib/crater-agent-workspace/cargo-home:/opt/rustwide/cargo-home:ro,Z" "-v" "/var/lib/crater-agent-workspace/rustup-home:/opt/rustwide/rustup-home:ro,Z" "-e" "SOURCE_DIR=/opt/rustwide/workdir" "-e" "CARGO_TARGET_DIR=/opt/rustwide/target" "-e" "CARGO_HOME=/opt/rustwide/cargo-home" "-e" "RUSTUP_HOME=/opt/rustwide/rustup-home" "-w" "/opt/rustwide/workdir" "-m" "1610612736" "--user" "0:0" "--network" "none" "ghcr.io/rust-lang/crates-build-env/linux@sha256:5ff2268d62e97bff2cde7d5815dd6ed5b47097566f13b8d0ca110b04b60e07ed" "/opt/rustwide/cargo-home/bin/cargo" "+beta-2023-04-20" "metadata" "--no-deps" "--format-version=1", kill_on_drop: false }`
[INFO] [stdout] 4c63d9e2dfa007017bfbae6125514cadbb40d461a79e21f566b4e4f64c7d74fb
[INFO] running `Command { std: "docker" "start" "-a" "4c63d9e2dfa007017bfbae6125514cadbb40d461a79e21f566b4e4f64c7d74fb", kill_on_drop: false }`
[INFO] running `Command { std: "docker" "inspect" "4c63d9e2dfa007017bfbae6125514cadbb40d461a79e21f566b4e4f64c7d74fb", kill_on_drop: false }`
[INFO] running `Command { std: "docker" "rm" "-f" "4c63d9e2dfa007017bfbae6125514cadbb40d461a79e21f566b4e4f64c7d74fb", kill_on_drop: false }`
[INFO] [stdout] 4c63d9e2dfa007017bfbae6125514cadbb40d461a79e21f566b4e4f64c7d74fb
[INFO] running `Command { std: "docker" "create" "-v" "/var/lib/crater-agent-workspace/builds/worker-0-tc2/target:/opt/rustwide/target:rw,Z" "-v" "/var/lib/crater-agent-workspace/builds/worker-0-tc2/source:/opt/rustwide/workdir:ro,Z" "-v" "/var/lib/crater-agent-workspace/cargo-home:/opt/rustwide/cargo-home:ro,Z" "-v" "/var/lib/crater-agent-workspace/rustup-home:/opt/rustwide/rustup-home:ro,Z" "-e" "SOURCE_DIR=/opt/rustwide/workdir" "-e" "CARGO_TARGET_DIR=/opt/rustwide/target" "-e" "CARGO_INCREMENTAL=0" "-e" "RUST_BACKTRACE=full" "-e" "RUSTFLAGS=--cap-lints=warn" "-e" "RUSTDOCFLAGS=--cap-lints=warn" "-e" "CARGO_HOME=/opt/rustwide/cargo-home" "-e" "RUSTUP_HOME=/opt/rustwide/rustup-home" "-w" "/opt/rustwide/workdir" "-m" "1610612736" "--user" "0:0" "--network" "none" "ghcr.io/rust-lang/crates-build-env/linux@sha256:5ff2268d62e97bff2cde7d5815dd6ed5b47097566f13b8d0ca110b04b60e07ed" "/opt/rustwide/cargo-home/bin/cargo" "+beta-2023-04-20" "build" "--frozen" "--message-format=json", kill_on_drop: false }`
[INFO] [stdout] e986adcc18f123900e023de8700a7595143b3d85fb47607e0f6f903fee6067ef
[INFO] running `Command { std: "docker" "start" "-a" "e986adcc18f123900e023de8700a7595143b3d85fb47607e0f6f903fee6067ef", kill_on_drop: false }`
[INFO] [stderr]    Compiling syn v1.0.109
[INFO] [stderr]    Compiling trustfall_derive v0.3.0 (/opt/rustwide/workdir)
[INFO] [stderr]     Finished dev [unoptimized + debuginfo] target(s) in 3.07s
[INFO] running `Command { std: "docker" "inspect" "e986adcc18f123900e023de8700a7595143b3d85fb47607e0f6f903fee6067ef", kill_on_drop: false }`
[INFO] running `Command { std: "docker" "rm" "-f" "e986adcc18f123900e023de8700a7595143b3d85fb47607e0f6f903fee6067ef", kill_on_drop: false }`
[INFO] [stdout] e986adcc18f123900e023de8700a7595143b3d85fb47607e0f6f903fee6067ef
[INFO] running `Command { std: "docker" "create" "-v" "/var/lib/crater-agent-workspace/builds/worker-0-tc2/target:/opt/rustwide/target:rw,Z" "-v" "/var/lib/crater-agent-workspace/builds/worker-0-tc2/source:/opt/rustwide/workdir:ro,Z" "-v" "/var/lib/crater-agent-workspace/cargo-home:/opt/rustwide/cargo-home:ro,Z" "-v" "/var/lib/crater-agent-workspace/rustup-home:/opt/rustwide/rustup-home:ro,Z" "-e" "SOURCE_DIR=/opt/rustwide/workdir" "-e" "CARGO_TARGET_DIR=/opt/rustwide/target" "-e" "CARGO_INCREMENTAL=0" "-e" "RUST_BACKTRACE=full" "-e" "RUSTFLAGS=--cap-lints=warn" "-e" "RUSTDOCFLAGS=--cap-lints=warn" "-e" "CARGO_HOME=/opt/rustwide/cargo-home" "-e" "RUSTUP_HOME=/opt/rustwide/rustup-home" "-w" "/opt/rustwide/workdir" "-m" "1610612736" "--user" "0:0" "--network" "none" "ghcr.io/rust-lang/crates-build-env/linux@sha256:5ff2268d62e97bff2cde7d5815dd6ed5b47097566f13b8d0ca110b04b60e07ed" "/opt/rustwide/cargo-home/bin/cargo" "+beta-2023-04-20" "test" "--frozen" "--no-run" "--message-format=json", kill_on_drop: false }`
[INFO] [stdout] daedc3418f13cd820c2084b9d554e9d9e6c639292e666f009a559fb002572198
[INFO] running `Command { std: "docker" "start" "-a" "daedc3418f13cd820c2084b9d554e9d9e6c639292e666f009a559fb002572198", kill_on_drop: false }`
[INFO] [stderr]     Blocking waiting for file lock on package cache
[INFO] [stderr]    Compiling proc-macro2 v1.0.56
[INFO] [stderr]    Compiling unicode-ident v1.0.8
[INFO] [stderr]    Compiling serde_derive v1.0.160
[INFO] [stderr]    Compiling trybuild v1.0.80
[INFO] [stderr]    Compiling termcolor v1.2.0
[INFO] [stderr]    Compiling glob v0.3.1
[INFO] [stderr]    Compiling once_cell v1.17.1
[INFO] [stderr]    Compiling quote v1.0.26
[INFO] [stderr]    Compiling syn v1.0.109
[INFO] [stderr]    Compiling basic-toml v0.1.2
[INFO] [stderr]    Compiling serde_json v1.0.96
[INFO] [stderr]    Compiling syn v2.0.15
[INFO] [stderr]    Compiling trustfall_derive v0.3.0 (/opt/rustwide/workdir)
[INFO] [stdout] error[E0433]: failed to resolve: use of undeclared crate or module `trustfall`
[INFO] [stdout]  --> tests/uses.rs:3:5
[INFO] [stdout]   |
[INFO] [stdout] 3 | use trustfall::provider::Typename;
[INFO] [stdout]   |     ^^^^^^^^^ use of undeclared crate or module `trustfall`
[INFO] [stdout] 
[INFO] [stdout] 
[INFO] [stdout] error: cannot determine resolution for the derive macro `Typename`
[INFO] [stdout]    --> tests/uses.rs:241:28
[INFO] [stdout]     |
[INFO] [stdout] 241 |     #[derive(Debug, Clone, Typename)]
[INFO] [stdout]     |                            ^^^^^^^^
[INFO] [stdout]     |
[INFO] [stdout]     = note: import resolution is stuck, try simplifying macro imports
[INFO] [stdout] 
[INFO] [stdout] 
[INFO] [stdout] error[E0433]: failed to resolve: could not find `trustfall` in the list of imported crates
[INFO] [stdout]  --> tests/uses.rs:8:28
[INFO] [stdout]   |
[INFO] [stdout] 8 |     #[derive(Debug, Clone, TrustfallEnumVertex)]
[INFO] [stdout]   |                            ^^^^^^^^^^^^^^^^^^^ could not find `trustfall` in the list of imported crates
[INFO] [stdout]   |
[INFO] [stdout]   = note: this error originates in the derive macro `TrustfallEnumVertex` (in Nightly builds, run with -Z macro-backtrace for more info)
[INFO] [stdout] 
[INFO] [stdout] 
[INFO] [stdout] error[E0433]: failed to resolve: could not find `trustfall` in the list of imported crates
[INFO] [stdout]   --> tests/uses.rs:14:28
[INFO] [stdout]    |
[INFO] [stdout] 14 |     #[derive(Debug, Clone, TrustfallEnumVertex)]
[INFO] [stdout]    |                            ^^^^^^^^^^^^^^^^^^^ could not find `trustfall` in the list of imported crates
[INFO] [stdout]    |
[INFO] [stdout]    = note: this error originates in the derive macro `TrustfallEnumVertex` (in Nightly builds, run with -Z macro-backtrace for more info)
[INFO] [stdout] 
[INFO] [stdout] 
[INFO] [stdout] error[E0433]: failed to resolve: could not find `trustfall` in the list of imported crates
[INFO] [stdout]   --> tests/uses.rs:26:28
[INFO] [stdout]    |
[INFO] [stdout] 26 |     #[derive(Debug, Clone, TrustfallEnumVertex)]
[INFO] [stdout]    |                            ^^^^^^^^^^^^^^^^^^^ could not find `trustfall` in the list of imported crates
[INFO] [stdout]    |
[INFO] [stdout]    = note: this error originates in the derive macro `TrustfallEnumVertex` (in Nightly builds, run with -Z macro-backtrace for more info)
[INFO] [stdout] 
[INFO] [stdout] 
[INFO] [stdout] error[E0433]: failed to resolve: could not find `trustfall` in the list of imported crates
[INFO] [stdout]   --> tests/uses.rs:54:28
[INFO] [stdout]    |
[INFO] [stdout] 54 |     #[derive(Debug, Clone, TrustfallEnumVertex)]
[INFO] [stdout]    |                            ^^^^^^^^^^^^^^^^^^^ could not find `trustfall` in the list of imported crates
[INFO] [stdout]    |
[INFO] [stdout]    = note: this error originates in the derive macro `TrustfallEnumVertex` (in Nightly builds, run with -Z macro-backtrace for more info)
[INFO] [stdout] 
[INFO] [stdout] 
[INFO] [stdout] error[E0433]: failed to resolve: could not find `trustfall` in the list of imported crates
[INFO] [stdout]   --> tests/uses.rs:73:28
[INFO] [stdout]    |
[INFO] [stdout] 73 |     #[derive(Debug, Clone, TrustfallEnumVertex)]
[INFO] [stdout]    |                            ^^^^^^^^^^^^^^^^^^^ could not find `trustfall` in the list of imported crates
[INFO] [stdout]    |
[INFO] [stdout]    = note: this error originates in the derive macro `TrustfallEnumVertex` (in Nightly builds, run with -Z macro-backtrace for more info)
[INFO] [stdout] 
[INFO] [stdout] 
[INFO] [stdout] error[E0433]: failed to resolve: could not find `trustfall` in the list of imported crates
[INFO] [stdout]   --> tests/uses.rs:92:28
[INFO] [stdout]    |
[INFO] [stdout] 92 |     #[derive(Debug, Clone, TrustfallEnumVertex)]
[INFO] [stdout]    |                            ^^^^^^^^^^^^^^^^^^^ could not find `trustfall` in the list of imported crates
[INFO] [stdout]    |
[INFO] [stdout]    = note: this error originates in the derive macro `TrustfallEnumVertex` (in Nightly builds, run with -Z macro-backtrace for more info)
[INFO] [stdout] 
[INFO] [stdout] 
[INFO] [stdout] error[E0433]: failed to resolve: could not find `trustfall` in the list of imported crates
[INFO] [stdout]    --> tests/uses.rs:114:28
[INFO] [stdout]     |
[INFO] [stdout] 114 |     #[derive(Debug, Clone, TrustfallEnumVertex)]
[INFO] [stdout]     |                            ^^^^^^^^^^^^^^^^^^^ could not find `trustfall` in the list of imported crates
[INFO] [stdout]     |
[INFO] [stdout]     = note: this error originates in the derive macro `TrustfallEnumVertex` (in Nightly builds, run with -Z macro-backtrace for more info)
[INFO] [stdout] 
[INFO] [stdout] 
[INFO] [stdout] error[E0433]: failed to resolve: could not find `trustfall` in the list of imported crates
[INFO] [stdout]    --> tests/uses.rs:148:28
[INFO] [stdout]     |
[INFO] [stdout] 148 |     #[derive(Debug, Clone, TrustfallEnumVertex)]
[INFO] [stdout]     |                            ^^^^^^^^^^^^^^^^^^^ could not find `trustfall` in the list of imported crates
[INFO] [stdout]     |
[INFO] [stdout]     = note: this error originates in the derive macro `TrustfallEnumVertex` (in Nightly builds, run with -Z macro-backtrace for more info)
[INFO] [stdout] 
[INFO] [stdout] 
[INFO] [stdout] error[E0433]: failed to resolve: could not find `trustfall` in the list of imported crates
[INFO] [stdout]    --> tests/uses.rs:170:28
[INFO] [stdout]     |
[INFO] [stdout] 170 |     #[derive(Debug, Clone, TrustfallEnumVertex)]
[INFO] [stdout]     |                            ^^^^^^^^^^^^^^^^^^^ could not find `trustfall` in the list of imported crates
[INFO] [stdout]     |
[INFO] [stdout]     = note: this error originates in the derive macro `TrustfallEnumVertex` (in Nightly builds, run with -Z macro-backtrace for more info)
[INFO] [stdout] 
[INFO] [stdout] 
[INFO] [stdout] error[E0433]: failed to resolve: could not find `trustfall` in the list of imported crates
[INFO] [stdout]    --> tests/uses.rs:189:28
[INFO] [stdout]     |
[INFO] [stdout] 189 |     #[derive(Debug, Clone, TrustfallEnumVertex)]
[INFO] [stdout]     |                            ^^^^^^^^^^^^^^^^^^^ could not find `trustfall` in the list of imported crates
[INFO] [stdout]     |
[INFO] [stdout]     = note: this error originates in the derive macro `TrustfallEnumVertex` (in Nightly builds, run with -Z macro-backtrace for more info)
[INFO] [stdout] 
[INFO] [stdout] 
[INFO] [stdout] error[E0433]: failed to resolve: could not find `trustfall` in the list of imported crates
[INFO] [stdout]    --> tests/uses.rs:215:28
[INFO] [stdout]     |
[INFO] [stdout] 215 |     #[derive(Debug, Clone, TrustfallEnumVertex)]
[INFO] [stdout]     |                            ^^^^^^^^^^^^^^^^^^^ could not find `trustfall` in the list of imported crates
[INFO] [stdout]     |
[INFO] [stdout]     = note: this error originates in the derive macro `TrustfallEnumVertex` (in Nightly builds, run with -Z macro-backtrace for more info)
[INFO] [stdout] 
[INFO] [stdout] 
[INFO] [stdout] error: aborting due to 13 previous errors
[INFO] [stdout] 
[INFO] [stdout] 
[INFO] [stdout] For more information about this error, try `rustc --explain E0433`.
[INFO] [stdout] 
[INFO] [stderr] error: could not compile `trustfall_derive` (test "uses") due to 14 previous errors
[INFO] [stderr] warning: build failed, waiting for other jobs to finish...
[INFO] running `Command { std: "docker" "inspect" "daedc3418f13cd820c2084b9d554e9d9e6c639292e666f009a559fb002572198", kill_on_drop: false }`
[INFO] running `Command { std: "docker" "rm" "-f" "daedc3418f13cd820c2084b9d554e9d9e6c639292e666f009a559fb002572198", kill_on_drop: false }`
[INFO] [stdout] daedc3418f13cd820c2084b9d554e9d9e6c639292e666f009a559fb002572198
