[INFO] fetching crate trillium-testing 0.5.0...
[INFO] testing trillium-testing-0.5.0 against 1.69.0 for beta-1.70-1
[INFO] extracting crate trillium-testing 0.5.0 into /workspace/builds/worker-1-tc1/source
[INFO] validating manifest of crates.io crate trillium-testing 0.5.0 on toolchain 1.69.0
[INFO] running `Command { std: CARGO_HOME="/workspace/cargo-home" RUSTUP_HOME="/workspace/rustup-home" "/workspace/cargo-home/bin/cargo" "+1.69.0" "metadata" "--manifest-path" "Cargo.toml" "--no-deps", kill_on_drop: false }`
[INFO] started tweaking crates.io crate trillium-testing 0.5.0
[INFO] removed 0 missing examples
[INFO] finished tweaking crates.io crate trillium-testing 0.5.0
[INFO] tweaked toml for crates.io crate trillium-testing 0.5.0 written to /workspace/builds/worker-1-tc1/source/Cargo.toml
[INFO] crate crates.io crate trillium-testing 0.5.0 already has a lockfile, it will not be regenerated
[INFO] running `Command { std: CARGO_HOME="/workspace/cargo-home" RUSTUP_HOME="/workspace/rustup-home" "/workspace/cargo-home/bin/cargo" "+1.69.0" "fetch" "--manifest-path" "Cargo.toml", kill_on_drop: false }`
[INFO] [stderr]  Downloading crates ...
[INFO] [stderr]   Downloaded signal-hook-tokio v0.3.1
[INFO] [stderr]   Downloaded waker-set v0.2.0
[INFO] [stderr]   Downloaded stopper v0.2.0
[INFO] [stderr]   Downloaded smartcow v0.2.1
[INFO] [stderr]   Downloaded rlimit v0.9.1
[INFO] [stderr]   Downloaded polling v2.7.0
[INFO] [stderr]   Downloaded trillium-server-common v0.4.0
[INFO] [stderr]   Downloaded signal-hook-async-std v0.2.2
[INFO] [stderr]   Downloaded trillium-macros v0.0.4
[INFO] [stderr]   Downloaded trillium-http v0.3.0
[INFO] [stderr]   Downloaded trillium v0.2.9
[INFO] [stderr]   Downloaded trillium-async-std v0.3.0
[INFO] [stderr]   Downloaded trillium-smol v0.3.0
[INFO] [stderr]   Downloaded trillium-tokio v0.3.0
[INFO] running `Command { std: "docker" "create" "-v" "/var/lib/crater-agent-workspace/builds/worker-1-tc1/target:/opt/rustwide/target:rw,Z" "-v" "/var/lib/crater-agent-workspace/builds/worker-1-tc1/source:/opt/rustwide/workdir:ro,Z" "-v" "/var/lib/crater-agent-workspace/cargo-home:/opt/rustwide/cargo-home:ro,Z" "-v" "/var/lib/crater-agent-workspace/rustup-home:/opt/rustwide/rustup-home:ro,Z" "-e" "SOURCE_DIR=/opt/rustwide/workdir" "-e" "CARGO_TARGET_DIR=/opt/rustwide/target" "-e" "CARGO_HOME=/opt/rustwide/cargo-home" "-e" "RUSTUP_HOME=/opt/rustwide/rustup-home" "-w" "/opt/rustwide/workdir" "-m" "1610612736" "--user" "0:0" "--network" "none" "ghcr.io/rust-lang/crates-build-env/linux@sha256:5ff2268d62e97bff2cde7d5815dd6ed5b47097566f13b8d0ca110b04b60e07ed" "/opt/rustwide/cargo-home/bin/cargo" "+1.69.0" "metadata" "--no-deps" "--format-version=1", kill_on_drop: false }`
[INFO] [stdout] d07fa0a04425bbe2689ce490ab6c8d120707768c1d8c95b75197005b318fcd60
[INFO] running `Command { std: "docker" "start" "-a" "d07fa0a04425bbe2689ce490ab6c8d120707768c1d8c95b75197005b318fcd60", kill_on_drop: false }`
[INFO] running `Command { std: "docker" "inspect" "d07fa0a04425bbe2689ce490ab6c8d120707768c1d8c95b75197005b318fcd60", kill_on_drop: false }`
[INFO] running `Command { std: "docker" "rm" "-f" "d07fa0a04425bbe2689ce490ab6c8d120707768c1d8c95b75197005b318fcd60", kill_on_drop: false }`
[INFO] [stdout] d07fa0a04425bbe2689ce490ab6c8d120707768c1d8c95b75197005b318fcd60
[INFO] running `Command { std: "docker" "create" "-v" "/var/lib/crater-agent-workspace/builds/worker-1-tc1/target:/opt/rustwide/target:rw,Z" "-v" "/var/lib/crater-agent-workspace/builds/worker-1-tc1/source:/opt/rustwide/workdir:ro,Z" "-v" "/var/lib/crater-agent-workspace/cargo-home:/opt/rustwide/cargo-home:ro,Z" "-v" "/var/lib/crater-agent-workspace/rustup-home:/opt/rustwide/rustup-home:ro,Z" "-e" "SOURCE_DIR=/opt/rustwide/workdir" "-e" "CARGO_TARGET_DIR=/opt/rustwide/target" "-e" "CARGO_INCREMENTAL=0" "-e" "RUST_BACKTRACE=full" "-e" "RUSTFLAGS=--cap-lints=warn" "-e" "RUSTDOCFLAGS=--cap-lints=warn" "-e" "CARGO_HOME=/opt/rustwide/cargo-home" "-e" "RUSTUP_HOME=/opt/rustwide/rustup-home" "-w" "/opt/rustwide/workdir" "-m" "1610612736" "--user" "0:0" "--network" "none" "ghcr.io/rust-lang/crates-build-env/linux@sha256:5ff2268d62e97bff2cde7d5815dd6ed5b47097566f13b8d0ca110b04b60e07ed" "/opt/rustwide/cargo-home/bin/cargo" "+1.69.0" "build" "--frozen" "--message-format=json", kill_on_drop: false }`
[INFO] [stdout] 5f373e54f3ee36568620595516ac160deff3d1ddcc84a0015077eb4fcaa69802
[INFO] running `Command { std: "docker" "start" "-a" "5f373e54f3ee36568620595516ac160deff3d1ddcc84a0015077eb4fcaa69802", kill_on_drop: false }`
[INFO] [stderr]    Compiling cfg-if v1.0.0
[INFO] [stderr]    Compiling proc-macro2 v1.0.56
[INFO] [stderr]    Compiling quote v1.0.26
[INFO] [stderr]    Compiling unicode-ident v1.0.8
[INFO] [stderr]    Compiling autocfg v1.1.0
[INFO] [stderr]    Compiling version_check v0.9.4
[INFO] [stderr]    Compiling libc v0.2.141
[INFO] [stderr]    Compiling crossbeam-utils v0.8.15
[INFO] [stderr]    Compiling futures-core v0.3.28
[INFO] [stderr]    Compiling syn v1.0.109
[INFO] [stderr]    Compiling memchr v2.5.0
[INFO] [stderr]    Compiling ahash v0.8.3
[INFO] [stderr]    Compiling slab v0.4.8
[INFO] [stderr]    Compiling smartstring v1.0.1
[INFO] [stderr]    Compiling futures-io v0.3.28
[INFO] [stderr]    Compiling fastrand v1.9.0
[INFO] [stderr]    Compiling thiserror v1.0.40
[INFO] [stderr]    Compiling waker-fn v1.1.0
[INFO] [stderr]    Compiling static_assertions v1.1.0
[INFO] [stderr]    Compiling once_cell v1.17.1
[INFO] [stderr]    Compiling pin-project-lite v0.2.9
[INFO] [stderr]    Compiling syn v2.0.13
[INFO] [stderr]    Compiling parking v2.1.0
[INFO] [stderr]    Compiling httparse v1.8.0
[INFO] [stderr]    Compiling log v0.4.17
[INFO] [stderr]    Compiling tinyvec_macros v0.1.1
[INFO] [stderr]    Compiling futures-lite v1.13.0
[INFO] [stderr]    Compiling tinyvec v1.6.0
[INFO] [stderr]    Compiling getrandom v0.2.9
[INFO] [stderr]    Compiling waker-set v0.2.0
[INFO] [stderr]    Compiling async-trait v0.1.68
[INFO] [stderr]    Compiling hashbrown v0.13.2
[INFO] [stderr]    Compiling smartcow v0.2.1
[INFO] [stderr]    Compiling rand_core v0.6.4
[INFO] [stderr]    Compiling encoding_rs v0.8.32
[INFO] [stderr]    Compiling unicode-normalization v0.1.22
[INFO] [stderr]    Compiling percent-encoding v2.2.0
[INFO] [stderr]    Compiling unicode-bidi v0.3.13
[INFO] [stderr]    Compiling ppv-lite86 v0.2.17
[INFO] [stderr]    Compiling memmem v0.1.1
[INFO] [stderr]    Compiling smallvec v1.10.0
[INFO] [stderr]    Compiling mime v0.3.17
[INFO] [stderr]    Compiling event-listener v2.5.3
[INFO] [stderr]    Compiling httpdate v1.0.2
[INFO] [stderr]    Compiling rand_chacha v0.3.1
[INFO] [stderr]    Compiling idna v0.3.0
[INFO] [stderr]    Compiling form_urlencoded v1.1.0
[INFO] [stderr]    Compiling rand v0.8.5
[INFO] [stderr]    Compiling simple-mutex v1.1.5
[INFO] [stderr]    Compiling rlimit v0.9.1
[INFO] [stderr]    Compiling url v2.3.1
[INFO] [stderr]    Compiling concurrent-queue v2.2.0
[INFO] [stderr]    Compiling atomic-waker v1.1.1
[INFO] [stderr]    Compiling async-channel v1.8.0
[INFO] [stderr]    Compiling portpicker v0.1.1
[INFO] [stderr]    Compiling async-dup v1.2.2
[INFO] [stderr]    Compiling thiserror-impl v1.0.40
[INFO] [stderr]    Compiling trillium-macros v0.0.4
[INFO] [stderr]    Compiling pin-project-internal v1.0.12
[INFO] [stderr]    Compiling pin-project v1.0.12
[INFO] [stderr]    Compiling stopper v0.2.0
[INFO] [stderr]    Compiling trillium-http v0.3.0
[INFO] [stderr]    Compiling trillium v0.2.9
[INFO] [stderr]    Compiling trillium-server-common v0.4.0
[INFO] [stderr]    Compiling trillium-testing v0.5.0 (/opt/rustwide/workdir)
[INFO] [stderr]     Finished dev [unoptimized + debuginfo] target(s) in 9.14s
[INFO] running `Command { std: "docker" "inspect" "5f373e54f3ee36568620595516ac160deff3d1ddcc84a0015077eb4fcaa69802", kill_on_drop: false }`
[INFO] running `Command { std: "docker" "rm" "-f" "5f373e54f3ee36568620595516ac160deff3d1ddcc84a0015077eb4fcaa69802", kill_on_drop: false }`
[INFO] [stdout] 5f373e54f3ee36568620595516ac160deff3d1ddcc84a0015077eb4fcaa69802
[INFO] running `Command { std: "docker" "create" "-v" "/var/lib/crater-agent-workspace/builds/worker-1-tc1/target:/opt/rustwide/target:rw,Z" "-v" "/var/lib/crater-agent-workspace/builds/worker-1-tc1/source:/opt/rustwide/workdir:ro,Z" "-v" "/var/lib/crater-agent-workspace/cargo-home:/opt/rustwide/cargo-home:ro,Z" "-v" "/var/lib/crater-agent-workspace/rustup-home:/opt/rustwide/rustup-home:ro,Z" "-e" "SOURCE_DIR=/opt/rustwide/workdir" "-e" "CARGO_TARGET_DIR=/opt/rustwide/target" "-e" "CARGO_INCREMENTAL=0" "-e" "RUST_BACKTRACE=full" "-e" "RUSTFLAGS=--cap-lints=warn" "-e" "RUSTDOCFLAGS=--cap-lints=warn" "-e" "CARGO_HOME=/opt/rustwide/cargo-home" "-e" "RUSTUP_HOME=/opt/rustwide/rustup-home" "-w" "/opt/rustwide/workdir" "-m" "1610612736" "--user" "0:0" "--network" "none" "ghcr.io/rust-lang/crates-build-env/linux@sha256:5ff2268d62e97bff2cde7d5815dd6ed5b47097566f13b8d0ca110b04b60e07ed" "/opt/rustwide/cargo-home/bin/cargo" "+1.69.0" "test" "--frozen" "--no-run" "--message-format=json", kill_on_drop: false }`
[INFO] [stdout] c6c5c798e961a4b7d4f3fcdea509974d64bb2a4cc859ea7867edd66edf12c07c
[INFO] running `Command { std: "docker" "start" "-a" "c6c5c798e961a4b7d4f3fcdea509974d64bb2a4cc859ea7867edd66edf12c07c", kill_on_drop: false }`
[INFO] [stderr]     Blocking waiting for file lock on package cache
[INFO] [stderr]    Compiling trillium-testing v0.5.0 (/opt/rustwide/workdir)
[INFO] [stdout] error[E0432]: unresolved import `trillium_logger`
[INFO] [stdout]  --> examples/testing.rs:2:5
[INFO] [stdout]   |
[INFO] [stdout] 2 | use trillium_logger::Logger;
[INFO] [stdout]   |     ^^^^^^^^^^^^^^^ use of undeclared crate or module `trillium_logger`
[INFO] [stdout] 
[INFO] [stdout] 
[INFO] [stdout] error[E0432]: unresolved import `trillium_client`
[INFO] [stdout]   --> src/server_connector.rs:66:9
[INFO] [stdout]    |
[INFO] [stdout] 66 |     use trillium_client::Client;
[INFO] [stdout]    |         ^^^^^^^^^^^^^^^ use of undeclared crate or module `trillium_client`
[INFO] [stdout] 
[INFO] [stdout] 
[INFO] [stdout] error[E0433]: failed to resolve: use of undeclared crate or module `trillium_smol`
[INFO] [stdout]   --> examples/testing.rs:20:5
[INFO] [stdout]    |
[INFO] [stdout] 20 |     trillium_smol::run(application());
[INFO] [stdout]    |     ^^^^^^^^^^^^^ use of undeclared crate or module `trillium_smol`
[INFO] [stdout]    |
[INFO] [stdout] help: there is a crate or module with a similar name
[INFO] [stdout]    |
[INFO] [stdout] 20 |     trillium_http::run(application());
[INFO] [stdout]    |     ~~~~~~~~~~~~~
[INFO] [stdout] 
[INFO] [stdout] 
[INFO] [stdout] error: aborting due to 2 previous errors
[INFO] [stdout] 
[INFO] [stdout] 
[INFO] [stdout] Some errors have detailed explanations: E0432, E0433.
[INFO] [stdout] 
[INFO] [stdout] For more information about an error, try `rustc --explain E0432`.
[INFO] [stdout] 
[INFO] [stderr] error: could not compile `trillium-testing` due to 3 previous errors
[INFO] [stderr] warning: build failed, waiting for other jobs to finish...
[INFO] [stdout] error: aborting due to previous error
[INFO] [stdout] 
[INFO] [stdout] 
[INFO] [stdout] For more information about this error, try `rustc --explain E0432`.
[INFO] [stdout] 
[INFO] [stderr] error: could not compile `trillium-testing` due to 2 previous errors
[INFO] running `Command { std: "docker" "inspect" "c6c5c798e961a4b7d4f3fcdea509974d64bb2a4cc859ea7867edd66edf12c07c", kill_on_drop: false }`
[INFO] running `Command { std: "docker" "rm" "-f" "c6c5c798e961a4b7d4f3fcdea509974d64bb2a4cc859ea7867edd66edf12c07c", kill_on_drop: false }`
[INFO] [stdout] c6c5c798e961a4b7d4f3fcdea509974d64bb2a4cc859ea7867edd66edf12c07c
