[INFO] fetching crate trillium-static-compiled 0.5.0...
[INFO] testing trillium-static-compiled-0.5.0 against 1.69.0 for beta-1.70-1
[INFO] extracting crate trillium-static-compiled 0.5.0 into /workspace/builds/worker-4-tc1/source
[INFO] validating manifest of crates.io crate trillium-static-compiled 0.5.0 on toolchain 1.69.0
[INFO] running `Command { std: CARGO_HOME="/workspace/cargo-home" RUSTUP_HOME="/workspace/rustup-home" "/workspace/cargo-home/bin/cargo" "+1.69.0" "metadata" "--manifest-path" "Cargo.toml" "--no-deps", kill_on_drop: false }`
[INFO] started tweaking crates.io crate trillium-static-compiled 0.5.0
[INFO] finished tweaking crates.io crate trillium-static-compiled 0.5.0
[INFO] tweaked toml for crates.io crate trillium-static-compiled 0.5.0 written to /workspace/builds/worker-4-tc1/source/Cargo.toml
[INFO] crate crates.io crate trillium-static-compiled 0.5.0 already has a lockfile, it will not be regenerated
[INFO] running `Command { std: CARGO_HOME="/workspace/cargo-home" RUSTUP_HOME="/workspace/rustup-home" "/workspace/cargo-home/bin/cargo" "+1.69.0" "fetch" "--manifest-path" "Cargo.toml", kill_on_drop: false }`
[INFO] [stderr]  Downloading crates ...
[INFO] [stderr]   Downloaded trillium-static-compiled-macros v0.1.0
[INFO] running `Command { std: "docker" "create" "-v" "/var/lib/crater-agent-workspace/builds/worker-4-tc1/target:/opt/rustwide/target:rw,Z" "-v" "/var/lib/crater-agent-workspace/builds/worker-4-tc1/source:/opt/rustwide/workdir:ro,Z" "-v" "/var/lib/crater-agent-workspace/cargo-home:/opt/rustwide/cargo-home:ro,Z" "-v" "/var/lib/crater-agent-workspace/rustup-home:/opt/rustwide/rustup-home:ro,Z" "-e" "SOURCE_DIR=/opt/rustwide/workdir" "-e" "CARGO_TARGET_DIR=/opt/rustwide/target" "-e" "CARGO_HOME=/opt/rustwide/cargo-home" "-e" "RUSTUP_HOME=/opt/rustwide/rustup-home" "-w" "/opt/rustwide/workdir" "-m" "1610612736" "--user" "0:0" "--network" "none" "ghcr.io/rust-lang/crates-build-env/linux@sha256:5ff2268d62e97bff2cde7d5815dd6ed5b47097566f13b8d0ca110b04b60e07ed" "/opt/rustwide/cargo-home/bin/cargo" "+1.69.0" "metadata" "--no-deps" "--format-version=1", kill_on_drop: false }`
[INFO] [stdout] b07d7977bd4909656973125a250e023bdf2dcb97d57284b3a16ec752868775b2
[INFO] running `Command { std: "docker" "start" "-a" "b07d7977bd4909656973125a250e023bdf2dcb97d57284b3a16ec752868775b2", kill_on_drop: false }`
[INFO] running `Command { std: "docker" "inspect" "b07d7977bd4909656973125a250e023bdf2dcb97d57284b3a16ec752868775b2", kill_on_drop: false }`
[INFO] running `Command { std: "docker" "rm" "-f" "b07d7977bd4909656973125a250e023bdf2dcb97d57284b3a16ec752868775b2", kill_on_drop: false }`
[INFO] [stdout] b07d7977bd4909656973125a250e023bdf2dcb97d57284b3a16ec752868775b2
[INFO] running `Command { std: "docker" "create" "-v" "/var/lib/crater-agent-workspace/builds/worker-4-tc1/target:/opt/rustwide/target:rw,Z" "-v" "/var/lib/crater-agent-workspace/builds/worker-4-tc1/source:/opt/rustwide/workdir:ro,Z" "-v" "/var/lib/crater-agent-workspace/cargo-home:/opt/rustwide/cargo-home:ro,Z" "-v" "/var/lib/crater-agent-workspace/rustup-home:/opt/rustwide/rustup-home:ro,Z" "-e" "SOURCE_DIR=/opt/rustwide/workdir" "-e" "CARGO_TARGET_DIR=/opt/rustwide/target" "-e" "CARGO_INCREMENTAL=0" "-e" "RUST_BACKTRACE=full" "-e" "RUSTFLAGS=--cap-lints=warn" "-e" "RUSTDOCFLAGS=--cap-lints=warn" "-e" "CARGO_HOME=/opt/rustwide/cargo-home" "-e" "RUSTUP_HOME=/opt/rustwide/rustup-home" "-w" "/opt/rustwide/workdir" "-m" "1610612736" "--user" "0:0" "--network" "none" "ghcr.io/rust-lang/crates-build-env/linux@sha256:5ff2268d62e97bff2cde7d5815dd6ed5b47097566f13b8d0ca110b04b60e07ed" "/opt/rustwide/cargo-home/bin/cargo" "+1.69.0" "build" "--frozen" "--message-format=json", kill_on_drop: false }`
[INFO] [stdout] 1144d21c056d0a3b35eb971e6e144dd9eaedaba7318ae00562690c9698bef449
[INFO] running `Command { std: "docker" "start" "-a" "1144d21c056d0a3b35eb971e6e144dd9eaedaba7318ae00562690c9698bef449", kill_on_drop: false }`
[INFO] [stderr]    Compiling proc-macro2 v1.0.36
[INFO] [stderr]    Compiling unicode-xid v0.2.2
[INFO] [stderr]    Compiling version_check v0.9.4
[INFO] [stderr]    Compiling syn v1.0.84
[INFO] [stderr]    Compiling cfg-if v1.0.0
[INFO] [stderr]    Compiling libc v0.2.112
[INFO] [stderr]    Compiling futures-core v0.3.19
[INFO] [stderr]    Compiling crossbeam-utils v0.8.5
[INFO] [stderr]    Compiling memchr v2.4.1
[INFO] [stderr]    Compiling lazy_static v1.4.0
[INFO] [stderr]    Compiling once_cell v1.9.0
[INFO] [stderr]    Compiling static_assertions v1.1.0
[INFO] [stderr]    Compiling parking v2.0.0
[INFO] [stderr]    Compiling log v0.4.14
[INFO] [stderr]    Compiling fastrand v1.6.0
[INFO] [stderr]    Compiling encoding_rs v0.8.30
[INFO] [stderr]    Compiling slab v0.4.5
[INFO] [stderr]    Compiling pin-project-lite v0.2.8
[INFO] [stderr]    Compiling futures-io v0.3.19
[INFO] [stderr]    Compiling httparse v1.5.1
[INFO] [stderr]    Compiling waker-fn v1.1.0
[INFO] [stderr]    Compiling smartstring v0.2.9
[INFO] [stderr]    Compiling mime v0.3.16
[INFO] [stderr]    Compiling async-trait v0.1.52
[INFO] [stderr]    Compiling smallvec v1.7.0
[INFO] [stderr]    Compiling httpdate v1.0.2
[INFO] [stderr]    Compiling memmem v0.1.1
[INFO] [stderr]    Compiling ahash v0.7.6
[INFO] [stderr]    Compiling unicase v2.6.0
[INFO] [stderr]    Compiling smartcow v0.1.0
[INFO] [stderr]    Compiling waker-set v0.2.0
[INFO] [stderr]    Compiling futures-lite v1.12.0
[INFO] [stderr]    Compiling quote v1.0.14
[INFO] [stderr]    Compiling getrandom v0.2.3
[INFO] [stderr]    Compiling mime_guess v2.0.3
[INFO] [stderr]    Compiling trillium-static-compiled-macros v0.1.0
[INFO] [stderr]    Compiling hashbrown v0.11.2
[INFO] [stderr]    Compiling pin-project-internal v1.0.10
[INFO] [stderr]    Compiling thiserror-impl v1.0.30
[INFO] [stderr]    Compiling thiserror v1.0.30
[INFO] [stderr]    Compiling pin-project v1.0.10
[INFO] [stderr]    Compiling stopper v0.2.0
[INFO] [stderr]    Compiling trillium-http v0.2.6
[INFO] [stderr]    Compiling trillium v0.2.2
[INFO] [stderr]    Compiling trillium-static-compiled v0.5.0 (/opt/rustwide/workdir)
[INFO] [stderr]     Finished dev [unoptimized + debuginfo] target(s) in 8.17s
[INFO] running `Command { std: "docker" "inspect" "1144d21c056d0a3b35eb971e6e144dd9eaedaba7318ae00562690c9698bef449", kill_on_drop: false }`
[INFO] running `Command { std: "docker" "rm" "-f" "1144d21c056d0a3b35eb971e6e144dd9eaedaba7318ae00562690c9698bef449", kill_on_drop: false }`
[INFO] [stdout] 1144d21c056d0a3b35eb971e6e144dd9eaedaba7318ae00562690c9698bef449
[INFO] running `Command { std: "docker" "create" "-v" "/var/lib/crater-agent-workspace/builds/worker-4-tc1/target:/opt/rustwide/target:rw,Z" "-v" "/var/lib/crater-agent-workspace/builds/worker-4-tc1/source:/opt/rustwide/workdir:ro,Z" "-v" "/var/lib/crater-agent-workspace/cargo-home:/opt/rustwide/cargo-home:ro,Z" "-v" "/var/lib/crater-agent-workspace/rustup-home:/opt/rustwide/rustup-home:ro,Z" "-e" "SOURCE_DIR=/opt/rustwide/workdir" "-e" "CARGO_TARGET_DIR=/opt/rustwide/target" "-e" "CARGO_INCREMENTAL=0" "-e" "RUST_BACKTRACE=full" "-e" "RUSTFLAGS=--cap-lints=warn" "-e" "RUSTDOCFLAGS=--cap-lints=warn" "-e" "CARGO_HOME=/opt/rustwide/cargo-home" "-e" "RUSTUP_HOME=/opt/rustwide/rustup-home" "-w" "/opt/rustwide/workdir" "-m" "1610612736" "--user" "0:0" "--network" "none" "ghcr.io/rust-lang/crates-build-env/linux@sha256:5ff2268d62e97bff2cde7d5815dd6ed5b47097566f13b8d0ca110b04b60e07ed" "/opt/rustwide/cargo-home/bin/cargo" "+1.69.0" "test" "--frozen" "--no-run" "--message-format=json", kill_on_drop: false }`
[INFO] [stdout] a8452664ef6dbcb2d51140d1c8d1097b19326d72ff8389ede0bca62ab2778a83
[INFO] running `Command { std: "docker" "start" "-a" "a8452664ef6dbcb2d51140d1c8d1097b19326d72ff8389ede0bca62ab2778a83", kill_on_drop: false }`
[INFO] [stderr]    Compiling trillium-static-compiled v0.5.0 (/opt/rustwide/workdir)
[INFO] [stdout] error[E0433]: failed to resolve: use of undeclared crate or module `trillium_logger`
[INFO] [stdout]  --> examples/static-compiled.rs:6:9
[INFO] [stdout]   |
[INFO] [stdout] 6 |         trillium_logger::Logger::new(),
[INFO] [stdout]   |         ^^^^^^^^^^^^^^^ use of undeclared crate or module `trillium_logger`
[INFO] [stdout] 
[INFO] [stdout] 
[INFO] [stdout] error[E0433]: failed to resolve: use of undeclared crate or module `trillium_caching_headers`
[INFO] [stdout]  --> examples/static-compiled.rs:7:9
[INFO] [stdout]   |
[INFO] [stdout] 7 |         trillium_caching_headers::CachingHeaders::new(),
[INFO] [stdout]   |         ^^^^^^^^^^^^^^^^^^^^^^^^ use of undeclared crate or module `trillium_caching_headers`
[INFO] [stdout] 
[INFO] [stdout] 
[INFO] [stdout] error[E0433]: failed to resolve: use of undeclared crate or module `trillium_smol`
[INFO] [stdout]  --> examples/static-compiled.rs:5:5
[INFO] [stdout]   |
[INFO] [stdout] 5 |     trillium_smol::run((
[INFO] [stdout]   |     ^^^^^^^^^^^^^ use of undeclared crate or module `trillium_smol`
[INFO] [stdout] 
[INFO] [stdout] 
[INFO] [stdout] error: aborting due to 3 previous errors
[INFO] [stdout] 
[INFO] [stdout] 
[INFO] [stdout] For more information about this error, try `rustc --explain E0433`.
[INFO] [stdout] 
[INFO] [stderr] error: could not compile `trillium-static-compiled` due to 4 previous errors
[INFO] [stderr] warning: build failed, waiting for other jobs to finish...
[INFO] running `Command { std: "docker" "inspect" "a8452664ef6dbcb2d51140d1c8d1097b19326d72ff8389ede0bca62ab2778a83", kill_on_drop: false }`
[INFO] running `Command { std: "docker" "rm" "-f" "a8452664ef6dbcb2d51140d1c8d1097b19326d72ff8389ede0bca62ab2778a83", kill_on_drop: false }`
[INFO] [stdout] a8452664ef6dbcb2d51140d1c8d1097b19326d72ff8389ede0bca62ab2778a83
