[INFO] fetching crate trillium-macros 0.0.4...
[INFO] testing trillium-macros-0.0.4 against 1.69.0 for beta-1.70-1
[INFO] extracting crate trillium-macros 0.0.4 into /workspace/builds/worker-5-tc1/source
[INFO] validating manifest of crates.io crate trillium-macros 0.0.4 on toolchain 1.69.0
[INFO] running `Command { std: CARGO_HOME="/workspace/cargo-home" RUSTUP_HOME="/workspace/rustup-home" "/workspace/cargo-home/bin/cargo" "+1.69.0" "metadata" "--manifest-path" "Cargo.toml" "--no-deps", kill_on_drop: false }`
[INFO] started tweaking crates.io crate trillium-macros 0.0.4
[INFO] finished tweaking crates.io crate trillium-macros 0.0.4
[INFO] tweaked toml for crates.io crate trillium-macros 0.0.4 written to /workspace/builds/worker-5-tc1/source/Cargo.toml
[INFO] running `Command { std: CARGO_HOME="/workspace/cargo-home" RUSTUP_HOME="/workspace/rustup-home" __CARGO_TEST_CHANNEL_OVERRIDE_DO_NOT_USE_THIS="nightly" "/workspace/cargo-home/bin/cargo" "+1.69.0" "generate-lockfile" "--manifest-path" "Cargo.toml" "-Zno-index-update", kill_on_drop: false }`
[INFO] running `Command { std: CARGO_HOME="/workspace/cargo-home" RUSTUP_HOME="/workspace/rustup-home" "/workspace/cargo-home/bin/cargo" "+1.69.0" "fetch" "--manifest-path" "Cargo.toml", kill_on_drop: false }`
[INFO] running `Command { std: "docker" "create" "-v" "/var/lib/crater-agent-workspace/builds/worker-5-tc1/target:/opt/rustwide/target:rw,Z" "-v" "/var/lib/crater-agent-workspace/builds/worker-5-tc1/source:/opt/rustwide/workdir:ro,Z" "-v" "/var/lib/crater-agent-workspace/cargo-home:/opt/rustwide/cargo-home:ro,Z" "-v" "/var/lib/crater-agent-workspace/rustup-home:/opt/rustwide/rustup-home:ro,Z" "-e" "SOURCE_DIR=/opt/rustwide/workdir" "-e" "CARGO_TARGET_DIR=/opt/rustwide/target" "-e" "CARGO_HOME=/opt/rustwide/cargo-home" "-e" "RUSTUP_HOME=/opt/rustwide/rustup-home" "-w" "/opt/rustwide/workdir" "-m" "1610612736" "--user" "0:0" "--network" "none" "ghcr.io/rust-lang/crates-build-env/linux@sha256:5ff2268d62e97bff2cde7d5815dd6ed5b47097566f13b8d0ca110b04b60e07ed" "/opt/rustwide/cargo-home/bin/cargo" "+1.69.0" "metadata" "--no-deps" "--format-version=1", kill_on_drop: false }`
[INFO] [stdout] 453c6639da8d705434283c9a1240b5f88590d4a5dc34c68772b11b4859b7f9af
[INFO] running `Command { std: "docker" "start" "-a" "453c6639da8d705434283c9a1240b5f88590d4a5dc34c68772b11b4859b7f9af", kill_on_drop: false }`
[INFO] running `Command { std: "docker" "inspect" "453c6639da8d705434283c9a1240b5f88590d4a5dc34c68772b11b4859b7f9af", kill_on_drop: false }`
[INFO] running `Command { std: "docker" "rm" "-f" "453c6639da8d705434283c9a1240b5f88590d4a5dc34c68772b11b4859b7f9af", kill_on_drop: false }`
[INFO] [stdout] 453c6639da8d705434283c9a1240b5f88590d4a5dc34c68772b11b4859b7f9af
[INFO] running `Command { std: "docker" "create" "-v" "/var/lib/crater-agent-workspace/builds/worker-5-tc1/target:/opt/rustwide/target:rw,Z" "-v" "/var/lib/crater-agent-workspace/builds/worker-5-tc1/source:/opt/rustwide/workdir:ro,Z" "-v" "/var/lib/crater-agent-workspace/cargo-home:/opt/rustwide/cargo-home:ro,Z" "-v" "/var/lib/crater-agent-workspace/rustup-home:/opt/rustwide/rustup-home:ro,Z" "-e" "SOURCE_DIR=/opt/rustwide/workdir" "-e" "CARGO_TARGET_DIR=/opt/rustwide/target" "-e" "CARGO_INCREMENTAL=0" "-e" "RUST_BACKTRACE=full" "-e" "RUSTFLAGS=--cap-lints=warn" "-e" "RUSTDOCFLAGS=--cap-lints=warn" "-e" "CARGO_HOME=/opt/rustwide/cargo-home" "-e" "RUSTUP_HOME=/opt/rustwide/rustup-home" "-w" "/opt/rustwide/workdir" "-m" "1610612736" "--user" "0:0" "--network" "none" "ghcr.io/rust-lang/crates-build-env/linux@sha256:5ff2268d62e97bff2cde7d5815dd6ed5b47097566f13b8d0ca110b04b60e07ed" "/opt/rustwide/cargo-home/bin/cargo" "+1.69.0" "build" "--frozen" "--message-format=json", kill_on_drop: false }`
[INFO] [stdout] 539a264830748408d5bf9c7a4471e21fc62261b5a135bd8bde1f7fd3fc63f352
[INFO] running `Command { std: "docker" "start" "-a" "539a264830748408d5bf9c7a4471e21fc62261b5a135bd8bde1f7fd3fc63f352", kill_on_drop: false }`
[INFO] [stderr]     Blocking waiting for file lock on package cache
[INFO] [stderr]    Compiling syn v2.0.15
[INFO] [stderr]    Compiling trillium-macros v0.0.4 (/opt/rustwide/workdir)
[INFO] [stderr]     Finished dev [unoptimized + debuginfo] target(s) in 5.83s
[INFO] running `Command { std: "docker" "inspect" "539a264830748408d5bf9c7a4471e21fc62261b5a135bd8bde1f7fd3fc63f352", kill_on_drop: false }`
[INFO] running `Command { std: "docker" "rm" "-f" "539a264830748408d5bf9c7a4471e21fc62261b5a135bd8bde1f7fd3fc63f352", kill_on_drop: false }`
[INFO] [stdout] 539a264830748408d5bf9c7a4471e21fc62261b5a135bd8bde1f7fd3fc63f352
[INFO] running `Command { std: "docker" "create" "-v" "/var/lib/crater-agent-workspace/builds/worker-5-tc1/target:/opt/rustwide/target:rw,Z" "-v" "/var/lib/crater-agent-workspace/builds/worker-5-tc1/source:/opt/rustwide/workdir:ro,Z" "-v" "/var/lib/crater-agent-workspace/cargo-home:/opt/rustwide/cargo-home:ro,Z" "-v" "/var/lib/crater-agent-workspace/rustup-home:/opt/rustwide/rustup-home:ro,Z" "-e" "SOURCE_DIR=/opt/rustwide/workdir" "-e" "CARGO_TARGET_DIR=/opt/rustwide/target" "-e" "CARGO_INCREMENTAL=0" "-e" "RUST_BACKTRACE=full" "-e" "RUSTFLAGS=--cap-lints=warn" "-e" "RUSTDOCFLAGS=--cap-lints=warn" "-e" "CARGO_HOME=/opt/rustwide/cargo-home" "-e" "RUSTUP_HOME=/opt/rustwide/rustup-home" "-w" "/opt/rustwide/workdir" "-m" "1610612736" "--user" "0:0" "--network" "none" "ghcr.io/rust-lang/crates-build-env/linux@sha256:5ff2268d62e97bff2cde7d5815dd6ed5b47097566f13b8d0ca110b04b60e07ed" "/opt/rustwide/cargo-home/bin/cargo" "+1.69.0" "test" "--frozen" "--no-run" "--message-format=json", kill_on_drop: false }`
[INFO] [stdout] 4ddf9435d6b74504c8d83428638bae14234b5c0e1e10372d142f67beee13fde0
[INFO] running `Command { std: "docker" "start" "-a" "4ddf9435d6b74504c8d83428638bae14234b5c0e1e10372d142f67beee13fde0", kill_on_drop: false }`
[INFO] [stderr]    Compiling proc-macro2 v1.0.56
[INFO] [stderr]    Compiling unicode-ident v1.0.8
[INFO] [stderr]    Compiling futures-core v0.3.28
[INFO] [stderr]    Compiling futures-io v0.3.28
[INFO] [stderr]    Compiling parking v2.1.0
[INFO] [stderr]    Compiling waker-fn v1.1.0
[INFO] [stderr]    Compiling fastrand v1.9.0
[INFO] [stderr]    Compiling quote v1.0.26
[INFO] [stderr]    Compiling memchr v2.5.0
[INFO] [stderr]    Compiling futures-lite v1.13.0
[INFO] [stderr]    Compiling syn v2.0.15
[INFO] [stderr]    Compiling trillium-macros v0.0.4 (/opt/rustwide/workdir)
[INFO] [stdout] error[E0433]: failed to resolve: use of undeclared crate or module `trillium_testing`
[INFO] [stdout]  --> tests/derive.rs:7:5
[INFO] [stdout]   |
[INFO] [stdout] 7 | use trillium_testing::prelude::*;
[INFO] [stdout]   |     ^^^^^^^^^^^^^^^^ use of undeclared crate or module `trillium_testing`
[INFO] [stdout] 
[INFO] [stdout] 
[INFO] [stdout] error[E0433]: failed to resolve: use of undeclared crate or module `trillium`
[INFO] [stdout]  --> tests/derive.rs:5:5
[INFO] [stdout]   |
[INFO] [stdout] 5 | use trillium::{Conn, Handler, Info, Status::Ok};
[INFO] [stdout]   |     ^^^^^^^^ use of undeclared crate or module `trillium`
[INFO] [stdout] 
[INFO] [stdout] 
[INFO] [stdout] error[E0432]: unresolved imports `trillium`, `trillium::Status::Ok`
[INFO] [stdout]  --> tests/derive.rs:5:5
[INFO] [stdout]   |
[INFO] [stdout] 5 | use trillium::{Conn, Handler, Info, Status::Ok};
[INFO] [stdout]   |     ^^^^^^^^                        ^^^^^^^^^^
[INFO] [stdout]   |     |
[INFO] [stdout]   |     use of undeclared crate or module `trillium`
[INFO] [stdout] 
[INFO] [stdout] 
[INFO] [stdout] error[E0433]: failed to resolve: use of undeclared crate or module `trillium`
[INFO] [stdout]   --> tests/derive.rs:17:7
[INFO] [stdout]    |
[INFO] [stdout] 17 |     #[trillium::async_trait]
[INFO] [stdout]    |       ^^^^^^^^ use of undeclared crate or module `trillium`
[INFO] [stdout] 
[INFO] [stdout] 
[INFO] [stdout] error[E0433]: failed to resolve: use of undeclared crate or module `trillium`
[INFO] [stdout]   --> tests/derive.rs:37:14
[INFO] [stdout]    |
[INFO] [stdout] 37 |     #[derive(Handler)]
[INFO] [stdout]    |              ^^^^^^^ use of undeclared crate or module `trillium`
[INFO] [stdout]    |
[INFO] [stdout]    = note: this error originates in the derive macro `Handler` (in Nightly builds, run with -Z macro-backtrace for more info)
[INFO] [stdout] 
[INFO] [stdout] 
[INFO] [stdout] error[E0433]: failed to resolve: use of undeclared crate or module `trillium`
[INFO] [stdout]   --> tests/derive.rs:54:14
[INFO] [stdout]    |
[INFO] [stdout] 54 |     #[derive(Handler, Clone)]
[INFO] [stdout]    |              ^^^^^^^ use of undeclared crate or module `trillium`
[INFO] [stdout]    |
[INFO] [stdout]    = note: this error originates in the derive macro `Handler` (in Nightly builds, run with -Z macro-backtrace for more info)
[INFO] [stdout] 
[INFO] [stdout] 
[INFO] [stdout] error[E0433]: failed to resolve: use of undeclared crate or module `trillium`
[INFO] [stdout]   --> tests/derive.rs:64:14
[INFO] [stdout]    |
[INFO] [stdout] 64 |     #[derive(Handler)]
[INFO] [stdout]    |              ^^^^^^^ use of undeclared crate or module `trillium`
[INFO] [stdout]    |
[INFO] [stdout]    = note: this error originates in the derive macro `Handler` (in Nightly builds, run with -Z macro-backtrace for more info)
[INFO] [stdout] 
[INFO] [stdout] 
[INFO] [stdout] error[E0433]: failed to resolve: use of undeclared crate or module `trillium`
[INFO] [stdout]   --> tests/derive.rs:74:14
[INFO] [stdout]    |
[INFO] [stdout] 74 |     #[derive(Handler, Clone)]
[INFO] [stdout]    |              ^^^^^^^ use of undeclared crate or module `trillium`
[INFO] [stdout]    |
[INFO] [stdout]    = note: this error originates in the derive macro `Handler` (in Nightly builds, run with -Z macro-backtrace for more info)
[INFO] [stdout] 
[INFO] [stdout] 
[INFO] [stdout] error[E0433]: failed to resolve: use of undeclared crate or module `trillium`
[INFO] [stdout]   --> tests/derive.rs:88:14
[INFO] [stdout]    |
[INFO] [stdout] 88 |     #[derive(Handler)]
[INFO] [stdout]    |              ^^^^^^^ use of undeclared crate or module `trillium`
[INFO] [stdout]    |
[INFO] [stdout]    = note: this error originates in the derive macro `Handler` (in Nightly builds, run with -Z macro-backtrace for more info)
[INFO] [stdout] 
[INFO] [stdout] 
[INFO] [stdout] error[E0433]: failed to resolve: use of undeclared crate or module `trillium`
[INFO] [stdout]    --> tests/derive.rs:105:14
[INFO] [stdout]     |
[INFO] [stdout] 105 |     #[derive(Handler)]
[INFO] [stdout]     |              ^^^^^^^ use of undeclared crate or module `trillium`
[INFO] [stdout]     |
[INFO] [stdout]     = note: this error originates in the derive macro `Handler` (in Nightly builds, run with -Z macro-backtrace for more info)
[INFO] [stdout] 
[INFO] [stdout] 
[INFO] [stdout] error[E0433]: failed to resolve: use of undeclared crate or module `trillium`
[INFO] [stdout]    --> tests/derive.rs:109:14
[INFO] [stdout]     |
[INFO] [stdout] 109 |     #[derive(Handler)]
[INFO] [stdout]     |              ^^^^^^^ use of undeclared crate or module `trillium`
[INFO] [stdout]     |
[INFO] [stdout]     = note: this error originates in the derive macro `Handler` (in Nightly builds, run with -Z macro-backtrace for more info)
[INFO] [stdout] 
[INFO] [stdout] 
[INFO] [stdout] error[E0433]: failed to resolve: use of undeclared crate or module `trillium`
[INFO] [stdout]    --> tests/derive.rs:117:14
[INFO] [stdout]     |
[INFO] [stdout] 117 |     #[derive(Handler)]
[INFO] [stdout]     |              ^^^^^^^ use of undeclared crate or module `trillium`
[INFO] [stdout]     |
[INFO] [stdout]     = note: this error originates in the derive macro `Handler` (in Nightly builds, run with -Z macro-backtrace for more info)
[INFO] [stdout] 
[INFO] [stdout] 
[INFO] [stdout] error[E0433]: failed to resolve: use of undeclared crate or module `trillium`
[INFO] [stdout]    --> tests/derive.rs:124:14
[INFO] [stdout]     |
[INFO] [stdout] 124 |     #[derive(Handler)]
[INFO] [stdout]     |              ^^^^^^^ use of undeclared crate or module `trillium`
[INFO] [stdout]     |
[INFO] [stdout]     = note: this error originates in the derive macro `Handler` (in Nightly builds, run with -Z macro-backtrace for more info)
[INFO] [stdout] 
[INFO] [stdout] 
[INFO] [stdout] error[E0433]: failed to resolve: use of undeclared crate or module `trillium`
[INFO] [stdout]    --> tests/derive.rs:130:14
[INFO] [stdout]     |
[INFO] [stdout] 130 |     #[derive(Handler)]
[INFO] [stdout]     |              ^^^^^^^ use of undeclared crate or module `trillium`
[INFO] [stdout]     |
[INFO] [stdout]     = note: this error originates in the derive macro `Handler` (in Nightly builds, run with -Z macro-backtrace for more info)
[INFO] [stdout] 
[INFO] [stdout] 
[INFO] [stdout] error[E0433]: failed to resolve: use of undeclared crate or module `trillium`
[INFO] [stdout]    --> tests/derive.rs:139:14
[INFO] [stdout]     |
[INFO] [stdout] 139 |     #[derive(Handler)]
[INFO] [stdout]     |              ^^^^^^^ use of undeclared crate or module `trillium`
[INFO] [stdout]     |
[INFO] [stdout]     = note: this error originates in the derive macro `Handler` (in Nightly builds, run with -Z macro-backtrace for more info)
[INFO] [stdout] 
[INFO] [stdout] 
[INFO] [stdout] error[E0433]: failed to resolve: use of undeclared crate or module `trillium`
[INFO] [stdout]    --> tests/derive.rs:154:14
[INFO] [stdout]     |
[INFO] [stdout] 154 |     #[derive(Handler)]
[INFO] [stdout]     |              ^^^^^^^ use of undeclared crate or module `trillium`
[INFO] [stdout]     |
[INFO] [stdout]     = note: this error originates in the derive macro `Handler` (in Nightly builds, run with -Z macro-backtrace for more info)
[INFO] [stdout] 
[INFO] [stdout] 
[INFO] [stdout] error[E0433]: failed to resolve: use of undeclared crate or module `trillium`
[INFO] [stdout]    --> tests/derive.rs:173:14
[INFO] [stdout]     |
[INFO] [stdout] 173 |     #[derive(Handler)]
[INFO] [stdout]     |              ^^^^^^^ use of undeclared crate or module `trillium`
[INFO] [stdout]     |
[INFO] [stdout]     = note: this error originates in the derive macro `Handler` (in Nightly builds, run with -Z macro-backtrace for more info)
[INFO] [stdout] 
[INFO] [stdout] 
[INFO] [stdout] error: cannot find macro `assert_ok` in this scope
[INFO] [stdout]   --> tests/derive.rs:47:9
[INFO] [stdout]    |
[INFO] [stdout] 47 |         assert_ok!(get("/").run_async(&handler).await, "run", "before-send" => "before-send");
[INFO] [stdout]    |         ^^^^^^^^^ help: a macro with a similar name exists: `assert_eq`
[INFO] [stdout]   --> /rustc/84c898d65adf2f39a5a98507f1fe0ce10a2b8dbc/library/core/src/macros/mod.rs:36:1
[INFO] [stdout]    |
[INFO] [stdout]    = note: similarly named macro `assert_eq` defined here
[INFO] [stdout] 
[INFO] [stdout] 
[INFO] [stdout] error: cannot find macro `assert_ok` in this scope
[INFO] [stdout]   --> tests/derive.rs:59:5
[INFO] [stdout]    |
[INFO] [stdout] 59 |     assert_ok!(get("/").on(&handler), "hi");
[INFO] [stdout]    |     ^^^^^^^^^ help: a macro with a similar name exists: `assert_eq`
[INFO] [stdout]   --> /rustc/84c898d65adf2f39a5a98507f1fe0ce10a2b8dbc/library/core/src/macros/mod.rs:36:1
[INFO] [stdout]    |
[INFO] [stdout]    = note: similarly named macro `assert_eq` defined here
[INFO] [stdout] 
[INFO] [stdout] 
[INFO] [stdout] error: cannot find macro `assert_ok` in this scope
[INFO] [stdout]   --> tests/derive.rs:69:5
[INFO] [stdout]    |
[INFO] [stdout] 69 |     assert_ok!(get("/").on(&handler), "hi");
[INFO] [stdout]    |     ^^^^^^^^^ help: a macro with a similar name exists: `assert_eq`
[INFO] [stdout]   --> /rustc/84c898d65adf2f39a5a98507f1fe0ce10a2b8dbc/library/core/src/macros/mod.rs:36:1
[INFO] [stdout]    |
[INFO] [stdout]    = note: similarly named macro `assert_eq` defined here
[INFO] [stdout] 
[INFO] [stdout] 
[INFO] [stdout] error: cannot find macro `assert_ok` in this scope
[INFO] [stdout]   --> tests/derive.rs:83:5
[INFO] [stdout]    |
[INFO] [stdout] 83 |     assert_ok!(get("/").on(&handler), "hi");
[INFO] [stdout]    |     ^^^^^^^^^ help: a macro with a similar name exists: `assert_eq`
[INFO] [stdout]   --> /rustc/84c898d65adf2f39a5a98507f1fe0ce10a2b8dbc/library/core/src/macros/mod.rs:36:1
[INFO] [stdout]    |
[INFO] [stdout]    = note: similarly named macro `assert_eq` defined here
[INFO] [stdout] 
[INFO] [stdout] 
[INFO] [stdout] error: cannot find macro `assert_ok` in this scope
[INFO] [stdout]    --> tests/derive.rs:100:5
[INFO] [stdout]     |
[INFO] [stdout] 100 |     assert_ok!(get("/").on(&handler), "hi");
[INFO] [stdout]     |     ^^^^^^^^^ help: a macro with a similar name exists: `assert_eq`
[INFO] [stdout]    --> /rustc/84c898d65adf2f39a5a98507f1fe0ce10a2b8dbc/library/core/src/macros/mod.rs:36:1
[INFO] [stdout]     |
[INFO] [stdout]     = note: similarly named macro `assert_eq` defined here
[INFO] [stdout] 
[INFO] [stdout] 
[INFO] [stdout] error: cannot find macro `assert_ok` in this scope
[INFO] [stdout]    --> tests/derive.rs:115:5
[INFO] [stdout]     |
[INFO] [stdout] 115 |     assert_ok!(get("/").on(&handler));
[INFO] [stdout]     |     ^^^^^^^^^ help: a macro with a similar name exists: `assert_eq`
[INFO] [stdout]    --> /rustc/84c898d65adf2f39a5a98507f1fe0ce10a2b8dbc/library/core/src/macros/mod.rs:36:1
[INFO] [stdout]     |
[INFO] [stdout]     = note: similarly named macro `assert_eq` defined here
[INFO] [stdout] 
[INFO] [stdout] 
[INFO] [stdout] error: cannot find macro `assert_ok` in this scope
[INFO] [stdout]    --> tests/derive.rs:137:5
[INFO] [stdout]     |
[INFO] [stdout] 137 |     assert_ok!(get("/").on(&handler));
[INFO] [stdout]     |     ^^^^^^^^^ help: a macro with a similar name exists: `assert_eq`
[INFO] [stdout]    --> /rustc/84c898d65adf2f39a5a98507f1fe0ce10a2b8dbc/library/core/src/macros/mod.rs:36:1
[INFO] [stdout]     |
[INFO] [stdout]     = note: similarly named macro `assert_eq` defined here
[INFO] [stdout] 
[INFO] [stdout] 
[INFO] [stdout] error[E0433]: failed to resolve: use of undeclared crate or module `trillium`
[INFO] [stdout]    --> tests/derive.rs:167:16
[INFO] [stdout]     |
[INFO] [stdout] 167 |     assert_eq!(trillium::Handler::name(&handler), "custom name (handler)");
[INFO] [stdout]     |                ^^^^^^^^ use of undeclared crate or module `trillium`
[INFO] [stdout] 
[INFO] [stdout] 
[INFO] [stdout] error[E0425]: cannot find function `block_on` in this scope
[INFO] [stdout]   --> tests/derive.rs:40:5
[INFO] [stdout]    |
[INFO] [stdout] 40 |     block_on(async {
[INFO] [stdout]    |     ^^^^^^^^ not found in this scope
[INFO] [stdout]    |
[INFO] [stdout] help: consider importing one of these items
[INFO] [stdout]    |
[INFO] [stdout] 3  | use futures_lite::future::block_on;
[INFO] [stdout]    |
[INFO] [stdout] 3  | use futures_lite::stream::block_on;
[INFO] [stdout]    |
[INFO] [stdout] 
[INFO] [stdout] 
[INFO] [stdout] error[E0706]: functions in traits cannot be declared `async`
[INFO] [stdout]   --> tests/derive.rs:19:9
[INFO] [stdout]    |
[INFO] [stdout] 19 |         async fn run(&self, conn: Conn) -> Conn {
[INFO] [stdout]    |         -----^^^^^^^^^^^^^^^^^^^^^^^^^^^^^^^^^^
[INFO] [stdout]    |         |
[INFO] [stdout]    |         `async` because of this
[INFO] [stdout]    |
[INFO] [stdout]    = note: `async` trait functions are not currently supported
[INFO] [stdout]    = note: consider using the `async-trait` crate: https://crates.io/crates/async-trait
[INFO] [stdout]    = note: see issue #91611 <https://github.com/rust-lang/rust/issues/91611> for more information
[INFO] [stdout] 
[INFO] [stdout] 
[INFO] [stdout] error[E0706]: functions in traits cannot be declared `async`
[INFO] [stdout]   --> tests/derive.rs:23:9
[INFO] [stdout]    |
[INFO] [stdout] 23 |         async fn init(&mut self, info: &mut Info) {
[INFO] [stdout]    |         -----^^^^^^^^^^^^^^^^^^^^^^^^^^^^^^^^^^^^
[INFO] [stdout]    |         |
[INFO] [stdout]    |         `async` because of this
[INFO] [stdout]    |
[INFO] [stdout]    = note: `async` trait functions are not currently supported
[INFO] [stdout]    = note: consider using the `async-trait` crate: https://crates.io/crates/async-trait
[INFO] [stdout]    = note: see issue #91611 <https://github.com/rust-lang/rust/issues/91611> for more information
[INFO] [stdout] 
[INFO] [stdout] 
[INFO] [stdout] error[E0706]: functions in traits cannot be declared `async`
[INFO] [stdout]   --> tests/derive.rs:28:9
[INFO] [stdout]    |
[INFO] [stdout] 28 |         async fn before_send(&self, conn: Conn) -> Conn {
[INFO] [stdout]    |         -----^^^^^^^^^^^^^^^^^^^^^^^^^^^^^^^^^^^^^^^^^^
[INFO] [stdout]    |         |
[INFO] [stdout]    |         `async` because of this
[INFO] [stdout]    |
[INFO] [stdout]    = note: `async` trait functions are not currently supported
[INFO] [stdout]    = note: consider using the `async-trait` crate: https://crates.io/crates/async-trait
[INFO] [stdout]    = note: see issue #91611 <https://github.com/rust-lang/rust/issues/91611> for more information
[INFO] [stdout] 
[INFO] [stdout] 
[INFO] [stdout] error[E0706]: functions in traits cannot be declared `async`
[INFO] [stdout]   --> tests/derive.rs:37:14
[INFO] [stdout]    |
[INFO] [stdout] 37 |     #[derive(Handler)]
[INFO] [stdout]    |              ^^^^^^^ `async` because of this
[INFO] [stdout]    |
[INFO] [stdout]    = note: `async` trait functions are not currently supported
[INFO] [stdout]    = note: consider using the `async-trait` crate: https://crates.io/crates/async-trait
[INFO] [stdout]    = note: see issue #91611 <https://github.com/rust-lang/rust/issues/91611> for more information
[INFO] [stdout]    = note: this error originates in the derive macro `Handler` (in Nightly builds, run with -Z macro-backtrace for more info)
[INFO] [stdout] 
[INFO] [stdout] 
[INFO] [stdout] error[E0706]: functions in traits cannot be declared `async`
[INFO] [stdout]   --> tests/derive.rs:54:14
[INFO] [stdout]    |
[INFO] [stdout] 54 |     #[derive(Handler, Clone)]
[INFO] [stdout]    |              ^^^^^^^ `async` because of this
[INFO] [stdout]    |
[INFO] [stdout]    = note: `async` trait functions are not currently supported
[INFO] [stdout]    = note: consider using the `async-trait` crate: https://crates.io/crates/async-trait
[INFO] [stdout]    = note: see issue #91611 <https://github.com/rust-lang/rust/issues/91611> for more information
[INFO] [stdout]    = note: this error originates in the derive macro `Handler` (in Nightly builds, run with -Z macro-backtrace for more info)
[INFO] [stdout] 
[INFO] [stdout] 
[INFO] [stdout] error[E0706]: functions in traits cannot be declared `async`
[INFO] [stdout]   --> tests/derive.rs:64:14
[INFO] [stdout]    |
[INFO] [stdout] 64 |     #[derive(Handler)]
[INFO] [stdout]    |              ^^^^^^^ `async` because of this
[INFO] [stdout]    |
[INFO] [stdout]    = note: `async` trait functions are not currently supported
[INFO] [stdout]    = note: consider using the `async-trait` crate: https://crates.io/crates/async-trait
[INFO] [stdout]    = note: see issue #91611 <https://github.com/rust-lang/rust/issues/91611> for more information
[INFO] [stdout]    = note: this error originates in the derive macro `Handler` (in Nightly builds, run with -Z macro-backtrace for more info)
[INFO] [stdout] 
[INFO] [stdout] 
[INFO] [stdout] error[E0706]: functions in traits cannot be declared `async`
[INFO] [stdout]   --> tests/derive.rs:74:14
[INFO] [stdout]    |
[INFO] [stdout] 74 |     #[derive(Handler, Clone)]
[INFO] [stdout]    |              ^^^^^^^ `async` because of this
[INFO] [stdout]    |
[INFO] [stdout]    = note: `async` trait functions are not currently supported
[INFO] [stdout]    = note: consider using the `async-trait` crate: https://crates.io/crates/async-trait
[INFO] [stdout]    = note: see issue #91611 <https://github.com/rust-lang/rust/issues/91611> for more information
[INFO] [stdout]    = note: this error originates in the derive macro `Handler` (in Nightly builds, run with -Z macro-backtrace for more info)
[INFO] [stdout] 
[INFO] [stdout] 
[INFO] [stdout] error[E0706]: functions in traits cannot be declared `async`
[INFO] [stdout]   --> tests/derive.rs:88:14
[INFO] [stdout]    |
[INFO] [stdout] 88 |     #[derive(Handler)]
[INFO] [stdout]    |              ^^^^^^^ `async` because of this
[INFO] [stdout]    |
[INFO] [stdout]    = note: `async` trait functions are not currently supported
[INFO] [stdout]    = note: consider using the `async-trait` crate: https://crates.io/crates/async-trait
[INFO] [stdout]    = note: see issue #91611 <https://github.com/rust-lang/rust/issues/91611> for more information
[INFO] [stdout]    = note: this error originates in the derive macro `Handler` (in Nightly builds, run with -Z macro-backtrace for more info)
[INFO] [stdout] 
[INFO] [stdout] 
[INFO] [stdout] error[E0706]: functions in traits cannot be declared `async`
[INFO] [stdout]    --> tests/derive.rs:105:14
[INFO] [stdout]     |
[INFO] [stdout] 105 |     #[derive(Handler)]
[INFO] [stdout]     |              ^^^^^^^ `async` because of this
[INFO] [stdout]     |
[INFO] [stdout]     = note: `async` trait functions are not currently supported
[INFO] [stdout]     = note: consider using the `async-trait` crate: https://crates.io/crates/async-trait
[INFO] [stdout]     = note: see issue #91611 <https://github.com/rust-lang/rust/issues/91611> for more information
[INFO] [stdout]     = note: this error originates in the derive macro `Handler` (in Nightly builds, run with -Z macro-backtrace for more info)
[INFO] [stdout] 
[INFO] [stdout] 
[INFO] [stdout] error[E0706]: functions in traits cannot be declared `async`
[INFO] [stdout]    --> tests/derive.rs:109:14
[INFO] [stdout]     |
[INFO] [stdout] 109 |     #[derive(Handler)]
[INFO] [stdout]     |              ^^^^^^^ `async` because of this
[INFO] [stdout]     |
[INFO] [stdout]     = note: `async` trait functions are not currently supported
[INFO] [stdout]     = note: consider using the `async-trait` crate: https://crates.io/crates/async-trait
[INFO] [stdout]     = note: see issue #91611 <https://github.com/rust-lang/rust/issues/91611> for more information
[INFO] [stdout]     = note: this error originates in the derive macro `Handler` (in Nightly builds, run with -Z macro-backtrace for more info)
[INFO] [stdout] 
[INFO] [stdout] 
[INFO] [stdout] error[E0706]: functions in traits cannot be declared `async`
[INFO] [stdout]    --> tests/derive.rs:117:14
[INFO] [stdout]     |
[INFO] [stdout] 117 |     #[derive(Handler)]
[INFO] [stdout]     |              ^^^^^^^ `async` because of this
[INFO] [stdout]     |
[INFO] [stdout]     = note: `async` trait functions are not currently supported
[INFO] [stdout]     = note: consider using the `async-trait` crate: https://crates.io/crates/async-trait
[INFO] [stdout]     = note: see issue #91611 <https://github.com/rust-lang/rust/issues/91611> for more information
[INFO] [stdout]     = note: this error originates in the derive macro `Handler` (in Nightly builds, run with -Z macro-backtrace for more info)
[INFO] [stdout] 
[INFO] [stdout] 
[INFO] [stdout] error[E0706]: functions in traits cannot be declared `async`
[INFO] [stdout]    --> tests/derive.rs:124:14
[INFO] [stdout]     |
[INFO] [stdout] 124 |     #[derive(Handler)]
[INFO] [stdout]     |              ^^^^^^^ `async` because of this
[INFO] [stdout]     |
[INFO] [stdout]     = note: `async` trait functions are not currently supported
[INFO] [stdout]     = note: consider using the `async-trait` crate: https://crates.io/crates/async-trait
[INFO] [stdout]     = note: see issue #91611 <https://github.com/rust-lang/rust/issues/91611> for more information
[INFO] [stdout]     = note: this error originates in the derive macro `Handler` (in Nightly builds, run with -Z macro-backtrace for more info)
[INFO] [stdout] 
[INFO] [stdout] 
[INFO] [stdout] error[E0706]: functions in traits cannot be declared `async`
[INFO] [stdout]    --> tests/derive.rs:130:14
[INFO] [stdout]     |
[INFO] [stdout] 130 |     #[derive(Handler)]
[INFO] [stdout]     |              ^^^^^^^ `async` because of this
[INFO] [stdout]     |
[INFO] [stdout]     = note: `async` trait functions are not currently supported
[INFO] [stdout]     = note: consider using the `async-trait` crate: https://crates.io/crates/async-trait
[INFO] [stdout]     = note: see issue #91611 <https://github.com/rust-lang/rust/issues/91611> for more information
[INFO] [stdout]     = note: this error originates in the derive macro `Handler` (in Nightly builds, run with -Z macro-backtrace for more info)
[INFO] [stdout] 
[INFO] [stdout] 
[INFO] [stdout] error[E0706]: functions in traits cannot be declared `async`
[INFO] [stdout]    --> tests/derive.rs:139:14
[INFO] [stdout]     |
[INFO] [stdout] 139 |     #[derive(Handler)]
[INFO] [stdout]     |              ^^^^^^^ `async` because of this
[INFO] [stdout]     |
[INFO] [stdout]     = note: `async` trait functions are not currently supported
[INFO] [stdout]     = note: consider using the `async-trait` crate: https://crates.io/crates/async-trait
[INFO] [stdout]     = note: see issue #91611 <https://github.com/rust-lang/rust/issues/91611> for more information
[INFO] [stdout]     = note: this error originates in the derive macro `Handler` (in Nightly builds, run with -Z macro-backtrace for more info)
[INFO] [stdout] 
[INFO] [stdout] 
[INFO] [stdout] error[E0706]: functions in traits cannot be declared `async`
[INFO] [stdout]    --> tests/derive.rs:154:14
[INFO] [stdout]     |
[INFO] [stdout] 154 |     #[derive(Handler)]
[INFO] [stdout]     |              ^^^^^^^ `async` because of this
[INFO] [stdout]     |
[INFO] [stdout]     = note: `async` trait functions are not currently supported
[INFO] [stdout]     = note: consider using the `async-trait` crate: https://crates.io/crates/async-trait
[INFO] [stdout]     = note: see issue #91611 <https://github.com/rust-lang/rust/issues/91611> for more information
[INFO] [stdout]     = note: this error originates in the derive macro `Handler` (in Nightly builds, run with -Z macro-backtrace for more info)
[INFO] [stdout] 
[INFO] [stdout] 
[INFO] [stdout] error[E0706]: functions in traits cannot be declared `async`
[INFO] [stdout]    --> tests/derive.rs:173:14
[INFO] [stdout]     |
[INFO] [stdout] 173 |     #[derive(Handler)]
[INFO] [stdout]     |              ^^^^^^^ `async` because of this
[INFO] [stdout]     |
[INFO] [stdout]     = note: `async` trait functions are not currently supported
[INFO] [stdout]     = note: consider using the `async-trait` crate: https://crates.io/crates/async-trait
[INFO] [stdout]     = note: see issue #91611 <https://github.com/rust-lang/rust/issues/91611> for more information
[INFO] [stdout]     = note: this error originates in the derive macro `Handler` (in Nightly builds, run with -Z macro-backtrace for more info)
[INFO] [stdout] 
[INFO] [stdout] 
[INFO] [stdout] error: aborting due to 42 previous errors
[INFO] [stdout] 
[INFO] [stdout] 
[INFO] [stdout] Some errors have detailed explanations: E0425, E0432, E0433, E0706.
[INFO] [stdout] 
[INFO] [stdout] For more information about an error, try `rustc --explain E0425`.
[INFO] [stdout] 
[INFO] [stderr] error: could not compile `trillium-macros` due to 43 previous errors
[INFO] [stderr] warning: build failed, waiting for other jobs to finish...
[INFO] running `Command { std: "docker" "inspect" "4ddf9435d6b74504c8d83428638bae14234b5c0e1e10372d142f67beee13fde0", kill_on_drop: false }`
[INFO] running `Command { std: "docker" "rm" "-f" "4ddf9435d6b74504c8d83428638bae14234b5c0e1e10372d142f67beee13fde0", kill_on_drop: false }`
[INFO] [stdout] 4ddf9435d6b74504c8d83428638bae14234b5c0e1e10372d142f67beee13fde0
