[INFO] fetching crate trillium-compression 0.1.0...
[INFO] testing trillium-compression-0.1.0 against beta-2023-04-20 for beta-1.70-1
[INFO] extracting crate trillium-compression 0.1.0 into /workspace/builds/worker-3-tc2/source
[INFO] validating manifest of crates.io crate trillium-compression 0.1.0 on toolchain beta-2023-04-20
[INFO] running `Command { std: CARGO_HOME="/workspace/cargo-home" RUSTUP_HOME="/workspace/rustup-home" "/workspace/cargo-home/bin/cargo" "+beta-2023-04-20" "metadata" "--manifest-path" "Cargo.toml" "--no-deps", kill_on_drop: false }`
[INFO] started tweaking crates.io crate trillium-compression 0.1.0
[INFO] finished tweaking crates.io crate trillium-compression 0.1.0
[INFO] tweaked toml for crates.io crate trillium-compression 0.1.0 written to /workspace/builds/worker-3-tc2/source/Cargo.toml
[INFO] crate crates.io crate trillium-compression 0.1.0 already has a lockfile, it will not be regenerated
[INFO] running `Command { std: CARGO_HOME="/workspace/cargo-home" RUSTUP_HOME="/workspace/rustup-home" "/workspace/cargo-home/bin/cargo" "+beta-2023-04-20" "fetch" "--manifest-path" "Cargo.toml", kill_on_drop: false }`
[INFO] [stderr]     Updating crates.io index
[INFO] [stderr]  Downloading crates ...
[INFO] [stderr]   Downloaded smartcow v0.1.0
[INFO] [stderr]   Downloaded async-compression v0.3.8
[INFO] [stderr]   Downloaded waker-set v0.2.0
[INFO] [stderr]   Downloaded stopper v0.2.0
[INFO] [stderr]   Downloaded trillium v0.2.2
[INFO] [stderr]   Downloaded crc32fast v1.3.0
[INFO] [stderr]   Downloaded smartstring v0.2.9
[INFO] [stderr]   Downloaded trillium-http v0.2.5
[INFO] [stderr]   Downloaded brotli v3.3.2
[INFO] running `Command { std: "docker" "create" "-v" "/var/lib/crater-agent-workspace/builds/worker-3-tc2/target:/opt/rustwide/target:rw,Z" "-v" "/var/lib/crater-agent-workspace/builds/worker-3-tc2/source:/opt/rustwide/workdir:ro,Z" "-v" "/var/lib/crater-agent-workspace/cargo-home:/opt/rustwide/cargo-home:ro,Z" "-v" "/var/lib/crater-agent-workspace/rustup-home:/opt/rustwide/rustup-home:ro,Z" "-e" "SOURCE_DIR=/opt/rustwide/workdir" "-e" "CARGO_TARGET_DIR=/opt/rustwide/target" "-e" "CARGO_HOME=/opt/rustwide/cargo-home" "-e" "RUSTUP_HOME=/opt/rustwide/rustup-home" "-w" "/opt/rustwide/workdir" "-m" "1610612736" "--user" "0:0" "--network" "none" "ghcr.io/rust-lang/crates-build-env/linux@sha256:5ff2268d62e97bff2cde7d5815dd6ed5b47097566f13b8d0ca110b04b60e07ed" "/opt/rustwide/cargo-home/bin/cargo" "+beta-2023-04-20" "metadata" "--no-deps" "--format-version=1", kill_on_drop: false }`
[INFO] [stdout] 0c18a9788f1dfb4fcab03b13a768db5fe50bf745c1ba777f9f8f28bb70289f2b
[INFO] running `Command { std: "docker" "start" "-a" "0c18a9788f1dfb4fcab03b13a768db5fe50bf745c1ba777f9f8f28bb70289f2b", kill_on_drop: false }`
[INFO] running `Command { std: "docker" "inspect" "0c18a9788f1dfb4fcab03b13a768db5fe50bf745c1ba777f9f8f28bb70289f2b", kill_on_drop: false }`
[INFO] running `Command { std: "docker" "rm" "-f" "0c18a9788f1dfb4fcab03b13a768db5fe50bf745c1ba777f9f8f28bb70289f2b", kill_on_drop: false }`
[INFO] [stdout] 0c18a9788f1dfb4fcab03b13a768db5fe50bf745c1ba777f9f8f28bb70289f2b
[INFO] running `Command { std: "docker" "create" "-v" "/var/lib/crater-agent-workspace/builds/worker-3-tc2/target:/opt/rustwide/target:rw,Z" "-v" "/var/lib/crater-agent-workspace/builds/worker-3-tc2/source:/opt/rustwide/workdir:ro,Z" "-v" "/var/lib/crater-agent-workspace/cargo-home:/opt/rustwide/cargo-home:ro,Z" "-v" "/var/lib/crater-agent-workspace/rustup-home:/opt/rustwide/rustup-home:ro,Z" "-e" "SOURCE_DIR=/opt/rustwide/workdir" "-e" "CARGO_TARGET_DIR=/opt/rustwide/target" "-e" "CARGO_INCREMENTAL=0" "-e" "RUST_BACKTRACE=full" "-e" "RUSTFLAGS=--cap-lints=warn" "-e" "RUSTDOCFLAGS=--cap-lints=warn" "-e" "CARGO_HOME=/opt/rustwide/cargo-home" "-e" "RUSTUP_HOME=/opt/rustwide/rustup-home" "-w" "/opt/rustwide/workdir" "-m" "1610612736" "--user" "0:0" "--network" "none" "ghcr.io/rust-lang/crates-build-env/linux@sha256:5ff2268d62e97bff2cde7d5815dd6ed5b47097566f13b8d0ca110b04b60e07ed" "/opt/rustwide/cargo-home/bin/cargo" "+beta-2023-04-20" "build" "--frozen" "--message-format=json", kill_on_drop: false }`
[INFO] [stdout] 7260e19262d2aeb1794ddc4bfa08cced1ce1e240dcbe5263518800ddbcc124c3
[INFO] running `Command { std: "docker" "start" "-a" "7260e19262d2aeb1794ddc4bfa08cced1ce1e240dcbe5263518800ddbcc124c3", kill_on_drop: false }`
[INFO] [stderr]    Compiling proc-macro2 v1.0.32
[INFO] [stderr]    Compiling syn v1.0.82
[INFO] [stderr]    Compiling libc v0.2.108
[INFO] [stderr]    Compiling futures-core v0.3.18
[INFO] [stderr]    Compiling version_check v0.9.3
[INFO] [stderr]    Compiling crossbeam-utils v0.8.5
[INFO] [stderr]    Compiling pin-project-lite v0.2.7
[INFO] [stderr]    Compiling autocfg v1.0.1
[INFO] [stderr]    Compiling futures-io v0.3.18
[INFO] [stderr]    Compiling httparse v1.5.1
[INFO] [stderr]    Compiling parking v2.0.0
[INFO] [stderr]    Compiling log v0.4.14
[INFO] [stderr]    Compiling encoding_rs v0.8.29
[INFO] [stderr]    Compiling crc32fast v1.3.0
[INFO] [stderr]    Compiling slab v0.4.5
[INFO] [stderr]    Compiling alloc-no-stdlib v2.0.3
[INFO] [stderr]    Compiling waker-fn v1.1.0
[INFO] [stderr]    Compiling static_assertions v1.1.0
[INFO] [stderr]    Compiling fastrand v1.5.0
[INFO] [stderr]    Compiling once_cell v1.8.0
[INFO] [stderr]    Compiling smartstring v0.2.9
[INFO] [stderr]    Compiling alloc-stdlib v0.2.1
[INFO] [stderr]    Compiling async-trait v0.1.51
[INFO] [stderr]    Compiling adler v1.0.2
[INFO] [stderr]    Compiling brotli-decompressor v2.3.2
[INFO] [stderr]    Compiling ahash v0.7.6
[INFO] [stderr]    Compiling futures-lite v1.12.0
[INFO] [stderr]    Compiling smartcow v0.1.0
[INFO] [stderr]    Compiling mime v0.3.16
[INFO] [stderr]    Compiling miniz_oxide v0.4.4
[INFO] [stderr]    Compiling memmem v0.1.1
[INFO] [stderr]    Compiling smallvec v1.7.0
[INFO] [stderr]    Compiling waker-set v0.2.0
[INFO] [stderr]    Compiling quote v1.0.10
[INFO] [stderr]    Compiling getrandom v0.2.3
[INFO] [stderr]    Compiling hashbrown v0.11.2
[INFO] [stderr]    Compiling brotli v3.3.2
[INFO] [stderr]    Compiling flate2 v1.0.22
[INFO] [stderr]    Compiling pin-project-internal v1.0.8
[INFO] [stderr]    Compiling thiserror-impl v1.0.30
[INFO] [stderr]    Compiling async-compression v0.3.8
[INFO] [stderr]    Compiling pin-project v1.0.8
[INFO] [stderr]    Compiling thiserror v1.0.30
[INFO] [stderr]    Compiling stopper v0.2.0
[INFO] [stderr]    Compiling trillium-http v0.2.5
[INFO] [stderr]    Compiling trillium v0.2.2
[INFO] [stderr]    Compiling trillium-compression v0.1.0 (/opt/rustwide/workdir)
[INFO] [stderr]     Finished dev [unoptimized + debuginfo] target(s) in 11.07s
[INFO] running `Command { std: "docker" "inspect" "7260e19262d2aeb1794ddc4bfa08cced1ce1e240dcbe5263518800ddbcc124c3", kill_on_drop: false }`
[INFO] running `Command { std: "docker" "rm" "-f" "7260e19262d2aeb1794ddc4bfa08cced1ce1e240dcbe5263518800ddbcc124c3", kill_on_drop: false }`
[INFO] [stdout] 7260e19262d2aeb1794ddc4bfa08cced1ce1e240dcbe5263518800ddbcc124c3
[INFO] running `Command { std: "docker" "create" "-v" "/var/lib/crater-agent-workspace/builds/worker-3-tc2/target:/opt/rustwide/target:rw,Z" "-v" "/var/lib/crater-agent-workspace/builds/worker-3-tc2/source:/opt/rustwide/workdir:ro,Z" "-v" "/var/lib/crater-agent-workspace/cargo-home:/opt/rustwide/cargo-home:ro,Z" "-v" "/var/lib/crater-agent-workspace/rustup-home:/opt/rustwide/rustup-home:ro,Z" "-e" "SOURCE_DIR=/opt/rustwide/workdir" "-e" "CARGO_TARGET_DIR=/opt/rustwide/target" "-e" "CARGO_INCREMENTAL=0" "-e" "RUST_BACKTRACE=full" "-e" "RUSTFLAGS=--cap-lints=warn" "-e" "RUSTDOCFLAGS=--cap-lints=warn" "-e" "CARGO_HOME=/opt/rustwide/cargo-home" "-e" "RUSTUP_HOME=/opt/rustwide/rustup-home" "-w" "/opt/rustwide/workdir" "-m" "1610612736" "--user" "0:0" "--network" "none" "ghcr.io/rust-lang/crates-build-env/linux@sha256:5ff2268d62e97bff2cde7d5815dd6ed5b47097566f13b8d0ca110b04b60e07ed" "/opt/rustwide/cargo-home/bin/cargo" "+beta-2023-04-20" "test" "--frozen" "--no-run" "--message-format=json", kill_on_drop: false }`
[INFO] [stdout] 821fd37732cad1857f5c40c29043b8c0d5aed04998b0e342afb42bf3e61b4551
[INFO] running `Command { std: "docker" "start" "-a" "821fd37732cad1857f5c40c29043b8c0d5aed04998b0e342afb42bf3e61b4551", kill_on_drop: false }`
[INFO] [stderr]    Compiling log v0.4.14
[INFO] [stderr]    Compiling aho-corasick v0.7.18
[INFO] [stderr]    Compiling regex-syntax v0.6.25
[INFO] [stderr]    Compiling atty v0.2.14
[INFO] [stderr]    Compiling termcolor v1.1.2
[INFO] [stderr]    Compiling humantime v2.1.0
[INFO] [stderr]    Compiling trillium-http v0.2.5
[INFO] [stderr]    Compiling trillium v0.2.2
[INFO] [stderr]    Compiling regex v1.5.4
[INFO] [stderr]    Compiling env_logger v0.9.0
[INFO] [stderr]    Compiling trillium-compression v0.1.0 (/opt/rustwide/workdir)
[INFO] [stdout] error[E0433]: failed to resolve: use of undeclared crate or module `trillium_testing`
[INFO] [stdout]  --> tests/tests.rs:2:5
[INFO] [stdout]   |
[INFO] [stdout] 2 | use trillium_testing::prelude::*;
[INFO] [stdout]   |     ^^^^^^^^^^^^^^^^ use of undeclared crate or module `trillium_testing`
[INFO] [stdout] 
[INFO] [stdout] 
[INFO] [stdout] error[E0432]: unresolved import `trillium_logger`
[INFO] [stdout]  --> examples/compression.rs:2:5
[INFO] [stdout]   |
[INFO] [stdout] 2 | use trillium_logger::logger;
[INFO] [stdout]   |     ^^^^^^^^^^^^^^^ use of undeclared crate or module `trillium_logger`
[INFO] [stdout] 
[INFO] [stdout] 
[INFO] [stdout] error[E0432]: unresolved import `trillium_router`
[INFO] [stdout]  --> examples/compression.rs:3:5
[INFO] [stdout]   |
[INFO] [stdout] 3 | use trillium_router::router;
[INFO] [stdout]   |     ^^^^^^^^^^^^^^^ use of undeclared crate or module `trillium_router`
[INFO] [stdout] 
[INFO] [stdout] 
[INFO] [stdout] error[E0432]: unresolved import `trillium_static`
[INFO] [stdout]  --> examples/compression.rs:4:5
[INFO] [stdout]   |
[INFO] [stdout] 4 | use trillium_static::{crate_relative_path, files};
[INFO] [stdout]   |     ^^^^^^^^^^^^^^^ use of undeclared crate or module `trillium_static`
[INFO] [stdout] 
[INFO] [stdout] 
[INFO] [stdout] error[E0432]: unresolved import `trillium_static_compiled`
[INFO] [stdout]  --> examples/compression.rs:5:5
[INFO] [stdout]   |
[INFO] [stdout] 5 | use trillium_static_compiled::static_compiled;
[INFO] [stdout]   |     ^^^^^^^^^^^^^^^^^^^^^^^^ use of undeclared crate or module `trillium_static_compiled`
[INFO] [stdout] 
[INFO] [stdout] 
[INFO] [stdout] error: cannot determine resolution for the macro `crate_relative_path`
[INFO] [stdout]   --> examples/compression.rs:14:39
[INFO] [stdout]    |
[INFO] [stdout] 14 |             .get("streaming/*", files(crate_relative_path!("."))),
[INFO] [stdout]    |                                       ^^^^^^^^^^^^^^^^^^^
[INFO] [stdout]    |
[INFO] [stdout]    = note: import resolution is stuck, try simplifying macro imports
[INFO] [stdout] 
[INFO] [stdout] 
[INFO] [stdout] error: cannot determine resolution for the macro `static_compiled`
[INFO] [stdout]   --> examples/compression.rs:13:30
[INFO] [stdout]    |
[INFO] [stdout] 13 |             .get("static/*", static_compiled!("."))
[INFO] [stdout]    |                              ^^^^^^^^^^^^^^^
[INFO] [stdout]    |
[INFO] [stdout]    = note: import resolution is stuck, try simplifying macro imports
[INFO] [stdout] 
[INFO] [stdout] 
[INFO] [stdout] error: cannot find macro `assert_headers` in this scope
[INFO] [stdout]   --> tests/tests.rs:22:5
[INFO] [stdout]    |
[INFO] [stdout] 22 |     assert_headers!(
[INFO] [stdout]    |     ^^^^^^^^^^^^^^
[INFO] [stdout] 
[INFO] [stdout] 
[INFO] [stdout] error: cannot find macro `assert_headers` in this scope
[INFO] [stdout]   --> tests/tests.rs:31:5
[INFO] [stdout]    |
[INFO] [stdout] 31 |     assert_headers!(
[INFO] [stdout]    |     ^^^^^^^^^^^^^^
[INFO] [stdout] 
[INFO] [stdout] 
[INFO] [stdout] error: cannot find macro `assert_headers` in this scope
[INFO] [stdout]   --> tests/tests.rs:40:5
[INFO] [stdout]    |
[INFO] [stdout] 40 |     assert_headers!(
[INFO] [stdout]    |     ^^^^^^^^^^^^^^
[INFO] [stdout] 
[INFO] [stdout] 
[INFO] [stdout] error[E0433]: failed to resolve: use of undeclared crate or module `trillium_smol`
[INFO] [stdout]  --> examples/compression.rs:9:5
[INFO] [stdout]   |
[INFO] [stdout] 9 |     trillium_smol::run((
[INFO] [stdout]   |     ^^^^^^^^^^^^^ use of undeclared crate or module `trillium_smol`
[INFO] [stdout] 
[INFO] [stdout] 
[INFO] [stdout] error: cannot find macro `assert_headers` in this scope
[INFO] [stdout]   --> tests/tests.rs:49:5
[INFO] [stdout]    |
[INFO] [stdout] 49 |     assert_headers!(
[INFO] [stdout]    |     ^^^^^^^^^^^^^^
[INFO] [stdout] 
[INFO] [stdout] 
[INFO] [stdout] error: cannot find macro `assert_headers` in this scope
[INFO] [stdout]   --> tests/tests.rs:57:5
[INFO] [stdout]    |
[INFO] [stdout] 57 |     assert_headers!(
[INFO] [stdout]    |     ^^^^^^^^^^^^^^
[INFO] [stdout] 
[INFO] [stdout] 
[INFO] [stdout] error: cannot find macro `assert_headers` in this scope
[INFO] [stdout]   --> tests/tests.rs:65:5
[INFO] [stdout]    |
[INFO] [stdout] 65 |     assert_headers!(
[INFO] [stdout]    |     ^^^^^^^^^^^^^^
[INFO] [stdout] 
[INFO] [stdout] 
[INFO] [stdout] error: aborting due to 7 previous errors
[INFO] [stdout] 
[INFO] [stdout] 
[INFO] [stdout] Some errors have detailed explanations: E0432, E0433.
[INFO] [stdout] 
[INFO] [stdout] For more information about an error, try `rustc --explain E0432`.
[INFO] [stdout] 
[INFO] [stdout] warning: unused imports: `AcceptEncoding`, `ContentEncoding`, `ContentLength`, `Vary`
[INFO] [stdout]  --> tests/tests.rs:1:33
[INFO] [stdout]   |
[INFO] [stdout] 1 | use trillium::KnownHeaderName::{AcceptEncoding, ContentEncoding, ContentLength, Vary};
[INFO] [stdout]   |                                 ^^^^^^^^^^^^^^  ^^^^^^^^^^^^^^^  ^^^^^^^^^^^^^  ^^^^
[INFO] [stdout]   |
[INFO] [stdout]   = note: `#[warn(unused_imports)]` on by default
[INFO] [stdout] 
[INFO] [stdout] 
[INFO] [stderr] error: could not compile `trillium-compression` (example "compression") due to 8 previous errors
[INFO] [stderr] warning: build failed, waiting for other jobs to finish...
[INFO] [stdout] error: aborting due to 7 previous errors; 1 warning emitted
[INFO] [stdout] 
[INFO] [stdout] 
[INFO] [stdout] For more information about this error, try `rustc --explain E0433`.
[INFO] [stdout] 
[INFO] [stderr] error: could not compile `trillium-compression` (test "tests") due to 8 previous errors; 1 warning emitted
[INFO] running `Command { std: "docker" "inspect" "821fd37732cad1857f5c40c29043b8c0d5aed04998b0e342afb42bf3e61b4551", kill_on_drop: false }`
[INFO] running `Command { std: "docker" "rm" "-f" "821fd37732cad1857f5c40c29043b8c0d5aed04998b0e342afb42bf3e61b4551", kill_on_drop: false }`
[INFO] [stdout] 821fd37732cad1857f5c40c29043b8c0d5aed04998b0e342afb42bf3e61b4551
