[INFO] fetching crate traverse 0.0.12...
[INFO] testing traverse-0.0.12 against beta-2023-04-20 for beta-1.70-1
[INFO] extracting crate traverse 0.0.12 into /workspace/builds/worker-6-tc2/source
[INFO] validating manifest of crates.io crate traverse 0.0.12 on toolchain beta-2023-04-20
[INFO] running `Command { std: CARGO_HOME="/workspace/cargo-home" RUSTUP_HOME="/workspace/rustup-home" "/workspace/cargo-home/bin/cargo" "+beta-2023-04-20" "metadata" "--manifest-path" "Cargo.toml" "--no-deps", kill_on_drop: false }`
[INFO] started tweaking crates.io crate traverse 0.0.12
[INFO] finished tweaking crates.io crate traverse 0.0.12
[INFO] tweaked toml for crates.io crate traverse 0.0.12 written to /workspace/builds/worker-6-tc2/source/Cargo.toml
[INFO] running `Command { std: CARGO_HOME="/workspace/cargo-home" RUSTUP_HOME="/workspace/rustup-home" __CARGO_TEST_CHANNEL_OVERRIDE_DO_NOT_USE_THIS="nightly" "/workspace/cargo-home/bin/cargo" "+beta-2023-04-20" "generate-lockfile" "--manifest-path" "Cargo.toml" "-Zno-index-update", kill_on_drop: false }`
[INFO] running `Command { std: CARGO_HOME="/workspace/cargo-home" RUSTUP_HOME="/workspace/rustup-home" "/workspace/cargo-home/bin/cargo" "+beta-2023-04-20" "fetch" "--manifest-path" "Cargo.toml", kill_on_drop: false }`
[INFO] [stderr] warning: dependency (num) specified without providing a local path, Git repository, or version to use. This will be considered an error in future versions
[INFO] running `Command { std: "docker" "create" "-v" "/var/lib/crater-agent-workspace/builds/worker-6-tc2/target:/opt/rustwide/target:rw,Z" "-v" "/var/lib/crater-agent-workspace/builds/worker-6-tc2/source:/opt/rustwide/workdir:ro,Z" "-v" "/var/lib/crater-agent-workspace/cargo-home:/opt/rustwide/cargo-home:ro,Z" "-v" "/var/lib/crater-agent-workspace/rustup-home:/opt/rustwide/rustup-home:ro,Z" "-e" "SOURCE_DIR=/opt/rustwide/workdir" "-e" "CARGO_TARGET_DIR=/opt/rustwide/target" "-e" "CARGO_HOME=/opt/rustwide/cargo-home" "-e" "RUSTUP_HOME=/opt/rustwide/rustup-home" "-w" "/opt/rustwide/workdir" "-m" "1610612736" "--user" "0:0" "--network" "none" "ghcr.io/rust-lang/crates-build-env/linux@sha256:5ff2268d62e97bff2cde7d5815dd6ed5b47097566f13b8d0ca110b04b60e07ed" "/opt/rustwide/cargo-home/bin/cargo" "+beta-2023-04-20" "metadata" "--no-deps" "--format-version=1", kill_on_drop: false }`
[INFO] [stdout] f795e3d4543401da3a5942850e6489007fd04c21054bde918e40e6f69cf4dc5a
[INFO] running `Command { std: "docker" "start" "-a" "f795e3d4543401da3a5942850e6489007fd04c21054bde918e40e6f69cf4dc5a", kill_on_drop: false }`
[INFO] running `Command { std: "docker" "inspect" "f795e3d4543401da3a5942850e6489007fd04c21054bde918e40e6f69cf4dc5a", kill_on_drop: false }`
[INFO] running `Command { std: "docker" "rm" "-f" "f795e3d4543401da3a5942850e6489007fd04c21054bde918e40e6f69cf4dc5a", kill_on_drop: false }`
[INFO] [stdout] f795e3d4543401da3a5942850e6489007fd04c21054bde918e40e6f69cf4dc5a
[INFO] running `Command { std: "docker" "create" "-v" "/var/lib/crater-agent-workspace/builds/worker-6-tc2/target:/opt/rustwide/target:rw,Z" "-v" "/var/lib/crater-agent-workspace/builds/worker-6-tc2/source:/opt/rustwide/workdir:ro,Z" "-v" "/var/lib/crater-agent-workspace/cargo-home:/opt/rustwide/cargo-home:ro,Z" "-v" "/var/lib/crater-agent-workspace/rustup-home:/opt/rustwide/rustup-home:ro,Z" "-e" "SOURCE_DIR=/opt/rustwide/workdir" "-e" "CARGO_TARGET_DIR=/opt/rustwide/target" "-e" "CARGO_INCREMENTAL=0" "-e" "RUST_BACKTRACE=full" "-e" "RUSTFLAGS=--cap-lints=warn" "-e" "RUSTDOCFLAGS=--cap-lints=warn" "-e" "CARGO_HOME=/opt/rustwide/cargo-home" "-e" "RUSTUP_HOME=/opt/rustwide/rustup-home" "-w" "/opt/rustwide/workdir" "-m" "1610612736" "--user" "0:0" "--network" "none" "ghcr.io/rust-lang/crates-build-env/linux@sha256:5ff2268d62e97bff2cde7d5815dd6ed5b47097566f13b8d0ca110b04b60e07ed" "/opt/rustwide/cargo-home/bin/cargo" "+beta-2023-04-20" "build" "--frozen" "--message-format=json", kill_on_drop: false }`
[INFO] [stdout] 1f53f04b166128f5d2c42547884ad6999e0fa44cebd874d60d9b432070f24372
[INFO] running `Command { std: "docker" "start" "-a" "1f53f04b166128f5d2c42547884ad6999e0fa44cebd874d60d9b432070f24372", kill_on_drop: false }`
[INFO] [stderr] warning: dependency (num) specified without providing a local path, Git repository, or version to use. This will be considered an error in future versions
[INFO] [stderr]    Compiling num-traits v0.2.15
[INFO] [stderr]    Compiling num-integer v0.1.45
[INFO] [stderr]    Compiling num-bigint v0.4.3
[INFO] [stderr]    Compiling num-iter v0.1.43
[INFO] [stderr]    Compiling num-rational v0.4.1
[INFO] [stderr]    Compiling num-complex v0.4.3
[INFO] [stderr]    Compiling num v0.4.0
[INFO] [stderr]    Compiling traverse v0.0.12 (/opt/rustwide/workdir)
[INFO] [stdout] warning: anonymous parameters are deprecated and will be removed in the next edition
[INFO] [stdout]   --> src/lib.rs:23:25
[INFO] [stdout]    |
[INFO] [stdout] 23 |     fn foreach<F>(self, F) where F: FnMut(Self::Item) -> bool;
[INFO] [stdout]    |                         ^ help: try naming the parameter or explicitly ignoring it: `_: F`
[INFO] [stdout]    |
[INFO] [stdout]    = warning: this is accepted in the current edition (Rust 2015) but is a hard error in Rust 2018!
[INFO] [stdout]    = note: for more information, see issue #41686 <https://github.com/rust-lang/rust/issues/41686>
[INFO] [stdout]    = note: `#[warn(anonymous_parameters)]` on by default
[INFO] [stdout] 
[INFO] [stdout] 
[INFO] [stdout] warning: 1 warning emitted
[INFO] [stdout] 
[INFO] [stdout] 
[INFO] [stderr]     Finished dev [unoptimized + debuginfo] target(s) in 8.23s
[INFO] running `Command { std: "docker" "inspect" "1f53f04b166128f5d2c42547884ad6999e0fa44cebd874d60d9b432070f24372", kill_on_drop: false }`
[INFO] running `Command { std: "docker" "rm" "-f" "1f53f04b166128f5d2c42547884ad6999e0fa44cebd874d60d9b432070f24372", kill_on_drop: false }`
[INFO] [stdout] 1f53f04b166128f5d2c42547884ad6999e0fa44cebd874d60d9b432070f24372
[INFO] running `Command { std: "docker" "create" "-v" "/var/lib/crater-agent-workspace/builds/worker-6-tc2/target:/opt/rustwide/target:rw,Z" "-v" "/var/lib/crater-agent-workspace/builds/worker-6-tc2/source:/opt/rustwide/workdir:ro,Z" "-v" "/var/lib/crater-agent-workspace/cargo-home:/opt/rustwide/cargo-home:ro,Z" "-v" "/var/lib/crater-agent-workspace/rustup-home:/opt/rustwide/rustup-home:ro,Z" "-e" "SOURCE_DIR=/opt/rustwide/workdir" "-e" "CARGO_TARGET_DIR=/opt/rustwide/target" "-e" "CARGO_INCREMENTAL=0" "-e" "RUST_BACKTRACE=full" "-e" "RUSTFLAGS=--cap-lints=warn" "-e" "RUSTDOCFLAGS=--cap-lints=warn" "-e" "CARGO_HOME=/opt/rustwide/cargo-home" "-e" "RUSTUP_HOME=/opt/rustwide/rustup-home" "-w" "/opt/rustwide/workdir" "-m" "1610612736" "--user" "0:0" "--network" "none" "ghcr.io/rust-lang/crates-build-env/linux@sha256:5ff2268d62e97bff2cde7d5815dd6ed5b47097566f13b8d0ca110b04b60e07ed" "/opt/rustwide/cargo-home/bin/cargo" "+beta-2023-04-20" "test" "--frozen" "--no-run" "--message-format=json", kill_on_drop: false }`
[INFO] [stdout] 258c4c501f80f8f6d06cc14d8e4a7fbc8baf094f80a9c3586de10f24b59318ca
[INFO] running `Command { std: "docker" "start" "-a" "258c4c501f80f8f6d06cc14d8e4a7fbc8baf094f80a9c3586de10f24b59318ca", kill_on_drop: false }`
[INFO] [stderr] warning: dependency (num) specified without providing a local path, Git repository, or version to use. This will be considered an error in future versions
[INFO] [stderr]    Compiling libc v0.2.142
[INFO] [stderr]    Compiling memchr v2.5.0
[INFO] [stderr]    Compiling log v0.4.17
[INFO] [stderr]    Compiling ppv-lite86 v0.2.17
[INFO] [stderr]    Compiling regex-syntax v0.7.1
[INFO] [stdout] warning: anonymous parameters are deprecated and will be removed in the next edition
[INFO] [stdout]   --> src/lib.rs:23:25
[INFO] [stdout]    |
[INFO] [stdout] 23 |     fn foreach<F>(self, F) where F: FnMut(Self::Item) -> bool;
[INFO] [stdout]    |                         ^ help: try naming the parameter or explicitly ignoring it: `_: F`
[INFO] [stdout]    |
[INFO] [stdout]    = warning: this is accepted in the current edition (Rust 2015) but is a hard error in Rust 2018!
[INFO] [stdout]    = note: for more information, see issue #41686 <https://github.com/rust-lang/rust/issues/41686>
[INFO] [stdout]    = note: `#[warn(anonymous_parameters)]` on by default
[INFO] [stdout] 
[INFO] [stdout] 
[INFO] [stdout] warning: 1 warning emitted
[INFO] [stdout] 
[INFO] [stdout] 
[INFO] [stderr]    Compiling aho-corasick v1.0.1
[INFO] [stderr]    Compiling getrandom v0.2.9
[INFO] [stderr]    Compiling rand_core v0.6.4
[INFO] [stderr]    Compiling rand_chacha v0.3.1
[INFO] [stderr]    Compiling rand v0.8.5
[INFO] [stderr]    Compiling regex v1.8.1
[INFO] [stderr]    Compiling env_logger v0.8.4
[INFO] [stderr]    Compiling quickcheck v1.0.3
[INFO] [stderr]    Compiling traverse v0.0.12 (/opt/rustwide/workdir)
[INFO] [stdout] warning: anonymous parameters are deprecated and will be removed in the next edition
[INFO] [stdout]   --> src/lib.rs:23:25
[INFO] [stdout]    |
[INFO] [stdout] 23 |     fn foreach<F>(self, F) where F: FnMut(Self::Item) -> bool;
[INFO] [stdout]    |                         ^ help: try naming the parameter or explicitly ignoring it: `_: F`
[INFO] [stdout]    |
[INFO] [stdout]    = warning: this is accepted in the current edition (Rust 2015) but is a hard error in Rust 2018!
[INFO] [stdout]    = note: for more information, see issue #41686 <https://github.com/rust-lang/rust/issues/41686>
[INFO] [stdout]    = note: `#[warn(anonymous_parameters)]` on by default
[INFO] [stdout] 
[INFO] [stdout] 
[INFO] [stdout] error[E0308]: mismatched types
[INFO] [stdout]   --> src/impls/slice.rs:28:47
[INFO] [stdout]    |
[INFO] [stdout] 28 |         let traversal: Vec<usize> = data.map(|&x| x).collect();
[INFO] [stdout]    |                                               ^-
[INFO] [stdout]    |                                               ||
[INFO] [stdout]    |                                               |expected due to this
[INFO] [stdout]    |                                               expected integer, found `&_`
[INFO] [stdout]    |
[INFO] [stdout]    = note:   expected type `{integer}`
[INFO] [stdout]            found reference `&_`
[INFO] [stdout] help: consider removing `&` from the pattern
[INFO] [stdout]    |
[INFO] [stdout] 28 -         let traversal: Vec<usize> = data.map(|&x| x).collect();
[INFO] [stdout] 28 +         let traversal: Vec<usize> = data.map(|x| x).collect();
[INFO] [stdout]    |
[INFO] [stdout] 
[INFO] [stdout] 
[INFO] [stdout] error[E0277]: the trait bound `Vec<usize>: FromTraversal<&_>` is not satisfied
[INFO] [stdout]   --> src/impls/slice.rs:28:54
[INFO] [stdout]    |
[INFO] [stdout] 28 |         let traversal: Vec<usize> = data.map(|&x| x).collect();
[INFO] [stdout]    |                                                      ^^^^^^^ the trait `FromTraversal<&_>` is not implemented for `Vec<usize>`
[INFO] [stdout]    |
[INFO] [stdout]    = help: the trait `FromTraversal<T>` is implemented for `Vec<T>`
[INFO] [stdout] note: the method call chain might not have had the expected associated types
[INFO] [stdout]   --> src/impls/slice.rs:28:42
[INFO] [stdout]    |
[INFO] [stdout] 27 |         let data = [1, 2, 5, 4, 6, 7];
[INFO] [stdout]    |                    ------------------ this expression has type `[{integer}; 6]`
[INFO] [stdout] 28 |         let traversal: Vec<usize> = data.map(|&x| x).collect();
[INFO] [stdout]    |                                          ^^^^^^^^^^^ `Traversal::Item` is `&_` here
[INFO] [stdout] note: required by a bound in `Traversal::collect`
[INFO] [stdout]   --> src/lib.rs:98:14
[INFO] [stdout]    |
[INFO] [stdout] 97 |     fn collect<D>(self) -> D
[INFO] [stdout]    |        ------- required by a bound in this associated function
[INFO] [stdout] 98 |     where D: FromTraversal<Self::Item> {
[INFO] [stdout]    |              ^^^^^^^^^^^^^^^^^^^^^^^^^ required by this bound in `Traversal::collect`
[INFO] [stdout] 
[INFO] [stdout] 
[INFO] [stdout] error[E0308]: mismatched types
[INFO] [stdout]   --> src/impls/slice.rs:35:44
[INFO] [stdout]    |
[INFO] [stdout] 35 |         let traversal: Vec<()> = data.map(|&x| x).collect();
[INFO] [stdout]    |                                            ^-
[INFO] [stdout]    |                                            ||
[INFO] [stdout]    |                                            |expected due to this
[INFO] [stdout]    |                                            expected `()`, found `&_`
[INFO] [stdout]    |
[INFO] [stdout]    = note: expected unit type `()`
[INFO] [stdout]               found reference `&_`
[INFO] [stdout] help: consider removing `&` from the pattern
[INFO] [stdout]    |
[INFO] [stdout] 35 -         let traversal: Vec<()> = data.map(|&x| x).collect();
[INFO] [stdout] 35 +         let traversal: Vec<()> = data.map(|x| x).collect();
[INFO] [stdout]    |
[INFO] [stdout] 
[INFO] [stdout] 
[INFO] [stdout] error[E0277]: the trait bound `Vec<()>: FromTraversal<&_>` is not satisfied
[INFO] [stdout]   --> src/impls/slice.rs:35:51
[INFO] [stdout]    |
[INFO] [stdout] 35 |         let traversal: Vec<()> = data.map(|&x| x).collect();
[INFO] [stdout]    |                                                   ^^^^^^^ the trait `FromTraversal<&_>` is not implemented for `Vec<()>`
[INFO] [stdout]    |
[INFO] [stdout]    = help: the trait `FromTraversal<T>` is implemented for `Vec<T>`
[INFO] [stdout] note: the method call chain might not have had the expected associated types
[INFO] [stdout]   --> src/impls/slice.rs:35:39
[INFO] [stdout]    |
[INFO] [stdout] 34 |         let data = [(), (), ()];
[INFO] [stdout]    |                    ------------ this expression has type `[(); 3]`
[INFO] [stdout] 35 |         let traversal: Vec<()> = data.map(|&x| x).collect();
[INFO] [stdout]    |                                       ^^^^^^^^^^^ `Traversal::Item` is `&_` here
[INFO] [stdout] note: required by a bound in `Traversal::collect`
[INFO] [stdout]   --> src/lib.rs:98:14
[INFO] [stdout]    |
[INFO] [stdout] 97 |     fn collect<D>(self) -> D
[INFO] [stdout]    |        ------- required by a bound in this associated function
[INFO] [stdout] 98 |     where D: FromTraversal<Self::Item> {
[INFO] [stdout]    |              ^^^^^^^^^^^^^^^^^^^^^^^^^ required by this bound in `Traversal::collect`
[INFO] [stdout] 
[INFO] [stdout] 
[INFO] [stdout] error: aborting due to 4 previous errors; 1 warning emitted
[INFO] [stdout] 
[INFO] [stdout] 
[INFO] [stdout] Some errors have detailed explanations: E0277, E0308.
[INFO] [stdout] 
[INFO] [stdout] For more information about an error, try `rustc --explain E0277`.
[INFO] [stdout] 
[INFO] [stderr] error: could not compile `traverse` (lib test) due to 5 previous errors; 1 warning emitted
[INFO] [stderr] warning: build failed, waiting for other jobs to finish...
[INFO] running `Command { std: "docker" "inspect" "258c4c501f80f8f6d06cc14d8e4a7fbc8baf094f80a9c3586de10f24b59318ca", kill_on_drop: false }`
[INFO] running `Command { std: "docker" "rm" "-f" "258c4c501f80f8f6d06cc14d8e4a7fbc8baf094f80a9c3586de10f24b59318ca", kill_on_drop: false }`
[INFO] [stdout] 258c4c501f80f8f6d06cc14d8e4a7fbc8baf094f80a9c3586de10f24b59318ca
