[INFO] fetching crate tractor-macros 0.0.6...
[INFO] testing tractor-macros-0.0.6 against beta-2023-04-20 for beta-1.70-1
[INFO] extracting crate tractor-macros 0.0.6 into /workspace/builds/worker-2-tc2/source
[INFO] validating manifest of crates.io crate tractor-macros 0.0.6 on toolchain beta-2023-04-20
[INFO] running `Command { std: CARGO_HOME="/workspace/cargo-home" RUSTUP_HOME="/workspace/rustup-home" "/workspace/cargo-home/bin/cargo" "+beta-2023-04-20" "metadata" "--manifest-path" "Cargo.toml" "--no-deps", kill_on_drop: false }`
[INFO] started tweaking crates.io crate tractor-macros 0.0.6
[INFO] finished tweaking crates.io crate tractor-macros 0.0.6
[INFO] tweaked toml for crates.io crate tractor-macros 0.0.6 written to /workspace/builds/worker-2-tc2/source/Cargo.toml
[INFO] running `Command { std: CARGO_HOME="/workspace/cargo-home" RUSTUP_HOME="/workspace/rustup-home" __CARGO_TEST_CHANNEL_OVERRIDE_DO_NOT_USE_THIS="nightly" "/workspace/cargo-home/bin/cargo" "+beta-2023-04-20" "generate-lockfile" "--manifest-path" "Cargo.toml" "-Zno-index-update", kill_on_drop: false }`
[INFO] running `Command { std: CARGO_HOME="/workspace/cargo-home" RUSTUP_HOME="/workspace/rustup-home" "/workspace/cargo-home/bin/cargo" "+beta-2023-04-20" "fetch" "--manifest-path" "Cargo.toml", kill_on_drop: false }`
[INFO] running `Command { std: "docker" "create" "-v" "/var/lib/crater-agent-workspace/builds/worker-2-tc2/target:/opt/rustwide/target:rw,Z" "-v" "/var/lib/crater-agent-workspace/builds/worker-2-tc2/source:/opt/rustwide/workdir:ro,Z" "-v" "/var/lib/crater-agent-workspace/cargo-home:/opt/rustwide/cargo-home:ro,Z" "-v" "/var/lib/crater-agent-workspace/rustup-home:/opt/rustwide/rustup-home:ro,Z" "-e" "SOURCE_DIR=/opt/rustwide/workdir" "-e" "CARGO_TARGET_DIR=/opt/rustwide/target" "-e" "CARGO_HOME=/opt/rustwide/cargo-home" "-e" "RUSTUP_HOME=/opt/rustwide/rustup-home" "-w" "/opt/rustwide/workdir" "-m" "1610612736" "--user" "0:0" "--network" "none" "ghcr.io/rust-lang/crates-build-env/linux@sha256:5ff2268d62e97bff2cde7d5815dd6ed5b47097566f13b8d0ca110b04b60e07ed" "/opt/rustwide/cargo-home/bin/cargo" "+beta-2023-04-20" "metadata" "--no-deps" "--format-version=1", kill_on_drop: false }`
[INFO] [stdout] 024c3401d4b1eed87deb489b1bc3ae09e3daad9cfb094596ce2fee7ea370a4ab
[INFO] running `Command { std: "docker" "start" "-a" "024c3401d4b1eed87deb489b1bc3ae09e3daad9cfb094596ce2fee7ea370a4ab", kill_on_drop: false }`
[INFO] running `Command { std: "docker" "inspect" "024c3401d4b1eed87deb489b1bc3ae09e3daad9cfb094596ce2fee7ea370a4ab", kill_on_drop: false }`
[INFO] running `Command { std: "docker" "rm" "-f" "024c3401d4b1eed87deb489b1bc3ae09e3daad9cfb094596ce2fee7ea370a4ab", kill_on_drop: false }`
[INFO] [stdout] 024c3401d4b1eed87deb489b1bc3ae09e3daad9cfb094596ce2fee7ea370a4ab
[INFO] running `Command { std: "docker" "create" "-v" "/var/lib/crater-agent-workspace/builds/worker-2-tc2/target:/opt/rustwide/target:rw,Z" "-v" "/var/lib/crater-agent-workspace/builds/worker-2-tc2/source:/opt/rustwide/workdir:ro,Z" "-v" "/var/lib/crater-agent-workspace/cargo-home:/opt/rustwide/cargo-home:ro,Z" "-v" "/var/lib/crater-agent-workspace/rustup-home:/opt/rustwide/rustup-home:ro,Z" "-e" "SOURCE_DIR=/opt/rustwide/workdir" "-e" "CARGO_TARGET_DIR=/opt/rustwide/target" "-e" "CARGO_INCREMENTAL=0" "-e" "RUST_BACKTRACE=full" "-e" "RUSTFLAGS=--cap-lints=warn" "-e" "RUSTDOCFLAGS=--cap-lints=warn" "-e" "CARGO_HOME=/opt/rustwide/cargo-home" "-e" "RUSTUP_HOME=/opt/rustwide/rustup-home" "-w" "/opt/rustwide/workdir" "-m" "1610612736" "--user" "0:0" "--network" "none" "ghcr.io/rust-lang/crates-build-env/linux@sha256:5ff2268d62e97bff2cde7d5815dd6ed5b47097566f13b8d0ca110b04b60e07ed" "/opt/rustwide/cargo-home/bin/cargo" "+beta-2023-04-20" "build" "--frozen" "--message-format=json", kill_on_drop: false }`
[INFO] [stdout] 2db1228aa19d5030d8ae088cb80024eea09453b08d478a9845ee61c75ef6cc91
[INFO] running `Command { std: "docker" "start" "-a" "2db1228aa19d5030d8ae088cb80024eea09453b08d478a9845ee61c75ef6cc91", kill_on_drop: false }`
[INFO] [stderr]    Compiling syn v1.0.109
[INFO] [stderr]    Compiling unicode-segmentation v1.10.1
[INFO] [stderr]    Compiling heck v0.3.3
[INFO] [stderr]    Compiling tractor-macros v0.0.6 (/opt/rustwide/workdir)
[INFO] [stderr]     Finished dev [unoptimized + debuginfo] target(s) in 8.64s
[INFO] running `Command { std: "docker" "inspect" "2db1228aa19d5030d8ae088cb80024eea09453b08d478a9845ee61c75ef6cc91", kill_on_drop: false }`
[INFO] running `Command { std: "docker" "rm" "-f" "2db1228aa19d5030d8ae088cb80024eea09453b08d478a9845ee61c75ef6cc91", kill_on_drop: false }`
[INFO] [stdout] 2db1228aa19d5030d8ae088cb80024eea09453b08d478a9845ee61c75ef6cc91
[INFO] running `Command { std: "docker" "create" "-v" "/var/lib/crater-agent-workspace/builds/worker-2-tc2/target:/opt/rustwide/target:rw,Z" "-v" "/var/lib/crater-agent-workspace/builds/worker-2-tc2/source:/opt/rustwide/workdir:ro,Z" "-v" "/var/lib/crater-agent-workspace/cargo-home:/opt/rustwide/cargo-home:ro,Z" "-v" "/var/lib/crater-agent-workspace/rustup-home:/opt/rustwide/rustup-home:ro,Z" "-e" "SOURCE_DIR=/opt/rustwide/workdir" "-e" "CARGO_TARGET_DIR=/opt/rustwide/target" "-e" "CARGO_INCREMENTAL=0" "-e" "RUST_BACKTRACE=full" "-e" "RUSTFLAGS=--cap-lints=warn" "-e" "RUSTDOCFLAGS=--cap-lints=warn" "-e" "CARGO_HOME=/opt/rustwide/cargo-home" "-e" "RUSTUP_HOME=/opt/rustwide/rustup-home" "-w" "/opt/rustwide/workdir" "-m" "1610612736" "--user" "0:0" "--network" "none" "ghcr.io/rust-lang/crates-build-env/linux@sha256:5ff2268d62e97bff2cde7d5815dd6ed5b47097566f13b8d0ca110b04b60e07ed" "/opt/rustwide/cargo-home/bin/cargo" "+beta-2023-04-20" "test" "--frozen" "--no-run" "--message-format=json", kill_on_drop: false }`
[INFO] [stdout] 40b192fc5f2cdd6142bcdeaf51dc1ad62293cb8a4b77f30e10a4a1ddf0884a2d
[INFO] running `Command { std: "docker" "start" "-a" "40b192fc5f2cdd6142bcdeaf51dc1ad62293cb8a4b77f30e10a4a1ddf0884a2d", kill_on_drop: false }`
[INFO] [stderr]    Compiling syn v1.0.109
[INFO] [stderr]    Compiling tokio v1.28.0
[INFO] [stderr]    Compiling unicode-segmentation v1.10.1
[INFO] [stderr]    Compiling parking_lot_core v0.9.7
[INFO] [stderr]    Compiling syn v2.0.15
[INFO] [stderr]    Compiling signal-hook-registry v1.4.1
[INFO] [stderr]    Compiling parking_lot v0.12.1
[INFO] [stderr]    Compiling heck v0.3.3
[INFO] [stderr]    Compiling tokio-macros v2.1.0
[INFO] [stderr]    Compiling tractor-macros v0.0.6 (/opt/rustwide/workdir)
[INFO] [stdout] error[E0433]: failed to resolve: use of undeclared crate or module `tractor`
[INFO] [stdout]  --> tests/test_actor_macro.rs:2:5
[INFO] [stdout]   |
[INFO] [stdout] 2 | use tractor::prelude::*;
[INFO] [stdout]   |     ^^^^^^^ use of undeclared crate or module `tractor`
[INFO] [stdout] 
[INFO] [stdout] 
[INFO] [stdout] error[E0433]: failed to resolve: could not find `tractor` in the list of imported crates
[INFO] [stdout]   --> tests/test_actor_macro.rs:11:5
[INFO] [stdout]    |
[INFO] [stdout] 11 |     #[actor]
[INFO] [stdout]    |     ^^^^^^^^ could not find `tractor` in the list of imported crates
[INFO] [stdout]    |
[INFO] [stdout]    = note: this error originates in the attribute macro `actor` (in Nightly builds, run with -Z macro-backtrace for more info)
[INFO] [stdout] 
[INFO] [stdout] 
[INFO] [stdout] error[E0433]: failed to resolve: could not find `tractor` in the list of imported crates
[INFO] [stdout]   --> tests/test_actor_macro.rs:41:5
[INFO] [stdout]    |
[INFO] [stdout] 41 |     #[actor]
[INFO] [stdout]    |     ^^^^^^^^ could not find `tractor` in the list of imported crates
[INFO] [stdout]    |
[INFO] [stdout]    = note: this error originates in the attribute macro `actor` (in Nightly builds, run with -Z macro-backtrace for more info)
[INFO] [stdout] 
[INFO] [stdout] 
[INFO] [stdout] error[E0433]: failed to resolve: could not find `tractor` in the list of imported crates
[INFO] [stdout]   --> tests/test_actor_macro.rs:85:5
[INFO] [stdout]    |
[INFO] [stdout] 85 |     #[actor]
[INFO] [stdout]    |     ^^^^^^^^ could not find `tractor` in the list of imported crates
[INFO] [stdout]    |
[INFO] [stdout]    = note: this error originates in the attribute macro `actor` (in Nightly builds, run with -Z macro-backtrace for more info)
[INFO] [stdout] 
[INFO] [stdout] 
[INFO] [stdout] error[E0433]: failed to resolve: could not find `tractor` in the list of imported crates
[INFO] [stdout]    --> tests/test_actor_macro.rs:129:5
[INFO] [stdout]     |
[INFO] [stdout] 129 |     #[actor(derive_hooks)]
[INFO] [stdout]     |     ^^^^^^^^^^^^^^^^^^^^^^ could not find `tractor` in the list of imported crates
[INFO] [stdout]     |
[INFO] [stdout]     = note: this error originates in the attribute macro `actor` (in Nightly builds, run with -Z macro-backtrace for more info)
[INFO] [stdout] 
[INFO] [stdout] 
[INFO] [stdout] error[E0433]: failed to resolve: could not find `tractor` in the list of imported crates
[INFO] [stdout]    --> tests/test_actor_macro.rs:172:5
[INFO] [stdout]     |
[INFO] [stdout] 172 |     #[actor]
[INFO] [stdout]     |     ^^^^^^^^ could not find `tractor` in the list of imported crates
[INFO] [stdout]     |
[INFO] [stdout]     = note: this error originates in the attribute macro `actor` (in Nightly builds, run with -Z macro-backtrace for more info)
[INFO] [stdout] 
[INFO] [stdout] 
[INFO] [stdout] error[E0412]: cannot find type `Addr` in this scope
[INFO] [stdout]   --> tests/test_actor_macro.rs:11:5
[INFO] [stdout]    |
[INFO] [stdout] 11 |     #[actor]
[INFO] [stdout]    |     ^^^^^^^^ not found in this scope
[INFO] [stdout]    |
[INFO] [stdout]    = note: this error originates in the attribute macro `actor` (in Nightly builds, run with -Z macro-backtrace for more info)
[INFO] [stdout] 
[INFO] [stdout] 
[INFO] [stdout] error[E0405]: cannot find trait `ActorHooks` in this scope
[INFO] [stdout]   --> tests/test_actor_macro.rs:29:10
[INFO] [stdout]    |
[INFO] [stdout] 29 |     impl ActorHooks for Adder {}
[INFO] [stdout]    |          ^^^^^^^^^^ not found in this scope
[INFO] [stdout] 
[INFO] [stdout] 
[INFO] [stdout] error[E0412]: cannot find type `Addr` in this scope
[INFO] [stdout]   --> tests/test_actor_macro.rs:41:5
[INFO] [stdout]    |
[INFO] [stdout] 41 |     #[actor]
[INFO] [stdout]    |     ^^^^^^^^ not found in this scope
[INFO] [stdout]    |
[INFO] [stdout]    = note: this error originates in the attribute macro `actor` (in Nightly builds, run with -Z macro-backtrace for more info)
[INFO] [stdout] 
[INFO] [stdout] 
[INFO] [stdout] error[E0405]: cannot find trait `ActorHooks` in this scope
[INFO] [stdout]   --> tests/test_actor_macro.rs:59:10
[INFO] [stdout]    |
[INFO] [stdout] 59 |     impl ActorHooks for Adder {}
[INFO] [stdout]    |          ^^^^^^^^^^ not found in this scope
[INFO] [stdout] 
[INFO] [stdout] 
[INFO] [stdout] error[E0412]: cannot find type `Addr` in this scope
[INFO] [stdout]   --> tests/test_actor_macro.rs:85:5
[INFO] [stdout]    |
[INFO] [stdout] 85 |     #[actor]
[INFO] [stdout]    |     ^^^^^^^^ not found in this scope
[INFO] [stdout]    |
[INFO] [stdout]    = note: this error originates in the attribute macro `actor` (in Nightly builds, run with -Z macro-backtrace for more info)
[INFO] [stdout] 
[INFO] [stdout] 
[INFO] [stdout] error[E0405]: cannot find trait `ActorHooks` in this scope
[INFO] [stdout]   --> tests/test_actor_macro.rs:95:10
[INFO] [stdout]    |
[INFO] [stdout] 95 |     impl ActorHooks for Adder {}
[INFO] [stdout]    |          ^^^^^^^^^^ not found in this scope
[INFO] [stdout] 
[INFO] [stdout] 
[INFO] [stdout] error[E0412]: cannot find type `Addr` in this scope
[INFO] [stdout]    --> tests/test_actor_macro.rs:129:5
[INFO] [stdout]     |
[INFO] [stdout] 129 |     #[actor(derive_hooks)]
[INFO] [stdout]     |     ^^^^^^^^^^^^^^^^^^^^^^ not found in this scope
[INFO] [stdout]     |
[INFO] [stdout]     = note: this error originates in the attribute macro `actor` (in Nightly builds, run with -Z macro-backtrace for more info)
[INFO] [stdout] 
[INFO] [stdout] 
[INFO] [stdout] error[E0412]: cannot find type `Addr` in this scope
[INFO] [stdout]    --> tests/test_actor_macro.rs:172:5
[INFO] [stdout]     |
[INFO] [stdout] 172 |     #[actor]
[INFO] [stdout]     |     ^^^^^^^^ not found in this scope
[INFO] [stdout]     |
[INFO] [stdout]     = note: this error originates in the attribute macro `actor` (in Nightly builds, run with -Z macro-backtrace for more info)
[INFO] [stdout] 
[INFO] [stdout] 
[INFO] [stdout] error[E0405]: cannot find trait `ActorHooks` in this scope
[INFO] [stdout]    --> tests/test_actor_macro.rs:182:10
[INFO] [stdout]     |
[INFO] [stdout] 182 |     impl ActorHooks for Adder {}
[INFO] [stdout]     |          ^^^^^^^^^^ not found in this scope
[INFO] [stdout] 
[INFO] [stdout] 
[INFO] [stdout] error[E0412]: cannot find type `Addr` in this scope
[INFO] [stdout]    --> tests/test_actor_macro.rs:214:20
[INFO] [stdout]     |
[INFO] [stdout] 168 |     pub struct Adder {
[INFO] [stdout]     |     ---------------- similarly named struct `Adder` defined here
[INFO] [stdout] ...
[INFO] [stdout] 214 |         let adder: Addr<Adder> = Adder { sum: 123 }.start();
[INFO] [stdout]     |                    ^^^^ help: a struct with a similar name exists: `Adder`
[INFO] [stdout] 
[INFO] [stdout] 
[INFO] [stdout] error[E0433]: failed to resolve: use of undeclared type `ActorSystem`
[INFO] [stdout]    --> tests/test_actor_macro.rs:120:5
[INFO] [stdout]     |
[INFO] [stdout] 120 |     ActorSystem::wait_for_completion().await;
[INFO] [stdout]     |     ^^^^^^^^^^^ use of undeclared type `ActorSystem`
[INFO] [stdout] 
[INFO] [stdout] 
[INFO] [stdout] error[E0433]: failed to resolve: use of undeclared type `ActorSystem`
[INFO] [stdout]    --> tests/test_actor_macro.rs:163:5
[INFO] [stdout]     |
[INFO] [stdout] 163 |     ActorSystem::wait_for_completion().await;
[INFO] [stdout]     |     ^^^^^^^^^^^ use of undeclared type `ActorSystem`
[INFO] [stdout] 
[INFO] [stdout] 
[INFO] [stdout] error[E0433]: failed to resolve: use of undeclared type `ActorSystem`
[INFO] [stdout]    --> tests/test_actor_macro.rs:219:5
[INFO] [stdout]     |
[INFO] [stdout] 219 |     ActorSystem::wait_for_completion().await;
[INFO] [stdout]     |     ^^^^^^^^^^^ use of undeclared type `ActorSystem`
[INFO] [stdout] 
[INFO] [stdout] 
[INFO] [stdout] error: aborting due to 19 previous errors
[INFO] [stdout] 
[INFO] [stdout] 
[INFO] [stdout] Some errors have detailed explanations: E0405, E0412, E0433.
[INFO] [stdout] 
[INFO] [stdout] For more information about an error, try `rustc --explain E0405`.
[INFO] [stdout] 
[INFO] [stderr] error: could not compile `tractor-macros` (test "test_actor_macro") due to 20 previous errors
[INFO] [stderr] warning: build failed, waiting for other jobs to finish...
[INFO] running `Command { std: "docker" "inspect" "40b192fc5f2cdd6142bcdeaf51dc1ad62293cb8a4b77f30e10a4a1ddf0884a2d", kill_on_drop: false }`
[INFO] running `Command { std: "docker" "rm" "-f" "40b192fc5f2cdd6142bcdeaf51dc1ad62293cb8a4b77f30e10a4a1ddf0884a2d", kill_on_drop: false }`
[INFO] [stdout] 40b192fc5f2cdd6142bcdeaf51dc1ad62293cb8a4b77f30e10a4a1ddf0884a2d
