[INFO] fetching crate tps_minicbor 0.5.1...
[INFO] testing tps_minicbor-0.5.1 against 1.69.0 for beta-1.70-1
[INFO] extracting crate tps_minicbor 0.5.1 into /workspace/builds/worker-3-tc1/source
[INFO] validating manifest of crates.io crate tps_minicbor 0.5.1 on toolchain 1.69.0
[INFO] running `Command { std: CARGO_HOME="/workspace/cargo-home" RUSTUP_HOME="/workspace/rustup-home" "/workspace/cargo-home/bin/cargo" "+1.69.0" "metadata" "--manifest-path" "Cargo.toml" "--no-deps", kill_on_drop: false }`
[INFO] started tweaking crates.io crate tps_minicbor 0.5.1
[INFO] removed 1 missing examples
[INFO] finished tweaking crates.io crate tps_minicbor 0.5.1
[INFO] tweaked toml for crates.io crate tps_minicbor 0.5.1 written to /workspace/builds/worker-3-tc1/source/Cargo.toml
[INFO] crate crates.io crate tps_minicbor 0.5.1 already has a lockfile, it will not be regenerated
[INFO] running `Command { std: CARGO_HOME="/workspace/cargo-home" RUSTUP_HOME="/workspace/rustup-home" "/workspace/cargo-home/bin/cargo" "+1.69.0" "fetch" "--manifest-path" "Cargo.toml", kill_on_drop: false }`
[INFO] [stderr]  Downloading crates ...
[INFO] [stderr]   Downloaded func_trace v1.0.3
[INFO] running `Command { std: "docker" "create" "-v" "/var/lib/crater-agent-workspace/builds/worker-3-tc1/target:/opt/rustwide/target:rw,Z" "-v" "/var/lib/crater-agent-workspace/builds/worker-3-tc1/source:/opt/rustwide/workdir:ro,Z" "-v" "/var/lib/crater-agent-workspace/cargo-home:/opt/rustwide/cargo-home:ro,Z" "-v" "/var/lib/crater-agent-workspace/rustup-home:/opt/rustwide/rustup-home:ro,Z" "-e" "SOURCE_DIR=/opt/rustwide/workdir" "-e" "CARGO_TARGET_DIR=/opt/rustwide/target" "-e" "CARGO_HOME=/opt/rustwide/cargo-home" "-e" "RUSTUP_HOME=/opt/rustwide/rustup-home" "-w" "/opt/rustwide/workdir" "-m" "1610612736" "--user" "0:0" "--network" "none" "ghcr.io/rust-lang/crates-build-env/linux@sha256:5ff2268d62e97bff2cde7d5815dd6ed5b47097566f13b8d0ca110b04b60e07ed" "/opt/rustwide/cargo-home/bin/cargo" "+1.69.0" "metadata" "--no-deps" "--format-version=1", kill_on_drop: false }`
[INFO] [stdout] db6bd1758f16038e8a9da7338d1223aceb21153473ef8eb335314d5ea3d605d9
[INFO] running `Command { std: "docker" "start" "-a" "db6bd1758f16038e8a9da7338d1223aceb21153473ef8eb335314d5ea3d605d9", kill_on_drop: false }`
[INFO] running `Command { std: "docker" "inspect" "db6bd1758f16038e8a9da7338d1223aceb21153473ef8eb335314d5ea3d605d9", kill_on_drop: false }`
[INFO] running `Command { std: "docker" "rm" "-f" "db6bd1758f16038e8a9da7338d1223aceb21153473ef8eb335314d5ea3d605d9", kill_on_drop: false }`
[INFO] [stdout] db6bd1758f16038e8a9da7338d1223aceb21153473ef8eb335314d5ea3d605d9
[INFO] running `Command { std: "docker" "create" "-v" "/var/lib/crater-agent-workspace/builds/worker-3-tc1/target:/opt/rustwide/target:rw,Z" "-v" "/var/lib/crater-agent-workspace/builds/worker-3-tc1/source:/opt/rustwide/workdir:ro,Z" "-v" "/var/lib/crater-agent-workspace/cargo-home:/opt/rustwide/cargo-home:ro,Z" "-v" "/var/lib/crater-agent-workspace/rustup-home:/opt/rustwide/rustup-home:ro,Z" "-e" "SOURCE_DIR=/opt/rustwide/workdir" "-e" "CARGO_TARGET_DIR=/opt/rustwide/target" "-e" "CARGO_INCREMENTAL=0" "-e" "RUST_BACKTRACE=full" "-e" "RUSTFLAGS=--cap-lints=warn" "-e" "RUSTDOCFLAGS=--cap-lints=warn" "-e" "CARGO_HOME=/opt/rustwide/cargo-home" "-e" "RUSTUP_HOME=/opt/rustwide/rustup-home" "-w" "/opt/rustwide/workdir" "-m" "1610612736" "--user" "0:0" "--network" "none" "ghcr.io/rust-lang/crates-build-env/linux@sha256:5ff2268d62e97bff2cde7d5815dd6ed5b47097566f13b8d0ca110b04b60e07ed" "/opt/rustwide/cargo-home/bin/cargo" "+1.69.0" "build" "--frozen" "--message-format=json", kill_on_drop: false }`
[INFO] [stdout] bc14e50daf3e0ac59c5a259d1c844a801c35236506d523e06a93fa18d2570473
[INFO] running `Command { std: "docker" "start" "-a" "bc14e50daf3e0ac59c5a259d1c844a801c35236506d523e06a93fa18d2570473", kill_on_drop: false }`
[INFO] [stderr]    Compiling typenum v1.16.0
[INFO] [stderr]    Compiling generic-array v0.14.7
[INFO] [stderr]    Compiling libc v0.2.140
[INFO] [stderr]    Compiling subtle v2.4.1
[INFO] [stderr]    Compiling zeroize v1.6.0
[INFO] [stderr]    Compiling proc-macro2 v1.0.54
[INFO] [stderr]    Compiling const-oid v0.9.2
[INFO] [stderr]    Compiling base64ct v1.6.0
[INFO] [stderr]    Compiling base16ct v0.1.1
[INFO] [stderr]    Compiling syn v1.0.109
[INFO] [stderr]    Compiling cpufeatures v0.2.6
[INFO] [stderr]    Compiling half v2.2.1
[INFO] [stderr]    Compiling der v0.6.1
[INFO] [stderr]    Compiling quote v1.0.26
[INFO] [stderr]    Compiling syn v2.0.11
[INFO] [stderr]    Compiling spki v0.6.0
[INFO] [stderr]    Compiling getrandom v0.2.8
[INFO] [stderr]    Compiling pkcs8 v0.9.0
[INFO] [stderr]    Compiling rand_core v0.6.4
[INFO] [stderr]    Compiling ff v0.12.1
[INFO] [stderr]    Compiling group v0.12.1
[INFO] [stderr]    Compiling crypto-common v0.1.6
[INFO] [stderr]    Compiling block-buffer v0.10.4
[INFO] [stderr]    Compiling crypto-bigint v0.4.9
[INFO] [stderr]    Compiling sec1 v0.3.0
[INFO] [stderr]    Compiling digest v0.10.6
[INFO] [stderr]    Compiling hmac v0.12.1
[INFO] [stderr]    Compiling signature v1.6.4
[INFO] [stderr]    Compiling sha2 v0.10.6
[INFO] [stderr]    Compiling elliptic-curve v0.12.3
[INFO] [stderr]    Compiling rfc6979 v0.3.1
[INFO] [stderr]    Compiling ecdsa v0.14.8
[INFO] [stderr]    Compiling thiserror-impl v1.0.40
[INFO] [stderr]    Compiling p256 v0.11.1
[INFO] [stderr]    Compiling thiserror v1.0.40
[INFO] [stderr]    Compiling func_trace v1.0.3
[INFO] [stderr]    Compiling tps_minicbor v0.5.1 (/opt/rustwide/workdir)
[INFO] [stderr]     Finished dev [unoptimized + debuginfo] target(s) in 11.27s
[INFO] running `Command { std: "docker" "inspect" "bc14e50daf3e0ac59c5a259d1c844a801c35236506d523e06a93fa18d2570473", kill_on_drop: false }`
[INFO] running `Command { std: "docker" "rm" "-f" "bc14e50daf3e0ac59c5a259d1c844a801c35236506d523e06a93fa18d2570473", kill_on_drop: false }`
[INFO] [stdout] bc14e50daf3e0ac59c5a259d1c844a801c35236506d523e06a93fa18d2570473
[INFO] running `Command { std: "docker" "create" "-v" "/var/lib/crater-agent-workspace/builds/worker-3-tc1/target:/opt/rustwide/target:rw,Z" "-v" "/var/lib/crater-agent-workspace/builds/worker-3-tc1/source:/opt/rustwide/workdir:ro,Z" "-v" "/var/lib/crater-agent-workspace/cargo-home:/opt/rustwide/cargo-home:ro,Z" "-v" "/var/lib/crater-agent-workspace/rustup-home:/opt/rustwide/rustup-home:ro,Z" "-e" "SOURCE_DIR=/opt/rustwide/workdir" "-e" "CARGO_TARGET_DIR=/opt/rustwide/target" "-e" "CARGO_INCREMENTAL=0" "-e" "RUST_BACKTRACE=full" "-e" "RUSTFLAGS=--cap-lints=warn" "-e" "RUSTDOCFLAGS=--cap-lints=warn" "-e" "CARGO_HOME=/opt/rustwide/cargo-home" "-e" "RUSTUP_HOME=/opt/rustwide/rustup-home" "-w" "/opt/rustwide/workdir" "-m" "1610612736" "--user" "0:0" "--network" "none" "ghcr.io/rust-lang/crates-build-env/linux@sha256:5ff2268d62e97bff2cde7d5815dd6ed5b47097566f13b8d0ca110b04b60e07ed" "/opt/rustwide/cargo-home/bin/cargo" "+1.69.0" "test" "--frozen" "--no-run" "--message-format=json", kill_on_drop: false }`
[INFO] [stdout] ffc658d9f9d6b60205e69b341167be32460bfc6c8dafd43cefce895561a46fcc
[INFO] running `Command { std: "docker" "start" "-a" "ffc658d9f9d6b60205e69b341167be32460bfc6c8dafd43cefce895561a46fcc", kill_on_drop: false }`
[INFO] [stderr]    Compiling tps_minicbor v0.5.1 (/opt/rustwide/workdir)
[INFO] [stdout] error[E0432]: unresolved import `tps_minicbor::debug`
[INFO] [stdout]   --> examples/trivial_cose/main.rs:44:19
[INFO] [stdout]    |
[INFO] [stdout] 44 | use tps_minicbor::debug::{print_hex, Diag};
[INFO] [stdout]    |                   ^^^^^ could not find `debug` in `tps_minicbor`
[INFO] [stdout] 
[INFO] [stdout] 
[INFO] [stdout] error[E0277]: the trait bound `CBORError: std::error::Error` is not satisfied
[INFO] [stdout]    --> examples/trivial_cose/main.rs:103:12
[INFO] [stdout]     |
[INFO] [stdout] 103 |         }))?
[INFO] [stdout]     |            ^ the trait `std::error::Error` is not implemented for `CBORError`
[INFO] [stdout]     |
[INFO] [stdout]     = help: the following other types implement trait `FromResidual<R>`:
[INFO] [stdout]               <Result<T, F> as FromResidual<Result<Infallible, E>>>
[INFO] [stdout]               <Result<T, F> as FromResidual<Yeet<E>>>
[INFO] [stdout]     = note: required for `Box<dyn std::error::Error>` to implement `From<CBORError>`
[INFO] [stdout]     = note: required for `Result<SequenceBuffer<'_>, Box<dyn std::error::Error>>` to implement `FromResidual<Result<Infallible, CBORError>>`
[INFO] [stdout] 
[INFO] [stdout] 
[INFO] [stdout] error[E0277]: the trait bound `CBORError: std::error::Error` is not satisfied
[INFO] [stdout]    --> examples/trivial_cose/main.rs:104:17
[INFO] [stdout]     |
[INFO] [stdout] 104 |         .build()?)
[INFO] [stdout]     |                 ^ the trait `std::error::Error` is not implemented for `CBORError`
[INFO] [stdout]     |
[INFO] [stdout]     = help: the following other types implement trait `FromResidual<R>`:
[INFO] [stdout]               <Result<T, F> as FromResidual<Result<Infallible, E>>>
[INFO] [stdout]               <Result<T, F> as FromResidual<Yeet<E>>>
[INFO] [stdout]     = note: required for `Box<dyn std::error::Error>` to implement `From<CBORError>`
[INFO] [stdout]     = note: required for `Result<SequenceBuffer<'_>, Box<dyn std::error::Error>>` to implement `FromResidual<Result<Infallible, CBORError>>`
[INFO] [stdout] 
[INFO] [stdout] 
[INFO] [stdout] error[E0277]: the trait bound `CBORError: std::error::Error` is not satisfied
[INFO] [stdout]    --> examples/trivial_cose/main.rs:132:40
[INFO] [stdout]     |
[INFO] [stdout] 132 |     enc_buf.insert(&signature.as_ref())?;
[INFO] [stdout]     |                                        ^ the trait `std::error::Error` is not implemented for `CBORError`
[INFO] [stdout]     |
[INFO] [stdout]     = help: the following other types implement trait `FromResidual<R>`:
[INFO] [stdout]               <Result<T, F> as FromResidual<Result<Infallible, E>>>
[INFO] [stdout]               <Result<T, F> as FromResidual<Yeet<E>>>
[INFO] [stdout]     = note: required for `Box<dyn std::error::Error>` to implement `From<CBORError>`
[INFO] [stdout]     = note: required for `Result<(), Box<dyn std::error::Error>>` to implement `FromResidual<Result<Infallible, CBORError>>`
[INFO] [stdout] 
[INFO] [stdout] 
[INFO] [stdout] error[E0277]: the trait bound `CBORError: std::error::Error` is not satisfied
[INFO] [stdout]    --> examples/trivial_cose/main.rs:142:63
[INFO] [stdout]     |
[INFO] [stdout] 142 |     let protected_bldr = protected_bldr.insert_cbor(protected)?;
[INFO] [stdout]     |                                                               ^ the trait `std::error::Error` is not implemented for `CBORError`
[INFO] [stdout]     |
[INFO] [stdout]     = help: the following other types implement trait `FromResidual<R>`:
[INFO] [stdout]               <Result<T, F> as FromResidual<Result<Infallible, E>>>
[INFO] [stdout]               <Result<T, F> as FromResidual<Yeet<E>>>
[INFO] [stdout]     = note: required for `Box<dyn std::error::Error>` to implement `From<CBORError>`
[INFO] [stdout]     = note: required for `Result<(), Box<dyn std::error::Error>>` to implement `FromResidual<Result<Infallible, CBORError>>`
[INFO] [stdout] 
[INFO] [stdout] 
[INFO] [stdout] error[E0277]: the trait bound `CBORError: std::error::Error` is not satisfied
[INFO] [stdout]    --> examples/trivial_cose/main.rs:153:42
[INFO] [stdout]     |
[INFO] [stdout] 153 |         Err(CBORError::MalformedEncoding)?
[INFO] [stdout]     |                                          ^ the trait `std::error::Error` is not implemented for `CBORError`
[INFO] [stdout]     |
[INFO] [stdout]     = help: the following other types implement trait `FromResidual<R>`:
[INFO] [stdout]               <Result<T, F> as FromResidual<Result<Infallible, E>>>
[INFO] [stdout]               <Result<T, F> as FromResidual<Yeet<E>>>
[INFO] [stdout]     = note: required for `Box<dyn std::error::Error>` to implement `From<CBORError>`
[INFO] [stdout]     = note: required for `Result<(), Box<dyn std::error::Error>>` to implement `FromResidual<Result<Infallible, CBORError>>`
[INFO] [stdout] 
[INFO] [stdout] 
[INFO] [stdout] error[E0277]: the trait bound `CBORError: std::error::Error` is not satisfied
[INFO] [stdout]    --> examples/trivial_cose/main.rs:191:8
[INFO] [stdout]     |
[INFO] [stdout] 191 |     }))?;
[INFO] [stdout]     |        ^ the trait `std::error::Error` is not implemented for `CBORError`
[INFO] [stdout]     |
[INFO] [stdout]     = help: the following other types implement trait `FromResidual<R>`:
[INFO] [stdout]               <Result<T, F> as FromResidual<Result<Infallible, E>>>
[INFO] [stdout]               <Result<T, F> as FromResidual<Yeet<E>>>
[INFO] [stdout]     = note: required for `Box<dyn std::error::Error>` to implement `From<CBORError>`
[INFO] [stdout]     = note: required for `Result<(), Box<dyn std::error::Error>>` to implement `FromResidual<Result<Infallible, CBORError>>`
[INFO] [stdout] 
[INFO] [stdout] 
[INFO] [stdout] error[E0277]: the trait bound `CBORError: std::error::Error` is not satisfied
[INFO] [stdout]    --> examples/trivial_cose/main.rs:193:35
[INFO] [stdout]     |
[INFO] [stdout] 193 |     let bytes = enc_struct.build()?;
[INFO] [stdout]     |                                   ^ the trait `std::error::Error` is not implemented for `CBORError`
[INFO] [stdout]     |
[INFO] [stdout]     = help: the following other types implement trait `FromResidual<R>`:
[INFO] [stdout]               <Result<T, F> as FromResidual<Result<Infallible, E>>>
[INFO] [stdout]               <Result<T, F> as FromResidual<Yeet<E>>>
[INFO] [stdout]     = note: required for `Box<dyn std::error::Error>` to implement `From<CBORError>`
[INFO] [stdout]     = note: required for `Result<(), Box<dyn std::error::Error>>` to implement `FromResidual<Result<Infallible, CBORError>>`
[INFO] [stdout] 
[INFO] [stdout] 
[INFO] [stdout] error[E0599]: no method named `cbor_diag` found for struct `SequenceBuffer` in the current scope
[INFO] [stdout]    --> examples/trivial_cose/main.rs:196:11
[INFO] [stdout]     |
[INFO] [stdout] 196 |     bytes.cbor_diag(&mut fp)?;
[INFO] [stdout]     |           ^^^^^^^^^ method not found in `SequenceBuffer<'_>`
[INFO] [stdout] 
[INFO] [stdout] 
[INFO] [stdout] error[E0277]: the trait bound `CBORError: std::error::Error` is not satisfied
[INFO] [stdout]    --> examples/trivial_cose/main.rs:233:11
[INFO] [stdout]     |
[INFO] [stdout] 233 |         })?;
[INFO] [stdout]     |           ^ the trait `std::error::Error` is not implemented for `CBORError`
[INFO] [stdout]     |
[INFO] [stdout]     = help: the following other types implement trait `FromResidual<R>`:
[INFO] [stdout]               <Result<T, F> as FromResidual<Result<Infallible, E>>>
[INFO] [stdout]               <Result<T, F> as FromResidual<Yeet<E>>>
[INFO] [stdout]     = note: required for `Box<dyn std::error::Error>` to implement `From<CBORError>`
[INFO] [stdout]     = note: required for `Result<(), Box<dyn std::error::Error>>` to implement `FromResidual<Result<Infallible, CBORError>>`
[INFO] [stdout] 
[INFO] [stdout] 
[INFO] [stdout] error: aborting due to 10 previous errors
[INFO] [stdout] 
[INFO] [stdout] 
[INFO] [stdout] Some errors have detailed explanations: E0277, E0432, E0599.
[INFO] [stdout] 
[INFO] [stdout] For more information about an error, try `rustc --explain E0277`.
[INFO] [stdout] 
[INFO] [stderr] error: could not compile `tps_minicbor` due to 11 previous errors
[INFO] [stderr] warning: build failed, waiting for other jobs to finish...
[INFO] running `Command { std: "docker" "inspect" "ffc658d9f9d6b60205e69b341167be32460bfc6c8dafd43cefce895561a46fcc", kill_on_drop: false }`
[INFO] running `Command { std: "docker" "rm" "-f" "ffc658d9f9d6b60205e69b341167be32460bfc6c8dafd43cefce895561a46fcc", kill_on_drop: false }`
[INFO] [stdout] ffc658d9f9d6b60205e69b341167be32460bfc6c8dafd43cefce895561a46fcc
