[INFO] fetching crate tokio-timer-futures2 0.2.1...
[INFO] testing tokio-timer-futures2-0.2.1 against beta-2023-04-20 for beta-1.70-1
[INFO] extracting crate tokio-timer-futures2 0.2.1 into /workspace/builds/worker-6-tc2/source
[INFO] validating manifest of crates.io crate tokio-timer-futures2 0.2.1 on toolchain beta-2023-04-20
[INFO] running `Command { std: CARGO_HOME="/workspace/cargo-home" RUSTUP_HOME="/workspace/rustup-home" "/workspace/cargo-home/bin/cargo" "+beta-2023-04-20" "metadata" "--manifest-path" "Cargo.toml" "--no-deps", kill_on_drop: false }`
[INFO] started tweaking crates.io crate tokio-timer-futures2 0.2.1
[INFO] finished tweaking crates.io crate tokio-timer-futures2 0.2.1
[INFO] tweaked toml for crates.io crate tokio-timer-futures2 0.2.1 written to /workspace/builds/worker-6-tc2/source/Cargo.toml
[INFO] running `Command { std: CARGO_HOME="/workspace/cargo-home" RUSTUP_HOME="/workspace/rustup-home" __CARGO_TEST_CHANNEL_OVERRIDE_DO_NOT_USE_THIS="nightly" "/workspace/cargo-home/bin/cargo" "+beta-2023-04-20" "generate-lockfile" "--manifest-path" "Cargo.toml" "-Zno-index-update", kill_on_drop: false }`
[INFO] running `Command { std: CARGO_HOME="/workspace/cargo-home" RUSTUP_HOME="/workspace/rustup-home" "/workspace/cargo-home/bin/cargo" "+beta-2023-04-20" "fetch" "--manifest-path" "Cargo.toml", kill_on_drop: false }`
[INFO] [stderr]  Downloading crates ...
[INFO] [stderr]   Downloaded futures-core v0.2.1
[INFO] [stderr]   Downloaded slab v0.3.0
[INFO] running `Command { std: "docker" "create" "-v" "/var/lib/crater-agent-workspace/builds/worker-6-tc2/target:/opt/rustwide/target:rw,Z" "-v" "/var/lib/crater-agent-workspace/builds/worker-6-tc2/source:/opt/rustwide/workdir:ro,Z" "-v" "/var/lib/crater-agent-workspace/cargo-home:/opt/rustwide/cargo-home:ro,Z" "-v" "/var/lib/crater-agent-workspace/rustup-home:/opt/rustwide/rustup-home:ro,Z" "-e" "SOURCE_DIR=/opt/rustwide/workdir" "-e" "CARGO_TARGET_DIR=/opt/rustwide/target" "-e" "CARGO_HOME=/opt/rustwide/cargo-home" "-e" "RUSTUP_HOME=/opt/rustwide/rustup-home" "-w" "/opt/rustwide/workdir" "-m" "1610612736" "--user" "0:0" "--network" "none" "ghcr.io/rust-lang/crates-build-env/linux@sha256:5ff2268d62e97bff2cde7d5815dd6ed5b47097566f13b8d0ca110b04b60e07ed" "/opt/rustwide/cargo-home/bin/cargo" "+beta-2023-04-20" "metadata" "--no-deps" "--format-version=1", kill_on_drop: false }`
[INFO] [stdout] 046e5d7d3ee853c549d94f11b1827ab27c9c3536b810705c6c46888e15f456cb
[INFO] running `Command { std: "docker" "start" "-a" "046e5d7d3ee853c549d94f11b1827ab27c9c3536b810705c6c46888e15f456cb", kill_on_drop: false }`
[INFO] running `Command { std: "docker" "inspect" "046e5d7d3ee853c549d94f11b1827ab27c9c3536b810705c6c46888e15f456cb", kill_on_drop: false }`
[INFO] running `Command { std: "docker" "rm" "-f" "046e5d7d3ee853c549d94f11b1827ab27c9c3536b810705c6c46888e15f456cb", kill_on_drop: false }`
[INFO] [stdout] 046e5d7d3ee853c549d94f11b1827ab27c9c3536b810705c6c46888e15f456cb
[INFO] running `Command { std: "docker" "create" "-v" "/var/lib/crater-agent-workspace/builds/worker-6-tc2/target:/opt/rustwide/target:rw,Z" "-v" "/var/lib/crater-agent-workspace/builds/worker-6-tc2/source:/opt/rustwide/workdir:ro,Z" "-v" "/var/lib/crater-agent-workspace/cargo-home:/opt/rustwide/cargo-home:ro,Z" "-v" "/var/lib/crater-agent-workspace/rustup-home:/opt/rustwide/rustup-home:ro,Z" "-e" "SOURCE_DIR=/opt/rustwide/workdir" "-e" "CARGO_TARGET_DIR=/opt/rustwide/target" "-e" "CARGO_INCREMENTAL=0" "-e" "RUST_BACKTRACE=full" "-e" "RUSTFLAGS=--cap-lints=warn" "-e" "RUSTDOCFLAGS=--cap-lints=warn" "-e" "CARGO_HOME=/opt/rustwide/cargo-home" "-e" "RUSTUP_HOME=/opt/rustwide/rustup-home" "-w" "/opt/rustwide/workdir" "-m" "1610612736" "--user" "0:0" "--network" "none" "ghcr.io/rust-lang/crates-build-env/linux@sha256:5ff2268d62e97bff2cde7d5815dd6ed5b47097566f13b8d0ca110b04b60e07ed" "/opt/rustwide/cargo-home/bin/cargo" "+beta-2023-04-20" "build" "--frozen" "--message-format=json", kill_on_drop: false }`
[INFO] [stdout] ee37f97ae1a233a452ca100c60593ee07ab815340f08b669dba13dd33df1724b
[INFO] running `Command { std: "docker" "start" "-a" "ee37f97ae1a233a452ca100c60593ee07ab815340f08b669dba13dd33df1724b", kill_on_drop: false }`
[INFO] [stderr]    Compiling either v1.8.1
[INFO] [stderr]    Compiling slab v0.3.0
[INFO] [stderr]    Compiling futures-core v0.2.1
[INFO] [stderr]    Compiling tokio-timer-futures2 v0.2.1 (/opt/rustwide/workdir)
[INFO] [stdout] warning: use of deprecated method `std::error::Error::description`: use the Display impl or to_string()
[INFO] [stdout]    --> src/timer.rs:430:34
[INFO] [stdout]     |
[INFO] [stdout] 430 |         write!(fmt, "{}", Error::description(self))
[INFO] [stdout]     |                                  ^^^^^^^^^^^
[INFO] [stdout]     |
[INFO] [stdout] note: the lint level is defined here
[INFO] [stdout]    --> src/lib.rs:88:9
[INFO] [stdout]     |
[INFO] [stdout] 88  | #![deny(warnings, missing_docs, missing_debug_implementations)]
[INFO] [stdout]     |         ^^^^^^^^
[INFO] [stdout]     = note: `#[warn(deprecated)]` implied by `#[warn(warnings)]`
[INFO] [stdout] 
[INFO] [stdout] 
[INFO] [stdout] warning: use of deprecated method `std::error::Error::description`: use the Display impl or to_string()
[INFO] [stdout]    --> src/timer.rs:445:34
[INFO] [stdout]     |
[INFO] [stdout] 445 |         write!(fmt, "{}", Error::description(self))
[INFO] [stdout]     |                                  ^^^^^^^^^^^
[INFO] [stdout] 
[INFO] [stdout] 
[INFO] [stdout] warning: use of deprecated method `std::error::Error::description`: use the Display impl or to_string()
[INFO] [stdout]    --> src/timer.rs:451:34
[INFO] [stdout]     |
[INFO] [stdout] 451 |         write!(fmt, "{}", Error::description(self))
[INFO] [stdout]     |                                  ^^^^^^^^^^^
[INFO] [stdout] 
[INFO] [stdout] 
[INFO] [stdout] warning: use of deprecated method `std::sync::atomic::AtomicUsize::compare_and_swap`: Use `compare_exchange` or `compare_exchange_weak` instead
[INFO] [stdout]   --> src/mpmc.rs:77:52
[INFO] [stdout]    |
[INFO] [stdout] 77 |                 let enqueue_pos = self.enqueue_pos.compare_and_swap(pos, pos + 1, Relaxed);
[INFO] [stdout]    |                                                    ^^^^^^^^^^^^^^^^
[INFO] [stdout] 
[INFO] [stdout] 
[INFO] [stdout] warning: use of deprecated method `std::sync::atomic::AtomicUsize::compare_and_swap`: Use `compare_exchange` or `compare_exchange_weak` instead
[INFO] [stdout]    --> src/mpmc.rs:111:52
[INFO] [stdout]     |
[INFO] [stdout] 111 |                 let dequeue_pos = self.dequeue_pos.compare_and_swap(pos, pos + 1, Relaxed);
[INFO] [stdout]     |                                                    ^^^^^^^^^^^^^^^^
[INFO] [stdout] 
[INFO] [stdout] 
[INFO] [stdout] warning: 5 warnings emitted
[INFO] [stdout] 
[INFO] [stdout] 
[INFO] [stderr]     Finished dev [unoptimized + debuginfo] target(s) in 0.90s
[INFO] running `Command { std: "docker" "inspect" "ee37f97ae1a233a452ca100c60593ee07ab815340f08b669dba13dd33df1724b", kill_on_drop: false }`
[INFO] running `Command { std: "docker" "rm" "-f" "ee37f97ae1a233a452ca100c60593ee07ab815340f08b669dba13dd33df1724b", kill_on_drop: false }`
[INFO] [stdout] ee37f97ae1a233a452ca100c60593ee07ab815340f08b669dba13dd33df1724b
[INFO] running `Command { std: "docker" "create" "-v" "/var/lib/crater-agent-workspace/builds/worker-6-tc2/target:/opt/rustwide/target:rw,Z" "-v" "/var/lib/crater-agent-workspace/builds/worker-6-tc2/source:/opt/rustwide/workdir:ro,Z" "-v" "/var/lib/crater-agent-workspace/cargo-home:/opt/rustwide/cargo-home:ro,Z" "-v" "/var/lib/crater-agent-workspace/rustup-home:/opt/rustwide/rustup-home:ro,Z" "-e" "SOURCE_DIR=/opt/rustwide/workdir" "-e" "CARGO_TARGET_DIR=/opt/rustwide/target" "-e" "CARGO_INCREMENTAL=0" "-e" "RUST_BACKTRACE=full" "-e" "RUSTFLAGS=--cap-lints=warn" "-e" "RUSTDOCFLAGS=--cap-lints=warn" "-e" "CARGO_HOME=/opt/rustwide/cargo-home" "-e" "RUSTUP_HOME=/opt/rustwide/rustup-home" "-w" "/opt/rustwide/workdir" "-m" "1610612736" "--user" "0:0" "--network" "none" "ghcr.io/rust-lang/crates-build-env/linux@sha256:5ff2268d62e97bff2cde7d5815dd6ed5b47097566f13b8d0ca110b04b60e07ed" "/opt/rustwide/cargo-home/bin/cargo" "+beta-2023-04-20" "test" "--frozen" "--no-run" "--message-format=json", kill_on_drop: false }`
[INFO] [stdout] 2dce712da6c730a147b267f96083676c4db72020f2f00e69d7e995199266b611
[INFO] running `Command { std: "docker" "start" "-a" "2dce712da6c730a147b267f96083676c4db72020f2f00e69d7e995199266b611", kill_on_drop: false }`
[INFO] [stderr]    Compiling tokio-timer-futures2 v0.2.1 (/opt/rustwide/workdir)
[INFO] [stdout] warning: use of deprecated method `std::error::Error::description`: use the Display impl or to_string()
[INFO] [stdout]    --> src/timer.rs:430:34
[INFO] [stdout]     |
[INFO] [stdout] 430 |         write!(fmt, "{}", Error::description(self))
[INFO] [stdout]     |                                  ^^^^^^^^^^^
[INFO] [stdout]     |
[INFO] [stdout] note: the lint level is defined here
[INFO] [stdout]    --> src/lib.rs:88:9
[INFO] [stdout]     |
[INFO] [stdout] 88  | #![deny(warnings, missing_docs, missing_debug_implementations)]
[INFO] [stdout]     |         ^^^^^^^^
[INFO] [stdout]     = note: `#[warn(deprecated)]` implied by `#[warn(warnings)]`
[INFO] [stdout] 
[INFO] [stdout] 
[INFO] [stdout] warning: use of deprecated method `std::error::Error::description`: use the Display impl or to_string()
[INFO] [stdout]    --> src/timer.rs:445:34
[INFO] [stdout]     |
[INFO] [stdout] 445 |         write!(fmt, "{}", Error::description(self))
[INFO] [stdout]     |                                  ^^^^^^^^^^^
[INFO] [stdout] 
[INFO] [stdout] 
[INFO] [stdout] warning: use of deprecated method `std::error::Error::description`: use the Display impl or to_string()
[INFO] [stdout]    --> src/timer.rs:451:34
[INFO] [stdout]     |
[INFO] [stdout] 451 |         write!(fmt, "{}", Error::description(self))
[INFO] [stdout]     |                                  ^^^^^^^^^^^
[INFO] [stdout] 
[INFO] [stdout] 
[INFO] [stdout] warning: use of deprecated method `std::sync::atomic::AtomicUsize::compare_and_swap`: Use `compare_exchange` or `compare_exchange_weak` instead
[INFO] [stdout]   --> src/mpmc.rs:77:52
[INFO] [stdout]    |
[INFO] [stdout] 77 |                 let enqueue_pos = self.enqueue_pos.compare_and_swap(pos, pos + 1, Relaxed);
[INFO] [stdout]    |                                                    ^^^^^^^^^^^^^^^^
[INFO] [stdout] 
[INFO] [stdout] 
[INFO] [stdout] warning: use of deprecated method `std::sync::atomic::AtomicUsize::compare_and_swap`: Use `compare_exchange` or `compare_exchange_weak` instead
[INFO] [stdout]    --> src/mpmc.rs:111:52
[INFO] [stdout]     |
[INFO] [stdout] 111 |                 let dequeue_pos = self.dequeue_pos.compare_and_swap(pos, pos + 1, Relaxed);
[INFO] [stdout]     |                                                    ^^^^^^^^^^^^^^^^
[INFO] [stdout] 
[INFO] [stdout] 
[INFO] [stdout] warning: 5 warnings emitted
[INFO] [stdout] 
[INFO] [stdout] 
[INFO] [stdout] error[E0463]: can't find crate for `futures`
[INFO] [stdout]  --> tests/test_timer.rs:1:1
[INFO] [stdout]   |
[INFO] [stdout] 1 | extern crate futures;
[INFO] [stdout]   | ^^^^^^^^^^^^^^^^^^^^^ can't find crate
[INFO] [stdout] 
[INFO] [stdout] 
[INFO] [stdout] error[E0463]: can't find crate for `tokio_timer`
[INFO] [stdout]  --> tests/test_timer.rs:2:1
[INFO] [stdout]   |
[INFO] [stdout] 2 | extern crate tokio_timer as timer;
[INFO] [stdout]   | ^^^^^^^^^^^^^^^^^^^^^^^^^^^^^^^^^^ can't find crate
[INFO] [stdout] 
[INFO] [stdout] 
[INFO] [stdout] warning: use of deprecated method `std::error::Error::description`: use the Display impl or to_string()
[INFO] [stdout]    --> src/timer.rs:430:34
[INFO] [stdout]     |
[INFO] [stdout] 430 |         write!(fmt, "{}", Error::description(self))
[INFO] [stdout]     |                                  ^^^^^^^^^^^
[INFO] [stdout]     |
[INFO] [stdout] note: the lint level is defined here
[INFO] [stdout]    --> src/lib.rs:88:9
[INFO] [stdout]     |
[INFO] [stdout] 88  | #![deny(warnings, missing_docs, missing_debug_implementations)]
[INFO] [stdout]     |         ^^^^^^^^
[INFO] [stdout]     = note: `#[warn(deprecated)]` implied by `#[warn(warnings)]`
[INFO] [stdout] 
[INFO] [stdout] 
[INFO] [stdout] warning: use of deprecated method `std::error::Error::description`: use the Display impl or to_string()
[INFO] [stdout]    --> src/timer.rs:445:34
[INFO] [stdout]     |
[INFO] [stdout] 445 |         write!(fmt, "{}", Error::description(self))
[INFO] [stdout]     |                                  ^^^^^^^^^^^
[INFO] [stdout] 
[INFO] [stdout] 
[INFO] [stdout] warning: use of deprecated method `std::error::Error::description`: use the Display impl or to_string()
[INFO] [stdout]    --> src/timer.rs:451:34
[INFO] [stdout]     |
[INFO] [stdout] 451 |         write!(fmt, "{}", Error::description(self))
[INFO] [stdout]     |                                  ^^^^^^^^^^^
[INFO] [stdout] 
[INFO] [stdout] 
[INFO] [stdout] error[E0433]: failed to resolve: use of undeclared type `Timer`
[INFO] [stdout]   --> tests/test_timer.rs:17:17
[INFO] [stdout]    |
[INFO] [stdout] 17 |     let timer = Timer::default();
[INFO] [stdout]    |                 ^^^^^ use of undeclared type `Timer`
[INFO] [stdout] 
[INFO] [stdout] 
[INFO] [stdout] error[E0433]: failed to resolve: use of undeclared type `Async`
[INFO] [stdout]   --> tests/test_timer.rs:21:16
[INFO] [stdout]    |
[INFO] [stdout] 21 |     assert_eq!(Async::Ready(()), t.poll(cx).unwrap());
[INFO] [stdout]    |                ^^^^^ use of undeclared type `Async`
[INFO] [stdout] 
[INFO] [stdout] 
[INFO] [stdout] error[E0433]: failed to resolve: use of undeclared type `Timer`
[INFO] [stdout]   --> tests/test_timer.rs:26:17
[INFO] [stdout]    |
[INFO] [stdout] 26 |     let timer = Timer::default();
[INFO] [stdout]    |                 ^^^^^ use of undeclared type `Timer`
[INFO] [stdout] 
[INFO] [stdout] 
[INFO] [stdout] error[E0433]: failed to resolve: use of undeclared type `Timer`
[INFO] [stdout]   --> tests/test_timer.rs:40:17
[INFO] [stdout]    |
[INFO] [stdout] 40 |     let timer = Timer::default();
[INFO] [stdout]    |                 ^^^^^ use of undeclared type `Timer`
[INFO] [stdout] 
[INFO] [stdout] 
[INFO] [stdout] error[E0433]: failed to resolve: use of undeclared type `Timer`
[INFO] [stdout]   --> tests/test_timer.rs:95:17
[INFO] [stdout]    |
[INFO] [stdout] 95 |     let timer = Timer::default();
[INFO] [stdout]    |                 ^^^^^ use of undeclared type `Timer`
[INFO] [stdout] 
[INFO] [stdout] 
[INFO] [stdout] error[E0433]: failed to resolve: use of undeclared type `Timer`
[INFO] [stdout]    --> tests/test_timer.rs:119:17
[INFO] [stdout]     |
[INFO] [stdout] 119 |     let timer = Timer::default();
[INFO] [stdout]     |                 ^^^^^ use of undeclared type `Timer`
[INFO] [stdout] 
[INFO] [stdout] 
[INFO] [stdout] error[E0433]: failed to resolve: use of undeclared type `Timer`
[INFO] [stdout]    --> tests/test_timer.rs:139:17
[INFO] [stdout]     |
[INFO] [stdout] 139 |     let timer = Timer::default();
[INFO] [stdout]     |                 ^^^^^ use of undeclared type `Timer`
[INFO] [stdout] 
[INFO] [stdout] 
[INFO] [stdout] error[E0433]: failed to resolve: use of undeclared type `Timer`
[INFO] [stdout]    --> tests/test_timer.rs:166:17
[INFO] [stdout]     |
[INFO] [stdout] 166 |     let timer = Timer::default();
[INFO] [stdout]     |                 ^^^^^ use of undeclared type `Timer`
[INFO] [stdout] 
[INFO] [stdout] 
[INFO] [stdout] error[E0433]: failed to resolve: use of undeclared type `Timer`
[INFO] [stdout]    --> tests/test_timer.rs:199:17
[INFO] [stdout]     |
[INFO] [stdout] 199 |     let timer = Timer::default();
[INFO] [stdout]     |                 ^^^^^ use of undeclared type `Timer`
[INFO] [stdout] 
[INFO] [stdout] 
[INFO] [stdout] error[E0433]: failed to resolve: use of undeclared type `Timer`
[INFO] [stdout]    --> tests/test_timer.rs:238:17
[INFO] [stdout]     |
[INFO] [stdout] 238 |     let timer = Timer::default();
[INFO] [stdout]     |                 ^^^^^ use of undeclared type `Timer`
[INFO] [stdout] 
[INFO] [stdout] 
[INFO] [stdout] error[E0433]: failed to resolve: use of undeclared type `Timer`
[INFO] [stdout]    --> tests/test_timer.rs:251:17
[INFO] [stdout]     |
[INFO] [stdout] 251 |     let timer = Timer::default();
[INFO] [stdout]     |                 ^^^^^ use of undeclared type `Timer`
[INFO] [stdout] 
[INFO] [stdout] 
[INFO] [stdout] error[E0433]: failed to resolve: use of undeclared type `Timer`
[INFO] [stdout]    --> tests/test_timer.rs:265:17
[INFO] [stdout]     |
[INFO] [stdout] 265 |     let timer = Timer::default();
[INFO] [stdout]     |                 ^^^^^ use of undeclared type `Timer`
[INFO] [stdout] 
[INFO] [stdout] 
[INFO] [stdout] error[E0433]: failed to resolve: use of undeclared type `Timer`
[INFO] [stdout]    --> tests/test_timer.rs:279:17
[INFO] [stdout]     |
[INFO] [stdout] 279 |     let timer = Timer::default();
[INFO] [stdout]     |                 ^^^^^ use of undeclared type `Timer`
[INFO] [stdout] 
[INFO] [stdout] 
[INFO] [stdout] error[E0433]: failed to resolve: use of undeclared type `Timer`
[INFO] [stdout]    --> tests/test_timer.rs:294:17
[INFO] [stdout]     |
[INFO] [stdout] 294 |     let timer = Timer::default();
[INFO] [stdout]     |                 ^^^^^ use of undeclared type `Timer`
[INFO] [stdout] 
[INFO] [stdout] 
[INFO] [stdout] warning: use of deprecated method `std::sync::atomic::AtomicUsize::compare_and_swap`: Use `compare_exchange` or `compare_exchange_weak` instead
[INFO] [stdout]   --> src/mpmc.rs:77:52
[INFO] [stdout]    |
[INFO] [stdout] 77 |                 let enqueue_pos = self.enqueue_pos.compare_and_swap(pos, pos + 1, Relaxed);
[INFO] [stdout]    |                                                    ^^^^^^^^^^^^^^^^
[INFO] [stdout] 
[INFO] [stdout] 
[INFO] [stdout] warning: use of deprecated method `std::sync::atomic::AtomicUsize::compare_and_swap`: Use `compare_exchange` or `compare_exchange_weak` instead
[INFO] [stdout]    --> src/mpmc.rs:111:52
[INFO] [stdout]     |
[INFO] [stdout] 111 |                 let dequeue_pos = self.dequeue_pos.compare_and_swap(pos, pos + 1, Relaxed);
[INFO] [stdout]     |                                                    ^^^^^^^^^^^^^^^^
[INFO] [stdout] 
[INFO] [stdout] 
[INFO] [stdout] error: aborting due to 16 previous errors
[INFO] [stdout] 
[INFO] [stdout] 
[INFO] [stdout] Some errors have detailed explanations: E0433, E0463.
[INFO] [stdout] 
[INFO] [stdout] For more information about an error, try `rustc --explain E0433`.
[INFO] [stdout] 
[INFO] [stderr] error: could not compile `tokio-timer-futures2` (test "test_timer") due to 17 previous errors
[INFO] [stderr] warning: build failed, waiting for other jobs to finish...
[INFO] [stdout] warning: 5 warnings emitted
[INFO] [stdout] 
[INFO] [stdout] 
[INFO] running `Command { std: "docker" "inspect" "2dce712da6c730a147b267f96083676c4db72020f2f00e69d7e995199266b611", kill_on_drop: false }`
[INFO] running `Command { std: "docker" "rm" "-f" "2dce712da6c730a147b267f96083676c4db72020f2f00e69d7e995199266b611", kill_on_drop: false }`
[INFO] [stdout] 2dce712da6c730a147b267f96083676c4db72020f2f00e69d7e995199266b611
