[INFO] fetching crate tokio-stream 0.1.14...
[INFO] testing tokio-stream-0.1.14 against 1.69.0 for beta-1.70-1
[INFO] extracting crate tokio-stream 0.1.14 into /workspace/builds/worker-2-tc1/source
[INFO] validating manifest of crates.io crate tokio-stream 0.1.14 on toolchain 1.69.0
[INFO] running `Command { std: CARGO_HOME="/workspace/cargo-home" RUSTUP_HOME="/workspace/rustup-home" "/workspace/cargo-home/bin/cargo" "+1.69.0" "metadata" "--manifest-path" "Cargo.toml" "--no-deps", kill_on_drop: false }`
[INFO] started tweaking crates.io crate tokio-stream 0.1.14
[INFO] finished tweaking crates.io crate tokio-stream 0.1.14
[INFO] tweaked toml for crates.io crate tokio-stream 0.1.14 written to /workspace/builds/worker-2-tc1/source/Cargo.toml
[INFO] running `Command { std: CARGO_HOME="/workspace/cargo-home" RUSTUP_HOME="/workspace/rustup-home" __CARGO_TEST_CHANNEL_OVERRIDE_DO_NOT_USE_THIS="nightly" "/workspace/cargo-home/bin/cargo" "+1.69.0" "generate-lockfile" "--manifest-path" "Cargo.toml" "-Zno-index-update", kill_on_drop: false }`
[INFO] running `Command { std: CARGO_HOME="/workspace/cargo-home" RUSTUP_HOME="/workspace/rustup-home" "/workspace/cargo-home/bin/cargo" "+1.69.0" "fetch" "--manifest-path" "Cargo.toml", kill_on_drop: false }`
[INFO] running `Command { std: "docker" "create" "-v" "/var/lib/crater-agent-workspace/builds/worker-2-tc1/target:/opt/rustwide/target:rw,Z" "-v" "/var/lib/crater-agent-workspace/builds/worker-2-tc1/source:/opt/rustwide/workdir:ro,Z" "-v" "/var/lib/crater-agent-workspace/cargo-home:/opt/rustwide/cargo-home:ro,Z" "-v" "/var/lib/crater-agent-workspace/rustup-home:/opt/rustwide/rustup-home:ro,Z" "-e" "SOURCE_DIR=/opt/rustwide/workdir" "-e" "CARGO_TARGET_DIR=/opt/rustwide/target" "-e" "CARGO_HOME=/opt/rustwide/cargo-home" "-e" "RUSTUP_HOME=/opt/rustwide/rustup-home" "-w" "/opt/rustwide/workdir" "-m" "1610612736" "--user" "0:0" "--network" "none" "ghcr.io/rust-lang/crates-build-env/linux@sha256:5ff2268d62e97bff2cde7d5815dd6ed5b47097566f13b8d0ca110b04b60e07ed" "/opt/rustwide/cargo-home/bin/cargo" "+1.69.0" "metadata" "--no-deps" "--format-version=1", kill_on_drop: false }`
[INFO] [stdout] 6292872245f6f81e572d8caba5d92f14335e94f67eda175630c9c11052ef5928
[INFO] running `Command { std: "docker" "start" "-a" "6292872245f6f81e572d8caba5d92f14335e94f67eda175630c9c11052ef5928", kill_on_drop: false }`
[INFO] running `Command { std: "docker" "inspect" "6292872245f6f81e572d8caba5d92f14335e94f67eda175630c9c11052ef5928", kill_on_drop: false }`
[INFO] running `Command { std: "docker" "rm" "-f" "6292872245f6f81e572d8caba5d92f14335e94f67eda175630c9c11052ef5928", kill_on_drop: false }`
[INFO] [stdout] 6292872245f6f81e572d8caba5d92f14335e94f67eda175630c9c11052ef5928
[INFO] running `Command { std: "docker" "create" "-v" "/var/lib/crater-agent-workspace/builds/worker-2-tc1/target:/opt/rustwide/target:rw,Z" "-v" "/var/lib/crater-agent-workspace/builds/worker-2-tc1/source:/opt/rustwide/workdir:ro,Z" "-v" "/var/lib/crater-agent-workspace/cargo-home:/opt/rustwide/cargo-home:ro,Z" "-v" "/var/lib/crater-agent-workspace/rustup-home:/opt/rustwide/rustup-home:ro,Z" "-e" "SOURCE_DIR=/opt/rustwide/workdir" "-e" "CARGO_TARGET_DIR=/opt/rustwide/target" "-e" "CARGO_INCREMENTAL=0" "-e" "RUST_BACKTRACE=full" "-e" "RUSTFLAGS=--cap-lints=warn" "-e" "RUSTDOCFLAGS=--cap-lints=warn" "-e" "CARGO_HOME=/opt/rustwide/cargo-home" "-e" "RUSTUP_HOME=/opt/rustwide/rustup-home" "-w" "/opt/rustwide/workdir" "-m" "1610612736" "--user" "0:0" "--network" "none" "ghcr.io/rust-lang/crates-build-env/linux@sha256:5ff2268d62e97bff2cde7d5815dd6ed5b47097566f13b8d0ca110b04b60e07ed" "/opt/rustwide/cargo-home/bin/cargo" "+1.69.0" "build" "--frozen" "--message-format=json", kill_on_drop: false }`
[INFO] [stdout] 92e0be5b7374ee4dff9f97d554d58a24e7e925afed4788d302f34be6fc6f195d
[INFO] running `Command { std: "docker" "start" "-a" "92e0be5b7374ee4dff9f97d554d58a24e7e925afed4788d302f34be6fc6f195d", kill_on_drop: false }`
[INFO] [stderr]    Compiling log v0.4.17
[INFO] [stderr]    Compiling tokio v1.28.0
[INFO] [stderr]    Compiling parking_lot_core v0.9.7
[INFO] [stderr]    Compiling signal-hook-registry v1.4.1
[INFO] [stderr]    Compiling socket2 v0.4.9
[INFO] [stderr]    Compiling syn v2.0.15
[INFO] [stderr]    Compiling parking_lot v0.12.1
[INFO] [stderr]    Compiling mio v0.8.6
[INFO] [stderr]    Compiling tokio-macros v2.1.0
[INFO] [stderr]    Compiling tokio-stream v0.1.14 (/opt/rustwide/workdir)
[INFO] [stderr]     Finished dev [unoptimized + debuginfo] target(s) in 8.20s
[INFO] running `Command { std: "docker" "inspect" "92e0be5b7374ee4dff9f97d554d58a24e7e925afed4788d302f34be6fc6f195d", kill_on_drop: false }`
[INFO] running `Command { std: "docker" "rm" "-f" "92e0be5b7374ee4dff9f97d554d58a24e7e925afed4788d302f34be6fc6f195d", kill_on_drop: false }`
[INFO] [stdout] 92e0be5b7374ee4dff9f97d554d58a24e7e925afed4788d302f34be6fc6f195d
[INFO] running `Command { std: "docker" "create" "-v" "/var/lib/crater-agent-workspace/builds/worker-2-tc1/target:/opt/rustwide/target:rw,Z" "-v" "/var/lib/crater-agent-workspace/builds/worker-2-tc1/source:/opt/rustwide/workdir:ro,Z" "-v" "/var/lib/crater-agent-workspace/cargo-home:/opt/rustwide/cargo-home:ro,Z" "-v" "/var/lib/crater-agent-workspace/rustup-home:/opt/rustwide/rustup-home:ro,Z" "-e" "SOURCE_DIR=/opt/rustwide/workdir" "-e" "CARGO_TARGET_DIR=/opt/rustwide/target" "-e" "CARGO_INCREMENTAL=0" "-e" "RUST_BACKTRACE=full" "-e" "RUSTFLAGS=--cap-lints=warn" "-e" "RUSTDOCFLAGS=--cap-lints=warn" "-e" "CARGO_HOME=/opt/rustwide/cargo-home" "-e" "RUSTUP_HOME=/opt/rustwide/rustup-home" "-w" "/opt/rustwide/workdir" "-m" "1610612736" "--user" "0:0" "--network" "none" "ghcr.io/rust-lang/crates-build-env/linux@sha256:5ff2268d62e97bff2cde7d5815dd6ed5b47097566f13b8d0ca110b04b60e07ed" "/opt/rustwide/cargo-home/bin/cargo" "+1.69.0" "test" "--frozen" "--no-run" "--message-format=json", kill_on_drop: false }`
[INFO] [stdout] 6f23090b321182c55ce1920e189cf3de602cf72d47d1ee5ce252e36653f7a207
[INFO] running `Command { std: "docker" "start" "-a" "6f23090b321182c55ce1920e189cf3de602cf72d47d1ee5ce252e36653f7a207", kill_on_drop: false }`
[INFO] [stderr]    Compiling futures-task v0.3.28
[INFO] [stderr]    Compiling futures-channel v0.3.28
[INFO] [stderr]    Compiling futures-sink v0.3.28
[INFO] [stderr]    Compiling futures-util v0.3.28
[INFO] [stderr]    Compiling futures-io v0.3.28
[INFO] [stderr]    Compiling async-stream-impl v0.3.5
[INFO] [stderr]    Compiling async-stream v0.3.5
[INFO] [stderr]    Compiling futures v0.3.28
[INFO] [stderr]    Compiling tokio-stream v0.1.14 (/opt/rustwide/workdir)
[INFO] [stdout] error[E0432]: unresolved import `tokio_test`
[INFO] [stdout]  --> tests/stream_pending.rs:2:5
[INFO] [stdout]   |
[INFO] [stdout] 2 | use tokio_test::{assert_pending, task};
[INFO] [stdout]   |     ^^^^^^^^^^ use of undeclared crate or module `tokio_test`
[INFO] [stdout] 
[INFO] [stdout] 
[INFO] [stdout] error: cannot determine resolution for the macro `assert_pending`
[INFO] [stdout]   --> tests/stream_pending.rs:12:9
[INFO] [stdout]    |
[INFO] [stdout] 12 |         assert_pending!(next.poll());
[INFO] [stdout]    |         ^^^^^^^^^^^^^^
[INFO] [stdout]    |
[INFO] [stdout]    = note: import resolution is stuck, try simplifying macro imports
[INFO] [stdout] 
[INFO] [stdout] 
[INFO] [stdout] error[E0432]: unresolved import `tokio_test`
[INFO] [stdout]  --> tests/stream_iter.rs:2:5
[INFO] [stdout]   |
[INFO] [stdout] 2 | use tokio_test::task;
[INFO] [stdout]   |     ^^^^^^^^^^ use of undeclared crate or module `tokio_test`
[INFO] [stdout] 
[INFO] [stdout] 
[INFO] [stdout] error[E0432]: unresolved import `tokio_test`
[INFO] [stdout]  --> tests/stream_chain.rs:2:5
[INFO] [stdout]   |
[INFO] [stdout] 2 | use tokio_test::{assert_pending, assert_ready, task};
[INFO] [stdout]   |     ^^^^^^^^^^ use of undeclared crate or module `tokio_test`
[INFO] [stdout] 
[INFO] [stdout] 
[INFO] [stdout] error: cannot determine resolution for the macro `assert_pending`
[INFO] [stdout]   --> tests/stream_chain.rs:50:5
[INFO] [stdout]    |
[INFO] [stdout] 50 |     assert_pending!(stream.poll_next());
[INFO] [stdout]    |     ^^^^^^^^^^^^^^
[INFO] [stdout]    |
[INFO] [stdout]    = note: import resolution is stuck, try simplifying macro imports
[INFO] [stdout] 
[INFO] [stdout] 
[INFO] [stdout] error: cannot determine resolution for the macro `assert_pending`
[INFO] [stdout]   --> tests/stream_chain.rs:55:5
[INFO] [stdout]    |
[INFO] [stdout] 55 |     assert_pending!(stream.poll_next());
[INFO] [stdout]    |     ^^^^^^^^^^^^^^
[INFO] [stdout]    |
[INFO] [stdout]    = note: import resolution is stuck, try simplifying macro imports
[INFO] [stdout] 
[INFO] [stdout] 
[INFO] [stdout] error: cannot determine resolution for the macro `assert_ready`
[INFO] [stdout]   --> tests/stream_chain.rs:59:25
[INFO] [stdout]    |
[INFO] [stdout] 59 |     assert_eq!(Some(1), assert_ready!(stream.poll_next()));
[INFO] [stdout]    |                         ^^^^^^^^^^^^
[INFO] [stdout]    |
[INFO] [stdout]    = note: import resolution is stuck, try simplifying macro imports
[INFO] [stdout] 
[INFO] [stdout] 
[INFO] [stdout] error: cannot determine resolution for the macro `assert_pending`
[INFO] [stdout]   --> tests/stream_chain.rs:61:5
[INFO] [stdout]    |
[INFO] [stdout] 61 |     assert_pending!(stream.poll_next());
[INFO] [stdout]    |     ^^^^^^^^^^^^^^
[INFO] [stdout]    |
[INFO] [stdout]    = note: import resolution is stuck, try simplifying macro imports
[INFO] [stdout] 
[INFO] [stdout] 
[INFO] [stdout] error: cannot determine resolution for the macro `assert_ready`
[INFO] [stdout]   --> tests/stream_chain.rs:68:25
[INFO] [stdout]    |
[INFO] [stdout] 68 |     assert_eq!(Some(2), assert_ready!(stream.poll_next()));
[INFO] [stdout]    |                         ^^^^^^^^^^^^
[INFO] [stdout]    |
[INFO] [stdout]    = note: import resolution is stuck, try simplifying macro imports
[INFO] [stdout] 
[INFO] [stdout] 
[INFO] [stdout] error: cannot determine resolution for the macro `assert_ready`
[INFO] [stdout]   --> tests/stream_chain.rs:75:22
[INFO] [stdout]    |
[INFO] [stdout] 75 |     assert_eq!(None, assert_ready!(stream.poll_next()));
[INFO] [stdout]    |                      ^^^^^^^^^^^^
[INFO] [stdout]    |
[INFO] [stdout]    = note: import resolution is stuck, try simplifying macro imports
[INFO] [stdout] 
[INFO] [stdout] 
[INFO] [stdout] error: aborting due to previous error
[INFO] [stdout] 
[INFO] [stdout] 
[INFO] [stdout] For more information about this error, try `rustc --explain E0432`.
[INFO] [stdout] 
[INFO] [stdout] error: aborting due to 2 previous errors
[INFO] [stdout] 
[INFO] [stdout] 
[INFO] [stdout] For more information about this error, try `rustc --explain E0432`.
[INFO] [stdout] 
[INFO] [stderr] error: could not compile `tokio-stream` due to 2 previous errors
[INFO] [stderr] warning: build failed, waiting for other jobs to finish...
[INFO] [stderr] error: could not compile `tokio-stream` due to 3 previous errors
[INFO] [stdout] error[E0432]: unresolved import `tokio_test`
[INFO] [stdout]  --> tests/stream_merge.rs:2:5
[INFO] [stdout]   |
[INFO] [stdout] 2 | use tokio_test::task;
[INFO] [stdout]   |     ^^^^^^^^^^ use of undeclared crate or module `tokio_test`
[INFO] [stdout] 
[INFO] [stdout] 
[INFO] [stdout] error[E0432]: unresolved import `tokio_test`
[INFO] [stdout]  --> tests/stream_merge.rs:3:5
[INFO] [stdout]   |
[INFO] [stdout] 3 | use tokio_test::{assert_pending, assert_ready};
[INFO] [stdout]   |     ^^^^^^^^^^ use of undeclared crate or module `tokio_test`
[INFO] [stdout] 
[INFO] [stdout] 
[INFO] [stdout] error: cannot determine resolution for the macro `assert_pending`
[INFO] [stdout]   --> tests/stream_merge.rs:33:5
[INFO] [stdout]    |
[INFO] [stdout] 33 |     assert_pending!(rx.poll_next());
[INFO] [stdout]    |     ^^^^^^^^^^^^^^
[INFO] [stdout]    |
[INFO] [stdout]    = note: import resolution is stuck, try simplifying macro imports
[INFO] [stdout] 
[INFO] [stdout] 
[INFO] [stdout] error: cannot determine resolution for the macro `assert_ready`
[INFO] [stdout]   --> tests/stream_merge.rs:38:25
[INFO] [stdout]    |
[INFO] [stdout] 38 |     assert_eq!(Some(1), assert_ready!(rx.poll_next()));
[INFO] [stdout]    |                         ^^^^^^^^^^^^
[INFO] [stdout]    |
[INFO] [stdout]    = note: import resolution is stuck, try simplifying macro imports
[INFO] [stdout] 
[INFO] [stdout] 
[INFO] [stdout] error: cannot determine resolution for the macro `assert_pending`
[INFO] [stdout]   --> tests/stream_merge.rs:40:5
[INFO] [stdout]    |
[INFO] [stdout] 40 |     assert_pending!(rx.poll_next());
[INFO] [stdout]    |     ^^^^^^^^^^^^^^
[INFO] [stdout]    |
[INFO] [stdout]    = note: import resolution is stuck, try simplifying macro imports
[INFO] [stdout] 
[INFO] [stdout] 
[INFO] [stdout] error: cannot determine resolution for the macro `assert_ready`
[INFO] [stdout]   --> tests/stream_merge.rs:44:25
[INFO] [stdout]    |
[INFO] [stdout] 44 |     assert_eq!(Some(2), assert_ready!(rx.poll_next()));
[INFO] [stdout]    |                         ^^^^^^^^^^^^
[INFO] [stdout]    |
[INFO] [stdout]    = note: import resolution is stuck, try simplifying macro imports
[INFO] [stdout] 
[INFO] [stdout] 
[INFO] [stdout] error: cannot determine resolution for the macro `assert_pending`
[INFO] [stdout]   --> tests/stream_merge.rs:45:5
[INFO] [stdout]    |
[INFO] [stdout] 45 |     assert_pending!(rx.poll_next());
[INFO] [stdout]    |     ^^^^^^^^^^^^^^
[INFO] [stdout]    |
[INFO] [stdout]    = note: import resolution is stuck, try simplifying macro imports
[INFO] [stdout] 
[INFO] [stdout] 
[INFO] [stdout] error: cannot determine resolution for the macro `assert_pending`
[INFO] [stdout]   --> tests/stream_merge.rs:49:5
[INFO] [stdout]    |
[INFO] [stdout] 49 |     assert_pending!(rx.poll_next());
[INFO] [stdout]    |     ^^^^^^^^^^^^^^
[INFO] [stdout]    |
[INFO] [stdout]    = note: import resolution is stuck, try simplifying macro imports
[INFO] [stdout] 
[INFO] [stdout] 
[INFO] [stdout] error: cannot determine resolution for the macro `assert_ready`
[INFO] [stdout]   --> tests/stream_merge.rs:53:25
[INFO] [stdout]    |
[INFO] [stdout] 53 |     assert_eq!(Some(3), assert_ready!(rx.poll_next()));
[INFO] [stdout]    |                         ^^^^^^^^^^^^
[INFO] [stdout]    |
[INFO] [stdout]    = note: import resolution is stuck, try simplifying macro imports
[INFO] [stdout] 
[INFO] [stdout] 
[INFO] [stdout] error: cannot determine resolution for the macro `assert_pending`
[INFO] [stdout]   --> tests/stream_merge.rs:54:5
[INFO] [stdout]    |
[INFO] [stdout] 54 |     assert_pending!(rx.poll_next());
[INFO] [stdout]    |     ^^^^^^^^^^^^^^
[INFO] [stdout]    |
[INFO] [stdout]    = note: import resolution is stuck, try simplifying macro imports
[INFO] [stdout] 
[INFO] [stdout] 
[INFO] [stdout] error: cannot determine resolution for the macro `assert_ready`
[INFO] [stdout]   --> tests/stream_merge.rs:58:22
[INFO] [stdout]    |
[INFO] [stdout] 58 |     assert_eq!(None, assert_ready!(rx.poll_next()));
[INFO] [stdout]    |                      ^^^^^^^^^^^^
[INFO] [stdout]    |
[INFO] [stdout]    = note: import resolution is stuck, try simplifying macro imports
[INFO] [stdout] 
[INFO] [stdout] 
[INFO] [stdout] error[E0432]: unresolved import `tokio_test`
[INFO] [stdout]  --> tests/stream_collect.rs:2:5
[INFO] [stdout]   |
[INFO] [stdout] 2 | use tokio_test::{assert_pending, assert_ready, assert_ready_err, assert_ready_ok, task};
[INFO] [stdout]   |     ^^^^^^^^^^ use of undeclared crate or module `tokio_test`
[INFO] [stdout] 
[INFO] [stdout] 
[INFO] [stdout] error: cannot determine resolution for the macro `assert_pending`
[INFO] [stdout]   --> tests/stream_collect.rs:48:5
[INFO] [stdout]    |
[INFO] [stdout] 48 |     assert_pending!(fut.poll());
[INFO] [stdout]    |     ^^^^^^^^^^^^^^
[INFO] [stdout]    |
[INFO] [stdout]    = note: import resolution is stuck, try simplifying macro imports
[INFO] [stdout] 
[INFO] [stdout] 
[INFO] [stdout] error: cannot determine resolution for the macro `assert_pending`
[INFO] [stdout]   --> tests/stream_collect.rs:52:5
[INFO] [stdout]    |
[INFO] [stdout] 52 |     assert_pending!(fut.poll());
[INFO] [stdout]    |     ^^^^^^^^^^^^^^
[INFO] [stdout]    |
[INFO] [stdout]    = note: import resolution is stuck, try simplifying macro imports
[INFO] [stdout] 
[INFO] [stdout] 
[INFO] [stdout] error: cannot determine resolution for the macro `assert_pending`
[INFO] [stdout]   --> tests/stream_collect.rs:56:5
[INFO] [stdout]    |
[INFO] [stdout] 56 |     assert_pending!(fut.poll());
[INFO] [stdout]    |     ^^^^^^^^^^^^^^
[INFO] [stdout]    |
[INFO] [stdout]    = note: import resolution is stuck, try simplifying macro imports
[INFO] [stdout] 
[INFO] [stdout] 
[INFO] [stdout] error: cannot determine resolution for the macro `assert_ready`
[INFO] [stdout]   --> tests/stream_collect.rs:60:16
[INFO] [stdout]    |
[INFO] [stdout] 60 |     let coll = assert_ready!(fut.poll());
[INFO] [stdout]    |                ^^^^^^^^^^^^
[INFO] [stdout]    |
[INFO] [stdout]    = note: import resolution is stuck, try simplifying macro imports
[INFO] [stdout] 
[INFO] [stdout] 
[INFO] [stdout] error: cannot determine resolution for the macro `assert_pending`
[INFO] [stdout]   --> tests/stream_collect.rs:70:5
[INFO] [stdout]    |
[INFO] [stdout] 70 |     assert_pending!(fut.poll());
[INFO] [stdout]    |     ^^^^^^^^^^^^^^
[INFO] [stdout]    |
[INFO] [stdout]    = note: import resolution is stuck, try simplifying macro imports
[INFO] [stdout] 
[INFO] [stdout] 
[INFO] [stdout] error: cannot determine resolution for the macro `assert_pending`
[INFO] [stdout]   --> tests/stream_collect.rs:74:5
[INFO] [stdout]    |
[INFO] [stdout] 74 |     assert_pending!(fut.poll());
[INFO] [stdout]    |     ^^^^^^^^^^^^^^
[INFO] [stdout]    |
[INFO] [stdout]    = note: import resolution is stuck, try simplifying macro imports
[INFO] [stdout] 
[INFO] [stdout] 
[INFO] [stdout] error: cannot determine resolution for the macro `assert_pending`
[INFO] [stdout]   --> tests/stream_collect.rs:78:5
[INFO] [stdout]    |
[INFO] [stdout] 78 |     assert_pending!(fut.poll());
[INFO] [stdout]    |     ^^^^^^^^^^^^^^
[INFO] [stdout]    |
[INFO] [stdout]    = note: import resolution is stuck, try simplifying macro imports
[INFO] [stdout] 
[INFO] [stdout] 
[INFO] [stdout] error: cannot determine resolution for the macro `assert_ready`
[INFO] [stdout]   --> tests/stream_collect.rs:82:16
[INFO] [stdout]    |
[INFO] [stdout] 82 |     let coll = assert_ready!(fut.poll());
[INFO] [stdout]    |                ^^^^^^^^^^^^
[INFO] [stdout]    |
[INFO] [stdout]    = note: import resolution is stuck, try simplifying macro imports
[INFO] [stdout] 
[INFO] [stdout] 
[INFO] [stdout] error: cannot determine resolution for the macro `assert_pending`
[INFO] [stdout]   --> tests/stream_collect.rs:92:5
[INFO] [stdout]    |
[INFO] [stdout] 92 |     assert_pending!(fut.poll());
[INFO] [stdout]    |     ^^^^^^^^^^^^^^
[INFO] [stdout]    |
[INFO] [stdout]    = note: import resolution is stuck, try simplifying macro imports
[INFO] [stdout] 
[INFO] [stdout] 
[INFO] [stdout] error: cannot determine resolution for the macro `assert_pending`
[INFO] [stdout]   --> tests/stream_collect.rs:96:5
[INFO] [stdout]    |
[INFO] [stdout] 96 |     assert_pending!(fut.poll());
[INFO] [stdout]    |     ^^^^^^^^^^^^^^
[INFO] [stdout]    |
[INFO] [stdout]    = note: import resolution is stuck, try simplifying macro imports
[INFO] [stdout] 
[INFO] [stdout] 
[INFO] [stdout] error: cannot determine resolution for the macro `assert_pending`
[INFO] [stdout]    --> tests/stream_collect.rs:100:5
[INFO] [stdout]     |
[INFO] [stdout] 100 |     assert_pending!(fut.poll());
[INFO] [stdout]     |     ^^^^^^^^^^^^^^
[INFO] [stdout]     |
[INFO] [stdout]     = note: import resolution is stuck, try simplifying macro imports
[INFO] [stdout] 
[INFO] [stdout] 
[INFO] [stdout] error: cannot determine resolution for the macro `assert_ready`
[INFO] [stdout]    --> tests/stream_collect.rs:104:16
[INFO] [stdout]     |
[INFO] [stdout] 104 |     let coll = assert_ready!(fut.poll());
[INFO] [stdout]     |                ^^^^^^^^^^^^
[INFO] [stdout]     |
[INFO] [stdout]     = note: import resolution is stuck, try simplifying macro imports
[INFO] [stdout] 
[INFO] [stdout] 
[INFO] [stdout] error: cannot determine resolution for the macro `assert_pending`
[INFO] [stdout]    --> tests/stream_collect.rs:114:5
[INFO] [stdout]     |
[INFO] [stdout] 114 |     assert_pending!(fut.poll());
[INFO] [stdout]     |     ^^^^^^^^^^^^^^
[INFO] [stdout]     |
[INFO] [stdout]     = note: import resolution is stuck, try simplifying macro imports
[INFO] [stdout] 
[INFO] [stdout] 
[INFO] [stdout] error: cannot determine resolution for the macro `assert_pending`
[INFO] [stdout]    --> tests/stream_collect.rs:118:5
[INFO] [stdout]     |
[INFO] [stdout] 118 |     assert_pending!(fut.poll());
[INFO] [stdout]     |     ^^^^^^^^^^^^^^
[INFO] [stdout]     |
[INFO] [stdout]     = note: import resolution is stuck, try simplifying macro imports
[INFO] [stdout] 
[INFO] [stdout] 
[INFO] [stdout] error: cannot determine resolution for the macro `assert_pending`
[INFO] [stdout]    --> tests/stream_collect.rs:122:5
[INFO] [stdout]     |
[INFO] [stdout] 122 |     assert_pending!(fut.poll());
[INFO] [stdout]     |     ^^^^^^^^^^^^^^
[INFO] [stdout]     |
[INFO] [stdout]     = note: import resolution is stuck, try simplifying macro imports
[INFO] [stdout] 
[INFO] [stdout] 
[INFO] [stdout] error: cannot determine resolution for the macro `assert_ready_ok`
[INFO] [stdout]    --> tests/stream_collect.rs:126:16
[INFO] [stdout]     |
[INFO] [stdout] 126 |     let coll = assert_ready_ok!(fut.poll());
[INFO] [stdout]     |                ^^^^^^^^^^^^^^^
[INFO] [stdout]     |
[INFO] [stdout]     = note: import resolution is stuck, try simplifying macro imports
[INFO] [stdout] 
[INFO] [stdout] 
[INFO] [stdout] error: cannot determine resolution for the macro `assert_pending`
[INFO] [stdout]    --> tests/stream_collect.rs:136:5
[INFO] [stdout]     |
[INFO] [stdout] 136 |     assert_pending!(fut.poll());
[INFO] [stdout]     |     ^^^^^^^^^^^^^^
[INFO] [stdout]     |
[INFO] [stdout]     = note: import resolution is stuck, try simplifying macro imports
[INFO] [stdout] 
[INFO] [stdout] 
[INFO] [stdout] error: cannot determine resolution for the macro `assert_pending`
[INFO] [stdout]    --> tests/stream_collect.rs:140:5
[INFO] [stdout]     |
[INFO] [stdout] 140 |     assert_pending!(fut.poll());
[INFO] [stdout]     |     ^^^^^^^^^^^^^^
[INFO] [stdout]     |
[INFO] [stdout]     = note: import resolution is stuck, try simplifying macro imports
[INFO] [stdout] 
[INFO] [stdout] 
[INFO] [stdout] error: cannot determine resolution for the macro `assert_ready_err`
[INFO] [stdout]    --> tests/stream_collect.rs:144:15
[INFO] [stdout]     |
[INFO] [stdout] 144 |     let err = assert_ready_err!(fut.poll());
[INFO] [stdout]     |               ^^^^^^^^^^^^^^^^
[INFO] [stdout]     |
[INFO] [stdout]     = note: import resolution is stuck, try simplifying macro imports
[INFO] [stdout] 
[INFO] [stdout] 
[INFO] [stdout] error: aborting due to 7 previous errors
[INFO] [stdout] 
[INFO] [stdout] 
[INFO] [stdout] For more information about this error, try `rustc --explain E0432`.
[INFO] [stdout] 
[INFO] [stderr] error: could not compile `tokio-stream` due to 8 previous errors
[INFO] [stdout] error[E0432]: unresolved import `tokio_test`
[INFO] [stdout]  --> tests/stream_stream_map.rs:2:5
[INFO] [stdout]   |
[INFO] [stdout] 2 | use tokio_test::{assert_ok, assert_pending, assert_ready, task};
[INFO] [stdout]   |     ^^^^^^^^^^ use of undeclared crate or module `tokio_test`
[INFO] [stdout] 
[INFO] [stdout] 
[INFO] [stdout] error: cannot determine resolution for the macro `assert_ready`
[INFO] [stdout]   --> tests/stream_stream_map.rs:23:15
[INFO] [stdout]    |
[INFO] [stdout] 23 |         match assert_ready!($($t)*) {
[INFO] [stdout]    |               ^^^^^^^^^^^^
[INFO] [stdout] ...
[INFO] [stdout] 49 |     assert_ready_none!(map.poll_next());
[INFO] [stdout]    |     ----------------------------------- in this macro invocation
[INFO] [stdout]    |
[INFO] [stdout]    = note: import resolution is stuck, try simplifying macro imports
[INFO] [stdout]    = note: this error originates in the macro `assert_ready_none` (in Nightly builds, run with -Z macro-backtrace for more info)
[INFO] [stdout] 
[INFO] [stdout] 
[INFO] [stdout] error: cannot determine resolution for the macro `assert_pending`
[INFO] [stdout]   --> tests/stream_stream_map.rs:58:5
[INFO] [stdout]    |
[INFO] [stdout] 58 |     assert_pending!(map.poll_next());
[INFO] [stdout]    |     ^^^^^^^^^^^^^^
[INFO] [stdout]    |
[INFO] [stdout]    = note: import resolution is stuck, try simplifying macro imports
[INFO] [stdout] 
[INFO] [stdout] 
[INFO] [stdout] error: cannot determine resolution for the macro `assert_ok`
[INFO] [stdout]   --> tests/stream_stream_map.rs:60:5
[INFO] [stdout]    |
[INFO] [stdout] 60 |     assert_ok!(tx.send(1));
[INFO] [stdout]    |     ^^^^^^^^^
[INFO] [stdout]    |
[INFO] [stdout]    = note: import resolution is stuck, try simplifying macro imports
[INFO] [stdout] 
[INFO] [stdout] 
[INFO] [stdout] error: cannot determine resolution for the macro `assert_ready`
[INFO] [stdout]   --> tests/stream_stream_map.rs:14:15
[INFO] [stdout]    |
[INFO] [stdout] 14 |         match assert_ready!($($t)*) {
[INFO] [stdout]    |               ^^^^^^^^^^^^
[INFO] [stdout] ...
[INFO] [stdout] 63 |     let (k, v) = assert_ready_some!(map.poll_next());
[INFO] [stdout]    |                  ----------------------------------- in this macro invocation
[INFO] [stdout]    |
[INFO] [stdout]    = note: import resolution is stuck, try simplifying macro imports
[INFO] [stdout]    = note: this error originates in the macro `assert_ready_some` (in Nightly builds, run with -Z macro-backtrace for more info)
[INFO] [stdout] 
[INFO] [stdout] 
[INFO] [stdout] error: cannot determine resolution for the macro `assert_pending`
[INFO] [stdout]   --> tests/stream_stream_map.rs:67:5
[INFO] [stdout]    |
[INFO] [stdout] 67 |     assert_pending!(map.poll_next());
[INFO] [stdout]    |     ^^^^^^^^^^^^^^
[INFO] [stdout]    |
[INFO] [stdout]    = note: import resolution is stuck, try simplifying macro imports
[INFO] [stdout] 
[INFO] [stdout] 
[INFO] [stdout] error: cannot determine resolution for the macro `assert_ok`
[INFO] [stdout]   --> tests/stream_stream_map.rs:69:5
[INFO] [stdout]    |
[INFO] [stdout] 69 |     assert_ok!(tx.send(2));
[INFO] [stdout]    |     ^^^^^^^^^
[INFO] [stdout]    |
[INFO] [stdout]    = note: import resolution is stuck, try simplifying macro imports
[INFO] [stdout] 
[INFO] [stdout] 
[INFO] [stdout] error: cannot determine resolution for the macro `assert_ready`
[INFO] [stdout]   --> tests/stream_stream_map.rs:14:15
[INFO] [stdout]    |
[INFO] [stdout] 14 |         match assert_ready!($($t)*) {
[INFO] [stdout]    |               ^^^^^^^^^^^^
[INFO] [stdout] ...
[INFO] [stdout] 72 |     let (k, v) = assert_ready_some!(map.poll_next());
[INFO] [stdout]    |                  ----------------------------------- in this macro invocation
[INFO] [stdout]    |
[INFO] [stdout]    = note: import resolution is stuck, try simplifying macro imports
[INFO] [stdout]    = note: this error originates in the macro `assert_ready_some` (in Nightly builds, run with -Z macro-backtrace for more info)
[INFO] [stdout] 
[INFO] [stdout] 
[INFO] [stdout] error: cannot determine resolution for the macro `assert_pending`
[INFO] [stdout]   --> tests/stream_stream_map.rs:76:5
[INFO] [stdout]    |
[INFO] [stdout] 76 |     assert_pending!(map.poll_next());
[INFO] [stdout]    |     ^^^^^^^^^^^^^^
[INFO] [stdout]    |
[INFO] [stdout]    = note: import resolution is stuck, try simplifying macro imports
[INFO] [stdout] 
[INFO] [stdout] 
[INFO] [stdout] error: cannot determine resolution for the macro `assert_ready`
[INFO] [stdout]   --> tests/stream_stream_map.rs:23:15
[INFO] [stdout]    |
[INFO] [stdout] 23 |         match assert_ready!($($t)*) {
[INFO] [stdout]    |               ^^^^^^^^^^^^
[INFO] [stdout] ...
[INFO] [stdout] 79 |     assert_ready_none!(map.poll_next());
[INFO] [stdout]    |     ----------------------------------- in this macro invocation
[INFO] [stdout]    |
[INFO] [stdout]    = note: import resolution is stuck, try simplifying macro imports
[INFO] [stdout]    = note: this error originates in the macro `assert_ready_none` (in Nightly builds, run with -Z macro-backtrace for more info)
[INFO] [stdout] 
[INFO] [stdout] 
[INFO] [stdout] error: cannot determine resolution for the macro `assert_pending`
[INFO] [stdout]   --> tests/stream_stream_map.rs:94:5
[INFO] [stdout]    |
[INFO] [stdout] 94 |     assert_pending!(map.poll_next());
[INFO] [stdout]    |     ^^^^^^^^^^^^^^
[INFO] [stdout]    |
[INFO] [stdout]    = note: import resolution is stuck, try simplifying macro imports
[INFO] [stdout] 
[INFO] [stdout] 
[INFO] [stdout] error: cannot determine resolution for the macro `assert_ok`
[INFO] [stdout]   --> tests/stream_stream_map.rs:96:5
[INFO] [stdout]    |
[INFO] [stdout] 96 |     assert_ok!(tx1.send(1));
[INFO] [stdout]    |     ^^^^^^^^^
[INFO] [stdout]    |
[INFO] [stdout]    = note: import resolution is stuck, try simplifying macro imports
[INFO] [stdout] 
[INFO] [stdout] 
[INFO] [stdout] error: cannot determine resolution for the macro `assert_ready`
[INFO] [stdout]   --> tests/stream_stream_map.rs:14:15
[INFO] [stdout]    |
[INFO] [stdout] 14 |         match assert_ready!($($t)*) {
[INFO] [stdout]    |               ^^^^^^^^^^^^
[INFO] [stdout] ...
[INFO] [stdout] 99 |     let (k, v) = assert_ready_some!(map.poll_next());
[INFO] [stdout]    |                  ----------------------------------- in this macro invocation
[INFO] [stdout]    |
[INFO] [stdout]    = note: import resolution is stuck, try simplifying macro imports
[INFO] [stdout]    = note: this error originates in the macro `assert_ready_some` (in Nightly builds, run with -Z macro-backtrace for more info)
[INFO] [stdout] 
[INFO] [stdout] 
[INFO] [stdout] error: cannot determine resolution for the macro `assert_pending`
[INFO] [stdout]    --> tests/stream_stream_map.rs:103:5
[INFO] [stdout]     |
[INFO] [stdout] 103 |     assert_pending!(map.poll_next());
[INFO] [stdout]     |     ^^^^^^^^^^^^^^
[INFO] [stdout]     |
[INFO] [stdout]     = note: import resolution is stuck, try simplifying macro imports
[INFO] [stdout] 
[INFO] [stdout] 
[INFO] [stdout] error: cannot determine resolution for the macro `assert_ok`
[INFO] [stdout]    --> tests/stream_stream_map.rs:105:5
[INFO] [stdout]     |
[INFO] [stdout] 105 |     assert_ok!(tx2.send(2));
[INFO] [stdout]     |     ^^^^^^^^^
[INFO] [stdout]     |
[INFO] [stdout]     = note: import resolution is stuck, try simplifying macro imports
[INFO] [stdout] 
[INFO] [stdout] 
[INFO] [stdout] error: cannot determine resolution for the macro `assert_ready`
[INFO] [stdout]    --> tests/stream_stream_map.rs:14:15
[INFO] [stdout]     |
[INFO] [stdout] 14  |         match assert_ready!($($t)*) {
[INFO] [stdout]     |               ^^^^^^^^^^^^
[INFO] [stdout] ...
[INFO] [stdout] 108 |     let (k, v) = assert_ready_some!(map.poll_next());
[INFO] [stdout]     |                  ----------------------------------- in this macro invocation
[INFO] [stdout]     |
[INFO] [stdout]     = note: import resolution is stuck, try simplifying macro imports
[INFO] [stdout]     = note: this error originates in the macro `assert_ready_some` (in Nightly builds, run with -Z macro-backtrace for more info)
[INFO] [stdout] 
[INFO] [stdout] 
[INFO] [stdout] error: cannot determine resolution for the macro `assert_pending`
[INFO] [stdout]    --> tests/stream_stream_map.rs:112:5
[INFO] [stdout]     |
[INFO] [stdout] 112 |     assert_pending!(map.poll_next());
[INFO] [stdout]     |     ^^^^^^^^^^^^^^
[INFO] [stdout]     |
[INFO] [stdout]     = note: import resolution is stuck, try simplifying macro imports
[INFO] [stdout] 
[INFO] [stdout] 
[INFO] [stdout] error: cannot determine resolution for the macro `assert_ok`
[INFO] [stdout]    --> tests/stream_stream_map.rs:114:5
[INFO] [stdout]     |
[INFO] [stdout] 114 |     assert_ok!(tx1.send(3));
[INFO] [stdout]     |     ^^^^^^^^^
[INFO] [stdout]     |
[INFO] [stdout]     = note: import resolution is stuck, try simplifying macro imports
[INFO] [stdout] 
[INFO] [stdout] 
[INFO] [stdout] error: cannot determine resolution for the macro `assert_ok`
[INFO] [stdout]    --> tests/stream_stream_map.rs:115:5
[INFO] [stdout]     |
[INFO] [stdout] 115 |     assert_ok!(tx2.send(4));
[INFO] [stdout]     |     ^^^^^^^^^
[INFO] [stdout]     |
[INFO] [stdout]     = note: import resolution is stuck, try simplifying macro imports
[INFO] [stdout] 
[INFO] [stdout] 
[INFO] [stdout] error: cannot determine resolution for the macro `assert_ready`
[INFO] [stdout]    --> tests/stream_stream_map.rs:14:15
[INFO] [stdout]     |
[INFO] [stdout] 14  |         match assert_ready!($($t)*) {
[INFO] [stdout]     |               ^^^^^^^^^^^^
[INFO] [stdout] ...
[INFO] [stdout] 122 |         .map(|_| assert_ready_some!(map.poll_next()))
[INFO] [stdout]     |                  ----------------------------------- in this macro invocation
[INFO] [stdout]     |
[INFO] [stdout]     = note: import resolution is stuck, try simplifying macro imports
[INFO] [stdout]     = note: this error originates in the macro `assert_ready_some` (in Nightly builds, run with -Z macro-backtrace for more info)
[INFO] [stdout] 
[INFO] [stdout] 
[INFO] [stdout] error: cannot determine resolution for the macro `assert_pending`
[INFO] [stdout]    --> tests/stream_stream_map.rs:125:5
[INFO] [stdout]     |
[INFO] [stdout] 125 |     assert_pending!(map.poll_next());
[INFO] [stdout]     |     ^^^^^^^^^^^^^^
[INFO] [stdout]     |
[INFO] [stdout]     = note: import resolution is stuck, try simplifying macro imports
[INFO] [stdout] 
[INFO] [stdout] 
[INFO] [stdout] error: cannot determine resolution for the macro `assert_pending`
[INFO] [stdout]    --> tests/stream_stream_map.rs:135:5
[INFO] [stdout]     |
[INFO] [stdout] 135 |     assert_pending!(map.poll_next());
[INFO] [stdout]     |     ^^^^^^^^^^^^^^
[INFO] [stdout]     |
[INFO] [stdout]     = note: import resolution is stuck, try simplifying macro imports
[INFO] [stdout] 
[INFO] [stdout] 
[INFO] [stdout] error: cannot determine resolution for the macro `assert_ready`
[INFO] [stdout]    --> tests/stream_stream_map.rs:23:15
[INFO] [stdout]     |
[INFO] [stdout] 23  |         match assert_ready!($($t)*) {
[INFO] [stdout]     |               ^^^^^^^^^^^^
[INFO] [stdout] ...
[INFO] [stdout] 138 |     assert_ready_none!(map.poll_next());
[INFO] [stdout]     |     ----------------------------------- in this macro invocation
[INFO] [stdout]     |
[INFO] [stdout]     = note: import resolution is stuck, try simplifying macro imports
[INFO] [stdout]     = note: this error originates in the macro `assert_ready_none` (in Nightly builds, run with -Z macro-backtrace for more info)
[INFO] [stdout] 
[INFO] [stdout] 
[INFO] [stdout] error: cannot determine resolution for the macro `assert_ready`
[INFO] [stdout]    --> tests/stream_stream_map.rs:23:15
[INFO] [stdout]     |
[INFO] [stdout] 23  |         match assert_ready!($($t)*) {
[INFO] [stdout]     |               ^^^^^^^^^^^^
[INFO] [stdout] ...
[INFO] [stdout] 148 |     assert_ready_none!(map.poll_next());
[INFO] [stdout]     |     ----------------------------------- in this macro invocation
[INFO] [stdout]     |
[INFO] [stdout]     = note: import resolution is stuck, try simplifying macro imports
[INFO] [stdout]     = note: this error originates in the macro `assert_ready_none` (in Nightly builds, run with -Z macro-backtrace for more info)
[INFO] [stdout] 
[INFO] [stdout] 
[INFO] [stdout] error: cannot determine resolution for the macro `assert_ok`
[INFO] [stdout]    --> tests/stream_stream_map.rs:153:5
[INFO] [stdout]     |
[INFO] [stdout] 153 |     assert_ok!(tx.send(1));
[INFO] [stdout]     |     ^^^^^^^^^
[INFO] [stdout]     |
[INFO] [stdout]     = note: import resolution is stuck, try simplifying macro imports
[INFO] [stdout] 
[INFO] [stdout] 
[INFO] [stdout] error: cannot determine resolution for the macro `assert_ready`
[INFO] [stdout]    --> tests/stream_stream_map.rs:23:15
[INFO] [stdout]     |
[INFO] [stdout] 23  |         match assert_ready!($($t)*) {
[INFO] [stdout]     |               ^^^^^^^^^^^^
[INFO] [stdout] ...
[INFO] [stdout] 156 |     assert_ready_none!(map.poll_next());
[INFO] [stdout]     |     ----------------------------------- in this macro invocation
[INFO] [stdout]     |
[INFO] [stdout]     = note: import resolution is stuck, try simplifying macro imports
[INFO] [stdout]     = note: this error originates in the macro `assert_ready_none` (in Nightly builds, run with -Z macro-backtrace for more info)
[INFO] [stdout] 
[INFO] [stdout] 
[INFO] [stdout] error: cannot determine resolution for the macro `assert_ready`
[INFO] [stdout]    --> tests/stream_stream_map.rs:14:15
[INFO] [stdout]     |
[INFO] [stdout] 14  |         match assert_ready!($($t)*) {
[INFO] [stdout]     |               ^^^^^^^^^^^^
[INFO] [stdout] ...
[INFO] [stdout] 160 |     let v = assert_ready_some!(map.poll_next());
[INFO] [stdout]     |             ----------------------------------- in this macro invocation
[INFO] [stdout]     |
[INFO] [stdout]     = note: import resolution is stuck, try simplifying macro imports
[INFO] [stdout]     = note: this error originates in the macro `assert_ready_some` (in Nightly builds, run with -Z macro-backtrace for more info)
[INFO] [stdout] 
[INFO] [stdout] 
[INFO] [stdout] error: cannot determine resolution for the macro `assert_ready`
[INFO] [stdout]    --> tests/stream_stream_map.rs:23:15
[INFO] [stdout]     |
[INFO] [stdout] 23  |         match assert_ready!($($t)*) {
[INFO] [stdout]     |               ^^^^^^^^^^^^
[INFO] [stdout] ...
[INFO] [stdout] 165 |     assert_ready_none!(map.poll_next());
[INFO] [stdout]     |     ----------------------------------- in this macro invocation
[INFO] [stdout]     |
[INFO] [stdout]     = note: import resolution is stuck, try simplifying macro imports
[INFO] [stdout]     = note: this error originates in the macro `assert_ready_none` (in Nightly builds, run with -Z macro-backtrace for more info)
[INFO] [stdout] 
[INFO] [stdout] 
[INFO] [stdout] error: cannot determine resolution for the macro `assert_pending`
[INFO] [stdout]    --> tests/stream_stream_map.rs:182:5
[INFO] [stdout]     |
[INFO] [stdout] 182 |     assert_pending!(map.poll_next());
[INFO] [stdout]     |     ^^^^^^^^^^^^^^
[INFO] [stdout]     |
[INFO] [stdout]     = note: import resolution is stuck, try simplifying macro imports
[INFO] [stdout] 
[INFO] [stdout] 
[INFO] [stdout] error: cannot determine resolution for the macro `assert_pending`
[INFO] [stdout]    --> tests/stream_stream_map.rs:186:5
[INFO] [stdout]     |
[INFO] [stdout] 186 |     assert_pending!(map.poll_next());
[INFO] [stdout]     |     ^^^^^^^^^^^^^^
[INFO] [stdout]     |
[INFO] [stdout]     = note: import resolution is stuck, try simplifying macro imports
[INFO] [stdout] 
[INFO] [stdout] 
[INFO] [stdout] error: cannot determine resolution for the macro `assert_pending`
[INFO] [stdout]    --> tests/stream_stream_map.rs:189:5
[INFO] [stdout]     |
[INFO] [stdout] 189 |     assert_pending!(map.poll_next());
[INFO] [stdout]     |     ^^^^^^^^^^^^^^
[INFO] [stdout]     |
[INFO] [stdout]     = note: import resolution is stuck, try simplifying macro imports
[INFO] [stdout] 
[INFO] [stdout] 
[INFO] [stdout] error: cannot determine resolution for the macro `assert_ready`
[INFO] [stdout]    --> tests/stream_stream_map.rs:14:15
[INFO] [stdout]     |
[INFO] [stdout] 14  |         match assert_ready!($($t)*) {
[INFO] [stdout]     |               ^^^^^^^^^^^^
[INFO] [stdout] ...
[INFO] [stdout] 193 |     let v = assert_ready_some!(map.poll_next());
[INFO] [stdout]     |             ----------------------------------- in this macro invocation
[INFO] [stdout]     |
[INFO] [stdout]     = note: import resolution is stuck, try simplifying macro imports
[INFO] [stdout]     = note: this error originates in the macro `assert_ready_some` (in Nightly builds, run with -Z macro-backtrace for more info)
[INFO] [stdout] 
[INFO] [stdout] 
[INFO] [stdout] error: cannot determine resolution for the macro `assert_ready`
[INFO] [stdout]    --> tests/stream_stream_map.rs:14:15
[INFO] [stdout]     |
[INFO] [stdout] 14  |         match assert_ready!($($t)*) {
[INFO] [stdout]     |               ^^^^^^^^^^^^
[INFO] [stdout] ...
[INFO] [stdout] 296 |     assert_ready_some!(map.poll_next());
[INFO] [stdout]     |     ----------------------------------- in this macro invocation
[INFO] [stdout]     |
[INFO] [stdout]     = note: import resolution is stuck, try simplifying macro imports
[INFO] [stdout]     = note: this error originates in the macro `assert_ready_some` (in Nightly builds, run with -Z macro-backtrace for more info)
[INFO] [stdout] 
[INFO] [stdout] 
[INFO] [stdout] error: cannot determine resolution for the macro `assert_ready`
[INFO] [stdout]    --> tests/stream_stream_map.rs:23:15
[INFO] [stdout]     |
[INFO] [stdout] 23  |         match assert_ready!($($t)*) {
[INFO] [stdout]     |               ^^^^^^^^^^^^
[INFO] [stdout] ...
[INFO] [stdout] 300 |     assert_ready_none!(map.poll_next());
[INFO] [stdout]     |     ----------------------------------- in this macro invocation
[INFO] [stdout]     |
[INFO] [stdout]     = note: import resolution is stuck, try simplifying macro imports
[INFO] [stdout]     = note: this error originates in the macro `assert_ready_none` (in Nightly builds, run with -Z macro-backtrace for more info)
[INFO] [stdout] 
[INFO] [stdout] 
[INFO] [stdout] error: cannot determine resolution for the macro `assert_ready`
[INFO] [stdout]    --> tests/stream_stream_map.rs:14:15
[INFO] [stdout]     |
[INFO] [stdout] 14  |         match assert_ready!($($t)*) {
[INFO] [stdout]     |               ^^^^^^^^^^^^
[INFO] [stdout] ...
[INFO] [stdout] 323 |         let v = assert_ready_some!(map.poll_next());
[INFO] [stdout]     |                 ----------------------------------- in this macro invocation
[INFO] [stdout]     |
[INFO] [stdout]     = note: import resolution is stuck, try simplifying macro imports
[INFO] [stdout]     = note: this error originates in the macro `assert_ready_some` (in Nightly builds, run with -Z macro-backtrace for more info)
[INFO] [stdout] 
[INFO] [stdout] 
[INFO] [stdout] error: aborting due to 20 previous errors
[INFO] [stdout] 
[INFO] [stdout] 
[INFO] [stdout] error: aborting due to 11 previous errors
[INFO] [stdout] 
[INFO] [stdout] 
[INFO] [stdout] For more information about this error, try `rustc --explain E0432`.
[INFO] [stdout] 
[INFO] [stdout] For more information about this error, try `rustc --explain E0432`.
[INFO] [stdout] 
[INFO] [stderr] error: could not compile `tokio-stream` due to 12 previous errors
[INFO] [stderr] error: could not compile `tokio-stream` due to 21 previous errors
[INFO] [stdout] error: aborting due to 35 previous errors
[INFO] [stdout] 
[INFO] [stdout] 
[INFO] [stdout] For more information about this error, try `rustc --explain E0432`.
[INFO] [stdout] 
[INFO] [stderr] error: could not compile `tokio-stream` due to 36 previous errors
[INFO] running `Command { std: "docker" "inspect" "6f23090b321182c55ce1920e189cf3de602cf72d47d1ee5ce252e36653f7a207", kill_on_drop: false }`
[INFO] running `Command { std: "docker" "rm" "-f" "6f23090b321182c55ce1920e189cf3de602cf72d47d1ee5ce252e36653f7a207", kill_on_drop: false }`
[INFO] [stdout] 6f23090b321182c55ce1920e189cf3de602cf72d47d1ee5ce252e36653f7a207
