[INFO] fetching crate tokio-net 0.2.0-alpha.6...
[INFO] testing tokio-net-0.2.0-alpha.6 against beta-2023-04-20 for beta-1.70-1
[INFO] extracting crate tokio-net 0.2.0-alpha.6 into /workspace/builds/worker-2-tc2/source
[INFO] validating manifest of crates.io crate tokio-net 0.2.0-alpha.6 on toolchain beta-2023-04-20
[INFO] running `Command { std: CARGO_HOME="/workspace/cargo-home" RUSTUP_HOME="/workspace/rustup-home" "/workspace/cargo-home/bin/cargo" "+beta-2023-04-20" "metadata" "--manifest-path" "Cargo.toml" "--no-deps", kill_on_drop: false }`
[INFO] started tweaking crates.io crate tokio-net 0.2.0-alpha.6
[INFO] finished tweaking crates.io crate tokio-net 0.2.0-alpha.6
[INFO] tweaked toml for crates.io crate tokio-net 0.2.0-alpha.6 written to /workspace/builds/worker-2-tc2/source/Cargo.toml
[INFO] crate crates.io crate tokio-net 0.2.0-alpha.6 already has a lockfile, it will not be regenerated
[INFO] running `Command { std: CARGO_HOME="/workspace/cargo-home" RUSTUP_HOME="/workspace/rustup-home" "/workspace/cargo-home/bin/cargo" "+beta-2023-04-20" "fetch" "--manifest-path" "Cargo.toml", kill_on_drop: false }`
[INFO] [stderr] warning: Found `test` in `target.'cfg(...)'.dependencies`. This value is not supported for selecting dependencies and will not work as expected. To learn more visit https://doc.rust-lang.org/cargo/reference/specifying-dependencies.html#platform-specific-dependencies
[INFO] [stderr]  Downloading crates ...
[INFO] [stderr]   Downloaded tracing-core v0.1.6
[INFO] [stderr]   Downloaded tokio-executor v0.2.0-alpha.6
[INFO] [stderr]   Downloaded signal-hook-registry v1.1.1
[INFO] [stderr]   Downloaded bitflags v1.2.0
[INFO] [stderr]   Downloaded tokio-sync v0.2.0-alpha.6
[INFO] [stderr]   Downloaded arc-swap v0.4.3
[INFO] [stderr]   Downloaded tokio-codec v0.2.0-alpha.6
[INFO] [stderr]   Downloaded pin-project v0.4.2
[INFO] [stderr]   Downloaded pin-project-internal v0.4.2
[INFO] [stderr]   Downloaded tokio-io v0.2.0-alpha.6
[INFO] [stderr]   Downloaded proc-macro2 v1.0.4
[INFO] [stderr]   Downloaded tracing-attributes v0.1.4
[INFO] running `Command { std: "docker" "create" "-v" "/var/lib/crater-agent-workspace/builds/worker-2-tc2/target:/opt/rustwide/target:rw,Z" "-v" "/var/lib/crater-agent-workspace/builds/worker-2-tc2/source:/opt/rustwide/workdir:ro,Z" "-v" "/var/lib/crater-agent-workspace/cargo-home:/opt/rustwide/cargo-home:ro,Z" "-v" "/var/lib/crater-agent-workspace/rustup-home:/opt/rustwide/rustup-home:ro,Z" "-e" "SOURCE_DIR=/opt/rustwide/workdir" "-e" "CARGO_TARGET_DIR=/opt/rustwide/target" "-e" "CARGO_HOME=/opt/rustwide/cargo-home" "-e" "RUSTUP_HOME=/opt/rustwide/rustup-home" "-w" "/opt/rustwide/workdir" "-m" "1610612736" "--user" "0:0" "--network" "none" "ghcr.io/rust-lang/crates-build-env/linux@sha256:5ff2268d62e97bff2cde7d5815dd6ed5b47097566f13b8d0ca110b04b60e07ed" "/opt/rustwide/cargo-home/bin/cargo" "+beta-2023-04-20" "metadata" "--no-deps" "--format-version=1", kill_on_drop: false }`
[INFO] [stdout] be7c171380e7183ccf116f875cb05d72f7316dce684259dbba4d4dc2af8176b4
[INFO] running `Command { std: "docker" "start" "-a" "be7c171380e7183ccf116f875cb05d72f7316dce684259dbba4d4dc2af8176b4", kill_on_drop: false }`
[INFO] running `Command { std: "docker" "inspect" "be7c171380e7183ccf116f875cb05d72f7316dce684259dbba4d4dc2af8176b4", kill_on_drop: false }`
[INFO] running `Command { std: "docker" "rm" "-f" "be7c171380e7183ccf116f875cb05d72f7316dce684259dbba4d4dc2af8176b4", kill_on_drop: false }`
[INFO] [stdout] be7c171380e7183ccf116f875cb05d72f7316dce684259dbba4d4dc2af8176b4
[INFO] running `Command { std: "docker" "create" "-v" "/var/lib/crater-agent-workspace/builds/worker-2-tc2/target:/opt/rustwide/target:rw,Z" "-v" "/var/lib/crater-agent-workspace/builds/worker-2-tc2/source:/opt/rustwide/workdir:ro,Z" "-v" "/var/lib/crater-agent-workspace/cargo-home:/opt/rustwide/cargo-home:ro,Z" "-v" "/var/lib/crater-agent-workspace/rustup-home:/opt/rustwide/rustup-home:ro,Z" "-e" "SOURCE_DIR=/opt/rustwide/workdir" "-e" "CARGO_TARGET_DIR=/opt/rustwide/target" "-e" "CARGO_INCREMENTAL=0" "-e" "RUST_BACKTRACE=full" "-e" "RUSTFLAGS=--cap-lints=warn" "-e" "RUSTDOCFLAGS=--cap-lints=warn" "-e" "CARGO_HOME=/opt/rustwide/cargo-home" "-e" "RUSTUP_HOME=/opt/rustwide/rustup-home" "-w" "/opt/rustwide/workdir" "-m" "1610612736" "--user" "0:0" "--network" "none" "ghcr.io/rust-lang/crates-build-env/linux@sha256:5ff2268d62e97bff2cde7d5815dd6ed5b47097566f13b8d0ca110b04b60e07ed" "/opt/rustwide/cargo-home/bin/cargo" "+beta-2023-04-20" "build" "--frozen" "--message-format=json", kill_on_drop: false }`
[INFO] [stdout] 16eda1ca07da64d3de5fe1e20c82084c9ef3b366956ef324443fe6c8a6d5535b
[INFO] running `Command { std: "docker" "start" "-a" "16eda1ca07da64d3de5fe1e20c82084c9ef3b366956ef324443fe6c8a6d5535b", kill_on_drop: false }`
[INFO] [stderr] warning: Found `test` in `target.'cfg(...)'.dependencies`. This value is not supported for selecting dependencies and will not work as expected. To learn more visit https://doc.rust-lang.org/cargo/reference/specifying-dependencies.html#platform-specific-dependencies
[INFO] [stderr]    Compiling libc v0.2.62
[INFO] [stderr]    Compiling semver-parser v0.7.0
[INFO] [stderr]    Compiling futures-core-preview v0.3.0-alpha.19
[INFO] [stderr]    Compiling byteorder v1.3.2
[INFO] [stderr]    Compiling log v0.4.8
[INFO] [stderr]    Compiling pin-utils v0.1.0-alpha.4
[INFO] [stderr]    Compiling spin v0.5.2
[INFO] [stderr]    Compiling scopeguard v1.0.0
[INFO] [stderr]    Compiling smallvec v0.6.10
[INFO] [stderr]    Compiling fnv v1.0.6
[INFO] [stderr]    Compiling futures-sink-preview v0.3.0-alpha.19
[INFO] [stderr]    Compiling lock_api v0.3.1
[INFO] [stderr]    Compiling lazy_static v1.4.0
[INFO] [stderr]    Compiling futures-channel-preview v0.3.0-alpha.19
[INFO] [stderr]    Compiling crossbeam-utils v0.6.6
[INFO] [stderr]    Compiling semver v0.9.0
[INFO] [stderr]    Compiling futures-util-preview v0.3.0-alpha.19
[INFO] [stderr]    Compiling rustc_version v0.2.3
[INFO] [stderr]    Compiling parking_lot_core v0.6.2
[INFO] [stderr]    Compiling parking_lot v0.9.0
[INFO] [stderr]    Compiling iovec v0.1.2
[INFO] [stderr]    Compiling net2 v0.2.33
[INFO] [stderr]    Compiling num_cpus v1.10.1
[INFO] [stderr]    Compiling bytes v0.4.12
[INFO] [stderr]    Compiling mio v0.6.19
[INFO] [stderr]    Compiling tokio-io v0.2.0-alpha.6
[INFO] [stderr]    Compiling tokio-codec v0.2.0-alpha.6
[INFO] [stderr]    Compiling tokio-sync v0.2.0-alpha.6
[INFO] [stderr]    Compiling tokio-executor v0.2.0-alpha.6
[INFO] [stderr]    Compiling tokio-net v0.2.0-alpha.6 (/opt/rustwide/workdir)
[INFO] [stdout] warning: lint `intra_doc_link_resolution_failure` has been removed: use `rustdoc::broken_intra_doc_links` instead
[INFO] [stdout]  --> src/lib.rs:8:9
[INFO] [stdout]   |
[INFO] [stdout] 8 | #![deny(intra_doc_link_resolution_failure)]
[INFO] [stdout]   |         ^^^^^^^^^^^^^^^^^^^^^^^^^^^^^^^^^
[INFO] [stdout]   |
[INFO] [stdout]   = note: `#[warn(renamed_and_removed_lints)]` on by default
[INFO] [stdout] 
[INFO] [stdout] 
[INFO] [stdout] warning: use of deprecated method `std::sync::atomic::AtomicUsize::compare_and_swap`: Use `compare_exchange` or `compare_exchange_weak` instead
[INFO] [stdout]    --> src/driver/registration.rs:194:45
[INFO] [stdout]     |
[INFO] [stdout] 194 |                     let actual = self.state.compare_and_swap(INIT, LOCKED, SeqCst);
[INFO] [stdout]     |                                             ^^^^^^^^^^^^^^^^
[INFO] [stdout]     |
[INFO] [stdout]     = note: `#[warn(deprecated)]` on by default
[INFO] [stdout] 
[INFO] [stdout] 
[INFO] [stdout] warning: use of deprecated method `std::sync::atomic::AtomicUsize::compare_and_swap`: Use `compare_exchange` or `compare_exchange_weak` instead
[INFO] [stdout]    --> src/driver/registration.rs:399:45
[INFO] [stdout]     |
[INFO] [stdout] 399 |                     let actual = self.state.compare_and_swap(state, next, SeqCst);
[INFO] [stdout]     |                                             ^^^^^^^^^^^^^^^^
[INFO] [stdout] 
[INFO] [stdout] 
[INFO] [stdout] warning: 3 warnings emitted
[INFO] [stdout] 
[INFO] [stdout] 
[INFO] [stderr]     Finished dev [unoptimized + debuginfo] target(s) in 2.84s
[INFO] running `Command { std: "docker" "inspect" "16eda1ca07da64d3de5fe1e20c82084c9ef3b366956ef324443fe6c8a6d5535b", kill_on_drop: false }`
[INFO] running `Command { std: "docker" "rm" "-f" "16eda1ca07da64d3de5fe1e20c82084c9ef3b366956ef324443fe6c8a6d5535b", kill_on_drop: false }`
[INFO] [stdout] 16eda1ca07da64d3de5fe1e20c82084c9ef3b366956ef324443fe6c8a6d5535b
[INFO] running `Command { std: "docker" "create" "-v" "/var/lib/crater-agent-workspace/builds/worker-2-tc2/target:/opt/rustwide/target:rw,Z" "-v" "/var/lib/crater-agent-workspace/builds/worker-2-tc2/source:/opt/rustwide/workdir:ro,Z" "-v" "/var/lib/crater-agent-workspace/cargo-home:/opt/rustwide/cargo-home:ro,Z" "-v" "/var/lib/crater-agent-workspace/rustup-home:/opt/rustwide/rustup-home:ro,Z" "-e" "SOURCE_DIR=/opt/rustwide/workdir" "-e" "CARGO_TARGET_DIR=/opt/rustwide/target" "-e" "CARGO_INCREMENTAL=0" "-e" "RUST_BACKTRACE=full" "-e" "RUSTFLAGS=--cap-lints=warn" "-e" "RUSTDOCFLAGS=--cap-lints=warn" "-e" "CARGO_HOME=/opt/rustwide/cargo-home" "-e" "RUSTUP_HOME=/opt/rustwide/rustup-home" "-w" "/opt/rustwide/workdir" "-m" "1610612736" "--user" "0:0" "--network" "none" "ghcr.io/rust-lang/crates-build-env/linux@sha256:5ff2268d62e97bff2cde7d5815dd6ed5b47097566f13b8d0ca110b04b60e07ed" "/opt/rustwide/cargo-home/bin/cargo" "+beta-2023-04-20" "test" "--frozen" "--no-run" "--message-format=json", kill_on_drop: false }`
[INFO] [stdout] b6ff253e18d1e4fa0774a5b4217d8b7c680b09a55ef9215ae6a68e1565ea031c
[INFO] running `Command { std: "docker" "start" "-a" "b6ff253e18d1e4fa0774a5b4217d8b7c680b09a55ef9215ae6a68e1565ea031c", kill_on_drop: false }`
[INFO] [stderr] warning: Found `test` in `target.'cfg(...)'.dependencies`. This value is not supported for selecting dependencies and will not work as expected. To learn more visit https://doc.rust-lang.org/cargo/reference/specifying-dependencies.html#platform-specific-dependencies
[INFO] [stderr]     Blocking waiting for file lock on package cache
[INFO] [stderr]    Compiling tokio-net v0.2.0-alpha.6 (/opt/rustwide/workdir)
[INFO] [stdout] warning: lint `intra_doc_link_resolution_failure` has been removed: use `rustdoc::broken_intra_doc_links` instead
[INFO] [stdout]  --> src/lib.rs:8:9
[INFO] [stdout]   |
[INFO] [stdout] 8 | #![deny(intra_doc_link_resolution_failure)]
[INFO] [stdout]   |         ^^^^^^^^^^^^^^^^^^^^^^^^^^^^^^^^^
[INFO] [stdout]   |
[INFO] [stdout]   = note: `#[warn(renamed_and_removed_lints)]` on by default
[INFO] [stdout] 
[INFO] [stdout] 
[INFO] [stdout] warning: use of deprecated method `std::sync::atomic::AtomicUsize::compare_and_swap`: Use `compare_exchange` or `compare_exchange_weak` instead
[INFO] [stdout]    --> src/driver/registration.rs:194:45
[INFO] [stdout]     |
[INFO] [stdout] 194 |                     let actual = self.state.compare_and_swap(INIT, LOCKED, SeqCst);
[INFO] [stdout]     |                                             ^^^^^^^^^^^^^^^^
[INFO] [stdout]     |
[INFO] [stdout]     = note: `#[warn(deprecated)]` on by default
[INFO] [stdout] 
[INFO] [stdout] 
[INFO] [stdout] warning: use of deprecated method `std::sync::atomic::AtomicUsize::compare_and_swap`: Use `compare_exchange` or `compare_exchange_weak` instead
[INFO] [stdout]    --> src/driver/registration.rs:399:45
[INFO] [stdout]     |
[INFO] [stdout] 399 |                     let actual = self.state.compare_and_swap(state, next, SeqCst);
[INFO] [stdout]     |                                             ^^^^^^^^^^^^^^^^
[INFO] [stdout] 
[INFO] [stdout] 
[INFO] [stdout] warning: 3 warnings emitted
[INFO] [stdout] 
[INFO] [stdout] 
[INFO] [stdout] error[E0433]: failed to resolve: use of undeclared crate or module `futures`
[INFO] [stdout]  --> tests/uds_stream.rs:6:5
[INFO] [stdout]   |
[INFO] [stdout] 6 | use futures::future::try_join;
[INFO] [stdout]   |     ^^^^^^^ use of undeclared crate or module `futures`
[INFO] [stdout] 
[INFO] [stdout] 
[INFO] [stdout] error[E0432]: unresolved imports `tokio_net::uds`, `futures::future::try_join`
[INFO] [stdout]  --> tests/uds_stream.rs:4:16
[INFO] [stdout]   |
[INFO] [stdout] 4 | use tokio_net::uds::*;
[INFO] [stdout]   |                ^^^ could not find `uds` in `tokio_net`
[INFO] [stdout] 5 |
[INFO] [stdout] 6 | use futures::future::try_join;
[INFO] [stdout]   |     ^^^^^^^^^^^^^^^^^^^^^^^^^
[INFO] [stdout] 
[INFO] [stdout] 
[INFO] [stdout] error[E0433]: failed to resolve: use of undeclared crate or module `tokio`
[INFO] [stdout]  --> tests/uds_stream.rs:8:5
[INFO] [stdout]   |
[INFO] [stdout] 8 | use tokio::io::{AsyncReadExt, AsyncWriteExt};
[INFO] [stdout]   |     ^^^^^ use of undeclared crate or module `tokio`
[INFO] [stdout] 
[INFO] [stdout] 
[INFO] [stdout] error[E0432]: unresolved imports `tempfile`, `tokio::io::AsyncReadExt`, `tokio::io::AsyncWriteExt`
[INFO] [stdout]  --> tests/uds_stream.rs:7:5
[INFO] [stdout]   |
[INFO] [stdout] 7 | use tempfile::Builder;
[INFO] [stdout]   |     ^^^^^^^^ use of undeclared crate or module `tempfile`
[INFO] [stdout] 8 | use tokio::io::{AsyncReadExt, AsyncWriteExt};
[INFO] [stdout]   |                 ^^^^^^^^^^^^  ^^^^^^^^^^^^^
[INFO] [stdout] 
[INFO] [stdout] 
[INFO] [stdout] error[E0433]: failed to resolve: use of undeclared crate or module `tokio`
[INFO] [stdout]   --> tests/uds_stream.rs:10:3
[INFO] [stdout]    |
[INFO] [stdout] 10 | #[tokio::test]
[INFO] [stdout]    |   ^^^^^ use of undeclared crate or module `tokio`
[INFO] [stdout] 
[INFO] [stdout] 
[INFO] [stdout] error[E0433]: failed to resolve: use of undeclared crate or module `tokio`
[INFO] [stdout]  --> tests/support.rs:4:9
[INFO] [stdout]   |
[INFO] [stdout] 4 | pub use tokio::runtime::current_thread::{self, Runtime as CurrentThreadRuntime};
[INFO] [stdout]   |         ^^^^^ use of undeclared crate or module `tokio`
[INFO] [stdout] 
[INFO] [stdout] 
[INFO] [stdout] error[E0433]: failed to resolve: use of undeclared crate or module `tokio`
[INFO] [stdout]  --> tests/support.rs:5:5
[INFO] [stdout]   |
[INFO] [stdout] 5 | use tokio::timer::Timeout;
[INFO] [stdout]   |     ^^^^^ use of undeclared crate or module `tokio`
[INFO] [stdout] 
[INFO] [stdout] 
[INFO] [stdout] error[E0432]: unresolved import `libc`
[INFO] [stdout]   --> tests/support.rs:14:5
[INFO] [stdout]    |
[INFO] [stdout] 14 | use libc::{c_int, getpid, kill};
[INFO] [stdout]    |     ^^^^ use of undeclared crate or module `libc`
[INFO] [stdout] 
[INFO] [stdout] 
[INFO] [stdout] error[E0433]: failed to resolve: use of undeclared crate or module `tokio`
[INFO] [stdout]  --> tests/tcp_echo.rs:4:5
[INFO] [stdout]   |
[INFO] [stdout] 4 | use tokio::prelude::*;
[INFO] [stdout]   |     ^^^^^ use of undeclared crate or module `tokio`
[INFO] [stdout] 
[INFO] [stdout] 
[INFO] [stdout] error[E0433]: failed to resolve: use of undeclared crate or module `tokio`
[INFO] [stdout]  --> tests/tcp_echo.rs:3:5
[INFO] [stdout]   |
[INFO] [stdout] 3 | use tokio::net::{TcpListener, TcpStream};
[INFO] [stdout]   |     ^^^^^ use of undeclared crate or module `tokio`
[INFO] [stdout] 
[INFO] [stdout] 
[INFO] [stdout] error[E0433]: failed to resolve: use of undeclared crate or module `tokio`
[INFO] [stdout]  --> tests/tcp_echo.rs:5:5
[INFO] [stdout]   |
[INFO] [stdout] 5 | use tokio::sync::oneshot;
[INFO] [stdout]   |     ^^^^^ use of undeclared crate or module `tokio`
[INFO] [stdout] 
[INFO] [stdout] 
[INFO] [stdout] error[E0432]: unresolved imports `tokio::net::TcpListener`, `tokio::net::TcpStream`, `tokio::sync::oneshot`, `tokio_test`
[INFO] [stdout]  --> tests/tcp_echo.rs:3:18
[INFO] [stdout]   |
[INFO] [stdout] 3 | use tokio::net::{TcpListener, TcpStream};
[INFO] [stdout]   |                  ^^^^^^^^^^^  ^^^^^^^^^
[INFO] [stdout] 4 | use tokio::prelude::*;
[INFO] [stdout] 5 | use tokio::sync::oneshot;
[INFO] [stdout]   |     ^^^^^^^^^^^^^^^^^^^^
[INFO] [stdout] 6 | use tokio_test::assert_ok;
[INFO] [stdout]   |     ^^^^^^^^^^ use of undeclared crate or module `tokio_test`
[INFO] [stdout]   |
[INFO] [stdout] help: there is a crate or module with a similar name
[INFO] [stdout]   |
[INFO] [stdout] 6 | use tokio_net::assert_ok;
[INFO] [stdout]   |     ~~~~~~~~~
[INFO] [stdout] 
[INFO] [stdout] 
[INFO] [stdout] error[E0433]: failed to resolve: use of undeclared crate or module `tokio`
[INFO] [stdout]  --> tests/tcp_echo.rs:8:3
[INFO] [stdout]   |
[INFO] [stdout] 8 | #[tokio::test]
[INFO] [stdout]   |   ^^^^^ use of undeclared crate or module `tokio`
[INFO] [stdout] 
[INFO] [stdout] 
[INFO] [stdout] error: cannot determine resolution for the macro `assert_ok`
[INFO] [stdout]   --> tests/tcp_echo.rs:14:19
[INFO] [stdout]    |
[INFO] [stdout] 14 |     let mut srv = assert_ok!(TcpListener::bind("127.0.0.1:0").await);
[INFO] [stdout]    |                   ^^^^^^^^^
[INFO] [stdout]    |
[INFO] [stdout]    = note: import resolution is stuck, try simplifying macro imports
[INFO] [stdout] 
[INFO] [stdout] 
[INFO] [stdout] error: cannot determine resolution for the macro `assert_ok`
[INFO] [stdout]   --> tests/tcp_echo.rs:15:16
[INFO] [stdout]    |
[INFO] [stdout] 15 |     let addr = assert_ok!(srv.local_addr());
[INFO] [stdout]    |                ^^^^^^^^^
[INFO] [stdout]    |
[INFO] [stdout]    = note: import resolution is stuck, try simplifying macro imports
[INFO] [stdout] 
[INFO] [stdout] 
[INFO] [stdout] error: cannot determine resolution for the macro `assert_ok`
[INFO] [stdout]   --> tests/tcp_echo.rs:19:26
[INFO] [stdout]    |
[INFO] [stdout] 19 |         let mut stream = assert_ok!(TcpStream::connect(&addr).await);
[INFO] [stdout]    |                          ^^^^^^^^^
[INFO] [stdout]    |
[INFO] [stdout]    = note: import resolution is stuck, try simplifying macro imports
[INFO] [stdout] 
[INFO] [stdout] 
[INFO] [stdout] error: cannot determine resolution for the macro `assert_ok`
[INFO] [stdout]   --> tests/tcp_echo.rs:23:13
[INFO] [stdout]    |
[INFO] [stdout] 23 |             assert_ok!(stream.write_all(msg.as_bytes()).await);
[INFO] [stdout]    |             ^^^^^^^^^
[INFO] [stdout]    |
[INFO] [stdout]    = note: import resolution is stuck, try simplifying macro imports
[INFO] [stdout] 
[INFO] [stdout] 
[INFO] [stdout] error: cannot determine resolution for the macro `assert_ok`
[INFO] [stdout]   --> tests/tcp_echo.rs:27:13
[INFO] [stdout]    |
[INFO] [stdout] 27 |             assert_ok!(stream.read_exact(&mut buf).await);
[INFO] [stdout]    |             ^^^^^^^^^
[INFO] [stdout]    |
[INFO] [stdout]    = note: import resolution is stuck, try simplifying macro imports
[INFO] [stdout] 
[INFO] [stdout] 
[INFO] [stdout] error: cannot determine resolution for the macro `assert_ok`
[INFO] [stdout]   --> tests/tcp_echo.rs:31:9
[INFO] [stdout]    |
[INFO] [stdout] 31 |         assert_ok!(tx.send(()));
[INFO] [stdout]    |         ^^^^^^^^^
[INFO] [stdout]    |
[INFO] [stdout]    = note: import resolution is stuck, try simplifying macro imports
[INFO] [stdout] 
[INFO] [stdout] 
[INFO] [stdout] error: cannot determine resolution for the macro `assert_ok`
[INFO] [stdout]   --> tests/tcp_echo.rs:34:27
[INFO] [stdout]    |
[INFO] [stdout] 34 |     let (mut stream, _) = assert_ok!(srv.accept().await);
[INFO] [stdout]    |                           ^^^^^^^^^
[INFO] [stdout]    |
[INFO] [stdout]    = note: import resolution is stuck, try simplifying macro imports
[INFO] [stdout] 
[INFO] [stdout] 
[INFO] [stdout] error: cannot determine resolution for the macro `assert_ok`
[INFO] [stdout]   --> tests/tcp_echo.rs:37:13
[INFO] [stdout]    |
[INFO] [stdout] 37 |     let n = assert_ok!(rd.copy(&mut wr).await);
[INFO] [stdout]    |             ^^^^^^^^^
[INFO] [stdout]    |
[INFO] [stdout]    = note: import resolution is stuck, try simplifying macro imports
[INFO] [stdout] 
[INFO] [stdout] 
[INFO] [stdout] error: cannot determine resolution for the macro `assert_ok`
[INFO] [stdout]   --> tests/tcp_echo.rs:40:5
[INFO] [stdout]    |
[INFO] [stdout] 40 |     assert_ok!(rx.await);
[INFO] [stdout]    |     ^^^^^^^^^
[INFO] [stdout]    |
[INFO] [stdout]    = note: import resolution is stuck, try simplifying macro imports
[INFO] [stdout] 
[INFO] [stdout] 
[INFO] [stdout] error[E0433]: failed to resolve: use of undeclared type `UnixListener`
[INFO] [stdout]   --> tests/uds_stream.rs:15:24
[INFO] [stdout]    |
[INFO] [stdout] 15 |     let mut listener = UnixListener::bind(&sock_path)?;
[INFO] [stdout]    |                        ^^^^^^^^^^^^ use of undeclared type `UnixListener`
[INFO] [stdout]    |
[INFO] [stdout] help: consider importing one of these items
[INFO] [stdout]    |
[INFO] [stdout] 4  + use mio::deprecated::UnixListener;
[INFO] [stdout]    |
[INFO] [stdout] 4  + use std::os::unix::net::UnixListener;
[INFO] [stdout]    |
[INFO] [stdout] 
[INFO] [stdout] 
[INFO] [stdout] error[E0433]: failed to resolve: use of undeclared type `UnixStream`
[INFO] [stdout]   --> tests/uds_stream.rs:18:19
[INFO] [stdout]    |
[INFO] [stdout] 18 |     let connect = UnixStream::connect(&sock_path);
[INFO] [stdout]    |                   ^^^^^^^^^^ use of undeclared type `UnixStream`
[INFO] [stdout]    |
[INFO] [stdout] help: consider importing one of these items
[INFO] [stdout]    |
[INFO] [stdout] 4  + use mio::deprecated::UnixStream;
[INFO] [stdout]    |
[INFO] [stdout] 4  + use std::os::unix::net::UnixStream;
[INFO] [stdout]    |
[INFO] [stdout] 
[INFO] [stdout] 
[INFO] [stdout] error[E0433]: failed to resolve: use of undeclared crate or module `tokio`
[INFO] [stdout]   --> tests/tcp_echo.rs:18:5
[INFO] [stdout]    |
[INFO] [stdout] 18 |     tokio::spawn(async move {
[INFO] [stdout]    |     ^^^^^ use of undeclared crate or module `tokio`
[INFO] [stdout] 
[INFO] [stdout] 
[INFO] [stdout] error[E0432]: unresolved import `tokio_net::uds`
[INFO] [stdout]  --> tests/uds_datagram.rs:4:16
[INFO] [stdout]   |
[INFO] [stdout] 4 | use tokio_net::uds::*;
[INFO] [stdout]   |                ^^^ could not find `uds` in `tokio_net`
[INFO] [stdout] 
[INFO] [stdout] 
[INFO] [stdout] error[E0432]: unresolved import `tempfile`
[INFO] [stdout]  --> tests/uds_datagram.rs:7:5
[INFO] [stdout]   |
[INFO] [stdout] 7 | use tempfile;
[INFO] [stdout]   |     ^^^^^^^^ no external crate `tempfile`
[INFO] [stdout] 
[INFO] [stdout] 
[INFO] [stdout] error[E0433]: failed to resolve: use of undeclared crate or module `tokio`
[INFO] [stdout]   --> tests/uds_datagram.rs:46:3
[INFO] [stdout]    |
[INFO] [stdout] 46 | #[tokio::test]
[INFO] [stdout]    |   ^^^^^ use of undeclared crate or module `tokio`
[INFO] [stdout] 
[INFO] [stdout] 
[INFO] [stdout] warning: unused import: `futures_util::future::FutureExt`
[INFO] [stdout]   --> tests/support.rs:11:5
[INFO] [stdout]    |
[INFO] [stdout] 11 | use futures_util::future::FutureExt;
[INFO] [stdout]    |     ^^^^^^^^^^^^^^^^^^^^^^^^^^^^^^^
[INFO] [stdout]    |
[INFO] [stdout]    = note: `#[warn(unused_imports)]` on by default
[INFO] [stdout] 
[INFO] [stdout] 
[INFO] [stdout] error: aborting due to 3 previous errors; 1 warning emitted
[INFO] [stdout] 
[INFO] [stdout] 
[INFO] [stdout] Some errors have detailed explanations: E0432, E0433.
[INFO] [stdout] 
[INFO] [stdout] For more information about an error, try `rustc --explain E0432`.
[INFO] [stdout] 
[INFO] [stdout] error[E0412]: cannot find type `UnixDatagram` in this scope
[INFO] [stdout]   --> tests/uds_datagram.rs:36:34
[INFO] [stdout]    |
[INFO] [stdout] 36 | async fn echo_server(mut socket: UnixDatagram) -> io::Result<()> {
[INFO] [stdout]    |                                  ^^^^^^^^^^^^ not found in this scope
[INFO] [stdout]    |
[INFO] [stdout] help: consider importing this struct
[INFO] [stdout]    |
[INFO] [stdout] 4  + use std::os::unix::net::UnixDatagram;
[INFO] [stdout]    |
[INFO] [stdout] 
[INFO] [stdout] 
[INFO] [stdout] warning: lint `intra_doc_link_resolution_failure` has been removed: use `rustdoc::broken_intra_doc_links` instead
[INFO] [stdout]  --> src/lib.rs:8:9
[INFO] [stdout]   |
[INFO] [stdout] 8 | #![deny(intra_doc_link_resolution_failure)]
[INFO] [stdout]   |         ^^^^^^^^^^^^^^^^^^^^^^^^^^^^^^^^^
[INFO] [stdout]   |
[INFO] [stdout]   = note: `#[warn(renamed_and_removed_lints)]` on by default
[INFO] [stdout] 
[INFO] [stdout] 
[INFO] [stdout] error[E0433]: failed to resolve: use of undeclared type `UnixDatagram`
[INFO] [stdout]   --> tests/uds_datagram.rs:52:25
[INFO] [stdout]    |
[INFO] [stdout] 52 |     let server_socket = UnixDatagram::bind(server_path.clone())?;
[INFO] [stdout]    |                         ^^^^^^^^^^^^ use of undeclared type `UnixDatagram`
[INFO] [stdout]    |
[INFO] [stdout] help: consider importing this struct
[INFO] [stdout]    |
[INFO] [stdout] 4  + use std::os::unix::net::UnixDatagram;
[INFO] [stdout]    |
[INFO] [stdout] 
[INFO] [stdout] 
[INFO] [stdout] error[E0433]: failed to resolve: use of undeclared type `UnixDatagram`
[INFO] [stdout]   --> tests/uds_datagram.rs:61:26
[INFO] [stdout]    |
[INFO] [stdout] 61 |         let mut socket = UnixDatagram::bind(&client_path).unwrap();
[INFO] [stdout]    |                          ^^^^^^^^^^^^ use of undeclared type `UnixDatagram`
[INFO] [stdout]    |
[INFO] [stdout] help: consider importing this struct
[INFO] [stdout]    |
[INFO] [stdout] 4  + use std::os::unix::net::UnixDatagram;
[INFO] [stdout]    |
[INFO] [stdout] 
[INFO] [stdout] 
[INFO] [stderr] error: could not compile `tokio-net` (test "support") due to 4 previous errors; 1 warning emitted
[INFO] [stdout] error: aborting due to 15 previous errors
[INFO] [stdout] 
[INFO] [stdout] 
[INFO] [stderr] warning: build failed, waiting for other jobs to finish...
[INFO] [stdout] Some errors have detailed explanations: E0432, E0433.
[INFO] [stdout] 
[INFO] [stdout] For more information about an error, try `rustc --explain E0432`.
[INFO] [stdout] 
[INFO] [stderr] error: could not compile `tokio-net` (test "tcp_echo") due to 16 previous errors
[INFO] [stdout] error: aborting due to 7 previous errors
[INFO] [stdout] 
[INFO] [stdout] 
[INFO] [stdout] Some errors have detailed explanations: E0432, E0433.
[INFO] [stdout] 
[INFO] [stdout] For more information about an error, try `rustc --explain E0432`.
[INFO] [stdout] 
[INFO] [stdout] error[E0433]: failed to resolve: use of undeclared crate or module `tokio`
[INFO] [stdout]   --> tests/uds_datagram.rs:54:5
[INFO] [stdout]    |
[INFO] [stdout] 54 |     tokio::spawn(async move {
[INFO] [stdout]    |     ^^^^^ use of undeclared crate or module `tokio`
[INFO] [stdout] 
[INFO] [stdout] 
[INFO] [stdout] error[E0433]: failed to resolve: use of undeclared crate or module `tokio`
[INFO] [stdout]  --> tests/tcp_peek.rs:5:5
[INFO] [stdout]   |
[INFO] [stdout] 5 | use tokio::io::AsyncReadExt;
[INFO] [stdout]   |     ^^^^^ use of undeclared crate or module `tokio`
[INFO] [stdout] 
[INFO] [stdout] 
[INFO] [stdout] error[E0433]: failed to resolve: use of undeclared crate or module `tokio`
[INFO] [stdout]  --> tests/tcp_peek.rs:6:5
[INFO] [stdout]   |
[INFO] [stdout] 6 | use tokio::net::TcpStream;
[INFO] [stdout]   |     ^^^^^ use of undeclared crate or module `tokio`
[INFO] [stdout] 
[INFO] [stdout] 
[INFO] [stderr] error: could not compile `tokio-net` (test "uds_stream") due to 8 previous errors
[INFO] [stdout] error: aborting due to 7 previous errors
[INFO] [stdout] 
[INFO] [stdout] 
[INFO] [stderr] error: could not compile `tokio-net` (test "uds_datagram") due to 8 previous errors
[INFO] [stdout] Some errors have detailed explanations: E0412, E0432, E0433.
[INFO] [stdout] 
[INFO] [stdout] For more information about an error, try `rustc --explain E0412`.
[INFO] [stdout] 
[INFO] [stdout] error[E0432]: unresolved import `tokio_test`
[INFO] [stdout]  --> tests/tcp_peek.rs:7:5
[INFO] [stdout]   |
[INFO] [stdout] 7 | use tokio_test::assert_ok;
[INFO] [stdout]   |     ^^^^^^^^^^ use of undeclared crate or module `tokio_test`
[INFO] [stdout]   |
[INFO] [stdout] help: there is a crate or module with a similar name
[INFO] [stdout]   |
[INFO] [stdout] 7 | use tokio_net::assert_ok;
[INFO] [stdout]   |     ~~~~~~~~~
[INFO] [stdout] 
[INFO] [stdout] 
[INFO] [stdout] error[E0433]: failed to resolve: use of undeclared crate or module `tokio`
[INFO] [stdout]  --> tests/tcp_peek.rs:9:3
[INFO] [stdout]   |
[INFO] [stdout] 9 | #[tokio::test]
[INFO] [stdout]   |   ^^^^^ use of undeclared crate or module `tokio`
[INFO] [stdout] 
[INFO] [stdout] 
[INFO] [stdout] error: cannot determine resolution for the macro `assert_ok`
[INFO] [stdout]   --> tests/tcp_peek.rs:13:35
[INFO] [stdout]    |
[INFO] [stdout] 13 |     let t = thread::spawn(move || assert_ok!(listener.accept()).0);
[INFO] [stdout]    |                                   ^^^^^^^^^
[INFO] [stdout]    |
[INFO] [stdout]    = note: import resolution is stuck, try simplifying macro imports
[INFO] [stdout] 
[INFO] [stdout] 
[INFO] [stdout] error: cannot determine resolution for the macro `assert_ok`
[INFO] [stdout]   --> tests/tcp_peek.rs:21:13
[INFO] [stdout]    |
[INFO] [stdout] 21 |     let n = assert_ok!(left.peek(&mut buf).await);
[INFO] [stdout]    |             ^^^^^^^^^
[INFO] [stdout]    |
[INFO] [stdout]    = note: import resolution is stuck, try simplifying macro imports
[INFO] [stdout] 
[INFO] [stdout] 
[INFO] [stdout] error: cannot determine resolution for the macro `assert_ok`
[INFO] [stdout]   --> tests/tcp_peek.rs:24:13
[INFO] [stdout]    |
[INFO] [stdout] 24 |     let n = assert_ok!(left.read(&mut buf).await);
[INFO] [stdout]    |             ^^^^^^^^^
[INFO] [stdout]    |
[INFO] [stdout]    = note: import resolution is stuck, try simplifying macro imports
[INFO] [stdout] 
[INFO] [stdout] 
[INFO] [stdout] error[E0433]: failed to resolve: use of undeclared crate or module `tokio`
[INFO] [stdout]  --> tests/uds_split.rs:5:5
[INFO] [stdout]   |
[INFO] [stdout] 5 | use tokio::prelude::*;
[INFO] [stdout]   |     ^^^^^ use of undeclared crate or module `tokio`
[INFO] [stdout] 
[INFO] [stdout] 
[INFO] [stdout] error[E0433]: failed to resolve: use of undeclared crate or module `tokio`
[INFO] [stdout]  --> tests/uds_split.rs:4:5
[INFO] [stdout]   |
[INFO] [stdout] 4 | use tokio::net::UnixStream;
[INFO] [stdout]   |     ^^^^^ use of undeclared crate or module `tokio`
[INFO] [stdout] 
[INFO] [stdout] 
[INFO] [stdout] error[E0432]: unresolved import `tokio::net::UnixStream`
[INFO] [stdout]  --> tests/uds_split.rs:4:5
[INFO] [stdout]   |
[INFO] [stdout] 4 | use tokio::net::UnixStream;
[INFO] [stdout]   |     ^^^^^^^^^^^^^^^^^^^^^^
[INFO] [stdout] 
[INFO] [stdout] 
[INFO] [stdout] error[E0433]: failed to resolve: use of undeclared crate or module `tokio`
[INFO] [stdout]   --> tests/uds_split.rs:12:3
[INFO] [stdout]    |
[INFO] [stdout] 12 | #[tokio::test]
[INFO] [stdout]    |   ^^^^^ use of undeclared crate or module `tokio`
[INFO] [stdout] 
[INFO] [stdout] 
[INFO] [stdout] warning: unused import: `io::Write`
[INFO] [stdout]  --> tests/tcp_peek.rs:4:29
[INFO] [stdout]   |
[INFO] [stdout] 4 | use std::{convert::TryInto, io::Write, net};
[INFO] [stdout]   |                             ^^^^^^^^^
[INFO] [stdout]   |
[INFO] [stdout]   = note: `#[warn(unused_imports)]` on by default
[INFO] [stdout] 
[INFO] [stdout] 
[INFO] [stdout] error: aborting due to 7 previous errors; 1 warning emitted
[INFO] [stdout] 
[INFO] [stdout] 
[INFO] [stdout] Some errors have detailed explanations: E0432, E0433.
[INFO] [stdout] 
[INFO] [stdout] For more information about an error, try `rustc --explain E0432`.
[INFO] [stdout] 
[INFO] [stderr] error: could not compile `tokio-net` (test "tcp_peek") due to 8 previous errors; 1 warning emitted
[INFO] [stdout] error[E0433]: failed to resolve: use of undeclared crate or module `futures`
[INFO] [stdout]   --> tests/uds_split.rs:19:36
[INFO] [stdout]    |
[INFO] [stdout] 19 |     let (a_response, b_response) = futures::future::try_join(
[INFO] [stdout]    |                                    ^^^^^^^ use of undeclared crate or module `futures`
[INFO] [stdout] 
[INFO] [stdout] 
[INFO] [stdout] error[E0405]: cannot find trait `AsyncRead` in this scope
[INFO] [stdout]   --> tests/uds_split.rs:32:21
[INFO] [stdout]    |
[INFO] [stdout] 32 |     read: &mut (dyn AsyncRead + Unpin),
[INFO] [stdout]    |                     ^^^^^^^^^ not found in this scope
[INFO] [stdout]    |
[INFO] [stdout] help: consider importing this trait
[INFO] [stdout]    |
[INFO] [stdout] 4  + use tokio_io::AsyncRead;
[INFO] [stdout]    |
[INFO] [stdout] 
[INFO] [stdout] 
[INFO] [stdout] error[E0405]: cannot find trait `AsyncWrite` in this scope
[INFO] [stdout]   --> tests/uds_split.rs:33:22
[INFO] [stdout]    |
[INFO] [stdout] 33 |     write: &mut (dyn AsyncWrite + Unpin),
[INFO] [stdout]    |                      ^^^^^^^^^^ not found in this scope
[INFO] [stdout]    |
[INFO] [stdout] help: consider importing this trait
[INFO] [stdout]    |
[INFO] [stdout] 4  + use tokio_io::AsyncWrite;
[INFO] [stdout]    |
[INFO] [stdout] 
[INFO] [stdout] 
[INFO] [stdout] error[E0433]: failed to resolve: use of undeclared crate or module `tokio`
[INFO] [stdout]  --> tests/tcp_shutdown.rs:5:5
[INFO] [stdout]   |
[INFO] [stdout] 5 | use tokio::prelude::*;
[INFO] [stdout]   |     ^^^^^ use of undeclared crate or module `tokio`
[INFO] [stdout] 
[INFO] [stdout] 
[INFO] [stdout] error: aborting due to 7 previous errors
[INFO] [stdout] 
[INFO] [stdout] 
[INFO] [stderr] error: could not compile `tokio-net` (test "uds_split") due to 8 previous errors
[INFO] [stdout] Some errors have detailed explanations: E0405, E0432, E0433.
[INFO] [stdout] 
[INFO] [stdout] For more information about an error, try `rustc --explain E0405`.
[INFO] [stdout] 
[INFO] [stdout] error[E0433]: failed to resolve: use of undeclared crate or module `tokio`
[INFO] [stdout]  --> tests/tcp_shutdown.rs:3:5
[INFO] [stdout]   |
[INFO] [stdout] 3 | use tokio::io::AsyncWriteExt;
[INFO] [stdout]   |     ^^^^^ use of undeclared crate or module `tokio`
[INFO] [stdout] 
[INFO] [stdout] 
[INFO] [stdout] error[E0433]: failed to resolve: use of undeclared crate or module `tokio`
[INFO] [stdout]  --> tests/tcp_shutdown.rs:4:5
[INFO] [stdout]   |
[INFO] [stdout] 4 | use tokio::net::{TcpListener, TcpStream};
[INFO] [stdout]   |     ^^^^^ use of undeclared crate or module `tokio`
[INFO] [stdout] 
[INFO] [stdout] 
[INFO] [stdout] error[E0432]: unresolved imports `tokio::io::AsyncWriteExt`, `tokio::net::TcpListener`, `tokio::net::TcpStream`, `tokio_test`
[INFO] [stdout]  --> tests/tcp_shutdown.rs:3:5
[INFO] [stdout]   |
[INFO] [stdout] 3 | use tokio::io::AsyncWriteExt;
[INFO] [stdout]   |     ^^^^^^^^^^^^^^^^^^^^^^^^
[INFO] [stdout] 4 | use tokio::net::{TcpListener, TcpStream};
[INFO] [stdout]   |                  ^^^^^^^^^^^  ^^^^^^^^^
[INFO] [stdout] 5 | use tokio::prelude::*;
[INFO] [stdout] 6 | use tokio_test::assert_ok;
[INFO] [stdout]   |     ^^^^^^^^^^ use of undeclared crate or module `tokio_test`
[INFO] [stdout]   |
[INFO] [stdout] help: there is a crate or module with a similar name
[INFO] [stdout]   |
[INFO] [stdout] 6 | use tokio_net::assert_ok;
[INFO] [stdout]   |     ~~~~~~~~~
[INFO] [stdout] 
[INFO] [stdout] 
[INFO] [stdout] error[E0433]: failed to resolve: use of undeclared crate or module `tokio`
[INFO] [stdout]  --> tests/tcp_shutdown.rs:8:3
[INFO] [stdout]   |
[INFO] [stdout] 8 | #[tokio::test]
[INFO] [stdout]   |   ^^^^^ use of undeclared crate or module `tokio`
[INFO] [stdout] 
[INFO] [stdout] 
[INFO] [stdout] error: cannot determine resolution for the macro `assert_ok`
[INFO] [stdout]   --> tests/tcp_shutdown.rs:10:19
[INFO] [stdout]    |
[INFO] [stdout] 10 |     let mut srv = assert_ok!(TcpListener::bind("127.0.0.1:0").await);
[INFO] [stdout]    |                   ^^^^^^^^^
[INFO] [stdout]    |
[INFO] [stdout]    = note: import resolution is stuck, try simplifying macro imports
[INFO] [stdout] 
[INFO] [stdout] 
[INFO] [stdout] error: cannot determine resolution for the macro `assert_ok`
[INFO] [stdout]   --> tests/tcp_shutdown.rs:11:16
[INFO] [stdout]    |
[INFO] [stdout] 11 |     let addr = assert_ok!(srv.local_addr());
[INFO] [stdout]    |                ^^^^^^^^^
[INFO] [stdout]    |
[INFO] [stdout]    = note: import resolution is stuck, try simplifying macro imports
[INFO] [stdout] 
[INFO] [stdout] 
[INFO] [stdout] error: cannot determine resolution for the macro `assert_ok`
[INFO] [stdout]   --> tests/tcp_shutdown.rs:14:26
[INFO] [stdout]    |
[INFO] [stdout] 14 |         let mut stream = assert_ok!(TcpStream::connect(&addr).await);
[INFO] [stdout]    |                          ^^^^^^^^^
[INFO] [stdout]    |
[INFO] [stdout]    = note: import resolution is stuck, try simplifying macro imports
[INFO] [stdout] 
[INFO] [stdout] 
[INFO] [stdout] error: cannot determine resolution for the macro `assert_ok`
[INFO] [stdout]   --> tests/tcp_shutdown.rs:16:9
[INFO] [stdout]    |
[INFO] [stdout] 16 |         assert_ok!(AsyncWriteExt::shutdown(&mut stream).await);
[INFO] [stdout]    |         ^^^^^^^^^
[INFO] [stdout]    |
[INFO] [stdout]    = note: import resolution is stuck, try simplifying macro imports
[INFO] [stdout] 
[INFO] [stdout] 
[INFO] [stdout] error: cannot determine resolution for the macro `assert_ok`
[INFO] [stdout]   --> tests/tcp_shutdown.rs:19:17
[INFO] [stdout]    |
[INFO] [stdout] 19 |         let n = assert_ok!(stream.read(&mut buf).await);
[INFO] [stdout]    |                 ^^^^^^^^^
[INFO] [stdout]    |
[INFO] [stdout]    = note: import resolution is stuck, try simplifying macro imports
[INFO] [stdout] 
[INFO] [stdout] 
[INFO] [stdout] error: cannot determine resolution for the macro `assert_ok`
[INFO] [stdout]   --> tests/tcp_shutdown.rs:23:27
[INFO] [stdout]    |
[INFO] [stdout] 23 |     let (mut stream, _) = assert_ok!(srv.accept().await);
[INFO] [stdout]    |                           ^^^^^^^^^
[INFO] [stdout]    |
[INFO] [stdout]    = note: import resolution is stuck, try simplifying macro imports
[INFO] [stdout] 
[INFO] [stdout] 
[INFO] [stdout] error: cannot determine resolution for the macro `assert_ok`
[INFO] [stdout]   --> tests/tcp_shutdown.rs:26:13
[INFO] [stdout]    |
[INFO] [stdout] 26 |     let n = assert_ok!(rd.copy(&mut wr).await);
[INFO] [stdout]    |             ^^^^^^^^^
[INFO] [stdout]    |
[INFO] [stdout]    = note: import resolution is stuck, try simplifying macro imports
[INFO] [stdout] 
[INFO] [stdout] 
[INFO] [stdout] error[E0433]: failed to resolve: use of undeclared crate or module `tokio`
[INFO] [stdout]   --> tests/tcp_shutdown.rs:13:5
[INFO] [stdout]    |
[INFO] [stdout] 13 |     tokio::spawn(async move {
[INFO] [stdout]    |     ^^^^^ use of undeclared crate or module `tokio`
[INFO] [stdout] 
[INFO] [stdout] 
[INFO] [stdout] error: aborting due to 13 previous errors
[INFO] [stdout] 
[INFO] [stdout] 
[INFO] [stdout] Some errors have detailed explanations: E0432, E0433.
[INFO] [stdout] 
[INFO] [stdout] For more information about an error, try `rustc --explain E0432`.
[INFO] [stdout] 
[INFO] [stderr] error: could not compile `tokio-net` (test "tcp_shutdown") due to 14 previous errors
[INFO] [stdout] warning: use of deprecated method `std::sync::atomic::AtomicUsize::compare_and_swap`: Use `compare_exchange` or `compare_exchange_weak` instead
[INFO] [stdout]    --> src/driver/registration.rs:194:45
[INFO] [stdout]     |
[INFO] [stdout] 194 |                     let actual = self.state.compare_and_swap(INIT, LOCKED, SeqCst);
[INFO] [stdout]     |                                             ^^^^^^^^^^^^^^^^
[INFO] [stdout]     |
[INFO] [stdout]     = note: `#[warn(deprecated)]` on by default
[INFO] [stdout] 
[INFO] [stdout] 
[INFO] [stdout] warning: use of deprecated method `std::sync::atomic::AtomicUsize::compare_and_swap`: Use `compare_exchange` or `compare_exchange_weak` instead
[INFO] [stdout]    --> src/driver/registration.rs:399:45
[INFO] [stdout]     |
[INFO] [stdout] 399 |                     let actual = self.state.compare_and_swap(state, next, SeqCst);
[INFO] [stdout]     |                                             ^^^^^^^^^^^^^^^^
[INFO] [stdout] 
[INFO] [stdout] 
[INFO] [stdout] warning: 3 warnings emitted
[INFO] [stdout] 
[INFO] [stdout] 
[INFO] running `Command { std: "docker" "inspect" "b6ff253e18d1e4fa0774a5b4217d8b7c680b09a55ef9215ae6a68e1565ea031c", kill_on_drop: false }`
[INFO] running `Command { std: "docker" "rm" "-f" "b6ff253e18d1e4fa0774a5b4217d8b7c680b09a55ef9215ae6a68e1565ea031c", kill_on_drop: false }`
[INFO] [stdout] b6ff253e18d1e4fa0774a5b4217d8b7c680b09a55ef9215ae6a68e1565ea031c
