[INFO] fetching crate time2 0.2.0...
[INFO] testing time2-0.2.0 against beta-2023-04-20 for beta-1.70-1
[INFO] extracting crate time2 0.2.0 into /workspace/builds/worker-3-tc2/source
[INFO] validating manifest of crates.io crate time2 0.2.0 on toolchain beta-2023-04-20
[INFO] running `Command { std: CARGO_HOME="/workspace/cargo-home" RUSTUP_HOME="/workspace/rustup-home" "/workspace/cargo-home/bin/cargo" "+beta-2023-04-20" "metadata" "--manifest-path" "Cargo.toml" "--no-deps", kill_on_drop: false }`
[INFO] started tweaking crates.io crate time2 0.2.0
[INFO] finished tweaking crates.io crate time2 0.2.0
[INFO] tweaked toml for crates.io crate time2 0.2.0 written to /workspace/builds/worker-3-tc2/source/Cargo.toml
[INFO] running `Command { std: CARGO_HOME="/workspace/cargo-home" RUSTUP_HOME="/workspace/rustup-home" __CARGO_TEST_CHANNEL_OVERRIDE_DO_NOT_USE_THIS="nightly" "/workspace/cargo-home/bin/cargo" "+beta-2023-04-20" "generate-lockfile" "--manifest-path" "Cargo.toml" "-Zno-index-update", kill_on_drop: false }`
[INFO] running `Command { std: CARGO_HOME="/workspace/cargo-home" RUSTUP_HOME="/workspace/rustup-home" "/workspace/cargo-home/bin/cargo" "+beta-2023-04-20" "fetch" "--manifest-path" "Cargo.toml", kill_on_drop: false }`
[INFO] [stderr]  Downloading crates ...
[INFO] [stderr]   Downloaded quickcheck v0.2.27
[INFO] running `Command { std: "docker" "create" "-v" "/var/lib/crater-agent-workspace/builds/worker-3-tc2/target:/opt/rustwide/target:rw,Z" "-v" "/var/lib/crater-agent-workspace/builds/worker-3-tc2/source:/opt/rustwide/workdir:ro,Z" "-v" "/var/lib/crater-agent-workspace/cargo-home:/opt/rustwide/cargo-home:ro,Z" "-v" "/var/lib/crater-agent-workspace/rustup-home:/opt/rustwide/rustup-home:ro,Z" "-e" "SOURCE_DIR=/opt/rustwide/workdir" "-e" "CARGO_TARGET_DIR=/opt/rustwide/target" "-e" "CARGO_HOME=/opt/rustwide/cargo-home" "-e" "RUSTUP_HOME=/opt/rustwide/rustup-home" "-w" "/opt/rustwide/workdir" "-m" "1610612736" "--user" "0:0" "--network" "none" "ghcr.io/rust-lang/crates-build-env/linux@sha256:5ff2268d62e97bff2cde7d5815dd6ed5b47097566f13b8d0ca110b04b60e07ed" "/opt/rustwide/cargo-home/bin/cargo" "+beta-2023-04-20" "metadata" "--no-deps" "--format-version=1", kill_on_drop: false }`
[INFO] [stdout] e45598db206e14dfda5f2c2dabcc1cd961824fa2a90957c0069b7d7041976660
[INFO] running `Command { std: "docker" "start" "-a" "e45598db206e14dfda5f2c2dabcc1cd961824fa2a90957c0069b7d7041976660", kill_on_drop: false }`
[INFO] running `Command { std: "docker" "inspect" "e45598db206e14dfda5f2c2dabcc1cd961824fa2a90957c0069b7d7041976660", kill_on_drop: false }`
[INFO] running `Command { std: "docker" "rm" "-f" "e45598db206e14dfda5f2c2dabcc1cd961824fa2a90957c0069b7d7041976660", kill_on_drop: false }`
[INFO] [stdout] e45598db206e14dfda5f2c2dabcc1cd961824fa2a90957c0069b7d7041976660
[INFO] running `Command { std: "docker" "create" "-v" "/var/lib/crater-agent-workspace/builds/worker-3-tc2/target:/opt/rustwide/target:rw,Z" "-v" "/var/lib/crater-agent-workspace/builds/worker-3-tc2/source:/opt/rustwide/workdir:ro,Z" "-v" "/var/lib/crater-agent-workspace/cargo-home:/opt/rustwide/cargo-home:ro,Z" "-v" "/var/lib/crater-agent-workspace/rustup-home:/opt/rustwide/rustup-home:ro,Z" "-e" "SOURCE_DIR=/opt/rustwide/workdir" "-e" "CARGO_TARGET_DIR=/opt/rustwide/target" "-e" "CARGO_INCREMENTAL=0" "-e" "RUST_BACKTRACE=full" "-e" "RUSTFLAGS=--cap-lints=warn" "-e" "RUSTDOCFLAGS=--cap-lints=warn" "-e" "CARGO_HOME=/opt/rustwide/cargo-home" "-e" "RUSTUP_HOME=/opt/rustwide/rustup-home" "-w" "/opt/rustwide/workdir" "-m" "1610612736" "--user" "0:0" "--network" "none" "ghcr.io/rust-lang/crates-build-env/linux@sha256:5ff2268d62e97bff2cde7d5815dd6ed5b47097566f13b8d0ca110b04b60e07ed" "/opt/rustwide/cargo-home/bin/cargo" "+beta-2023-04-20" "build" "--frozen" "--message-format=json", kill_on_drop: false }`
[INFO] [stdout] 1dc61ab9921d725879ad4ccde7ae73ee4ae1331efebb6667ca7bf5982aec660d
[INFO] running `Command { std: "docker" "start" "-a" "1dc61ab9921d725879ad4ccde7ae73ee4ae1331efebb6667ca7bf5982aec660d", kill_on_drop: false }`
[INFO] [stderr]    Compiling time2 v0.2.0 (/opt/rustwide/workdir)
[INFO] [stderr]     Finished dev [unoptimized + debuginfo] target(s) in 0.08s
[INFO] running `Command { std: "docker" "inspect" "1dc61ab9921d725879ad4ccde7ae73ee4ae1331efebb6667ca7bf5982aec660d", kill_on_drop: false }`
[INFO] running `Command { std: "docker" "rm" "-f" "1dc61ab9921d725879ad4ccde7ae73ee4ae1331efebb6667ca7bf5982aec660d", kill_on_drop: false }`
[INFO] [stdout] 1dc61ab9921d725879ad4ccde7ae73ee4ae1331efebb6667ca7bf5982aec660d
[INFO] running `Command { std: "docker" "create" "-v" "/var/lib/crater-agent-workspace/builds/worker-3-tc2/target:/opt/rustwide/target:rw,Z" "-v" "/var/lib/crater-agent-workspace/builds/worker-3-tc2/source:/opt/rustwide/workdir:ro,Z" "-v" "/var/lib/crater-agent-workspace/cargo-home:/opt/rustwide/cargo-home:ro,Z" "-v" "/var/lib/crater-agent-workspace/rustup-home:/opt/rustwide/rustup-home:ro,Z" "-e" "SOURCE_DIR=/opt/rustwide/workdir" "-e" "CARGO_TARGET_DIR=/opt/rustwide/target" "-e" "CARGO_INCREMENTAL=0" "-e" "RUST_BACKTRACE=full" "-e" "RUSTFLAGS=--cap-lints=warn" "-e" "RUSTDOCFLAGS=--cap-lints=warn" "-e" "CARGO_HOME=/opt/rustwide/cargo-home" "-e" "RUSTUP_HOME=/opt/rustwide/rustup-home" "-w" "/opt/rustwide/workdir" "-m" "1610612736" "--user" "0:0" "--network" "none" "ghcr.io/rust-lang/crates-build-env/linux@sha256:5ff2268d62e97bff2cde7d5815dd6ed5b47097566f13b8d0ca110b04b60e07ed" "/opt/rustwide/cargo-home/bin/cargo" "+beta-2023-04-20" "test" "--frozen" "--no-run" "--message-format=json", kill_on_drop: false }`
[INFO] [stdout] 035050677b3173859e91bc01b102cb2489e41eacd3699aa48b94f1c3db78cae5
[INFO] running `Command { std: "docker" "start" "-a" "035050677b3173859e91bc01b102cb2489e41eacd3699aa48b94f1c3db78cae5", kill_on_drop: false }`
[INFO] [stderr]    Compiling libc v0.2.142
[INFO] [stderr]    Compiling winapi-build v0.1.1
[INFO] [stderr]    Compiling winapi v0.2.8
[INFO] [stderr]    Compiling log v0.4.17
[INFO] [stderr]    Compiling regex-syntax v0.3.9
[INFO] [stderr]    Compiling utf8-ranges v0.1.3
[INFO] [stderr]    Compiling kernel32-sys v0.2.2
[INFO] [stderr]    Compiling log v0.3.9
[INFO] [stderr]    Compiling memchr v0.1.11
[INFO] [stderr]    Compiling thread-id v2.0.0
[INFO] [stderr]    Compiling rand v0.4.6
[INFO] [stderr]    Compiling thread_local v0.2.7
[INFO] [stderr]    Compiling aho-corasick v0.5.3
[INFO] [stderr]    Compiling regex v0.1.80
[INFO] [stderr]    Compiling rand v0.3.23
[INFO] [stderr]    Compiling env_logger v0.3.5
[INFO] [stderr]    Compiling quickcheck v0.2.27
[INFO] [stderr]    Compiling time2 v0.2.0 (/opt/rustwide/workdir)
[INFO] [stdout] error[E0308]: mismatched types
[INFO] [stdout]    --> src/duration.rs:143:58
[INFO] [stdout]     |
[INFO] [stdout] 143 |             Duration::from_millis(millis).as_millis() == Some(millis)
[INFO] [stdout]     |             -----------------------------------------    ^^^^^^^^^^^^ expected `u128`, found `Option<u64>`
[INFO] [stdout]     |             |
[INFO] [stdout]     |             expected because this is `u128`
[INFO] [stdout]     |
[INFO] [stdout]     = note: expected type `u128`
[INFO] [stdout]                found enum `Option<u64>`
[INFO] [stdout] 
[INFO] [stdout] 
[INFO] [stdout] error[E0308]: mismatched types
[INFO] [stdout]    --> src/duration.rs:149:17
[INFO] [stdout]     |
[INFO] [stdout] 148 |             let millis = match dur.as_millis() {
[INFO] [stdout]     |                                --------------- this expression has type `u128`
[INFO] [stdout] 149 |                 Some(millis) => millis,
[INFO] [stdout]     |                 ^^^^^^^^^^^^ expected `u128`, found `Option<_>`
[INFO] [stdout]     |
[INFO] [stdout]     = note: expected type `u128`
[INFO] [stdout]                found enum `Option<_>`
[INFO] [stdout] 
[INFO] [stdout] 
[INFO] [stdout] error[E0308]: mismatched types
[INFO] [stdout]    --> src/duration.rs:150:17
[INFO] [stdout]     |
[INFO] [stdout] 148 |             let millis = match dur.as_millis() {
[INFO] [stdout]     |                                --------------- this expression has type `u128`
[INFO] [stdout] 149 |                 Some(millis) => millis,
[INFO] [stdout] 150 |                 None => return TestResult::discard(),
[INFO] [stdout]     |                 ^^^^ expected `u128`, found `Option<_>`
[INFO] [stdout]     |
[INFO] [stdout]     = note: expected type `u128`
[INFO] [stdout]                found enum `Option<_>`
[INFO] [stdout] 
[INFO] [stdout] 
[INFO] [stdout] error: aborting due to 3 previous errors
[INFO] [stdout] 
[INFO] [stdout] 
[INFO] [stdout] For more information about this error, try `rustc --explain E0308`.
[INFO] [stdout] 
[INFO] [stderr] error: could not compile `time2` (lib test) due to 4 previous errors
[INFO] running `Command { std: "docker" "inspect" "035050677b3173859e91bc01b102cb2489e41eacd3699aa48b94f1c3db78cae5", kill_on_drop: false }`
[INFO] running `Command { std: "docker" "rm" "-f" "035050677b3173859e91bc01b102cb2489e41eacd3699aa48b94f1c3db78cae5", kill_on_drop: false }`
[INFO] [stdout] 035050677b3173859e91bc01b102cb2489e41eacd3699aa48b94f1c3db78cae5
