[INFO] fetching crate tiberius 0.12.2...
[INFO] testing tiberius-0.12.2 against 1.69.0 for beta-1.70-1
[INFO] extracting crate tiberius 0.12.2 into /workspace/builds/worker-6-tc1/source
[INFO] validating manifest of crates.io crate tiberius 0.12.2 on toolchain 1.69.0
[INFO] running `Command { std: CARGO_HOME="/workspace/cargo-home" RUSTUP_HOME="/workspace/rustup-home" "/workspace/cargo-home/bin/cargo" "+1.69.0" "metadata" "--manifest-path" "Cargo.toml" "--no-deps", kill_on_drop: false }`
[INFO] removed /workspace/builds/worker-6-tc1/source/rust-toolchain
[INFO] started tweaking crates.io crate tiberius 0.12.2
[INFO] removed 0 missing tests
[INFO] finished tweaking crates.io crate tiberius 0.12.2
[INFO] tweaked toml for crates.io crate tiberius 0.12.2 written to /workspace/builds/worker-6-tc1/source/Cargo.toml
[INFO] crate crates.io crate tiberius 0.12.2 already has a lockfile, it will not be regenerated
[INFO] running `Command { std: CARGO_HOME="/workspace/cargo-home" RUSTUP_HOME="/workspace/rustup-home" "/workspace/cargo-home/bin/cargo" "+1.69.0" "fetch" "--manifest-path" "Cargo.toml", kill_on_drop: false }`
[INFO] [stderr]  Downloading crates ...
[INFO] [stderr]   Downloaded names v0.14.0
[INFO] [stderr]   Downloaded libgssapi v0.4.6
[INFO] [stderr]   Downloaded async-timer v1.0.0-beta.9
[INFO] [stderr]   Downloaded fix-hidden-lifetime-bug v0.2.5
[INFO] [stderr]   Downloaded fix-hidden-lifetime-bug-proc_macros v0.2.5
[INFO] [stderr]   Downloaded libgssapi-sys v0.2.4
[INFO] [stderr]   Downloaded opentls v0.2.1
[INFO] [stderr]   Downloaded azure_core v0.4.0
[INFO] [stderr]   Downloaded azure_identity v0.5.0
[INFO] running `Command { std: "docker" "create" "-v" "/var/lib/crater-agent-workspace/builds/worker-6-tc1/target:/opt/rustwide/target:rw,Z" "-v" "/var/lib/crater-agent-workspace/builds/worker-6-tc1/source:/opt/rustwide/workdir:ro,Z" "-v" "/var/lib/crater-agent-workspace/cargo-home:/opt/rustwide/cargo-home:ro,Z" "-v" "/var/lib/crater-agent-workspace/rustup-home:/opt/rustwide/rustup-home:ro,Z" "-e" "SOURCE_DIR=/opt/rustwide/workdir" "-e" "CARGO_TARGET_DIR=/opt/rustwide/target" "-e" "CARGO_HOME=/opt/rustwide/cargo-home" "-e" "RUSTUP_HOME=/opt/rustwide/rustup-home" "-w" "/opt/rustwide/workdir" "-m" "1610612736" "--user" "0:0" "--network" "none" "ghcr.io/rust-lang/crates-build-env/linux@sha256:97d61d7686bf65f8ecb15491ab51835e82dc9176a96a831f143a431b191fc501" "/opt/rustwide/cargo-home/bin/cargo" "+1.69.0" "metadata" "--no-deps" "--format-version=1", kill_on_drop: false }`
[INFO] [stdout] c260dfd8ebd686e7c95ece4b128d8e48f0d35c1948c4ea1d7e1bfedfef07cf55
[INFO] running `Command { std: "docker" "start" "-a" "c260dfd8ebd686e7c95ece4b128d8e48f0d35c1948c4ea1d7e1bfedfef07cf55", kill_on_drop: false }`
[INFO] running `Command { std: "docker" "inspect" "c260dfd8ebd686e7c95ece4b128d8e48f0d35c1948c4ea1d7e1bfedfef07cf55", kill_on_drop: false }`
[INFO] running `Command { std: "docker" "rm" "-f" "c260dfd8ebd686e7c95ece4b128d8e48f0d35c1948c4ea1d7e1bfedfef07cf55", kill_on_drop: false }`
[INFO] [stdout] c260dfd8ebd686e7c95ece4b128d8e48f0d35c1948c4ea1d7e1bfedfef07cf55
[INFO] running `Command { std: "docker" "create" "-v" "/var/lib/crater-agent-workspace/builds/worker-6-tc1/target:/opt/rustwide/target:rw,Z" "-v" "/var/lib/crater-agent-workspace/builds/worker-6-tc1/source:/opt/rustwide/workdir:ro,Z" "-v" "/var/lib/crater-agent-workspace/cargo-home:/opt/rustwide/cargo-home:ro,Z" "-v" "/var/lib/crater-agent-workspace/rustup-home:/opt/rustwide/rustup-home:ro,Z" "-e" "SOURCE_DIR=/opt/rustwide/workdir" "-e" "CARGO_TARGET_DIR=/opt/rustwide/target" "-e" "CARGO_INCREMENTAL=0" "-e" "RUST_BACKTRACE=full" "-e" "RUSTFLAGS=--cap-lints=warn" "-e" "RUSTDOCFLAGS=--cap-lints=warn" "-e" "CARGO_HOME=/opt/rustwide/cargo-home" "-e" "RUSTUP_HOME=/opt/rustwide/rustup-home" "-w" "/opt/rustwide/workdir" "-m" "1610612736" "--user" "0:0" "--network" "none" "ghcr.io/rust-lang/crates-build-env/linux@sha256:97d61d7686bf65f8ecb15491ab51835e82dc9176a96a831f143a431b191fc501" "/opt/rustwide/cargo-home/bin/cargo" "+1.69.0" "build" "--frozen" "--message-format=json", kill_on_drop: false }`
[INFO] [stdout] 27ee21e55f149c57e4978664f37d0d4e3a0cc0f8c7f97ac9e8b5bb77804272a0
[INFO] running `Command { std: "docker" "start" "-a" "27ee21e55f149c57e4978664f37d0d4e3a0cc0f8c7f97ac9e8b5bb77804272a0", kill_on_drop: false }`
[INFO] [stderr]    Compiling cc v1.0.79
[INFO] [stderr]    Compiling encoding_index_tests v0.1.4
[INFO] [stderr]    Compiling libc v0.2.141
[INFO] [stderr]    Compiling futures-core v0.3.28
[INFO] [stderr]    Compiling futures-task v0.3.28
[INFO] [stderr]    Compiling tinyvec_macros v0.1.1
[INFO] [stderr]    Compiling log v0.4.17
[INFO] [stderr]    Compiling once_cell v1.17.1
[INFO] [stderr]    Compiling slab v0.4.8
[INFO] [stderr]    Compiling openssl v0.10.50
[INFO] [stderr]    Compiling syn v1.0.109
[INFO] [stderr]    Compiling futures-util v0.3.28
[INFO] [stderr]    Compiling syn v2.0.15
[INFO] [stderr]    Compiling unicode-bidi v0.3.13
[INFO] [stderr]    Compiling futures-sink v0.3.28
[INFO] [stderr]    Compiling futures-io v0.3.28
[INFO] [stderr]    Compiling thiserror v1.0.40
[INFO] [stderr]    Compiling tinyvec v1.6.0
[INFO] [stderr]    Compiling async-trait v0.1.68
[INFO] [stderr]    Compiling tracing-core v0.1.30
[INFO] [stderr]    Compiling encoding-index-tradchinese v1.20141219.5
[INFO] [stderr]    Compiling encoding-index-simpchinese v1.20141219.5
[INFO] [stderr]    Compiling encoding-index-japanese v1.20141219.5
[INFO] [stderr]    Compiling encoding-index-korean v1.20141219.5
[INFO] [stderr]    Compiling encoding-index-singlebyte v1.20141219.5
[INFO] [stderr]    Compiling bytes v1.4.0
[INFO] [stderr]    Compiling pretty-hex v0.3.0
[INFO] [stderr]    Compiling uuid v1.3.1
[INFO] [stderr]    Compiling connection-string v0.2.0
[INFO] [stderr]    Compiling encoding v0.2.33
[INFO] [stderr]    Compiling unicode-normalization v0.1.22
[INFO] [stderr]    Compiling openssl-sys v0.9.85
[INFO] [stderr]    Compiling idna v0.3.0
[INFO] [stderr]    Compiling native-tls v0.2.11
[INFO] [stderr]    Compiling url v2.3.1
[INFO] [stderr]    Compiling futures-macro v0.3.28
[INFO] [stderr]    Compiling openssl-macros v0.1.1
[INFO] [stderr]    Compiling thiserror-impl v1.0.40
[INFO] [stderr]    Compiling enumflags2_derive v0.7.7
[INFO] [stderr]    Compiling enumflags2 v0.7.7
[INFO] [stderr]    Compiling tracing-attributes v0.1.23
[INFO] [stderr]    Compiling tracing v0.1.37
[INFO] [stderr]    Compiling asynchronous-codec v0.6.1
[INFO] [stderr]    Compiling async-native-tls v0.4.0
[INFO] [stderr]    Compiling tiberius v0.12.2 (/opt/rustwide/workdir)
[INFO] [stderr]     Finished dev [unoptimized + debuginfo] target(s) in 14.49s
[INFO] running `Command { std: "docker" "inspect" "27ee21e55f149c57e4978664f37d0d4e3a0cc0f8c7f97ac9e8b5bb77804272a0", kill_on_drop: false }`
[INFO] running `Command { std: "docker" "rm" "-f" "27ee21e55f149c57e4978664f37d0d4e3a0cc0f8c7f97ac9e8b5bb77804272a0", kill_on_drop: false }`
[INFO] [stdout] 27ee21e55f149c57e4978664f37d0d4e3a0cc0f8c7f97ac9e8b5bb77804272a0
[INFO] running `Command { std: "docker" "create" "-v" "/var/lib/crater-agent-workspace/builds/worker-6-tc1/target:/opt/rustwide/target:rw,Z" "-v" "/var/lib/crater-agent-workspace/builds/worker-6-tc1/source:/opt/rustwide/workdir:ro,Z" "-v" "/var/lib/crater-agent-workspace/cargo-home:/opt/rustwide/cargo-home:ro,Z" "-v" "/var/lib/crater-agent-workspace/rustup-home:/opt/rustwide/rustup-home:ro,Z" "-e" "SOURCE_DIR=/opt/rustwide/workdir" "-e" "CARGO_TARGET_DIR=/opt/rustwide/target" "-e" "CARGO_INCREMENTAL=0" "-e" "RUST_BACKTRACE=full" "-e" "RUSTFLAGS=--cap-lints=warn" "-e" "RUSTDOCFLAGS=--cap-lints=warn" "-e" "CARGO_HOME=/opt/rustwide/cargo-home" "-e" "RUSTUP_HOME=/opt/rustwide/rustup-home" "-w" "/opt/rustwide/workdir" "-m" "1610612736" "--user" "0:0" "--network" "none" "ghcr.io/rust-lang/crates-build-env/linux@sha256:97d61d7686bf65f8ecb15491ab51835e82dc9176a96a831f143a431b191fc501" "/opt/rustwide/cargo-home/bin/cargo" "+1.69.0" "test" "--frozen" "--no-run" "--message-format=json", kill_on_drop: false }`
[INFO] [stdout] cd988232c20a4c81e7b84a681954992498e416508cceab4b18ec59547edf9ec1
[INFO] running `Command { std: "docker" "start" "-a" "cd988232c20a4c81e7b84a681954992498e416508cceab4b18ec59547edf9ec1", kill_on_drop: false }`
[INFO] [stderr]    Compiling version_check v0.9.4
[INFO] [stderr]    Compiling syn v1.0.109
[INFO] [stderr]    Compiling log v0.4.17
[INFO] [stderr]    Compiling futures-core v0.3.28
[INFO] [stderr]    Compiling futures-io v0.3.28
[INFO] [stderr]    Compiling futures-channel v0.3.28
[INFO] [stderr]    Compiling serde v1.0.160
[INFO] [stderr]    Compiling futures-util v0.3.28
[INFO] [stderr]    Compiling socket2 v0.4.9
[INFO] [stderr]    Compiling tokio v1.27.0
[INFO] [stderr]    Compiling ring v0.16.20
[INFO] [stderr]    Compiling num_cpus v1.15.0
[INFO] [stderr]    Compiling serde_derive v1.0.160
[INFO] [stderr]    Compiling tokio-macros v2.0.0
[INFO] [stderr]    Compiling indexmap v1.9.3
[INFO] [stderr]    Compiling event-listener v2.5.3
[INFO] [stderr]    Compiling http v0.2.9
[INFO] [stderr]    Compiling concurrent-queue v2.2.0
[INFO] [stderr]    Compiling getrandom v0.2.9
[INFO] [stderr]    Compiling typenum v1.16.0
[INFO] [stderr]    Compiling waker-fn v1.1.0
[INFO] [stderr]    Compiling value-bag v1.0.0-alpha.9
[INFO] [stderr]    Compiling parking v2.1.0
[INFO] [stderr]    Compiling generic-array v0.14.7
[INFO] [stderr]    Compiling rustls v0.20.8
[INFO] [stderr]    Compiling try-lock v0.2.4
[INFO] [stderr]    Compiling getrandom v0.1.16
[INFO] [stderr]    Compiling semver v1.0.17
[INFO] [stderr]    Compiling futures-lite v1.13.0
[INFO] [stderr]    Compiling async-channel v1.8.0
[INFO] [stderr]    Compiling rand_core v0.6.4
[INFO] [stderr]    Compiling proc-macro-error-attr v1.0.4
[INFO] [stderr]    Compiling async-lock v2.7.0
[INFO] [stderr]    Compiling proc-macro-error v1.0.4
[INFO] [stderr]    Compiling polling v2.7.0
[INFO] [stderr]    Compiling num-integer v0.1.45
[INFO] [stderr]    Compiling rand_chacha v0.3.1
[INFO] [stderr]    Compiling http-body v0.4.5
[INFO] [stderr]    Compiling rand_core v0.5.1
[INFO] [stderr]    Compiling base64 v0.21.0
[INFO] [stderr]    Compiling rustix v0.37.11
[INFO] [stderr]    Compiling anyhow v1.0.70
[INFO] [stderr]    Compiling rand v0.8.5
[INFO] [stderr]    Compiling rand_chacha v0.2.2
[INFO] [stderr]    Compiling rustc_version v0.4.0
[INFO] [stderr]    Compiling rustls-pemfile v1.0.2
[INFO] [stderr]    Compiling io-lifetimes v1.0.10
[INFO] [stderr]    Compiling encoding_rs v0.8.32
[INFO] [stderr]    Compiling async-io v1.13.0
[INFO] [stderr]    Compiling http-types v2.12.0
[INFO] [stderr]    Compiling async-task v4.4.0
[INFO] [stderr]    Compiling mime v0.3.17
[INFO] [stderr]    Compiling paste v1.0.12
[INFO] [stderr]    Compiling ipnet v2.7.2
[INFO] [stderr]    Compiling linux-raw-sys v0.3.1
[INFO] [stderr]    Compiling time-core v0.1.0
[INFO] [stderr]    Compiling azure_core v0.4.0
[INFO] [stderr]    Compiling time-macros v0.2.8
[INFO] [stderr]    Compiling rand v0.7.3
[INFO] [stderr]    Compiling uuid v1.3.1
[INFO] [stderr]    Compiling atty v0.2.14
[INFO] [stderr]    Compiling time v0.1.45
[INFO] [stderr]    Compiling num_threads v0.1.6
[INFO] [stderr]    Compiling iana-time-zone v0.1.56
[INFO] [stderr]    Compiling atomic-waker v1.1.1
[INFO] [stderr]    Compiling block-buffer v0.10.4
[INFO] [stderr]    Compiling crypto-common v0.1.6
[INFO] [stderr]    Compiling infer v0.2.3
[INFO] [stderr]    Compiling portable-atomic v0.3.19
[INFO] [stderr]    Compiling str-buf v1.0.6
[INFO] [stderr]    Compiling digest v0.10.6
[INFO] [stderr]    Compiling async-timer v1.0.0-beta.9
[INFO] [stderr]    Compiling cpufeatures v0.2.6
[INFO] [stderr]    Compiling termcolor v1.2.0
[INFO] [stderr]    Compiling os_str_bytes v6.5.0
[INFO] [stderr]    Compiling heck v0.4.1
[INFO] [stderr]    Compiling sha2 v0.10.6
[INFO] [stderr]    Compiling clap_lex v0.2.4
[INFO] [stderr]    Compiling error-code v2.3.1
[INFO] [stderr]    Compiling webpki v0.22.0
[INFO] [stderr]    Compiling sct v0.7.0
[INFO] [stderr]    Compiling async-executor v1.5.1
[INFO] [stderr]    Compiling strsim v0.10.0
[INFO] [stderr]    Compiling textwrap v0.16.0
[INFO] [stderr]    Compiling dyn-clone v1.0.11
[INFO] [stderr]    Compiling futures-executor v0.3.28
[INFO] [stderr]    Compiling regex-syntax v0.6.29
[INFO] [stderr]    Compiling webpki-roots v0.22.6
[INFO] [stderr]    Compiling names v0.14.0
[INFO] [stderr]    Compiling futures v0.3.28
[INFO] [stderr]    Compiling console v0.15.5
[INFO] [stderr]    Compiling asynchronous-codec v0.6.1
[INFO] [stderr]    Compiling number_prefix v0.4.0
[INFO] [stderr]    Compiling indoc v1.0.9
[INFO] [stderr]    Compiling indicatif v0.17.3
[INFO] [stderr]    Compiling regex v1.7.3
[INFO] [stderr]    Compiling ctor v0.1.26
[INFO] [stderr]    Compiling tracing-attributes v0.1.23
[INFO] [stderr]    Compiling pin-project-internal v1.0.12
[INFO] [stderr]    Compiling fix-hidden-lifetime-bug-proc_macros v0.2.5
[INFO] [stderr]    Compiling clap_derive v3.2.18
[INFO] [stderr]    Compiling async-attributes v1.1.2
[INFO] [stderr]    Compiling fix-hidden-lifetime-bug v0.2.5
[INFO] [stderr]    Compiling mio v0.8.6
[INFO] [stderr]    Compiling native-tls v0.2.11
[INFO] [stderr]    Compiling want v0.3.0
[INFO] [stderr]    Compiling blocking v1.3.1
[INFO] [stderr]    Compiling kv-log-macro v1.0.7
[INFO] [stderr]    Compiling env_logger v0.9.3
[INFO] [stderr]    Compiling pin-project v1.0.12
[INFO] [stderr]    Compiling tracing v0.1.37
[INFO] [stderr]    Compiling async-global-executor v2.3.1
[INFO] [stderr]    Compiling async-std v1.12.0
[INFO] [stderr]    Compiling clap v3.2.23
[INFO] [stderr]    Compiling url v2.3.1
[INFO] [stderr]    Compiling serde_urlencoded v0.7.1
[INFO] [stderr]    Compiling serde_json v1.0.96
[INFO] [stderr]    Compiling serde_qs v0.8.5
[INFO] [stderr]    Compiling serde_path_to_error v0.1.11
[INFO] [stderr]    Compiling chrono v0.4.24
[INFO] [stderr]    Compiling time v0.3.20
[INFO] [stderr]    Compiling async-native-tls v0.4.0
[INFO] [stderr]    Compiling tiberius v0.12.2 (/opt/rustwide/workdir)
[INFO] [stderr]    Compiling tokio-util v0.7.7
[INFO] [stderr]    Compiling tokio-rustls v0.23.4
[INFO] [stderr]    Compiling tokio-native-tls v0.3.1
[INFO] [stderr]    Compiling h2 v0.3.18
[INFO] [stderr]    Compiling hyper v0.14.26
[INFO] [stderr]    Compiling hyper-rustls v0.23.2
[INFO] [stderr]    Compiling hyper-tls v0.5.0
[INFO] [stderr]    Compiling reqwest v0.11.16
[INFO] [stderr]    Compiling oauth2 v4.3.0
[INFO] [stderr]    Compiling azure_identity v0.5.0
[INFO] [stdout] error[E0432]: unresolved import `runtimes_macro`
[INFO] [stdout]   --> tests/bulk.rs:12:5
[INFO] [stdout]    |
[INFO] [stdout] 12 | use runtimes_macro::test_on_runtimes;
[INFO] [stdout]    |     ^^^^^^^^^^^^^^ use of undeclared crate or module `runtimes_macro`
[INFO] [stdout] 
[INFO] [stdout] 
[INFO] [stdout] error: cannot determine resolution for the attribute macro `test_on_runtimes`
[INFO] [stdout]    --> tests/bulk.rs:43:15
[INFO] [stdout]     |
[INFO] [stdout] 43  |             #[test_on_runtimes]
[INFO] [stdout]     |               ^^^^^^^^^^^^^^^^
[INFO] [stdout] ...
[INFO] [stdout] 110 | test_bulk_type!(tinyint("TINYINT", 256, 0..=255u8));
[INFO] [stdout]     | --------------------------------------------------- in this macro invocation
[INFO] [stdout]     |
[INFO] [stdout]     = note: import resolution is stuck, try simplifying macro imports
[INFO] [stdout]     = note: this error originates in the macro `test_bulk_type` (in Nightly builds, run with -Z macro-backtrace for more info)
[INFO] [stdout] 
[INFO] [stdout] 
[INFO] [stdout] error: cannot determine resolution for the attribute macro `test_on_runtimes`
[INFO] [stdout]    --> tests/bulk.rs:75:15
[INFO] [stdout]     |
[INFO] [stdout] 75  |             #[test_on_runtimes]
[INFO] [stdout]     |               ^^^^^^^^^^^^^^^^
[INFO] [stdout] ...
[INFO] [stdout] 110 | test_bulk_type!(tinyint("TINYINT", 256, 0..=255u8));
[INFO] [stdout]     | --------------------------------------------------- in this macro invocation
[INFO] [stdout]     |
[INFO] [stdout]     = note: import resolution is stuck, try simplifying macro imports
[INFO] [stdout]     = note: this error originates in the macro `test_bulk_type` (in Nightly builds, run with -Z macro-backtrace for more info)
[INFO] [stdout] 
[INFO] [stdout] 
[INFO] [stdout] error: cannot determine resolution for the attribute macro `test_on_runtimes`
[INFO] [stdout]    --> tests/bulk.rs:43:15
[INFO] [stdout]     |
[INFO] [stdout] 43  |             #[test_on_runtimes]
[INFO] [stdout]     |               ^^^^^^^^^^^^^^^^
[INFO] [stdout] ...
[INFO] [stdout] 111 | test_bulk_type!(smallint("SMALLINT", 2000, 0..2000i16));
[INFO] [stdout]     | ------------------------------------------------------- in this macro invocation
[INFO] [stdout]     |
[INFO] [stdout]     = note: import resolution is stuck, try simplifying macro imports
[INFO] [stdout]     = note: this error originates in the macro `test_bulk_type` (in Nightly builds, run with -Z macro-backtrace for more info)
[INFO] [stdout] 
[INFO] [stdout] 
[INFO] [stdout] error: cannot determine resolution for the attribute macro `test_on_runtimes`
[INFO] [stdout]    --> tests/bulk.rs:75:15
[INFO] [stdout]     |
[INFO] [stdout] 75  |             #[test_on_runtimes]
[INFO] [stdout]     |               ^^^^^^^^^^^^^^^^
[INFO] [stdout] ...
[INFO] [stdout] 111 | test_bulk_type!(smallint("SMALLINT", 2000, 0..2000i16));
[INFO] [stdout]     | ------------------------------------------------------- in this macro invocation
[INFO] [stdout]     |
[INFO] [stdout]     = note: import resolution is stuck, try simplifying macro imports
[INFO] [stdout]     = note: this error originates in the macro `test_bulk_type` (in Nightly builds, run with -Z macro-backtrace for more info)
[INFO] [stdout] 
[INFO] [stdout] 
[INFO] [stdout] error: cannot determine resolution for the attribute macro `test_on_runtimes`
[INFO] [stdout]    --> tests/bulk.rs:43:15
[INFO] [stdout]     |
[INFO] [stdout] 43  |             #[test_on_runtimes]
[INFO] [stdout]     |               ^^^^^^^^^^^^^^^^
[INFO] [stdout] ...
[INFO] [stdout] 112 | test_bulk_type!(int("INT", 2000, 0..2000i32));
[INFO] [stdout]     | --------------------------------------------- in this macro invocation
[INFO] [stdout]     |
[INFO] [stdout]     = note: import resolution is stuck, try simplifying macro imports
[INFO] [stdout]     = note: this error originates in the macro `test_bulk_type` (in Nightly builds, run with -Z macro-backtrace for more info)
[INFO] [stdout] 
[INFO] [stdout] 
[INFO] [stdout] error: cannot determine resolution for the attribute macro `test_on_runtimes`
[INFO] [stdout]    --> tests/bulk.rs:75:15
[INFO] [stdout]     |
[INFO] [stdout] 75  |             #[test_on_runtimes]
[INFO] [stdout]     |               ^^^^^^^^^^^^^^^^
[INFO] [stdout] ...
[INFO] [stdout] 112 | test_bulk_type!(int("INT", 2000, 0..2000i32));
[INFO] [stdout]     | --------------------------------------------- in this macro invocation
[INFO] [stdout]     |
[INFO] [stdout]     = note: import resolution is stuck, try simplifying macro imports
[INFO] [stdout]     = note: this error originates in the macro `test_bulk_type` (in Nightly builds, run with -Z macro-backtrace for more info)
[INFO] [stdout] 
[INFO] [stdout] 
[INFO] [stdout] error: cannot determine resolution for the attribute macro `test_on_runtimes`
[INFO] [stdout]    --> tests/bulk.rs:43:15
[INFO] [stdout]     |
[INFO] [stdout] 43  |             #[test_on_runtimes]
[INFO] [stdout]     |               ^^^^^^^^^^^^^^^^
[INFO] [stdout] ...
[INFO] [stdout] 113 | test_bulk_type!(bigint("BIGINT", 2000, 0..2000i64));
[INFO] [stdout]     | --------------------------------------------------- in this macro invocation
[INFO] [stdout]     |
[INFO] [stdout]     = note: import resolution is stuck, try simplifying macro imports
[INFO] [stdout]     = note: this error originates in the macro `test_bulk_type` (in Nightly builds, run with -Z macro-backtrace for more info)
[INFO] [stdout] 
[INFO] [stdout] 
[INFO] [stdout] error: cannot determine resolution for the attribute macro `test_on_runtimes`
[INFO] [stdout]    --> tests/bulk.rs:75:15
[INFO] [stdout]     |
[INFO] [stdout] 75  |             #[test_on_runtimes]
[INFO] [stdout]     |               ^^^^^^^^^^^^^^^^
[INFO] [stdout] ...
[INFO] [stdout] 113 | test_bulk_type!(bigint("BIGINT", 2000, 0..2000i64));
[INFO] [stdout]     | --------------------------------------------------- in this macro invocation
[INFO] [stdout]     |
[INFO] [stdout]     = note: import resolution is stuck, try simplifying macro imports
[INFO] [stdout]     = note: this error originates in the macro `test_bulk_type` (in Nightly builds, run with -Z macro-backtrace for more info)
[INFO] [stdout] 
[INFO] [stdout] 
[INFO] [stdout] error: cannot determine resolution for the attribute macro `test_on_runtimes`
[INFO] [stdout]    --> tests/bulk.rs:43:15
[INFO] [stdout]     |
[INFO] [stdout] 43  |               #[test_on_runtimes]
[INFO] [stdout]     |                 ^^^^^^^^^^^^^^^^
[INFO] [stdout] ...
[INFO] [stdout] 115 | / test_bulk_type!(real(
[INFO] [stdout] 116 | |     "REAL",
[INFO] [stdout] 117 | |     1000,
[INFO] [stdout] 118 | |     vec![std::f32::consts::PI; 1000].into_iter()
[INFO] [stdout] 119 | | ));
[INFO] [stdout]     | |__- in this macro invocation
[INFO] [stdout]     |
[INFO] [stdout]     = note: import resolution is stuck, try simplifying macro imports
[INFO] [stdout]     = note: this error originates in the macro `test_bulk_type` (in Nightly builds, run with -Z macro-backtrace for more info)
[INFO] [stdout] 
[INFO] [stdout] 
[INFO] [stdout] error: cannot determine resolution for the attribute macro `test_on_runtimes`
[INFO] [stdout]    --> tests/bulk.rs:75:15
[INFO] [stdout]     |
[INFO] [stdout] 75  |               #[test_on_runtimes]
[INFO] [stdout]     |                 ^^^^^^^^^^^^^^^^
[INFO] [stdout] ...
[INFO] [stdout] 115 | / test_bulk_type!(real(
[INFO] [stdout] 116 | |     "REAL",
[INFO] [stdout] 117 | |     1000,
[INFO] [stdout] 118 | |     vec![std::f32::consts::PI; 1000].into_iter()
[INFO] [stdout] 119 | | ));
[INFO] [stdout]     | |__- in this macro invocation
[INFO] [stdout]     |
[INFO] [stdout]     = note: import resolution is stuck, try simplifying macro imports
[INFO] [stdout]     = note: this error originates in the macro `test_bulk_type` (in Nightly builds, run with -Z macro-backtrace for more info)
[INFO] [stdout] 
[INFO] [stdout] 
[INFO] [stdout] error: cannot determine resolution for the attribute macro `test_on_runtimes`
[INFO] [stdout]    --> tests/bulk.rs:43:15
[INFO] [stdout]     |
[INFO] [stdout] 43  |               #[test_on_runtimes]
[INFO] [stdout]     |                 ^^^^^^^^^^^^^^^^
[INFO] [stdout] ...
[INFO] [stdout] 121 | / test_bulk_type!(float(
[INFO] [stdout] 122 | |     "FLOAT",
[INFO] [stdout] 123 | |     1000,
[INFO] [stdout] 124 | |     vec![std::f64::consts::PI; 1000].into_iter()
[INFO] [stdout] 125 | | ));
[INFO] [stdout]     | |__- in this macro invocation
[INFO] [stdout]     |
[INFO] [stdout]     = note: import resolution is stuck, try simplifying macro imports
[INFO] [stdout]     = note: this error originates in the macro `test_bulk_type` (in Nightly builds, run with -Z macro-backtrace for more info)
[INFO] [stdout] 
[INFO] [stdout] 
[INFO] [stdout] error: cannot determine resolution for the attribute macro `test_on_runtimes`
[INFO] [stdout]    --> tests/bulk.rs:75:15
[INFO] [stdout]     |
[INFO] [stdout] 75  |               #[test_on_runtimes]
[INFO] [stdout]     |                 ^^^^^^^^^^^^^^^^
[INFO] [stdout] ...
[INFO] [stdout] 121 | / test_bulk_type!(float(
[INFO] [stdout] 122 | |     "FLOAT",
[INFO] [stdout] 123 | |     1000,
[INFO] [stdout] 124 | |     vec![std::f64::consts::PI; 1000].into_iter()
[INFO] [stdout] 125 | | ));
[INFO] [stdout]     | |__- in this macro invocation
[INFO] [stdout]     |
[INFO] [stdout]     = note: import resolution is stuck, try simplifying macro imports
[INFO] [stdout]     = note: this error originates in the macro `test_bulk_type` (in Nightly builds, run with -Z macro-backtrace for more info)
[INFO] [stdout] 
[INFO] [stdout] 
[INFO] [stdout] error: cannot determine resolution for the attribute macro `test_on_runtimes`
[INFO] [stdout]    --> tests/bulk.rs:43:15
[INFO] [stdout]     |
[INFO] [stdout] 43  |               #[test_on_runtimes]
[INFO] [stdout]     |                 ^^^^^^^^^^^^^^^^
[INFO] [stdout] ...
[INFO] [stdout] 127 | / test_bulk_type!(varchar_limited(
[INFO] [stdout] 128 | |     "VARCHAR(255)",
[INFO] [stdout] 129 | |     1000,
[INFO] [stdout] 130 | |     vec!["aaaaaaaaaaaaaaaaaaaaaaa"; 1000].into_iter()
[INFO] [stdout] 131 | | ));
[INFO] [stdout]     | |__- in this macro invocation
[INFO] [stdout]     |
[INFO] [stdout]     = note: import resolution is stuck, try simplifying macro imports
[INFO] [stdout]     = note: this error originates in the macro `test_bulk_type` (in Nightly builds, run with -Z macro-backtrace for more info)
[INFO] [stdout] 
[INFO] [stdout] 
[INFO] [stdout] error: cannot determine resolution for the attribute macro `test_on_runtimes`
[INFO] [stdout]    --> tests/bulk.rs:75:15
[INFO] [stdout]     |
[INFO] [stdout] 75  |               #[test_on_runtimes]
[INFO] [stdout]     |                 ^^^^^^^^^^^^^^^^
[INFO] [stdout] ...
[INFO] [stdout] 127 | / test_bulk_type!(varchar_limited(
[INFO] [stdout] 128 | |     "VARCHAR(255)",
[INFO] [stdout] 129 | |     1000,
[INFO] [stdout] 130 | |     vec!["aaaaaaaaaaaaaaaaaaaaaaa"; 1000].into_iter()
[INFO] [stdout] 131 | | ));
[INFO] [stdout]     | |__- in this macro invocation
[INFO] [stdout]     |
[INFO] [stdout]     = note: import resolution is stuck, try simplifying macro imports
[INFO] [stdout]     = note: this error originates in the macro `test_bulk_type` (in Nightly builds, run with -Z macro-backtrace for more info)
[INFO] [stdout] 
[INFO] [stdout] 
[INFO] [stdout] error[E0432]: unresolved import `runtimes_macro`
[INFO] [stdout]   --> tests/query.rs:13:5
[INFO] [stdout]    |
[INFO] [stdout] 13 | use runtimes_macro::test_on_runtimes;
[INFO] [stdout]    |     ^^^^^^^^^^^^^^ use of undeclared crate or module `runtimes_macro`
[INFO] [stdout] 
[INFO] [stdout] 
[INFO] [stdout] error: cannot determine resolution for the attribute macro `test_on_runtimes`
[INFO] [stdout]   --> tests/query.rs:48:3
[INFO] [stdout]    |
[INFO] [stdout] 48 | #[test_on_runtimes(connection_string = "ENCRYPTED_CONN_STR")]
[INFO] [stdout]    |   ^^^^^^^^^^^^^^^^
[INFO] [stdout]    |
[INFO] [stdout]    = note: import resolution is stuck, try simplifying macro imports
[INFO] [stdout] 
[INFO] [stdout] 
[INFO] [stdout] error: cannot determine resolution for the attribute macro `test_on_runtimes`
[INFO] [stdout]   --> tests/query.rs:65:3
[INFO] [stdout]    |
[INFO] [stdout] 65 | #[test_on_runtimes(connection_string = "PLAIN_TEXT_CONN_STR")]
[INFO] [stdout]    |   ^^^^^^^^^^^^^^^^
[INFO] [stdout]    |
[INFO] [stdout]    = note: import resolution is stuck, try simplifying macro imports
[INFO] [stdout] 
[INFO] [stdout] 
[INFO] [stdout] error: cannot determine resolution for the attribute macro `test_on_runtimes`
[INFO] [stdout]   --> tests/query.rs:82:3
[INFO] [stdout]    |
[INFO] [stdout] 82 | #[test_on_runtimes(connection_string = "DOT_CONN_STR")]
[INFO] [stdout]    |   ^^^^^^^^^^^^^^^^
[INFO] [stdout]    |
[INFO] [stdout]    = note: import resolution is stuck, try simplifying macro imports
[INFO] [stdout] 
[INFO] [stdout] 
[INFO] [stdout] error: cannot determine resolution for the attribute macro `test_on_runtimes`
[INFO] [stdout]   --> tests/query.rs:99:3
[INFO] [stdout]    |
[INFO] [stdout] 99 | #[test_on_runtimes]
[INFO] [stdout]    |   ^^^^^^^^^^^^^^^^
[INFO] [stdout]    |
[INFO] [stdout]    = note: import resolution is stuck, try simplifying macro imports
[INFO] [stdout] 
[INFO] [stdout] 
[INFO] [stdout] error: cannot determine resolution for the attribute macro `test_on_runtimes`
[INFO] [stdout]    --> tests/query.rs:120:3
[INFO] [stdout]     |
[INFO] [stdout] 120 | #[test_on_runtimes]
[INFO] [stdout]     |   ^^^^^^^^^^^^^^^^
[INFO] [stdout]     |
[INFO] [stdout]     = note: import resolution is stuck, try simplifying macro imports
[INFO] [stdout] 
[INFO] [stdout] 
[INFO] [stdout] error: cannot determine resolution for the attribute macro `test_on_runtimes`
[INFO] [stdout]    --> tests/query.rs:143:3
[INFO] [stdout]     |
[INFO] [stdout] 143 | #[test_on_runtimes]
[INFO] [stdout]     |   ^^^^^^^^^^^^^^^^
[INFO] [stdout]     |
[INFO] [stdout]     = note: import resolution is stuck, try simplifying macro imports
[INFO] [stdout] 
[INFO] [stdout] 
[INFO] [stdout] error: cannot determine resolution for the attribute macro `test_on_runtimes`
[INFO] [stdout]    --> tests/query.rs:207:3
[INFO] [stdout]     |
[INFO] [stdout] 207 | #[test_on_runtimes]
[INFO] [stdout]     |   ^^^^^^^^^^^^^^^^
[INFO] [stdout]     |
[INFO] [stdout]     = note: import resolution is stuck, try simplifying macro imports
[INFO] [stdout] 
[INFO] [stdout] 
[INFO] [stdout] error: cannot determine resolution for the attribute macro `test_on_runtimes`
[INFO] [stdout]    --> tests/query.rs:238:3
[INFO] [stdout]     |
[INFO] [stdout] 238 | #[test_on_runtimes]
[INFO] [stdout]     |   ^^^^^^^^^^^^^^^^
[INFO] [stdout]     |
[INFO] [stdout]     = note: import resolution is stuck, try simplifying macro imports
[INFO] [stdout] 
[INFO] [stdout] 
[INFO] [stdout] error: cannot determine resolution for the attribute macro `test_on_runtimes`
[INFO] [stdout]    --> tests/query.rs:275:3
[INFO] [stdout]     |
[INFO] [stdout] 275 | #[test_on_runtimes]
[INFO] [stdout]     |   ^^^^^^^^^^^^^^^^
[INFO] [stdout]     |
[INFO] [stdout]     = note: import resolution is stuck, try simplifying macro imports
[INFO] [stdout] 
[INFO] [stdout] 
[INFO] [stdout] error: cannot determine resolution for the attribute macro `test_on_runtimes`
[INFO] [stdout]    --> tests/query.rs:310:3
[INFO] [stdout]     |
[INFO] [stdout] 310 | #[test_on_runtimes]
[INFO] [stdout]     |   ^^^^^^^^^^^^^^^^
[INFO] [stdout]     |
[INFO] [stdout]     = note: import resolution is stuck, try simplifying macro imports
[INFO] [stdout] 
[INFO] [stdout] 
[INFO] [stdout] error: cannot determine resolution for the attribute macro `test_on_runtimes`
[INFO] [stdout]    --> tests/query.rs:346:3
[INFO] [stdout]     |
[INFO] [stdout] 346 | #[test_on_runtimes]
[INFO] [stdout]     |   ^^^^^^^^^^^^^^^^
[INFO] [stdout]     |
[INFO] [stdout]     = note: import resolution is stuck, try simplifying macro imports
[INFO] [stdout] 
[INFO] [stdout] 
[INFO] [stdout] error: cannot determine resolution for the attribute macro `test_on_runtimes`
[INFO] [stdout]    --> tests/query.rs:373:3
[INFO] [stdout]     |
[INFO] [stdout] 373 | #[test_on_runtimes]
[INFO] [stdout]     |   ^^^^^^^^^^^^^^^^
[INFO] [stdout]     |
[INFO] [stdout]     = note: import resolution is stuck, try simplifying macro imports
[INFO] [stdout] 
[INFO] [stdout] 
[INFO] [stdout] error: cannot determine resolution for the attribute macro `test_on_runtimes`
[INFO] [stdout]    --> tests/query.rs:400:3
[INFO] [stdout]     |
[INFO] [stdout] 400 | #[test_on_runtimes]
[INFO] [stdout]     |   ^^^^^^^^^^^^^^^^
[INFO] [stdout]     |
[INFO] [stdout]     = note: import resolution is stuck, try simplifying macro imports
[INFO] [stdout] 
[INFO] [stdout] 
[INFO] [stdout] error: cannot determine resolution for the attribute macro `test_on_runtimes`
[INFO] [stdout]    --> tests/query.rs:440:3
[INFO] [stdout]     |
[INFO] [stdout] 440 | #[test_on_runtimes]
[INFO] [stdout]     |   ^^^^^^^^^^^^^^^^
[INFO] [stdout]     |
[INFO] [stdout]     = note: import resolution is stuck, try simplifying macro imports
[INFO] [stdout] 
[INFO] [stdout] 
[INFO] [stdout] error: cannot determine resolution for the attribute macro `test_on_runtimes`
[INFO] [stdout]    --> tests/query.rs:463:3
[INFO] [stdout]     |
[INFO] [stdout] 463 | #[test_on_runtimes]
[INFO] [stdout]     |   ^^^^^^^^^^^^^^^^
[INFO] [stdout]     |
[INFO] [stdout]     = note: import resolution is stuck, try simplifying macro imports
[INFO] [stdout] 
[INFO] [stdout] 
[INFO] [stdout] error: cannot determine resolution for the attribute macro `test_on_runtimes`
[INFO] [stdout]    --> tests/query.rs:489:3
[INFO] [stdout]     |
[INFO] [stdout] 489 | #[test_on_runtimes]
[INFO] [stdout]     |   ^^^^^^^^^^^^^^^^
[INFO] [stdout]     |
[INFO] [stdout]     = note: import resolution is stuck, try simplifying macro imports
[INFO] [stdout] 
[INFO] [stdout] 
[INFO] [stdout] error: cannot determine resolution for the attribute macro `test_on_runtimes`
[INFO] [stdout]    --> tests/query.rs:518:3
[INFO] [stdout]     |
[INFO] [stdout] 518 | #[test_on_runtimes]
[INFO] [stdout]     |   ^^^^^^^^^^^^^^^^
[INFO] [stdout]     |
[INFO] [stdout]     = note: import resolution is stuck, try simplifying macro imports
[INFO] [stdout] 
[INFO] [stdout] 
[INFO] [stdout] error: cannot determine resolution for the attribute macro `test_on_runtimes`
[INFO] [stdout]    --> tests/query.rs:536:3
[INFO] [stdout]     |
[INFO] [stdout] 536 | #[test_on_runtimes]
[INFO] [stdout]     |   ^^^^^^^^^^^^^^^^
[INFO] [stdout]     |
[INFO] [stdout]     = note: import resolution is stuck, try simplifying macro imports
[INFO] [stdout] 
[INFO] [stdout] 
[INFO] [stdout] error: cannot determine resolution for the attribute macro `test_on_runtimes`
[INFO] [stdout]    --> tests/query.rs:565:3
[INFO] [stdout]     |
[INFO] [stdout] 565 | #[test_on_runtimes]
[INFO] [stdout]     |   ^^^^^^^^^^^^^^^^
[INFO] [stdout]     |
[INFO] [stdout]     = note: import resolution is stuck, try simplifying macro imports
[INFO] [stdout] 
[INFO] [stdout] 
[INFO] [stdout] error: cannot determine resolution for the attribute macro `test_on_runtimes`
[INFO] [stdout]    --> tests/query.rs:583:3
[INFO] [stdout]     |
[INFO] [stdout] 583 | #[test_on_runtimes]
[INFO] [stdout]     |   ^^^^^^^^^^^^^^^^
[INFO] [stdout]     |
[INFO] [stdout]     = note: import resolution is stuck, try simplifying macro imports
[INFO] [stdout] 
[INFO] [stdout] 
[INFO] [stdout] error: cannot determine resolution for the attribute macro `test_on_runtimes`
[INFO] [stdout]    --> tests/query.rs:598:3
[INFO] [stdout]     |
[INFO] [stdout] 598 | #[test_on_runtimes]
[INFO] [stdout]     |   ^^^^^^^^^^^^^^^^
[INFO] [stdout]     |
[INFO] [stdout]     = note: import resolution is stuck, try simplifying macro imports
[INFO] [stdout] 
[INFO] [stdout] 
[INFO] [stdout] error: cannot determine resolution for the attribute macro `test_on_runtimes`
[INFO] [stdout]    --> tests/query.rs:615:3
[INFO] [stdout]     |
[INFO] [stdout] 615 | #[test_on_runtimes]
[INFO] [stdout]     |   ^^^^^^^^^^^^^^^^
[INFO] [stdout]     |
[INFO] [stdout]     = note: import resolution is stuck, try simplifying macro imports
[INFO] [stdout] 
[INFO] [stdout] 
[INFO] [stdout] error: cannot determine resolution for the attribute macro `test_on_runtimes`
[INFO] [stdout]    --> tests/query.rs:632:3
[INFO] [stdout]     |
[INFO] [stdout] 632 | #[test_on_runtimes]
[INFO] [stdout]     |   ^^^^^^^^^^^^^^^^
[INFO] [stdout]     |
[INFO] [stdout]     = note: import resolution is stuck, try simplifying macro imports
[INFO] [stdout] 
[INFO] [stdout] 
[INFO] [stdout] error: cannot determine resolution for the attribute macro `test_on_runtimes`
[INFO] [stdout]    --> tests/query.rs:649:3
[INFO] [stdout]     |
[INFO] [stdout] 649 | #[test_on_runtimes]
[INFO] [stdout]     |   ^^^^^^^^^^^^^^^^
[INFO] [stdout]     |
[INFO] [stdout]     = note: import resolution is stuck, try simplifying macro imports
[INFO] [stdout] 
[INFO] [stdout] 
[INFO] [stdout] error: cannot determine resolution for the attribute macro `test_on_runtimes`
[INFO] [stdout]    --> tests/query.rs:666:3
[INFO] [stdout]     |
[INFO] [stdout] 666 | #[test_on_runtimes]
[INFO] [stdout]     |   ^^^^^^^^^^^^^^^^
[INFO] [stdout]     |
[INFO] [stdout]     = note: import resolution is stuck, try simplifying macro imports
[INFO] [stdout] 
[INFO] [stdout] 
[INFO] [stdout] error: cannot determine resolution for the attribute macro `test_on_runtimes`
[INFO] [stdout]    --> tests/query.rs:683:3
[INFO] [stdout]     |
[INFO] [stdout] 683 | #[test_on_runtimes]
[INFO] [stdout]     |   ^^^^^^^^^^^^^^^^
[INFO] [stdout]     |
[INFO] [stdout]     = note: import resolution is stuck, try simplifying macro imports
[INFO] [stdout] 
[INFO] [stdout] 
[INFO] [stdout] error: cannot determine resolution for the attribute macro `test_on_runtimes`
[INFO] [stdout]    --> tests/query.rs:713:3
[INFO] [stdout]     |
[INFO] [stdout] 713 | #[test_on_runtimes]
[INFO] [stdout]     |   ^^^^^^^^^^^^^^^^
[INFO] [stdout]     |
[INFO] [stdout]     = note: import resolution is stuck, try simplifying macro imports
[INFO] [stdout] 
[INFO] [stdout] 
[INFO] [stdout] error: cannot determine resolution for the attribute macro `test_on_runtimes`
[INFO] [stdout]    --> tests/query.rs:743:3
[INFO] [stdout]     |
[INFO] [stdout] 743 | #[test_on_runtimes]
[INFO] [stdout]     |   ^^^^^^^^^^^^^^^^
[INFO] [stdout]     |
[INFO] [stdout]     = note: import resolution is stuck, try simplifying macro imports
[INFO] [stdout] 
[INFO] [stdout] 
[INFO] [stdout] error: cannot determine resolution for the attribute macro `test_on_runtimes`
[INFO] [stdout]    --> tests/query.rs:773:3
[INFO] [stdout]     |
[INFO] [stdout] 773 | #[test_on_runtimes]
[INFO] [stdout]     |   ^^^^^^^^^^^^^^^^
[INFO] [stdout]     |
[INFO] [stdout]     = note: import resolution is stuck, try simplifying macro imports
[INFO] [stdout] 
[INFO] [stdout] 
[INFO] [stdout] error: cannot determine resolution for the attribute macro `test_on_runtimes`
[INFO] [stdout]    --> tests/query.rs:803:3
[INFO] [stdout]     |
[INFO] [stdout] 803 | #[test_on_runtimes]
[INFO] [stdout]     |   ^^^^^^^^^^^^^^^^
[INFO] [stdout]     |
[INFO] [stdout]     = note: import resolution is stuck, try simplifying macro imports
[INFO] [stdout] 
[INFO] [stdout] 
[INFO] [stdout] error: cannot determine resolution for the attribute macro `test_on_runtimes`
[INFO] [stdout]    --> tests/query.rs:834:3
[INFO] [stdout]     |
[INFO] [stdout] 834 | #[test_on_runtimes]
[INFO] [stdout]     |   ^^^^^^^^^^^^^^^^
[INFO] [stdout]     |
[INFO] [stdout]     = note: import resolution is stuck, try simplifying macro imports
[INFO] [stdout] 
[INFO] [stdout] 
[INFO] [stdout] error: cannot determine resolution for the attribute macro `test_on_runtimes`
[INFO] [stdout]    --> tests/query.rs:864:3
[INFO] [stdout]     |
[INFO] [stdout] 864 | #[test_on_runtimes]
[INFO] [stdout]     |   ^^^^^^^^^^^^^^^^
[INFO] [stdout]     |
[INFO] [stdout]     = note: import resolution is stuck, try simplifying macro imports
[INFO] [stdout] 
[INFO] [stdout] 
[INFO] [stdout] error: cannot determine resolution for the attribute macro `test_on_runtimes`
[INFO] [stdout]    --> tests/query.rs:882:3
[INFO] [stdout]     |
[INFO] [stdout] 882 | #[test_on_runtimes]
[INFO] [stdout]     |   ^^^^^^^^^^^^^^^^
[INFO] [stdout]     |
[INFO] [stdout]     = note: import resolution is stuck, try simplifying macro imports
[INFO] [stdout] 
[INFO] [stdout] 
[INFO] [stdout] error: cannot determine resolution for the attribute macro `test_on_runtimes`
[INFO] [stdout]    --> tests/query.rs:900:3
[INFO] [stdout]     |
[INFO] [stdout] 900 | #[test_on_runtimes]
[INFO] [stdout]     |   ^^^^^^^^^^^^^^^^
[INFO] [stdout]     |
[INFO] [stdout]     = note: import resolution is stuck, try simplifying macro imports
[INFO] [stdout] 
[INFO] [stdout] 
[INFO] [stdout] error: cannot determine resolution for the attribute macro `test_on_runtimes`
[INFO] [stdout]    --> tests/query.rs:921:3
[INFO] [stdout]     |
[INFO] [stdout] 921 | #[test_on_runtimes]
[INFO] [stdout]     |   ^^^^^^^^^^^^^^^^
[INFO] [stdout]     |
[INFO] [stdout]     = note: import resolution is stuck, try simplifying macro imports
[INFO] [stdout] 
[INFO] [stdout] 
[INFO] [stdout] error: cannot determine resolution for the attribute macro `test_on_runtimes`
[INFO] [stdout]    --> tests/query.rs:957:3
[INFO] [stdout]     |
[INFO] [stdout] 957 | #[test_on_runtimes]
[INFO] [stdout]     |   ^^^^^^^^^^^^^^^^
[INFO] [stdout]     |
[INFO] [stdout]     = note: import resolution is stuck, try simplifying macro imports
[INFO] [stdout] 
[INFO] [stdout] 
[INFO] [stdout] error: cannot determine resolution for the attribute macro `test_on_runtimes`
[INFO] [stdout]     --> tests/query.rs:1026:3
[INFO] [stdout]      |
[INFO] [stdout] 1026 | #[test_on_runtimes]
[INFO] [stdout]      |   ^^^^^^^^^^^^^^^^
[INFO] [stdout]      |
[INFO] [stdout]      = note: import resolution is stuck, try simplifying macro imports
[INFO] [stdout] 
[INFO] [stdout] 
[INFO] [stdout] error: cannot determine resolution for the attribute macro `test_on_runtimes`
[INFO] [stdout]     --> tests/query.rs:1095:3
[INFO] [stdout]      |
[INFO] [stdout] 1095 | #[test_on_runtimes]
[INFO] [stdout]      |   ^^^^^^^^^^^^^^^^
[INFO] [stdout]      |
[INFO] [stdout]      = note: import resolution is stuck, try simplifying macro imports
[INFO] [stdout] 
[INFO] [stdout] 
[INFO] [stdout] error: cannot determine resolution for the attribute macro `test_on_runtimes`
[INFO] [stdout]     --> tests/query.rs:1164:3
[INFO] [stdout]      |
[INFO] [stdout] 1164 | #[test_on_runtimes]
[INFO] [stdout]      |   ^^^^^^^^^^^^^^^^
[INFO] [stdout]      |
[INFO] [stdout]      = note: import resolution is stuck, try simplifying macro imports
[INFO] [stdout] 
[INFO] [stdout] 
[INFO] [stdout] error: cannot determine resolution for the attribute macro `test_on_runtimes`
[INFO] [stdout]     --> tests/query.rs:1233:3
[INFO] [stdout]      |
[INFO] [stdout] 1233 | #[test_on_runtimes]
[INFO] [stdout]      |   ^^^^^^^^^^^^^^^^
[INFO] [stdout]      |
[INFO] [stdout]      = note: import resolution is stuck, try simplifying macro imports
[INFO] [stdout] 
[INFO] [stdout] 
[INFO] [stdout] error: cannot determine resolution for the attribute macro `test_on_runtimes`
[INFO] [stdout]     --> tests/query.rs:1302:3
[INFO] [stdout]      |
[INFO] [stdout] 1302 | #[test_on_runtimes]
[INFO] [stdout]      |   ^^^^^^^^^^^^^^^^
[INFO] [stdout]      |
[INFO] [stdout]      = note: import resolution is stuck, try simplifying macro imports
[INFO] [stdout] 
[INFO] [stdout] 
[INFO] [stdout] error: cannot determine resolution for the attribute macro `test_on_runtimes`
[INFO] [stdout]     --> tests/query.rs:1346:3
[INFO] [stdout]      |
[INFO] [stdout] 1346 | #[test_on_runtimes]
[INFO] [stdout]      |   ^^^^^^^^^^^^^^^^
[INFO] [stdout]      |
[INFO] [stdout]      = note: import resolution is stuck, try simplifying macro imports
[INFO] [stdout] 
[INFO] [stdout] 
[INFO] [stdout] error: cannot determine resolution for the attribute macro `test_on_runtimes`
[INFO] [stdout]     --> tests/query.rs:1379:3
[INFO] [stdout]      |
[INFO] [stdout] 1379 | #[test_on_runtimes]
[INFO] [stdout]      |   ^^^^^^^^^^^^^^^^
[INFO] [stdout]      |
[INFO] [stdout]      = note: import resolution is stuck, try simplifying macro imports
[INFO] [stdout] 
[INFO] [stdout] 
[INFO] [stdout] error: cannot determine resolution for the attribute macro `test_on_runtimes`
[INFO] [stdout]     --> tests/query.rs:1407:3
[INFO] [stdout]      |
[INFO] [stdout] 1407 | #[test_on_runtimes]
[INFO] [stdout]      |   ^^^^^^^^^^^^^^^^
[INFO] [stdout]      |
[INFO] [stdout]      = note: import resolution is stuck, try simplifying macro imports
[INFO] [stdout] 
[INFO] [stdout] 
[INFO] [stdout] error: cannot determine resolution for the attribute macro `test_on_runtimes`
[INFO] [stdout]     --> tests/query.rs:1436:3
[INFO] [stdout]      |
[INFO] [stdout] 1436 | #[test_on_runtimes]
[INFO] [stdout]      |   ^^^^^^^^^^^^^^^^
[INFO] [stdout]      |
[INFO] [stdout]      = note: import resolution is stuck, try simplifying macro imports
[INFO] [stdout] 
[INFO] [stdout] 
[INFO] [stdout] error: cannot determine resolution for the attribute macro `test_on_runtimes`
[INFO] [stdout]     --> tests/query.rs:1467:3
[INFO] [stdout]      |
[INFO] [stdout] 1467 | #[test_on_runtimes]
[INFO] [stdout]      |   ^^^^^^^^^^^^^^^^
[INFO] [stdout]      |
[INFO] [stdout]      = note: import resolution is stuck, try simplifying macro imports
[INFO] [stdout] 
[INFO] [stdout] 
[INFO] [stdout] error: cannot determine resolution for the attribute macro `test_on_runtimes`
[INFO] [stdout]     --> tests/query.rs:1495:3
[INFO] [stdout]      |
[INFO] [stdout] 1495 | #[test_on_runtimes]
[INFO] [stdout]      |   ^^^^^^^^^^^^^^^^
[INFO] [stdout]      |
[INFO] [stdout]      = note: import resolution is stuck, try simplifying macro imports
[INFO] [stdout] 
[INFO] [stdout] 
[INFO] [stdout] error: cannot determine resolution for the attribute macro `test_on_runtimes`
[INFO] [stdout]     --> tests/query.rs:1530:3
[INFO] [stdout]      |
[INFO] [stdout] 1530 | #[test_on_runtimes]
[INFO] [stdout]      |   ^^^^^^^^^^^^^^^^
[INFO] [stdout]      |
[INFO] [stdout]      = note: import resolution is stuck, try simplifying macro imports
[INFO] [stdout] 
[INFO] [stdout] 
[INFO] [stdout] error: cannot determine resolution for the attribute macro `test_on_runtimes`
[INFO] [stdout]     --> tests/query.rs:1571:3
[INFO] [stdout]      |
[INFO] [stdout] 1571 | #[test_on_runtimes]
[INFO] [stdout]      |   ^^^^^^^^^^^^^^^^
[INFO] [stdout]      |
[INFO] [stdout]      = note: import resolution is stuck, try simplifying macro imports
[INFO] [stdout] 
[INFO] [stdout] 
[INFO] [stdout] error: cannot determine resolution for the attribute macro `test_on_runtimes`
[INFO] [stdout]     --> tests/query.rs:1612:3
[INFO] [stdout]      |
[INFO] [stdout] 1612 | #[test_on_runtimes]
[INFO] [stdout]      |   ^^^^^^^^^^^^^^^^
[INFO] [stdout]      |
[INFO] [stdout]      = note: import resolution is stuck, try simplifying macro imports
[INFO] [stdout] 
[INFO] [stdout] 
[INFO] [stdout] error: cannot determine resolution for the attribute macro `test_on_runtimes`
[INFO] [stdout]     --> tests/query.rs:1651:3
[INFO] [stdout]      |
[INFO] [stdout] 1651 | #[test_on_runtimes]
[INFO] [stdout]      |   ^^^^^^^^^^^^^^^^
[INFO] [stdout]      |
[INFO] [stdout]      = note: import resolution is stuck, try simplifying macro imports
[INFO] [stdout] 
[INFO] [stdout] 
[INFO] [stdout] error: cannot determine resolution for the attribute macro `test_on_runtimes`
[INFO] [stdout]     --> tests/query.rs:1669:3
[INFO] [stdout]      |
[INFO] [stdout] 1669 | #[test_on_runtimes]
[INFO] [stdout]      |   ^^^^^^^^^^^^^^^^
[INFO] [stdout]      |
[INFO] [stdout]      = note: import resolution is stuck, try simplifying macro imports
[INFO] [stdout] 
[INFO] [stdout] 
[INFO] [stdout] error: cannot determine resolution for the attribute macro `test_on_runtimes`
[INFO] [stdout]     --> tests/query.rs:1687:3
[INFO] [stdout]      |
[INFO] [stdout] 1687 | #[test_on_runtimes]
[INFO] [stdout]      |   ^^^^^^^^^^^^^^^^
[INFO] [stdout]      |
[INFO] [stdout]      = note: import resolution is stuck, try simplifying macro imports
[INFO] [stdout] 
[INFO] [stdout] 
[INFO] [stdout] error: cannot determine resolution for the attribute macro `test_on_runtimes`
[INFO] [stdout]     --> tests/query.rs:1728:3
[INFO] [stdout]      |
[INFO] [stdout] 1728 | #[test_on_runtimes]
[INFO] [stdout]      |   ^^^^^^^^^^^^^^^^
[INFO] [stdout]      |
[INFO] [stdout]      = note: import resolution is stuck, try simplifying macro imports
[INFO] [stdout] 
[INFO] [stdout] 
[INFO] [stdout] error: cannot determine resolution for the attribute macro `test_on_runtimes`
[INFO] [stdout]     --> tests/query.rs:1747:3
[INFO] [stdout]      |
[INFO] [stdout] 1747 | #[test_on_runtimes]
[INFO] [stdout]      |   ^^^^^^^^^^^^^^^^
[INFO] [stdout]      |
[INFO] [stdout]      = note: import resolution is stuck, try simplifying macro imports
[INFO] [stdout] 
[INFO] [stdout] 
[INFO] [stdout] error: cannot determine resolution for the attribute macro `test_on_runtimes`
[INFO] [stdout]     --> tests/query.rs:1766:3
[INFO] [stdout]      |
[INFO] [stdout] 1766 | #[test_on_runtimes]
[INFO] [stdout]      |   ^^^^^^^^^^^^^^^^
[INFO] [stdout]      |
[INFO] [stdout]      = note: import resolution is stuck, try simplifying macro imports
[INFO] [stdout] 
[INFO] [stdout] 
[INFO] [stdout] error: cannot determine resolution for the attribute macro `test_on_runtimes`
[INFO] [stdout]     --> tests/query.rs:1785:3
[INFO] [stdout]      |
[INFO] [stdout] 1785 | #[test_on_runtimes]
[INFO] [stdout]      |   ^^^^^^^^^^^^^^^^
[INFO] [stdout]      |
[INFO] [stdout]      = note: import resolution is stuck, try simplifying macro imports
[INFO] [stdout] 
[INFO] [stdout] 
[INFO] [stdout] error: cannot determine resolution for the attribute macro `test_on_runtimes`
[INFO] [stdout]     --> tests/query.rs:2544:3
[INFO] [stdout]      |
[INFO] [stdout] 2544 | #[test_on_runtimes]
[INFO] [stdout]      |   ^^^^^^^^^^^^^^^^
[INFO] [stdout]      |
[INFO] [stdout]      = note: import resolution is stuck, try simplifying macro imports
[INFO] [stdout] 
[INFO] [stdout] 
[INFO] [stdout] error: cannot determine resolution for the attribute macro `test_on_runtimes`
[INFO] [stdout]     --> tests/query.rs:2562:3
[INFO] [stdout]      |
[INFO] [stdout] 2562 | #[test_on_runtimes]
[INFO] [stdout]      |   ^^^^^^^^^^^^^^^^
[INFO] [stdout]      |
[INFO] [stdout]      = note: import resolution is stuck, try simplifying macro imports
[INFO] [stdout] 
[INFO] [stdout] 
[INFO] [stdout] error: cannot determine resolution for the attribute macro `test_on_runtimes`
[INFO] [stdout]     --> tests/query.rs:2579:3
[INFO] [stdout]      |
[INFO] [stdout] 2579 | #[test_on_runtimes]
[INFO] [stdout]      |   ^^^^^^^^^^^^^^^^
[INFO] [stdout]      |
[INFO] [stdout]      = note: import resolution is stuck, try simplifying macro imports
[INFO] [stdout] 
[INFO] [stdout] 
[INFO] [stdout] error: cannot determine resolution for the attribute macro `test_on_runtimes`
[INFO] [stdout]     --> tests/query.rs:2622:3
[INFO] [stdout]      |
[INFO] [stdout] 2622 | #[test_on_runtimes]
[INFO] [stdout]      |   ^^^^^^^^^^^^^^^^
[INFO] [stdout]      |
[INFO] [stdout]      = note: import resolution is stuck, try simplifying macro imports
[INFO] [stdout] 
[INFO] [stdout] 
[INFO] [stdout] error: cannot determine resolution for the attribute macro `test_on_runtimes`
[INFO] [stdout]     --> tests/query.rs:2650:3
[INFO] [stdout]      |
[INFO] [stdout] 2650 | #[test_on_runtimes]
[INFO] [stdout]      |   ^^^^^^^^^^^^^^^^
[INFO] [stdout]      |
[INFO] [stdout]      = note: import resolution is stuck, try simplifying macro imports
[INFO] [stdout] 
[INFO] [stdout] 
[INFO] [stdout] error: cannot determine resolution for the attribute macro `test_on_runtimes`
[INFO] [stdout]     --> tests/query.rs:2778:3
[INFO] [stdout]      |
[INFO] [stdout] 2778 | #[test_on_runtimes]
[INFO] [stdout]      |   ^^^^^^^^^^^^^^^^
[INFO] [stdout]      |
[INFO] [stdout]      = note: import resolution is stuck, try simplifying macro imports
[INFO] [stdout] 
[INFO] [stdout] 
[INFO] [stdout] error: cannot determine resolution for the attribute macro `test_on_runtimes`
[INFO] [stdout]     --> tests/query.rs:2808:3
[INFO] [stdout]      |
[INFO] [stdout] 2808 | #[test_on_runtimes]
[INFO] [stdout]      |   ^^^^^^^^^^^^^^^^
[INFO] [stdout]      |
[INFO] [stdout]      = note: import resolution is stuck, try simplifying macro imports
[INFO] [stdout] 
[INFO] [stdout] 
[INFO] [stdout] error: cannot determine resolution for the attribute macro `test_on_runtimes`
[INFO] [stdout]     --> tests/query.rs:2828:3
[INFO] [stdout]      |
[INFO] [stdout] 2828 | #[test_on_runtimes]
[INFO] [stdout]      |   ^^^^^^^^^^^^^^^^
[INFO] [stdout]      |
[INFO] [stdout]      = note: import resolution is stuck, try simplifying macro imports
[INFO] [stdout] 
[INFO] [stdout] 
[INFO] [stdout] error: cannot determine resolution for the attribute macro `test_on_runtimes`
[INFO] [stdout]     --> tests/query.rs:2876:3
[INFO] [stdout]      |
[INFO] [stdout] 2876 | #[test_on_runtimes]
[INFO] [stdout]      |   ^^^^^^^^^^^^^^^^
[INFO] [stdout]      |
[INFO] [stdout]      = note: import resolution is stuck, try simplifying macro imports
[INFO] [stdout] 
[INFO] [stdout] 
[INFO] [stdout] error: cannot determine resolution for the attribute macro `test_on_runtimes`
[INFO] [stdout]     --> tests/query.rs:2905:3
[INFO] [stdout]      |
[INFO] [stdout] 2905 | #[test_on_runtimes]
[INFO] [stdout]      |   ^^^^^^^^^^^^^^^^
[INFO] [stdout]      |
[INFO] [stdout]      = note: import resolution is stuck, try simplifying macro imports
[INFO] [stdout] 
[INFO] [stdout] 
[INFO] [stdout] error: cannot determine resolution for the attribute macro `test_on_runtimes`
[INFO] [stdout]     --> tests/query.rs:2930:3
[INFO] [stdout]      |
[INFO] [stdout] 2930 | #[test_on_runtimes]
[INFO] [stdout]      |   ^^^^^^^^^^^^^^^^
[INFO] [stdout]      |
[INFO] [stdout]      = note: import resolution is stuck, try simplifying macro imports
[INFO] [stdout] 
[INFO] [stdout] 
[INFO] [stdout] error: cannot determine resolution for the attribute macro `test_on_runtimes`
[INFO] [stdout]     --> tests/query.rs:2955:3
[INFO] [stdout]      |
[INFO] [stdout] 2955 | #[test_on_runtimes]
[INFO] [stdout]      |   ^^^^^^^^^^^^^^^^
[INFO] [stdout]      |
[INFO] [stdout]      = note: import resolution is stuck, try simplifying macro imports
[INFO] [stdout] 
[INFO] [stdout] 
[INFO] [stdout] error: cannot determine resolution for the attribute macro `test_on_runtimes`
[INFO] [stdout]     --> tests/query.rs:2998:3
[INFO] [stdout]      |
[INFO] [stdout] 2998 | #[test_on_runtimes]
[INFO] [stdout]      |   ^^^^^^^^^^^^^^^^
[INFO] [stdout]      |
[INFO] [stdout]      = note: import resolution is stuck, try simplifying macro imports
[INFO] [stdout] 
[INFO] [stdout] 
[INFO] [stdout] error: cannot determine resolution for the attribute macro `test_on_runtimes`
[INFO] [stdout]     --> tests/query.rs:3018:3
[INFO] [stdout]      |
[INFO] [stdout] 3018 | #[test_on_runtimes]
[INFO] [stdout]      |   ^^^^^^^^^^^^^^^^
[INFO] [stdout]      |
[INFO] [stdout]      = note: import resolution is stuck, try simplifying macro imports
[INFO] [stdout] 
[INFO] [stdout] 
[INFO] [stdout] error: aborting due to 15 previous errors
[INFO] [stdout] 
[INFO] [stdout] 
[INFO] [stdout] For more information about this error, try `rustc --explain E0432`.
[INFO] [stdout] 
[INFO] [stderr] error: could not compile `tiberius` due to 16 previous errors
[INFO] [stderr] warning: build failed, waiting for other jobs to finish...
[INFO] [stdout] error: aborting due to 72 previous errors
[INFO] [stdout] 
[INFO] [stdout] 
[INFO] [stdout] For more information about this error, try `rustc --explain E0432`.
[INFO] [stdout] 
[INFO] [stderr] error: could not compile `tiberius` due to 73 previous errors
[INFO] [stderr] error: could not compile `tiberius`
[INFO] [stderr] 
[INFO] [stderr] Caused by:
[INFO] [stderr]   process didn't exit successfully: `rustc --crate-name tiberius --edition=2021 src/lib.rs --error-format=json --json=diagnostic-rendered-ansi,artifacts,future-incompat --emit=dep-info,link -C embed-bitcode=no -C debuginfo=2 --test --cfg 'feature="async-native-tls"' --cfg 'feature="default"' --cfg 'feature="native-tls"' --cfg 'feature="tds73"' --cfg 'feature="winauth"' -C metadata=d9d18aaea7c3baa8 -C extra-filename=-d9d18aaea7c3baa8 --out-dir /opt/rustwide/target/debug/deps -L dependency=/opt/rustwide/target/debug/deps --extern anyhow=/opt/rustwide/target/debug/deps/libanyhow-06517169a980eda8.rlib --extern async_native_tls=/opt/rustwide/target/debug/deps/libasync_native_tls-782ed858cf6962a2.rlib --extern async_std=/opt/rustwide/target/debug/deps/libasync_std-b4415f1fcc3cb840.rlib --extern async_trait=/opt/rustwide/target/debug/deps/libasync_trait-aa6eea4426c29787.so --extern asynchronous_codec=/opt/rustwide/target/debug/deps/libasynchronous_codec-d17e98b0008551cd.rlib --extern azure_identity=/opt/rustwide/target/debug/deps/libazure_identity-313b5aea7b7fd121.rlib --extern byteorder=/opt/rustwide/target/debug/deps/libbyteorder-50c19e9bd62c942c.rlib --extern bytes=/opt/rustwide/target/debug/deps/libbytes-e760d6ac9a2f6963.rlib --extern chrono=/opt/rustwide/target/debug/deps/libchrono-c08c4d5d38d3d686.rlib --extern connection_string=/opt/rustwide/target/debug/deps/libconnection_string-d1fa4aa552354215.rlib --extern encoding=/opt/rustwide/target/debug/deps/libencoding-7648a58cc1f3a431.rlib --extern enumflags2=/opt/rustwide/target/debug/deps/libenumflags2-ee4266fe43abb408.rlib --extern env_logger=/opt/rustwide/target/debug/deps/libenv_logger-19372888f6411c49.rlib --extern futures_util=/opt/rustwide/target/debug/deps/libfutures_util-f1229c4eeaa60c63.rlib --extern indicatif=/opt/rustwide/target/debug/deps/libindicatif-8725a28eab26bf44.rlib --extern indoc=/opt/rustwide/target/debug/deps/libindoc-f74809017735d22a.so --extern names=/opt/rustwide/target/debug/deps/libnames-3535adb85a63e61e.rlib --extern num_traits=/opt/rustwide/target/debug/deps/libnum_traits-3b93294800e9dc5d.rlib --extern oauth2=/opt/rustwide/target/debug/deps/liboauth2-60a13326107a23e9.rlib --extern once_cell=/opt/rustwide/target/debug/deps/libonce_cell-7d2ec3fb6b6c5a4d.rlib --extern paste=/opt/rustwide/target/debug/deps/libpaste-b379911497bfa74c.so --extern pin_project_lite=/opt/rustwide/target/debug/deps/libpin_project_lite-e66e1bab7310d569.rlib --extern pretty_hex=/opt/rustwide/target/debug/deps/libpretty_hex-d475ae12bdf2c2f4.rlib --extern reqwest=/opt/rustwide/target/debug/deps/libreqwest-5ccf62bd51fed52f.rlib --extern thiserror=/opt/rustwide/target/debug/deps/libthiserror-d64fa0d8b985f28e.rlib --extern tokio=/opt/rustwide/target/debug/deps/libtokio-42ae5e8851f7ea4f.rlib --extern tokio_util=/opt/rustwide/target/debug/deps/libtokio_util-8331b31002a6ea15.rlib --extern tracing=/opt/rustwide/target/debug/deps/libtracing-c47f45d6b43c1d9e.rlib --extern url=/opt/rustwide/target/debug/deps/liburl-03964d3a69b7e0c4.rlib --extern uuid=/opt/rustwide/target/debug/deps/libuuid-6c63c71720697c22.rlib --cap-lints=warn -L native=/opt/rustwide/target/debug/build/ring-3d31b0bbaa3a7a2d/out` (signal: 9, SIGKILL: kill)
[INFO] [stdout] error: linking with `cc` failed: exit status: 1
[INFO] [stdout]   |
[INFO] [stdout]   = note: LC_ALL="C" PATH="/opt/rustwide/rustup-home/toolchains/1.69.0-x86_64-unknown-linux-gnu/lib/rustlib/x86_64-unknown-linux-gnu/bin:/opt/rustwide/cargo-home/bin:/usr/local/sbin:/usr/local/bin:/usr/sbin:/usr/bin:/sbin:/bin" VSLANG="1033" "cc" "-m64" "/tmp/rustcWFhAVx/symbols.o" "/opt/rustwide/target/debug/deps/custom_cert-2fc081b7a282df63.custom_cert.e27747d7-cgu.0.rcgu.o" "/opt/rustwide/target/debug/deps/custom_cert-2fc081b7a282df63.custom_cert.e27747d7-cgu.1.rcgu.o" "/opt/rustwide/target/debug/deps/custom_cert-2fc081b7a282df63.custom_cert.e27747d7-cgu.10.rcgu.o" "/opt/rustwide/target/debug/deps/custom_cert-2fc081b7a282df63.custom_cert.e27747d7-cgu.11.rcgu.o" "/opt/rustwide/target/debug/deps/custom_cert-2fc081b7a282df63.custom_cert.e27747d7-cgu.12.rcgu.o" "/opt/rustwide/target/debug/deps/custom_cert-2fc081b7a282df63.custom_cert.e27747d7-cgu.13.rcgu.o" "/opt/rustwide/target/debug/deps/custom_cert-2fc081b7a282df63.custom_cert.e27747d7-cgu.14.rcgu.o" "/opt/rustwide/target/debug/deps/custom_cert-2fc081b7a282df63.custom_cert.e27747d7-cgu.15.rcgu.o" "/opt/rustwide/target/debug/deps/custom_cert-2fc081b7a282df63.custom_cert.e27747d7-cgu.2.rcgu.o" "/opt/rustwide/target/debug/deps/custom_cert-2fc081b7a282df63.custom_cert.e27747d7-cgu.3.rcgu.o" "/opt/rustwide/target/debug/deps/custom_cert-2fc081b7a282df63.custom_cert.e27747d7-cgu.4.rcgu.o" "/opt/rustwide/target/debug/deps/custom_cert-2fc081b7a282df63.custom_cert.e27747d7-cgu.5.rcgu.o" "/opt/rustwide/target/debug/deps/custom_cert-2fc081b7a282df63.custom_cert.e27747d7-cgu.6.rcgu.o" "/opt/rustwide/target/debug/deps/custom_cert-2fc081b7a282df63.custom_cert.e27747d7-cgu.7.rcgu.o" "/opt/rustwide/target/debug/deps/custom_cert-2fc081b7a282df63.custom_cert.e27747d7-cgu.8.rcgu.o" "/opt/rustwide/target/debug/deps/custom_cert-2fc081b7a282df63.custom_cert.e27747d7-cgu.9.rcgu.o" "/opt/rustwide/target/debug/deps/custom_cert-2fc081b7a282df63.nhe1ew2xaol7ghv.rcgu.o" "-Wl,--as-needed" "-L" "/opt/rustwide/target/debug/deps" "-L" "/opt/rustwide/target/debug/build/ring-3d31b0bbaa3a7a2d/out" "-L" "/opt/rustwide/rustup-home/toolchains/1.69.0-x86_64-unknown-linux-gnu/lib/rustlib/x86_64-unknown-linux-gnu/lib" "-Wl,-Bstatic" "/opt/rustwide/target/debug/deps/libenv_logger-19372888f6411c49.rlib" "/opt/rustwide/target/debug/deps/libatty-f390e7b71ce0e1cf.rlib" "/opt/rustwide/target/debug/deps/libtermcolor-b72ffe4cbd1728e7.rlib" "/opt/rustwide/target/debug/deps/libhumantime-cdc03476f0a21f32.rlib" "/opt/rustwide/target/debug/deps/libregex-ca37f6b1562012a3.rlib" "/opt/rustwide/target/debug/deps/libaho_corasick-9bb9d75852409017.rlib" "/opt/rustwide/target/debug/deps/libregex_syntax-59962b2182325cec.rlib" "/opt/rustwide/rustup-home/toolchains/1.69.0-x86_64-unknown-linux-gnu/lib/rustlib/x86_64-unknown-linux-gnu/lib/libtest-7791a6353d4a7929.rlib" "/opt/rustwide/rustup-home/toolchains/1.69.0-x86_64-unknown-linux-gnu/lib/rustlib/x86_64-unknown-linux-gnu/lib/libgetopts-7b17724e9ce90a72.rlib" "/opt/rustwide/rustup-home/toolchains/1.69.0-x86_64-unknown-linux-gnu/lib/rustlib/x86_64-unknown-linux-gnu/lib/libunicode_width-596f8ce9d30a755e.rlib" "/opt/rustwide/rustup-home/toolchains/1.69.0-x86_64-unknown-linux-gnu/lib/rustlib/x86_64-unknown-linux-gnu/lib/librustc_std_workspace_std-da04f86254de594f.rlib" "/opt/rustwide/target/debug/deps/libtokio_util-8331b31002a6ea15.rlib" "/opt/rustwide/target/debug/deps/libtokio-42ae5e8851f7ea4f.rlib" "/opt/rustwide/target/debug/deps/libnum_cpus-c33d151f3421fc8c.rlib" "/opt/rustwide/target/debug/deps/libsocket2-8330d9b50b571d60.rlib" "/opt/rustwide/target/debug/deps/libmio-14ae61327b81db63.rlib" "/opt/rustwide/target/debug/deps/libtiberius-1ada65e1a34fd58e.rlib" "/opt/rustwide/target/debug/deps/libencoding-7648a58cc1f3a431.rlib" "/opt/rustwide/target/debug/deps/libencoding_index_tradchinese-83304254c989c1d7.rlib" "/opt/rustwide/target/debug/deps/libencoding_index_simpchinese-e6c953faaf907503.rlib" "/opt/rustwide/target/debug/deps/libencoding_index_japanese-848fbea6009615c7.rlib" "/opt/rustwide/target/debug/deps/libencoding_index_korean-c457eaeb7fef0d94.rlib" "/opt/rustwide/target/debug/deps/libencoding_index_singlebyte-071aabca4041c59c.rlib" "/opt/rustwide/target/debug/deps/libbyteorder-50c19e9bd62c942c.rlib" "/opt/rustwide/target/debug/deps/libuuid-6c63c71720697c22.rlib" "/opt/rustwide/target/debug/deps/libgetrandom-cf699c3f50d8cd14.rlib" "/opt/rustwide/target/debug/deps/libenumflags2-ee4266fe43abb408.rlib" "/opt/rustwide/target/debug/deps/libasync_native_tls-782ed858cf6962a2.rlib" "/opt/rustwide/target/debug/deps/libthiserror-d64fa0d8b985f28e.rlib" "/opt/rustwide/target/debug/deps/liburl-03964d3a69b7e0c4.rlib" "/opt/rustwide/target/debug/deps/libidna-b865ee86652f4dd4.rlib" "/opt/rustwide/target/debug/deps/libunicode_normalization-65834209e2c3efa0.rlib" "/opt/rustwide/target/debug/deps/libtinyvec-4aa74f8a972e3d9d.rlib" "/opt/rustwide/target/debug/deps/libtinyvec_macros-8eb663675e81bb18.rlib" "/opt/rustwide/target/debug/deps/libunicode_bidi-df88d89b87cd1c3f.rlib" "/opt/rustwide/target/debug/deps/libform_urlencoded-4406ed733a551179.rlib" "/opt/rustwide/target/debug/deps/libpercent_encoding-5b4f3c280783d946.rlib" "/opt/rustwide/target/debug/deps/libserde-5961f552176ecda9.rlib" "/opt/rustwide/target/debug/deps/libnative_tls-62fe6351362654be.rlib" "/opt/rustwide/target/debug/deps/libopenssl_probe-2d1cd15c290ad1de.rlib" "/opt/rustwide/target/debug/deps/libopenssl-4512c4939837e310.rlib" "/opt/rustwide/target/debug/deps/libbitflags-82cc2d155c6eb112.rlib" "/opt/rustwide/target/debug/deps/libforeign_types-f2b053f84105065c.rlib" "/opt/rustwide/target/debug/deps/libforeign_types_shared-48f8f1f9ea32d068.rlib" "/opt/rustwide/target/debug/deps/libopenssl_sys-e3daa4ed2e93a44f.rlib" "/opt/rustwide/target/debug/deps/liblibc-acd99ad6e3b9fb6a.rlib" "/opt/rustwide/target/debug/deps/libtracing-c47f45d6b43c1d9e.rlib" "/opt/rustwide/target/debug/deps/liblog-61f83e72c0e6afcd.rlib" "/opt/rustwide/target/debug/deps/libvalue_bag-c16f84ccbfe3e646.rlib" "/opt/rustwide/target/debug/deps/libcfg_if-e5e118dd7d121aaa.rlib" "/opt/rustwide/target/debug/deps/libtracing_core-259db95f475fb2a8.rlib" "/opt/rustwide/target/debug/deps/libonce_cell-7d2ec3fb6b6c5a4d.rlib" "/opt/rustwide/target/debug/deps/libpretty_hex-d475ae12bdf2c2f4.rlib" "/opt/rustwide/target/debug/deps/libasynchronous_codec-d17e98b0008551cd.rlib" "/opt/rustwide/target/debug/deps/libfutures_util-f1229c4eeaa60c63.rlib" "/opt/rustwide/target/debug/deps/libfutures_io-070173115ee54c21.rlib" "/opt/rustwide/target/debug/deps/libslab-8bb798f134a0a9e7.rlib" "/opt/rustwide/target/debug/deps/libfutures_channel-6efe3e36c9bebe99.rlib" "/opt/rustwide/target/debug/deps/libpin_project_lite-e66e1bab7310d569.rlib" "/opt/rustwide/target/debug/deps/libfutures_task-b59556b3c537ad98.rlib" "/opt/rustwide/target/debug/deps/libpin_utils-0d8eaf4ac0fcb221.rlib" "/opt/rustwide/target/debug/deps/libfutures_core-6002dc2ff0ad2c7a.rlib" "/opt/rustwide/target/debug/deps/libfutures_sink-0848eae0e91803d6.rlib" "/opt/rustwide/target/debug/deps/libmemchr-b18e4aa3c7a38625.rlib" "/opt/rustwide/target/debug/deps/libbytes-e760d6ac9a2f6963.rlib" "/opt/rustwide/target/debug/deps/libconnection_string-d1fa4aa552354215.rlib" "/opt/rustwide/rustup-home/toolchains/1.69.0-x86_64-unknown-linux-gnu/lib/rustlib/x86_64-unknown-linux-gnu/lib/libstd-89bc084783fdc439.rlib" "/opt/rustwide/rustup-home/toolchains/1.69.0-x86_64-unknown-linux-gnu/lib/rustlib/x86_64-unknown-linux-gnu/lib/libpanic_unwind-8bee4b287d4367c1.rlib" "/opt/rustwide/rustup-home/toolchains/1.69.0-x86_64-unknown-linux-gnu/lib/rustlib/x86_64-unknown-linux-gnu/lib/libobject-d61707aed80694c0.rlib" "/opt/rustwide/rustup-home/toolchains/1.69.0-x86_64-unknown-linux-gnu/lib/rustlib/x86_64-unknown-linux-gnu/lib/libmemchr-d85366256f22345b.rlib" "/opt/rustwide/rustup-home/toolchains/1.69.0-x86_64-unknown-linux-gnu/lib/rustlib/x86_64-unknown-linux-gnu/lib/libaddr2line-96069b86b8a8cae9.rlib" "/opt/rustwide/rustup-home/toolchains/1.69.0-x86_64-unknown-linux-gnu/lib/rustlib/x86_64-unknown-linux-gnu/lib/libgimli-d19d53abf68dfa6c.rlib" "/opt/rustwide/rustup-home/toolchains/1.69.0-x86_64-unknown-linux-gnu/lib/rustlib/x86_64-unknown-linux-gnu/lib/librustc_demangle-787cbccd19d64ac6.rlib" "/opt/rustwide/rustup-home/toolchains/1.69.0-x86_64-unknown-linux-gnu/lib/rustlib/x86_64-unknown-linux-gnu/lib/libstd_detect-b3837a36b830e0d0.rlib" "/opt/rustwide/rustup-home/toolchains/1.69.0-x86_64-unknown-linux-gnu/lib/rustlib/x86_64-unknown-linux-gnu/lib/libhashbrown-e3deb0e7e3f04966.rlib" "/opt/rustwide/rustup-home/toolchains/1.69.0-x86_64-unknown-linux-gnu/lib/rustlib/x86_64-unknown-linux-gnu/lib/libminiz_oxide-dabbb79c9815def4.rlib" "/opt/rustwide/rustup-home/toolchains/1.69.0-x86_64-unknown-linux-gnu/lib/rustlib/x86_64-unknown-linux-gnu/lib/libadler-305b01f34c9409f2.rlib" "/opt/rustwide/rustup-home/toolchains/1.69.0-x86_64-unknown-linux-gnu/lib/rustlib/x86_64-unknown-linux-gnu/lib/librustc_std_workspace_alloc-f833521df6074e73.rlib" "/opt/rustwide/rustup-home/toolchains/1.69.0-x86_64-unknown-linux-gnu/lib/rustlib/x86_64-unknown-linux-gnu/lib/libunwind-9ac333113350d171.rlib" "/opt/rustwide/rustup-home/toolchains/1.69.0-x86_64-unknown-linux-gnu/lib/rustlib/x86_64-unknown-linux-gnu/lib/libcfg_if-1c126114322d0eee.rlib" "/opt/rustwide/rustup-home/toolchains/1.69.0-x86_64-unknown-linux-gnu/lib/rustlib/x86_64-unknown-linux-gnu/lib/liblibc-bad9164fdeeecf92.rlib" "/opt/rustwide/rustup-home/toolchains/1.69.0-x86_64-unknown-linux-gnu/lib/rustlib/x86_64-unknown-linux-gnu/lib/liballoc-f9374b1e480fa681.rlib" "/opt/rustwide/rustup-home/toolchains/1.69.0-x86_64-unknown-linux-gnu/lib/rustlib/x86_64-unknown-linux-gnu/lib/librustc_std_workspace_core-207f06e41d9603af.rlib" "/opt/rustwide/rustup-home/toolchains/1.69.0-x86_64-unknown-linux-gnu/lib/rustlib/x86_64-unknown-linux-gnu/lib/libcore-7e2768e66e984e85.rlib" "/opt/rustwide/rustup-home/toolchains/1.69.0-x86_64-unknown-linux-gnu/lib/rustlib/x86_64-unknown-linux-gnu/lib/libcompiler_builtins-957b4aff41f8cd46.rlib" "-Wl,-Bdynamic" "-lssl" "-lcrypto" "-lgcc_s" "-lutil" "-lrt" "-lpthread" "-lm" "-ldl" "-lc" "-Wl,--eh-frame-hdr" "-Wl,-z,noexecstack" "-L" "/opt/rustwide/rustup-home/toolchains/1.69.0-x86_64-unknown-linux-gnu/lib/rustlib/x86_64-unknown-linux-gnu/lib" "-o" "/opt/rustwide/target/debug/deps/custom_cert-2fc081b7a282df63" "-Wl,--gc-sections" "-pie" "-Wl,-z,relro,-z,now" "-nodefaultlibs"
[INFO] [stdout]   = note: collect2: fatal error: ld terminated with signal 9 [Killed]
[INFO] [stdout]           compilation terminated.
[INFO] [stdout]           
[INFO] [stdout] 
[INFO] [stdout] 
[INFO] [stdout] error: aborting due to previous error
[INFO] [stdout] 
[INFO] [stdout] 
[INFO] [stderr] error: could not compile `tiberius` due to 2 previous errors
[INFO] [stdout] error: linking with `cc` failed: exit status: 1
[INFO] [stdout]   |
[INFO] [stdout]   = note: LC_ALL="C" PATH="/opt/rustwide/rustup-home/toolchains/1.69.0-x86_64-unknown-linux-gnu/lib/rustlib/x86_64-unknown-linux-gnu/bin:/opt/rustwide/cargo-home/bin:/usr/local/sbin:/usr/local/bin:/usr/sbin:/usr/bin:/sbin:/bin" VSLANG="1033" "cc" "-m64" "/tmp/rustcn2FrIv/symbols.o" "/opt/rustwide/target/debug/examples/aad_auth-45bbfca56db33392.aad_auth.110d6b15-cgu.0.rcgu.o" "/opt/rustwide/target/debug/examples/aad_auth-45bbfca56db33392.aad_auth.110d6b15-cgu.1.rcgu.o" "/opt/rustwide/target/debug/examples/aad_auth-45bbfca56db33392.aad_auth.110d6b15-cgu.10.rcgu.o" "/opt/rustwide/target/debug/examples/aad_auth-45bbfca56db33392.aad_auth.110d6b15-cgu.11.rcgu.o" "/opt/rustwide/target/debug/examples/aad_auth-45bbfca56db33392.aad_auth.110d6b15-cgu.12.rcgu.o" "/opt/rustwide/target/debug/examples/aad_auth-45bbfca56db33392.aad_auth.110d6b15-cgu.13.rcgu.o" "/opt/rustwide/target/debug/examples/aad_auth-45bbfca56db33392.aad_auth.110d6b15-cgu.14.rcgu.o" "/opt/rustwide/target/debug/examples/aad_auth-45bbfca56db33392.aad_auth.110d6b15-cgu.15.rcgu.o" "/opt/rustwide/target/debug/examples/aad_auth-45bbfca56db33392.aad_auth.110d6b15-cgu.2.rcgu.o" "/opt/rustwide/target/debug/examples/aad_auth-45bbfca56db33392.aad_auth.110d6b15-cgu.3.rcgu.o" "/opt/rustwide/target/debug/examples/aad_auth-45bbfca56db33392.aad_auth.110d6b15-cgu.4.rcgu.o" "/opt/rustwide/target/debug/examples/aad_auth-45bbfca56db33392.aad_auth.110d6b15-cgu.5.rcgu.o" "/opt/rustwide/target/debug/examples/aad_auth-45bbfca56db33392.aad_auth.110d6b15-cgu.6.rcgu.o" "/opt/rustwide/target/debug/examples/aad_auth-45bbfca56db33392.aad_auth.110d6b15-cgu.7.rcgu.o" "/opt/rustwide/target/debug/examples/aad_auth-45bbfca56db33392.aad_auth.110d6b15-cgu.8.rcgu.o" "/opt/rustwide/target/debug/examples/aad_auth-45bbfca56db33392.aad_auth.110d6b15-cgu.9.rcgu.o" "/opt/rustwide/target/debug/examples/aad_auth-45bbfca56db33392.1fn946n5lzxieu0f.rcgu.o" "-Wl,--as-needed" "-L" "/opt/rustwide/target/debug/deps" "-L" "/opt/rustwide/target/debug/build/ring-3d31b0bbaa3a7a2d/out" "-L" "/opt/rustwide/rustup-home/toolchains/1.69.0-x86_64-unknown-linux-gnu/lib/rustlib/x86_64-unknown-linux-gnu/lib" "-Wl,-Bstatic" "/opt/rustwide/target/debug/deps/libtiberius-1ada65e1a34fd58e.rlib" "/opt/rustwide/target/debug/deps/libencoding-7648a58cc1f3a431.rlib" "/opt/rustwide/target/debug/deps/libencoding_index_tradchinese-83304254c989c1d7.rlib" "/opt/rustwide/target/debug/deps/libencoding_index_simpchinese-e6c953faaf907503.rlib" "/opt/rustwide/target/debug/deps/libencoding_index_japanese-848fbea6009615c7.rlib" "/opt/rustwide/target/debug/deps/libencoding_index_korean-c457eaeb7fef0d94.rlib" "/opt/rustwide/target/debug/deps/libencoding_index_singlebyte-071aabca4041c59c.rlib" "/opt/rustwide/target/debug/deps/libbyteorder-50c19e9bd62c942c.rlib" "/opt/rustwide/target/debug/deps/libenumflags2-ee4266fe43abb408.rlib" "/opt/rustwide/target/debug/deps/libasync_native_tls-782ed858cf6962a2.rlib" "/opt/rustwide/target/debug/deps/libpretty_hex-d475ae12bdf2c2f4.rlib" "/opt/rustwide/target/debug/deps/libasynchronous_codec-d17e98b0008551cd.rlib" "/opt/rustwide/target/debug/deps/libconnection_string-d1fa4aa552354215.rlib" "/opt/rustwide/target/debug/deps/libazure_identity-313b5aea7b7fd121.rlib" "/opt/rustwide/target/debug/deps/libfix_hidden_lifetime_bug-f97b4b1112c6f585.rlib" "/opt/rustwide/target/debug/deps/libasync_lock-ac2a7c5b785a43a5.rlib" "/opt/rustwide/target/debug/deps/libasync_timer-62d3dbbd75bcbaa4.rlib" "/opt/rustwide/target/debug/deps/liberror_code-adfe22dffc701a77.rlib" "/opt/rustwide/target/debug/deps/libstr_buf-c62569dea3c40d72.rlib" "/opt/rustwide/target/debug/deps/liboauth2-60a13326107a23e9.rlib" "/opt/rustwide/target/debug/deps/libserde_path_to_error-65485b4ce3e87993.rlib" "/opt/rustwide/target/debug/deps/libsha2-83f5fdab8a3b85e3.rlib" "/opt/rustwide/target/debug/deps/libcpufeatures-1769e8f526cfb2e5.rlib" "/opt/rustwide/target/debug/deps/libdigest-6c582ead3dd6abff.rlib" "/opt/rustwide/target/debug/deps/libblock_buffer-0933e09cece281a1.rlib" "/opt/rustwide/target/debug/deps/libcrypto_common-5a97f1b230e1e099.rlib" "/opt/rustwide/target/debug/deps/libgeneric_array-f03e3e3fb3ca464f.rlib" "/opt/rustwide/target/debug/deps/libtypenum-d40a559dcc4c7492.rlib" "/opt/rustwide/target/debug/deps/libchrono-c08c4d5d38d3d686.rlib" "/opt/rustwide/target/debug/deps/libiana_time_zone-bf2c4c30343f4ef7.rlib" "/opt/rustwide/target/debug/deps/libnum_integer-28e3d548d8250432.rlib" "/opt/rustwide/target/debug/deps/libnum_traits-3b93294800e9dc5d.rlib" "/opt/rustwide/target/debug/deps/libtime-3b0e00f2a41a94a7.rlib" "/opt/rustwide/target/debug/deps/libazure_core-3c704eb21aa97d1e.rlib" "/opt/rustwide/target/debug/deps/librand-025f0d092d228cd3.rlib" "/opt/rustwide/target/debug/deps/librand_chacha-e1773d3be26aa94b.rlib" "/opt/rustwide/target/debug/deps/librand_core-29e4275b17782bdf.rlib" "/opt/rustwide/target/debug/deps/libreqwest-5ccf62bd51fed52f.rlib" "/opt/rustwide/target/debug/deps/librustls_pemfile-b8d8488d078135e6.rlib" "/opt/rustwide/target/debug/deps/libhyper_rustls-52e09d64e1301ac8.rlib" "/opt/rustwide/target/debug/deps/libhyper_tls-3dbfa9a8e86de486.rlib" "/opt/rustwide/target/debug/deps/libwebpki_roots-5e8672d921f692c6.rlib" "/opt/rustwide/target/debug/deps/libbase64-8062ff4772a66de9.rlib" "/opt/rustwide/target/debug/deps/libipnet-c7c4785b48ce73f5.rlib" "/opt/rustwide/target/debug/deps/libtokio_native_tls-136589c308691275.rlib" "/opt/rustwide/target/debug/deps/libtokio_rustls-144a0c218ee80985.rlib" "/opt/rustwide/target/debug/deps/libmime-a79fe19129dcd0fb.rlib" "/opt/rustwide/target/debug/deps/libencoding_rs-73122f64baa7d749.rlib" "/opt/rustwide/target/debug/deps/librustls-776f352935f69322.rlib" "/opt/rustwide/target/debug/deps/libsct-6bb784363853ba0a.rlib" "/opt/rustwide/target/debug/deps/libwebpki-b3703b7075e48adf.rlib" "/opt/rustwide/target/debug/deps/libring-2cd6c781e20e1f35.rlib" "/opt/rustwide/target/debug/deps/libspin-ba7f384cfb4b159f.rlib" "/opt/rustwide/target/debug/deps/libuntrusted-ec41ab00ed225515.rlib" "/opt/rustwide/target/debug/deps/libnative_tls-62fe6351362654be.rlib" "/opt/rustwide/target/debug/deps/libopenssl_probe-2d1cd15c290ad1de.rlib" "/opt/rustwide/target/debug/deps/libopenssl-4512c4939837e310.rlib" "/opt/rustwide/target/debug/deps/libbitflags-82cc2d155c6eb112.rlib" "/opt/rustwide/target/debug/deps/libforeign_types-f2b053f84105065c.rlib" "/opt/rustwide/target/debug/deps/libforeign_types_shared-48f8f1f9ea32d068.rlib" "/opt/rustwide/target/debug/deps/libopenssl_sys-e3daa4ed2e93a44f.rlib" "/opt/rustwide/target/debug/deps/libhyper-c8383baaa0f005fe.rlib" "/opt/rustwide/target/debug/deps/libwant-21a614eeb9395bff.rlib" "/opt/rustwide/target/debug/deps/libtry_lock-ec51eacf97b087e9.rlib" "/opt/rustwide/target/debug/deps/libhttparse-30fefae29fd53c2e.rlib" "/opt/rustwide/target/debug/deps/libh2-e7b6dd52dba8fdbb.rlib" "/opt/rustwide/target/debug/deps/libindexmap-4a7e2da62b4b6cd1.rlib" "/opt/rustwide/target/debug/deps/libhashbrown-f669da50cece7aa5.rlib" "/opt/rustwide/target/debug/deps/libtower_service-a82a463fea06a00e.rlib" "/opt/rustwide/target/debug/deps/libtokio_util-8331b31002a6ea15.rlib" "/opt/rustwide/target/debug/deps/libtracing-c47f45d6b43c1d9e.rlib" "/opt/rustwide/target/debug/deps/libtracing_core-259db95f475fb2a8.rlib" "/opt/rustwide/target/debug/deps/libonce_cell-7d2ec3fb6b6c5a4d.rlib" "/opt/rustwide/target/debug/deps/libtokio-42ae5e8851f7ea4f.rlib" "/opt/rustwide/target/debug/deps/libnum_cpus-c33d151f3421fc8c.rlib" "/opt/rustwide/target/debug/deps/libsocket2-8330d9b50b571d60.rlib" "/opt/rustwide/target/debug/deps/libmio-14ae61327b81db63.rlib" "/opt/rustwide/target/debug/deps/libhttp_body-1af96f59fded0cc1.rlib" "/opt/rustwide/target/debug/deps/libhttp-1912e0b438bd2fae.rlib" "/opt/rustwide/target/debug/deps/libfnv-41a559218f992797.rlib" "/opt/rustwide/target/debug/deps/libdyn_clone-e9cc5ecb301fed49.rlib" "/opt/rustwide/target/debug/deps/libpin_project-181b157532ce6b8a.rlib" "/opt/rustwide/target/debug/deps/liblog-61f83e72c0e6afcd.rlib" "/opt/rustwide/target/debug/deps/libvalue_bag-c16f84ccbfe3e646.rlib" "/opt/rustwide/target/debug/deps/libhttp_types-6f2bb62d105cdf19.rlib" "/opt/rustwide/target/debug/deps/libserde_qs-166ed41989af00ca.rlib" "/opt/rustwide/target/debug/deps/libthiserror-d64fa0d8b985f28e.rlib" "/opt/rustwide/target/debug/deps/libanyhow-06517169a980eda8.rlib" "/opt/rustwide/target/debug/deps/libserde_urlencoded-c25b20be8cf7d467.rlib" "/opt/rustwide/target/debug/deps/libasync_channel-fc6b30f75d53213e.rlib" "/opt/rustwide/target/debug/deps/libevent_listener-b20ec52d1adf3fc8.rlib" "/opt/rustwide/target/debug/deps/libconcurrent_queue-9b4ac4b9c7cc1c02.rlib" "/opt/rustwide/target/debug/deps/libcrossbeam_utils-3546b3b1c787b86b.rlib" "/opt/rustwide/target/debug/deps/libbase64-58bd2041a3052460.rlib" "/opt/rustwide/target/debug/deps/libserde_json-a9cad481be3a529b.rlib" "/opt/rustwide/target/debug/deps/libryu-87a43729435ac998.rlib" "/opt/rustwide/target/debug/deps/libfutures_lite-a7284902b1a200de.rlib" "/opt/rustwide/target/debug/deps/libfastrand-36b5f93a51c81f9b.rlib" "/opt/rustwide/target/debug/deps/libwaker_fn-2f3d6f488af88305.rlib" "/opt/rustwide/target/debug/deps/libparking-340cd510933614a9.rlib" "/opt/rustwide/target/debug/deps/librand-c564344da97ebf76.rlib" "/opt/rustwide/target/debug/deps/librand_chacha-3bec231beb5552ae.rlib" "/opt/rustwide/target/debug/deps/libppv_lite86-c3ad053967cc551c.rlib" "/opt/rustwide/target/debug/deps/librand_core-d0484671aa1dcc98.rlib" "/opt/rustwide/target/debug/deps/libgetrandom-052e5405fb7ee92f.rlib" "/opt/rustwide/target/debug/deps/libinfer-d46b356ddb175455.rlib" "/opt/rustwide/target/debug/deps/libuuid-6c63c71720697c22.rlib" "/opt/rustwide/target/debug/deps/libgetrandom-cf699c3f50d8cd14.rlib" "/opt/rustwide/target/debug/deps/libcfg_if-e5e118dd7d121aaa.rlib" "/opt/rustwide/target/debug/deps/liburl-03964d3a69b7e0c4.rlib" "/opt/rustwide/target/debug/deps/libidna-b865ee86652f4dd4.rlib" "/opt/rustwide/target/debug/deps/libunicode_normalization-65834209e2c3efa0.rlib" "/opt/rustwide/target/debug/deps/libtinyvec-4aa74f8a972e3d9d.rlib" "/opt/rustwide/target/debug/deps/libtinyvec_macros-8eb663675e81bb18.rlib" "/opt/rustwide/target/debug/deps/libunicode_bidi-df88d89b87cd1c3f.rlib" "/opt/rustwide/target/debug/deps/libform_urlencoded-4406ed733a551179.rlib" "/opt/rustwide/target/debug/deps/libpercent_encoding-5b4f3c280783d946.rlib" "/opt/rustwide/target/debug/deps/libtime-6e390abb40e8b637.rlib" "/opt/rustwide/target/debug/deps/libnum_threads-509066beeb1109ec.rlib" "/opt/rustwide/target/debug/deps/liblibc-acd99ad6e3b9fb6a.rlib" "/opt/rustwide/target/debug/deps/libitoa-12e0c769e046c1b6.rlib" "/opt/rustwide/target/debug/deps/libtime_core-4a74880e8761e797.rlib" "/opt/rustwide/target/debug/deps/libserde-5961f552176ecda9.rlib" "/opt/rustwide/target/debug/deps/libfutures-4f90d7fee1bdf5b3.rlib" "/opt/rustwide/target/debug/deps/libfutures_executor-6bea101548acf2af.rlib" "/opt/rustwide/target/debug/deps/libfutures_util-f1229c4eeaa60c63.rlib" "/opt/rustwide/target/debug/deps/libmemchr-b18e4aa3c7a38625.rlib" "/opt/rustwide/target/debug/deps/libfutures_io-070173115ee54c21.rlib" "/opt/rustwide/target/debug/deps/libslab-8bb798f134a0a9e7.rlib" "/opt/rustwide/target/debug/deps/libfutures_channel-6efe3e36c9bebe99.rlib" "/opt/rustwide/target/debug/deps/libpin_project_lite-e66e1bab7310d569.rlib" "/opt/rustwide/target/debug/deps/libfutures_sink-0848eae0e91803d6.rlib" "/opt/rustwide/target/debug/deps/libfutures_task-b59556b3c537ad98.rlib" "/opt/rustwide/target/debug/deps/libpin_utils-0d8eaf4ac0fcb221.rlib" "/opt/rustwide/target/debug/deps/libfutures_core-6002dc2ff0ad2c7a.rlib" "/opt/rustwide/target/debug/deps/libbytes-e760d6ac9a2f6963.rlib" "/opt/rustwide/rustup-home/toolchains/1.69.0-x86_64-unknown-linux-gnu/lib/rustlib/x86_64-unknown-linux-gnu/lib/libstd-89bc084783fdc439.rlib" "/opt/rustwide/rustup-home/toolchains/1.69.0-x86_64-unknown-linux-gnu/lib/rustlib/x86_64-unknown-linux-gnu/lib/libpanic_unwind-8bee4b287d4367c1.rlib" "/opt/rustwide/rustup-home/toolchains/1.69.0-x86_64-unknown-linux-gnu/lib/rustlib/x86_64-unknown-linux-gnu/lib/libobject-d61707aed80694c0.rlib" "/opt/rustwide/rustup-home/toolchains/1.69.0-x86_64-unknown-linux-gnu/lib/rustlib/x86_64-unknown-linux-gnu/lib/libmemchr-d85366256f22345b.rlib" "/opt/rustwide/rustup-home/toolchains/1.69.0-x86_64-unknown-linux-gnu/lib/rustlib/x86_64-unknown-linux-gnu/lib/libaddr2line-96069b86b8a8cae9.rlib" "/opt/rustwide/rustup-home/toolchains/1.69.0-x86_64-unknown-linux-gnu/lib/rustlib/x86_64-unknown-linux-gnu/lib/libgimli-d19d53abf68dfa6c.rlib" "/opt/rustwide/rustup-home/toolchains/1.69.0-x86_64-unknown-linux-gnu/lib/rustlib/x86_64-unknown-linux-gnu/lib/librustc_demangle-787cbccd19d64ac6.rlib" "/opt/rustwide/rustup-home/toolchains/1.69.0-x86_64-unknown-linux-gnu/lib/rustlib/x86_64-unknown-linux-gnu/lib/libstd_detect-b3837a36b830e0d0.rlib" "/opt/rustwide/rustup-home/toolchains/1.69.0-x86_64-unknown-linux-gnu/lib/rustlib/x86_64-unknown-linux-gnu/lib/libhashbrown-e3deb0e7e3f04966.rlib" "/opt/rustwide/rustup-home/toolchains/1.69.0-x86_64-unknown-linux-gnu/lib/rustlib/x86_64-unknown-linux-gnu/lib/libminiz_oxide-dabbb79c9815def4.rlib" "/opt/rustwide/rustup-home/toolchains/1.69.0-x86_64-unknown-linux-gnu/lib/rustlib/x86_64-unknown-linux-gnu/lib/libadler-305b01f34c9409f2.rlib" "/opt/rustwide/rustup-home/toolchains/1.69.0-x86_64-unknown-linux-gnu/lib/rustlib/x86_64-unknown-linux-gnu/lib/librustc_std_workspace_alloc-f833521df6074e73.rlib" "/opt/rustwide/rustup-home/toolchains/1.69.0-x86_64-unknown-linux-gnu/lib/rustlib/x86_64-unknown-linux-gnu/lib/libunwind-9ac333113350d171.rlib" "/opt/rustwide/rustup-home/toolchains/1.69.0-x86_64-unknown-linux-gnu/lib/rustlib/x86_64-unknown-linux-gnu/lib/libcfg_if-1c126114322d0eee.rlib" "/opt/rustwide/rustup-home/toolchains/1.69.0-x86_64-unknown-linux-gnu/lib/rustlib/x86_64-unknown-linux-gnu/lib/liblibc-bad9164fdeeecf92.rlib" "/opt/rustwide/rustup-home/toolchains/1.69.0-x86_64-unknown-linux-gnu/lib/rustlib/x86_64-unknown-linux-gnu/lib/liballoc-f9374b1e480fa681.rlib" "/opt/rustwide/rustup-home/toolchains/1.69.0-x86_64-unknown-linux-gnu/lib/rustlib/x86_64-unknown-linux-gnu/lib/librustc_std_workspace_core-207f06e41d9603af.rlib" "/opt/rustwide/rustup-home/toolchains/1.69.0-x86_64-unknown-linux-gnu/lib/rustlib/x86_64-unknown-linux-gnu/lib/libcore-7e2768e66e984e85.rlib" "/opt/rustwide/rustup-home/toolchains/1.69.0-x86_64-unknown-linux-gnu/lib/rustlib/x86_64-unknown-linux-gnu/lib/libcompiler_builtins-957b4aff41f8cd46.rlib" "-Wl,-Bdynamic" "-lssl" "-lcrypto" "-lgcc_s" "-lutil" "-lrt" "-lpthread" "-lm" "-ldl" "-lc" "-Wl,--eh-frame-hdr" "-Wl,-z,noexecstack" "-L" "/opt/rustwide/rustup-home/toolchains/1.69.0-x86_64-unknown-linux-gnu/lib/rustlib/x86_64-unknown-linux-gnu/lib" "-o" "/opt/rustwide/target/debug/examples/aad_auth-45bbfca56db33392" "-Wl,--gc-sections" "-pie" "-Wl,-z,relro,-z,now" "-nodefaultlibs"
[INFO] [stdout]   = note: collect2: fatal error: ld terminated with signal 9 [Killed]
[INFO] [stdout]           compilation terminated.
[INFO] [stdout]           
[INFO] [stdout] 
[INFO] [stdout] 
[INFO] [stdout] error: aborting due to previous error
[INFO] [stdout] 
[INFO] [stdout] 
[INFO] [stderr] error: could not compile `tiberius` due to 2 previous errors
[INFO] running `Command { std: "docker" "inspect" "cd988232c20a4c81e7b84a681954992498e416508cceab4b18ec59547edf9ec1", kill_on_drop: false }`
[INFO] running `Command { std: "docker" "rm" "-f" "cd988232c20a4c81e7b84a681954992498e416508cceab4b18ec59547edf9ec1", kill_on_drop: false }`
[INFO] [stdout] cd988232c20a4c81e7b84a681954992498e416508cceab4b18ec59547edf9ec1
