[INFO] fetching crate thinbox 0.1.4...
[INFO] testing thinbox-0.1.4 against beta-2023-04-20 for beta-1.70-1
[INFO] extracting crate thinbox 0.1.4 into /workspace/builds/worker-6-tc2/source
[INFO] validating manifest of crates.io crate thinbox 0.1.4 on toolchain beta-2023-04-20
[INFO] running `Command { std: CARGO_HOME="/workspace/cargo-home" RUSTUP_HOME="/workspace/rustup-home" "/workspace/cargo-home/bin/cargo" "+beta-2023-04-20" "metadata" "--manifest-path" "Cargo.toml" "--no-deps", kill_on_drop: false }`
[INFO] started tweaking crates.io crate thinbox 0.1.4
[INFO] finished tweaking crates.io crate thinbox 0.1.4
[INFO] tweaked toml for crates.io crate thinbox 0.1.4 written to /workspace/builds/worker-6-tc2/source/Cargo.toml
[INFO] running `Command { std: CARGO_HOME="/workspace/cargo-home" RUSTUP_HOME="/workspace/rustup-home" __CARGO_TEST_CHANNEL_OVERRIDE_DO_NOT_USE_THIS="nightly" "/workspace/cargo-home/bin/cargo" "+beta-2023-04-20" "generate-lockfile" "--manifest-path" "Cargo.toml" "-Zno-index-update", kill_on_drop: false }`
[INFO] running `Command { std: CARGO_HOME="/workspace/cargo-home" RUSTUP_HOME="/workspace/rustup-home" "/workspace/cargo-home/bin/cargo" "+beta-2023-04-20" "fetch" "--manifest-path" "Cargo.toml", kill_on_drop: false }`
[INFO] running `Command { std: "docker" "create" "-v" "/var/lib/crater-agent-workspace/builds/worker-6-tc2/target:/opt/rustwide/target:rw,Z" "-v" "/var/lib/crater-agent-workspace/builds/worker-6-tc2/source:/opt/rustwide/workdir:ro,Z" "-v" "/var/lib/crater-agent-workspace/cargo-home:/opt/rustwide/cargo-home:ro,Z" "-v" "/var/lib/crater-agent-workspace/rustup-home:/opt/rustwide/rustup-home:ro,Z" "-e" "SOURCE_DIR=/opt/rustwide/workdir" "-e" "CARGO_TARGET_DIR=/opt/rustwide/target" "-e" "CARGO_HOME=/opt/rustwide/cargo-home" "-e" "RUSTUP_HOME=/opt/rustwide/rustup-home" "-w" "/opt/rustwide/workdir" "-m" "1610612736" "--user" "0:0" "--network" "none" "ghcr.io/rust-lang/crates-build-env/linux@sha256:5ff2268d62e97bff2cde7d5815dd6ed5b47097566f13b8d0ca110b04b60e07ed" "/opt/rustwide/cargo-home/bin/cargo" "+beta-2023-04-20" "metadata" "--no-deps" "--format-version=1", kill_on_drop: false }`
[INFO] [stdout] b368335e70171fca7b48d287dab3cd47c64cfb02317a8b367b9cde346f3eee91
[INFO] running `Command { std: "docker" "start" "-a" "b368335e70171fca7b48d287dab3cd47c64cfb02317a8b367b9cde346f3eee91", kill_on_drop: false }`
[INFO] running `Command { std: "docker" "inspect" "b368335e70171fca7b48d287dab3cd47c64cfb02317a8b367b9cde346f3eee91", kill_on_drop: false }`
[INFO] running `Command { std: "docker" "rm" "-f" "b368335e70171fca7b48d287dab3cd47c64cfb02317a8b367b9cde346f3eee91", kill_on_drop: false }`
[INFO] [stdout] b368335e70171fca7b48d287dab3cd47c64cfb02317a8b367b9cde346f3eee91
[INFO] running `Command { std: "docker" "create" "-v" "/var/lib/crater-agent-workspace/builds/worker-6-tc2/target:/opt/rustwide/target:rw,Z" "-v" "/var/lib/crater-agent-workspace/builds/worker-6-tc2/source:/opt/rustwide/workdir:ro,Z" "-v" "/var/lib/crater-agent-workspace/cargo-home:/opt/rustwide/cargo-home:ro,Z" "-v" "/var/lib/crater-agent-workspace/rustup-home:/opt/rustwide/rustup-home:ro,Z" "-e" "SOURCE_DIR=/opt/rustwide/workdir" "-e" "CARGO_TARGET_DIR=/opt/rustwide/target" "-e" "CARGO_INCREMENTAL=0" "-e" "RUST_BACKTRACE=full" "-e" "RUSTFLAGS=--cap-lints=warn" "-e" "RUSTDOCFLAGS=--cap-lints=warn" "-e" "CARGO_HOME=/opt/rustwide/cargo-home" "-e" "RUSTUP_HOME=/opt/rustwide/rustup-home" "-w" "/opt/rustwide/workdir" "-m" "1610612736" "--user" "0:0" "--network" "none" "ghcr.io/rust-lang/crates-build-env/linux@sha256:5ff2268d62e97bff2cde7d5815dd6ed5b47097566f13b8d0ca110b04b60e07ed" "/opt/rustwide/cargo-home/bin/cargo" "+beta-2023-04-20" "build" "--frozen" "--message-format=json", kill_on_drop: false }`
[INFO] [stdout] b77437fe278549d1335b127f9fd81fbbac1affc8dd0747a4caa7482a893827d0
[INFO] running `Command { std: "docker" "start" "-a" "b77437fe278549d1335b127f9fd81fbbac1affc8dd0747a4caa7482a893827d0", kill_on_drop: false }`
[INFO] [stderr]    Compiling thinbox v0.1.4 (/opt/rustwide/workdir)
[INFO] [stdout] error[E0432]: unresolved import `std::raw`
[INFO] [stdout]    --> src/lib.rs:119:10
[INFO] [stdout]     |
[INFO] [stdout] 119 | use std::raw::TraitObject;
[INFO] [stdout]     |          ^^^ could not find `raw` in `std`
[INFO] [stdout] 
[INFO] [stdout] 
[INFO] [stdout] error[E0554]: `#![feature]` may not be used on the beta release channel
[INFO] [stdout]   --> src/lib.rs:12:12
[INFO] [stdout]    |
[INFO] [stdout] 12 | #![feature(raw)]
[INFO] [stdout]    |            ^^^
[INFO] [stdout] 
[INFO] [stdout] 
[INFO] [stdout] error[E0554]: `#![feature]` may not be used on the beta release channel
[INFO] [stdout]   --> src/lib.rs:13:12
[INFO] [stdout]    |
[INFO] [stdout] 13 | #![feature(unsize)]
[INFO] [stdout]    |            ^^^^^^
[INFO] [stdout] 
[INFO] [stdout] 
[INFO] [stdout] error[E0635]: unknown feature `raw`
[INFO] [stdout]   --> src/lib.rs:12:12
[INFO] [stdout]    |
[INFO] [stdout] 12 | #![feature(raw)]
[INFO] [stdout]    |            ^^^
[INFO] [stdout] 
[INFO] [stdout] 
[INFO] [stdout] error: aborting due to 4 previous errors
[INFO] [stdout] 
[INFO] [stdout] 
[INFO] [stdout] Some errors have detailed explanations: E0432, E0554, E0635.
[INFO] [stdout] 
[INFO] [stdout] For more information about an error, try `rustc --explain E0432`.
[INFO] [stdout] 
[INFO] [stderr] error: could not compile `thinbox` (lib) due to 5 previous errors
[INFO] running `Command { std: "docker" "inspect" "b77437fe278549d1335b127f9fd81fbbac1affc8dd0747a4caa7482a893827d0", kill_on_drop: false }`
[INFO] running `Command { std: "docker" "rm" "-f" "b77437fe278549d1335b127f9fd81fbbac1affc8dd0747a4caa7482a893827d0", kill_on_drop: false }`
[INFO] [stdout] b77437fe278549d1335b127f9fd81fbbac1affc8dd0747a4caa7482a893827d0
