[INFO] fetching crate tetcore-test-utils-test-crate 0.1.0...
[INFO] testing tetcore-test-utils-test-crate-0.1.0 against beta-2023-04-20 for beta-1.70-1
[INFO] extracting crate tetcore-test-utils-test-crate 0.1.0 into /workspace/builds/worker-3-tc2/source
[INFO] validating manifest of crates.io crate tetcore-test-utils-test-crate 0.1.0 on toolchain beta-2023-04-20
[INFO] running `Command { std: CARGO_HOME="/workspace/cargo-home" RUSTUP_HOME="/workspace/rustup-home" "/workspace/cargo-home/bin/cargo" "+beta-2023-04-20" "metadata" "--manifest-path" "Cargo.toml" "--no-deps", kill_on_drop: false }`
[INFO] started tweaking crates.io crate tetcore-test-utils-test-crate 0.1.0
[INFO] finished tweaking crates.io crate tetcore-test-utils-test-crate 0.1.0
[INFO] tweaked toml for crates.io crate tetcore-test-utils-test-crate 0.1.0 written to /workspace/builds/worker-3-tc2/source/Cargo.toml
[INFO] crate crates.io crate tetcore-test-utils-test-crate 0.1.0 already has a lockfile, it will not be regenerated
[INFO] running `Command { std: CARGO_HOME="/workspace/cargo-home" RUSTUP_HOME="/workspace/rustup-home" "/workspace/cargo-home/bin/cargo" "+beta-2023-04-20" "fetch" "--manifest-path" "Cargo.toml", kill_on_drop: false }`
[INFO] [stderr]     Blocking waiting for file lock on package cache
[INFO] [stderr]     Updating crates.io index
[INFO] [stderr]     Blocking waiting for file lock on package cache
[INFO] [stderr]  Downloading crates ...
[INFO] [stderr]   Downloaded wasm-timer v0.2.5
[INFO] [stderr]   Downloaded tetsy-hash-db v0.15.3
[INFO] [stderr]   Downloaded twasmi v0.6.2
[INFO] [stderr]   Downloaded twasmi-validation v0.3.0
[INFO] [stderr]   Downloaded tet-io v2.0.2
[INFO] [stderr]   Downloaded tet-core v2.0.2
[INFO] [stderr]   Downloaded memory_units v0.3.0
[INFO] [stderr]   Downloaded vec-arena v1.1.0
[INFO] [stderr]   Downloaded async-executor v1.4.0
[INFO] [stderr]   Downloaded tetcore-wasm-interface v2.0.2
[INFO] [stderr]   Downloaded ed25519 v1.0.3
[INFO] [stderr]   Downloaded tetcore-bip39 v0.4.2
[INFO] [stderr]   Downloaded zeroize_derive v1.0.1
[INFO] [stderr]   Downloaded tetsy-memory-db v0.26.0
[INFO] [stderr]   Downloaded tetsy-trie-root v0.16.1
[INFO] [stderr]   Downloaded tetsy-hash256-std-hasher v0.15.3
[INFO] [stderr]   Downloaded tetsy-libp2p-identify v0.27.1
[INFO] [stderr]   Downloaded multihash-derive v0.7.1
[INFO] [stderr]   Downloaded tetsy-jsonrpc-client-transports v15.1.0
[INFO] [stderr]   Downloaded tetsy-libp2p-core-derive v0.21.1
[INFO] [stderr]   Downloaded twox-hash v1.6.0
[INFO] [stderr]   Downloaded curve25519-dalek v3.0.2
[INFO] [stderr]   Downloaded prometheus-endpoint v0.8.1
[INFO] [stderr]   Downloaded futures-lite v1.11.3
[INFO] [stderr]   Downloaded tc-consensus-epochs v0.8.0
[INFO] [stderr]   Downloaded tetsy-kvdb-memorydb v0.9.0
[INFO] [stderr]   Downloaded tc-light v2.0.0
[INFO] [stderr]   Downloaded tetsy-kvdb-rocksdb v0.11.0
[INFO] [stderr]   Downloaded quicksink v0.1.2
[INFO] [stderr]   Downloaded tp-authorship v2.0.2
[INFO] [stderr]   Downloaded tc-consensus-slots v0.8.0
[INFO] [stderr]   Downloaded remux v0.8.0
[INFO] [stderr]   Downloaded x25519-dalek v1.1.0
[INFO] [stderr]   Downloaded tp-state-machine v0.8.2
[INFO] [stderr]   Downloaded tc-consensus-uncles v0.8.0
[INFO] [stderr]   Downloaded tetsy-finality-grandpa v0.13.0
[INFO] [stderr]   Downloaded tc-informant v0.8.0
[INFO] [stderr]   Downloaded tokio-named-pipes v0.1.0
[INFO] [stderr]   Downloaded signal-hook v0.3.8
[INFO] [stderr]   Downloaded tc-chain-spec-derive v2.0.0
[INFO] [stderr]   Downloaded rocksdb v0.15.0
[INFO] [stderr]   Downloaded tc-keystore v2.0.0
[INFO] [stderr]   Downloaded tc-consensus v0.8.0
[INFO] [stderr]   Downloaded tetsy-jsonrpc-derive v15.1.0
[INFO] [stderr]   Downloaded prometheus v0.10.0
[INFO] [stderr]   Downloaded tp-offchain v2.0.2
[INFO] [stderr]   Downloaded tp-session v2.0.2
[INFO] [stderr]   Downloaded async-global-executor v2.0.2
[INFO] [stderr]   Downloaded tetsy-libp2p-tcp v0.27.2
[INFO] [stderr]   Downloaded tp-finality-grandpa v2.0.2
[INFO] [stderr]   Downloaded ip_network v0.3.4
[INFO] [stderr]   Downloaded ghash v0.3.1
[INFO] [stderr]   Downloaded tetsy-trie-db v0.22.3
[INFO] [stderr]   Downloaded tetsy-jsonrpc-core-client v15.1.0
[INFO] [stderr]   Downloaded tc-rpc-api v0.8.0
[INFO] [stderr]   Downloaded tetsy-jsonrpc-server-utils v15.1.0
[INFO] [stderr]   Downloaded tc-telemetry v2.0.0
[INFO] [stderr]   Downloaded tc-tracing v2.0.0
[INFO] [stderr]   Downloaded futures-diagnose v1.0.1
[INFO] [stderr]   Downloaded intervalier v0.4.0
[INFO] [stderr]   Downloaded asn1_der v0.6.3
[INFO] [stderr]   Downloaded tp-allocator v2.0.2
[INFO] [stderr]   Downloaded tp-tasks v2.0.1
[INFO] [stderr]   Downloaded tetsy-jsonrpc-core v15.1.0
[INFO] [stderr]   Downloaded librocksdb-sys v6.11.4
[INFO] [stderr]   Downloaded tetsy-jsonrpc-pubsub v15.1.0
[INFO] [stderr]   Downloaded tp-staking v2.0.2
[INFO] [stderr]   Downloaded tetsy-libp2p-dns v0.27.2
[INFO] [stderr]   Downloaded prost-build v0.7.0
[INFO] [stderr]   Downloaded polyval v0.4.5
[INFO] [stderr]   Downloaded nb-connect v1.1.0
[INFO] [stderr]   Downloaded tetsy-send-wrapper v0.1.0
[INFO] [stderr]   Downloaded tetsy-libp2p-wasm-ext v0.27.1
[INFO] [stderr]   Downloaded prost-types v0.7.0
[INFO] [stderr]   Downloaded tetsy-libp2p v0.34.3
[INFO] [stderr]   Downloaded snow v0.7.2
[INFO] [stderr]   Downloaded lru v0.6.5
[INFO] [stderr]   Downloaded minicbor-derive v0.6.2
[INFO] [stderr]   Downloaded tc-network v0.8.0
[INFO] [stderr]   Downloaded tc-executor-common v0.8.0
[INFO] [stderr]   Downloaded dns-parser v0.8.0
[INFO] [stderr]   Downloaded tetsy-libp2p-mplex v0.27.2
[INFO] [stderr]   Downloaded tetsy-libp2p-noise v0.29.2
[INFO] [stderr]   Downloaded tetsy-libp2p-swarm v0.27.1
[INFO] [stderr]   Downloaded schnorrkel v0.9.1
[INFO] [stderr]   Downloaded tc-tracing-proc-macro v2.0.0
[INFO] [stderr]   Downloaded tc-client-api v2.0.0
[INFO] [stderr]   Downloaded tetsy-kvdb v0.9.0
[INFO] [stderr]   Downloaded blocking v1.0.2
[INFO] [stderr]   Downloaded async-process v1.0.2
[INFO] [stderr]   Downloaded forktree v2.0.1
[INFO] [stderr]   Downloaded tc-peerset v2.0.0
[INFO] [stderr]   Downloaded tc-offchain v2.0.0
[INFO] [stderr]   Downloaded tp-chain-spec v2.0.2
[INFO] [stderr]   Downloaded tp-rpc v2.0.2
[INFO] [stderr]   Downloaded tetsy-jsonrpc-http-server v15.1.0
[INFO] [stderr]   Downloaded tetsy-jsonrpc-ipc-server v15.1.0
[INFO] [stderr]   Downloaded tetsy-ws v0.10.0
[INFO] [stderr]   Downloaded tetsy-jsonrpc-ws-server v15.1.0
[INFO] [stderr]   Downloaded tc-rpc-server v2.0.0
[INFO] [stderr]   Downloaded serializer v2.0.2
[INFO] [stderr]   Downloaded tc-executor v0.8.0
[INFO] [stderr]   Downloaded tc-transaction-graph v2.0.0
[INFO] [stderr]   Downloaded tc-transaction-pool v2.0.0
[INFO] [stderr]   Downloaded tetsy-exit-future v0.2.0
[INFO] [stderr]   Downloaded tetcore-database v2.0.2
[INFO] [stderr]   Downloaded async-lock v2.3.0
[INFO] [stderr]   Downloaded tetcore-utils v2.0.2
[INFO] [stderr]   Downloaded tetsy-libp2p-kad v0.28.2
[INFO] [stderr]   Downloaded if-watch v0.1.8
[INFO] [stderr]   Downloaded tetsy-libp2p-mdns v0.28.1
[INFO] [stderr]   Downloaded aes-soft v0.5.0
[INFO] [stderr]   Downloaded aesni v0.8.0
[INFO] [stderr]   Downloaded async-io v1.3.1
[INFO] [stderr]   Downloaded fastrand v1.4.0
[INFO] [stderr]   Downloaded asn1_der_derive v0.1.2
[INFO] [stderr]   Downloaded tc-block-builder v0.8.0
[INFO] [stderr]   Downloaded aes v0.5.0
[INFO] [stderr]   Downloaded aes-gcm v0.7.0
[INFO] [stderr]   Downloaded tetsy-libp2p-remux v0.30.1
[INFO] [stderr]   Downloaded blake2-rfc v0.2.18
[INFO] [stderr]   Downloaded libc v0.2.92
[INFO] [stderr]   Downloaded tc-network-gossip v0.8.0
[INFO] [stderr]   Downloaded tc-client-db v0.8.0
[INFO] [stderr]   Downloaded security-framework v1.0.0
[INFO] [stderr]   Downloaded rustls-native-certs v0.4.0
[INFO] [stderr]   Downloaded blake2 v0.9.1
[INFO] [stderr]   Downloaded chacha20 v0.5.0
[INFO] [stderr]   Downloaded block-cipher v0.8.0
[INFO] [stderr]   Downloaded stream-cipher v0.7.1
[INFO] [stderr]   Downloaded chacha20poly1305 v0.6.0
[INFO] [stderr]   Downloaded minicbor v0.7.2
[INFO] [stderr]   Downloaded if-addrs-sys v0.3.2
[INFO] [stderr]   Downloaded tetsy-libp2p-ping v0.27.1
[INFO] [stderr]   Downloaded nohash v0.2.0
[INFO] [stderr]   Downloaded prost v0.7.0
[INFO] [stderr]   Downloaded tp-runtime-interface-proc-macro v2.0.2
[INFO] [stderr]   Downloaded tetsy-libp2p-request-response v0.9.1
[INFO] [stderr]   Downloaded wepoll-sys v3.0.1
[INFO] [stderr]   Downloaded sha-1 v0.9.4
[INFO] [stderr]   Downloaded which v4.1.0
[INFO] [stderr]   Downloaded tetsy-libp2p-core v0.27.2
[INFO] [stderr]   Downloaded tc-consensus-babe v0.8.0
[INFO] [stderr]   Downloaded bindgen v0.54.0
[INFO] [stderr]   Downloaded tc-rpc v2.0.0
[INFO] [stderr]   Downloaded if-watch v0.2.0
[INFO] [stderr]   Downloaded tetsy-multistream-select v0.10.2
[INFO] [stderr]   Downloaded multihash v0.13.2
[INFO] [stderr]   Downloaded dyn-clonable-impl v0.9.0
[INFO] [stderr]   Downloaded tc-finality-grandpa v0.8.0
[INFO] [stderr]   Downloaded tp-timestamp v2.0.2
[INFO] [stderr]   Downloaded polling v2.0.3
[INFO] [stderr]   Downloaded tp-inherents v2.0.2
[INFO] [stderr]   Downloaded tp-blockchain v2.0.2
[INFO] [stderr]   Downloaded environ v1.1.2
[INFO] [stderr]   Downloaded tracing-subscriber v0.2.17
[INFO] [stderr]   Downloaded pin-project-internal v0.4.28
[INFO] [stderr]   Downloaded pin-project v0.4.28
[INFO] [stderr]   Downloaded unsigned-varint v0.6.0
[INFO] [stderr]   Downloaded tetsy-multiaddr v0.11.2
[INFO] [stderr]   Downloaded tp-api v2.0.2
[INFO] [stderr]   Downloaded tp-consensus v0.8.2
[INFO] [stderr]   Downloaded tetsy-scale-codec v2.0.1
[INFO] [stderr]   Downloaded prost-derive v0.7.0
[INFO] [stderr]   Downloaded tetsy-libp2p-websocket v0.28.2
[INFO] [stderr]   Downloaded unsigned-varint v0.5.1
[INFO] [stderr]   Downloaded tp-api-proc-macro v2.0.2
[INFO] [stderr]   Downloaded tp-transaction-pool v2.0.2
[INFO] [stderr]   Downloaded arithmetic v2.0.2
[INFO] [stderr]   Downloaded tet-application-crypto v2.0.2
[INFO] [stderr]   Downloaded panic-handler v2.0.2
[INFO] [stderr]   Downloaded tp-runtime-interface v2.0.2
[INFO] [stderr]   Downloaded tp-runtime v2.0.2
[INFO] [stderr]   Downloaded tc-service v0.8.0
[INFO] [stderr]   Downloaded ct-logs v0.7.0
[INFO] [stderr]   Downloaded security-framework-sys v1.0.0
[INFO] [stderr]   Downloaded tp-trie v2.0.2
[INFO] [stderr]   Downloaded byte-slice-cast v1.0.0
[INFO] [stderr]   Downloaded tetsy-scale-codec-derive v2.0.1
[INFO] [stderr]   Downloaded tp-version v2.0.2
[INFO] [stderr]   Downloaded fs-swap v0.2.6
[INFO] [stderr]   Downloaded tetsy-tokio-ipc v0.4.0
[INFO] [stderr]   Downloaded tokio-service v0.1.0
[INFO] [stderr]   Downloaded tc-executor-twasmi v0.8.0
[INFO] [stderr]   Downloaded retain_mut v0.1.2
[INFO] [stderr]   Downloaded tp-block-builder v2.0.2
[INFO] [stderr]   Downloaded async-std v1.9.0
[INFO] [stderr]   Downloaded rw-stream-sink v0.2.1
[INFO] [stderr]   Downloaded unsigned-varint v0.7.0
[INFO] [stderr]   Downloaded dyn-clonable v0.9.0
[INFO] [stderr]   Downloaded secrecy v0.7.0
[INFO] [stderr]   Downloaded merlin v2.0.1
[INFO] [stderr]   Downloaded externalities v0.8.2
[INFO] [stderr]   Downloaded debug-derive v2.0.2
[INFO] [stderr]   Downloaded impl-serde v0.3.1
[INFO] [stderr]   Downloaded tetcore-storage v2.0.2
[INFO] [stderr]   Downloaded tetcore-tracing v2.0.2
[INFO] [stderr]   Downloaded tetsy-fixed-hash v0.7.0
[INFO] [stderr]   Downloaded tetcore-test-utils-derive v0.8.1
[INFO] [stderr]   Downloaded tetcore-test-utils v2.0.1
[INFO] [stderr]   Downloaded tp-consensus-slots v0.8.2
[INFO] [stderr]   Downloaded tp-consensus-vrf v0.8.2
[INFO] [stderr]   Downloaded tp-consensus-babe v0.8.2
[INFO] [stderr]   Downloaded tc-chain-spec v2.0.0
[INFO] [stderr]   Downloaded tc-state-db v0.8.0
[INFO] [stderr]   Downloaded tetsy-db v0.1.2
[INFO] [stderr]   Downloaded tp-keystore v0.8.1
[INFO] [stderr]   Downloaded tetcore-std v2.0.2
[INFO] [stderr]   Downloaded impl-trait-for-tuples v0.2.1
[INFO] [stderr]   Downloaded radium v0.6.2
[INFO] [stderr]   Downloaded wyz v0.2.0
[INFO] [stderr]   Downloaded bitvec v0.20.2
[INFO] [stderr]   Downloaded funty v1.1.0
[INFO] [stderr]   Downloaded tetsy-impl-codec v0.5.0
[INFO] [stderr]   Downloaded tetsy-util-mem v0.9.0
[INFO] [stderr]   Downloaded tetsy-impl-serde v0.3.1
[INFO] [stderr]   Downloaded uint-crate v0.9.0
[INFO] [stderr]   Downloaded tetsy-primitive-types v0.9.0
[INFO] [stderr]   Downloaded tetsy-util-mem-derive v0.1.0
[INFO] [stderr]   Downloaded value-bag v1.0.0-alpha.6
[INFO] [stderr]   Downloaded if-addrs v0.6.5
[INFO] [stderr]   Downloaded futures-rustls v0.21.1
[INFO] [stderr]   Downloaded soketto v0.4.2
[INFO] [stderr]   Downloaded asynchronous-codec v0.5.0
[INFO] [stderr]   Downloaded tiny-bip39 v0.8.0
[INFO] [stderr]   Downloaded tetsy-wasm v0.41.0
[INFO] running `Command { std: "docker" "create" "-v" "/var/lib/crater-agent-workspace/builds/worker-3-tc2/target:/opt/rustwide/target:rw,Z" "-v" "/var/lib/crater-agent-workspace/builds/worker-3-tc2/source:/opt/rustwide/workdir:ro,Z" "-v" "/var/lib/crater-agent-workspace/cargo-home:/opt/rustwide/cargo-home:ro,Z" "-v" "/var/lib/crater-agent-workspace/rustup-home:/opt/rustwide/rustup-home:ro,Z" "-e" "SOURCE_DIR=/opt/rustwide/workdir" "-e" "CARGO_TARGET_DIR=/opt/rustwide/target" "-e" "CARGO_HOME=/opt/rustwide/cargo-home" "-e" "RUSTUP_HOME=/opt/rustwide/rustup-home" "-w" "/opt/rustwide/workdir" "-m" "1610612736" "--user" "0:0" "--network" "none" "ghcr.io/rust-lang/crates-build-env/linux@sha256:5ff2268d62e97bff2cde7d5815dd6ed5b47097566f13b8d0ca110b04b60e07ed" "/opt/rustwide/cargo-home/bin/cargo" "+beta-2023-04-20" "metadata" "--no-deps" "--format-version=1", kill_on_drop: false }`
[INFO] [stdout] 04d78861c93dff9ad501b659ff263153e4071bb3701d42262d2d1394e2c80665
[INFO] running `Command { std: "docker" "start" "-a" "04d78861c93dff9ad501b659ff263153e4071bb3701d42262d2d1394e2c80665", kill_on_drop: false }`
[INFO] running `Command { std: "docker" "inspect" "04d78861c93dff9ad501b659ff263153e4071bb3701d42262d2d1394e2c80665", kill_on_drop: false }`
[INFO] running `Command { std: "docker" "rm" "-f" "04d78861c93dff9ad501b659ff263153e4071bb3701d42262d2d1394e2c80665", kill_on_drop: false }`
[INFO] [stdout] 04d78861c93dff9ad501b659ff263153e4071bb3701d42262d2d1394e2c80665
[INFO] running `Command { std: "docker" "create" "-v" "/var/lib/crater-agent-workspace/builds/worker-3-tc2/target:/opt/rustwide/target:rw,Z" "-v" "/var/lib/crater-agent-workspace/builds/worker-3-tc2/source:/opt/rustwide/workdir:ro,Z" "-v" "/var/lib/crater-agent-workspace/cargo-home:/opt/rustwide/cargo-home:ro,Z" "-v" "/var/lib/crater-agent-workspace/rustup-home:/opt/rustwide/rustup-home:ro,Z" "-e" "SOURCE_DIR=/opt/rustwide/workdir" "-e" "CARGO_TARGET_DIR=/opt/rustwide/target" "-e" "CARGO_INCREMENTAL=0" "-e" "RUST_BACKTRACE=full" "-e" "RUSTFLAGS=--cap-lints=warn" "-e" "RUSTDOCFLAGS=--cap-lints=warn" "-e" "CARGO_HOME=/opt/rustwide/cargo-home" "-e" "RUSTUP_HOME=/opt/rustwide/rustup-home" "-w" "/opt/rustwide/workdir" "-m" "1610612736" "--user" "0:0" "--network" "none" "ghcr.io/rust-lang/crates-build-env/linux@sha256:5ff2268d62e97bff2cde7d5815dd6ed5b47097566f13b8d0ca110b04b60e07ed" "/opt/rustwide/cargo-home/bin/cargo" "+beta-2023-04-20" "build" "--frozen" "--message-format=json", kill_on_drop: false }`
[INFO] [stdout] bbfff9e160f9934c6bba410ceec45ccda2560b2cd377d99eff170660abd5dbc7
[INFO] running `Command { std: "docker" "start" "-a" "bbfff9e160f9934c6bba410ceec45ccda2560b2cd377d99eff170660abd5dbc7", kill_on_drop: false }`
[INFO] [stderr]    Compiling tetcore-test-utils-test-crate v0.1.0 (/opt/rustwide/workdir)
[INFO] [stderr]     Finished dev [unoptimized + debuginfo] target(s) in 0.45s
[INFO] running `Command { std: "docker" "inspect" "bbfff9e160f9934c6bba410ceec45ccda2560b2cd377d99eff170660abd5dbc7", kill_on_drop: false }`
[INFO] running `Command { std: "docker" "rm" "-f" "bbfff9e160f9934c6bba410ceec45ccda2560b2cd377d99eff170660abd5dbc7", kill_on_drop: false }`
[INFO] [stdout] bbfff9e160f9934c6bba410ceec45ccda2560b2cd377d99eff170660abd5dbc7
[INFO] running `Command { std: "docker" "create" "-v" "/var/lib/crater-agent-workspace/builds/worker-3-tc2/target:/opt/rustwide/target:rw,Z" "-v" "/var/lib/crater-agent-workspace/builds/worker-3-tc2/source:/opt/rustwide/workdir:ro,Z" "-v" "/var/lib/crater-agent-workspace/cargo-home:/opt/rustwide/cargo-home:ro,Z" "-v" "/var/lib/crater-agent-workspace/rustup-home:/opt/rustwide/rustup-home:ro,Z" "-e" "SOURCE_DIR=/opt/rustwide/workdir" "-e" "CARGO_TARGET_DIR=/opt/rustwide/target" "-e" "CARGO_INCREMENTAL=0" "-e" "RUST_BACKTRACE=full" "-e" "RUSTFLAGS=--cap-lints=warn" "-e" "RUSTDOCFLAGS=--cap-lints=warn" "-e" "CARGO_HOME=/opt/rustwide/cargo-home" "-e" "RUSTUP_HOME=/opt/rustwide/rustup-home" "-w" "/opt/rustwide/workdir" "-m" "1610612736" "--user" "0:0" "--network" "none" "ghcr.io/rust-lang/crates-build-env/linux@sha256:5ff2268d62e97bff2cde7d5815dd6ed5b47097566f13b8d0ca110b04b60e07ed" "/opt/rustwide/cargo-home/bin/cargo" "+beta-2023-04-20" "test" "--frozen" "--no-run" "--message-format=json", kill_on_drop: false }`
[INFO] [stdout] 0c6282b9b41d0b0eb754fea50db2ebb2be4c4f100a26e557760277ccb568f826
[INFO] running `Command { std: "docker" "start" "-a" "0c6282b9b41d0b0eb754fea50db2ebb2be4c4f100a26e557760277ccb568f826", kill_on_drop: false }`
[INFO] [stderr]    Compiling proc-macro2 v1.0.26
[INFO] [stderr]    Compiling syn v1.0.68
[INFO] [stderr]    Compiling libc v0.2.92
[INFO] [stderr]    Compiling value-bag v1.0.0-alpha.6
[INFO] [stderr]    Compiling log v0.4.14
[INFO] [stderr]    Compiling memchr v2.3.4
[INFO] [stderr]    Compiling version_check v0.9.3
[INFO] [stderr]    Compiling byteorder v1.4.3
[INFO] [stderr]    Compiling serde_derive v1.0.125
[INFO] [stderr]    Compiling serde v1.0.125
[INFO] [stderr]    Compiling smallvec v1.6.1
[INFO] [stderr]    Compiling futures v0.1.31
[INFO] [stderr]    Compiling typenum v1.13.0
[INFO] [stderr]    Compiling slab v0.4.2
[INFO] [stderr]    Compiling ppv-lite86 v0.2.10
[INFO] [stderr]    Compiling instant v0.1.9
[INFO] [stderr]    Compiling lock_api v0.4.3
[INFO] [stderr]    Compiling cfg-if v0.1.10
[INFO] [stderr]    Compiling futures-core v0.3.13
[INFO] [stderr]    Compiling quote v1.0.9
[INFO] [stderr]    Compiling parking_lot_core v0.8.3
[INFO] [stderr]    Compiling pin-project-lite v0.2.6
[INFO] [stderr]    Compiling num_cpus v1.13.0
[INFO] [stderr]    Compiling futures-io v0.3.13
[INFO] [stderr]    Compiling generic-array v0.14.4
[INFO] [stderr]    Compiling parking_lot v0.11.1
[INFO] [stderr]    Compiling ahash v0.4.7
[INFO] [stderr]    Compiling either v1.6.1
[INFO] [stderr]    Compiling once_cell v1.7.2
[INFO] [stderr]    Compiling getrandom v0.2.2
[INFO] [stderr]    Compiling hashbrown v0.9.1
[INFO] [stderr]    Compiling proc-macro-hack v0.5.19
[INFO] [stderr]    Compiling futures-sink v0.3.13
[INFO] [stderr]    Compiling getrandom v0.1.16
[INFO] [stderr]    Compiling proc-macro-nested v0.1.7
[INFO] [stderr]    Compiling pin-utils v0.1.0
[INFO] [stderr]    Compiling rand_core v0.5.1
[INFO] [stderr]    Compiling rand_core v0.6.2
[INFO] [stderr]    Compiling futures-channel v0.3.13
[INFO] [stderr]    Compiling futures-task v0.3.13
[INFO] [stderr]    Compiling subtle v2.4.0
[INFO] [stderr]    Compiling rand_chacha v0.2.2
[INFO] [stderr]    Compiling rand_chacha v0.3.0
[INFO] [stderr]    Compiling rand_pcg v0.2.1
[INFO] [stderr]    Compiling anyhow v1.0.40
[INFO] [stderr]    Compiling generic-array v0.12.4
[INFO] [stderr]    Compiling crunchy v0.2.2
[INFO] [stderr]    Compiling rand v0.7.3
[INFO] [stderr]    Compiling rand v0.8.3
[INFO] [stderr]    Compiling opaque-debug v0.3.0
[INFO] [stderr]    Compiling static_assertions v1.1.0
[INFO] [stderr]    Compiling digest v0.9.0
[INFO] [stderr]    Compiling tinyvec_macros v0.1.0
[INFO] [stderr]    Compiling digest v0.8.1
[INFO] [stderr]    Compiling tinyvec v1.2.0
[INFO] [stderr]    Compiling itoa v0.4.7
[INFO] [stderr]    Compiling byte-tools v0.3.1
[INFO] [stderr]    Compiling block-buffer v0.9.0
[INFO] [stderr]    Compiling block-padding v0.1.5
[INFO] [stderr]    Compiling regex-syntax v0.6.23
[INFO] [stderr]    Compiling cpuid-bool v0.1.2
[INFO] [stderr]    Compiling opaque-debug v0.2.3
[INFO] [stderr]    Compiling fake-simd v0.1.2
[INFO] [stderr]    Compiling block-buffer v0.7.3
[INFO] [stderr]    Compiling aho-corasick v0.7.15
[INFO] [stderr]    Compiling arrayvec v0.5.2
[INFO] [stderr]    Compiling subtle v1.0.0
[INFO] [stderr]    Compiling sha2 v0.9.3
[INFO] [stderr]    Compiling crypto-mac v0.7.0
[INFO] [stderr]    Compiling jobserver v0.1.21
[INFO] [stderr]    Compiling arrayref v0.3.6
[INFO] [stderr]    Compiling hmac v0.7.1
[INFO] [stderr]    Compiling cc v1.0.67
[INFO] [stderr]    Compiling unicode-normalization v0.1.17
[INFO] [stderr]    Compiling sha2 v0.8.2
[INFO] [stderr]    Compiling radium v0.6.2
[INFO] [stderr]    Compiling fnv v1.0.7
[INFO] [stderr]    Compiling ryu v1.0.5
[INFO] [stderr]    Compiling signature v1.3.0
[INFO] [stderr]    Compiling ed25519 v1.0.3
[INFO] [stderr]    Compiling hmac-drbg v0.2.0
[INFO] [stderr]    Compiling serde_json v1.0.64
[INFO] [stderr]    Compiling wyz v0.2.0
[INFO] [stderr]    Compiling tap v1.0.1
[INFO] [stderr]    Compiling funty v1.1.0
[INFO] [stderr]    Compiling libsecp256k1 v0.3.5
[INFO] [stderr]    Compiling byte-slice-cast v1.0.0
[INFO] [stderr]    Compiling synstructure v0.12.4
[INFO] [stderr]    Compiling regex v1.4.5
[INFO] [stderr]    Compiling num-traits v0.2.14
[INFO] [stderr]    Compiling bytes v1.0.1
[INFO] [stderr]    Compiling bitvec v0.20.2
[INFO] [stderr]    Compiling uint-crate v0.9.0
[INFO] [stderr]    Compiling tracing-core v0.1.17
[INFO] [stderr]    Compiling num-integer v0.1.44
[INFO] [stderr]    Compiling indexmap v1.6.2
[INFO] [stderr]    Compiling crypto-mac v0.8.0
[INFO] [stderr]    Compiling rustc-hex v2.1.0
[INFO] [stderr]    Compiling time v0.1.44
[INFO] [stderr]    Compiling tetsy-fixed-hash v0.7.0
[INFO] [stderr]    Compiling rustc-hash v1.1.0
[INFO] [stderr]    Compiling iovec v0.1.4
[INFO] [stderr]    Compiling tetcore-std v2.0.2
[INFO] [stderr]    Compiling tetsy-util-mem v0.9.0
[INFO] [stderr]    Compiling regex-automata v0.1.9
[INFO] [stderr]    Compiling ring v0.16.20
[INFO] [stderr]    Compiling num-bigint v0.2.6
[INFO] [stderr]    Compiling chrono v0.4.19
[INFO] [stderr]    Compiling thread_local v1.1.3
[INFO] [stderr]    Compiling itertools v0.9.0
[INFO] [stderr]    Compiling ctor v0.1.20
[INFO] [stderr]    Compiling futures-macro v0.3.13
[INFO] [stderr]    Compiling zeroize_derive v1.0.1
[INFO] [stderr]    Compiling thiserror-impl v1.0.24
[INFO] [stderr]    Compiling futures-util v0.3.13
[INFO] [stderr]    Compiling tracing-attributes v0.1.15
[INFO] [stderr]    Compiling impl-trait-for-tuples v0.2.1
[INFO] [stderr]    Compiling tetsy-util-mem-derive v0.1.0
[INFO] [stderr]    Compiling zeroize v1.2.0
[INFO] [stderr]    Compiling tracing-log v0.1.2
[INFO] [stderr]    Compiling curve25519-dalek v3.0.2
[INFO] [stderr]    Compiling thiserror v1.0.24
[INFO] [stderr]    Compiling matchers v0.0.1
[INFO] [stderr]    Compiling sharded-slab v0.1.1
[INFO] [stderr]    Compiling num-rational v0.2.4
[INFO] [stderr]    Compiling semver-parser v0.7.0
[INFO] [stderr]    Compiling tracing v0.1.25
[INFO] [stderr]    Compiling ansi_term v0.12.1
[INFO] [stderr]    Compiling arrayvec v0.4.12
[INFO] [stderr]    Compiling ref-cast v1.0.6
[INFO] [stderr]    Compiling futures-executor v0.3.13
[INFO] [stderr]    Compiling semver v0.9.0
[INFO] [stderr]    Compiling futures v0.3.13
[INFO] [stderr]    Compiling prost-derive v0.7.0
[INFO] [stderr]    Compiling ref-cast-impl v1.0.6
[INFO] [stderr]    Compiling debug-derive v2.0.2
[INFO] [stderr]    Compiling which v4.1.0
[INFO] [stderr]    Compiling nodrop v0.1.14
[INFO] [stderr]    Compiling tetsy-wasm v0.41.0
[INFO] [stderr]    Compiling prost-build v0.7.0
[INFO] [stderr]    Compiling rustc_version v0.2.3
[INFO] [stderr]    Compiling fixedbitset v0.2.0
[INFO] [stderr]    Compiling keccak v0.1.0
[INFO] [stderr]    Compiling remove_dir_all v0.5.3
[INFO] [stderr]    Compiling tetsy-hash-db v0.15.3
[INFO] [stderr]    Compiling twasmi-validation v0.3.0
[INFO] [stderr]    Compiling downcast-rs v1.2.0
[INFO] [stderr]    Compiling untrusted v0.7.1
[INFO] [stderr]    Compiling memory_units v0.3.0
[INFO] [stderr]    Compiling constant_time_eq v0.1.5
[INFO] [stderr]    Compiling matches v0.1.8
[INFO] [stderr]    Compiling spin v0.5.2
[INFO] [stderr]    Compiling blake2-rfc v0.2.18
[INFO] [stderr]    Compiling twasmi v0.6.2
[INFO] [stderr]    Compiling prost v0.7.0
[INFO] [stderr]    Compiling merlin v2.0.1
[INFO] [stderr]    Compiling tempfile v3.2.0
[INFO] [stderr]    Compiling petgraph v0.5.1
[INFO] [stderr]    Compiling prost-types v0.7.0
[INFO] [stderr]    Compiling curve25519-dalek v2.1.2
[INFO] [stderr]    Compiling Inflector v0.11.4
[INFO] [stderr]    Compiling environ v1.1.2
[INFO] [stderr]    Compiling tiny-keccak v2.0.2
[INFO] [stderr]    Compiling multimap v0.8.3
[INFO] [stderr]    Compiling unicode-bidi v0.3.4
[INFO] [stderr]    Compiling dyn-clonable-impl v0.9.0
[INFO] [stderr]    Compiling toml v0.5.8
[INFO] [stderr]    Compiling ed25519-dalek v1.0.1
[INFO] [stderr]    Compiling tetsy-impl-serde v0.3.1
[INFO] [stderr]    Compiling tracing-serde v0.1.2
[INFO] [stderr]    Compiling impl-serde v0.3.1
[INFO] [stderr]    Compiling schnorrkel v0.9.1
[INFO] [stderr]    Compiling pbkdf2 v0.4.0
[INFO] [stderr]    Compiling hmac v0.8.1
[INFO] [stderr]    Compiling pbkdf2 v0.3.0
[INFO] [stderr]    Compiling dyn-clone v1.0.4
[INFO] [stderr]    Compiling tiny-bip39 v0.8.0
[INFO] [stderr]    Compiling dyn-clonable v0.9.0
[INFO] [stderr]    Compiling secrecy v0.7.0
[INFO] [stderr]    Compiling twox-hash v1.6.0
[INFO] [stderr]    Compiling tetsy-hash256-std-hasher v0.15.3
[INFO] [stderr]    Compiling proc-macro-crate v0.1.5
[INFO] [stderr]    Compiling base58 v0.1.0
[INFO] [stderr]    Compiling pin-project-internal v1.0.6
[INFO] [stderr]    Compiling tracing-subscriber v0.2.17
[INFO] [stderr]    Compiling tetcore-bip39 v0.4.2
[INFO] [stderr]    Compiling miniz_oxide v0.4.4
[INFO] [stderr]    Compiling async-trait v0.1.48
[INFO] [stderr]    Compiling net2 v0.2.37
[INFO] [stderr]    Compiling tetsy-scale-codec-derive v2.0.1
[INFO] [stderr]    Compiling tp-runtime-interface-proc-macro v2.0.2
[INFO] [stderr]    Compiling gimli v0.23.0
[INFO] [stderr]    Compiling mio v0.6.23
[INFO] [stderr]    Compiling pin-project v1.0.6
[INFO] [stderr]    Compiling proc-macro-error-attr v1.0.4
[INFO] [stderr]    Compiling rustc-demangle v0.1.18
[INFO] [stderr]    Compiling object v0.23.0
[INFO] [stderr]    Compiling percent-encoding v2.1.0
[INFO] [stderr]    Compiling idna v0.2.2
[INFO] [stderr]    Compiling tetsy-scale-codec v2.0.1
[INFO] [stderr]    Compiling form_urlencoded v1.0.1
[INFO] [stderr]    Compiling proc-macro-error v1.0.4
[INFO] [stderr]    Compiling pin-project-internal v0.4.28
[INFO] [stderr]    Compiling addr2line v0.14.1
[INFO] [stderr]    Compiling convert_case v0.4.0
[INFO] [stderr]    Compiling url v2.2.1
[INFO] [stderr]    Compiling derive_more v0.99.13
[INFO] [stderr]    Compiling futures-timer v3.0.2
[INFO] [stderr]    Compiling tetsy-impl-codec v0.5.0
[INFO] [stderr]    Compiling tetcore-tracing v2.0.2
[INFO] [stderr]    Compiling tetsy-primitive-types v0.9.0
[INFO] [stderr]    Compiling tetcore-storage v2.0.2
[INFO] [stderr]    Compiling tetcore-wasm-interface v2.0.2
[INFO] [stderr]    Compiling externalities v0.8.2
[INFO] [stderr]    Compiling backtrace v0.3.56
[INFO] [stderr]    Compiling multihash-derive v0.7.1
[INFO] [stderr]    Compiling tp-runtime-interface v2.0.2
[INFO] [stderr]    Compiling pin-project v0.4.28
[INFO] [stderr]    Compiling tetsy-trie-db v0.22.3
[INFO] [stderr]    Compiling tetsy-memory-db v0.26.0
[INFO] [stderr]    Compiling tetsy-trie-root v0.16.1
[INFO] [stderr]    Compiling asynchronous-codec v0.5.0
[INFO] [stderr]    Compiling unsigned-varint v0.5.1
[INFO] [stderr]    Compiling tet-core v2.0.2
[INFO] [stderr]    Compiling unsigned-varint v0.6.0
[INFO] [stderr]    Compiling panic-handler v2.0.2
[INFO] [stderr]    Compiling multihash v0.13.2
[INFO] [stderr]    Compiling tetsy-libp2p-core v0.27.2
[INFO] [stderr]    Compiling asn1_der_derive v0.1.2
[INFO] [stderr]    Compiling data-encoding v2.3.2
[INFO] [stderr]    Compiling unsigned-varint v0.7.0
[INFO] [stderr]    Compiling bs58 v0.4.0
[INFO] [stderr]    Compiling tetsy-multistream-select v0.10.2
[INFO] [stderr]    Compiling tetsy-multiaddr v0.11.2
[INFO] [stderr]    Compiling rw-stream-sink v0.2.1
[INFO] [stderr]    Compiling asn1_der v0.6.3
[INFO] [stderr]    Compiling void v1.0.2
[INFO] [stderr]    Compiling cache-padded v1.1.1
[INFO] [stderr]    Compiling tp-trie v2.0.2
[INFO] [stderr]    Compiling concurrent-queue v1.2.2
[INFO] [stderr]    Compiling parking v2.0.0
[INFO] [stderr]    Compiling tp-keystore v0.8.1
[INFO] [stderr]    Compiling waker-fn v1.1.0
[INFO] [stderr]    Compiling fastrand v1.4.0
[INFO] [stderr]    Compiling bytes v0.5.6
[INFO] [stderr]    Compiling httparse v1.3.5
[INFO] [stderr]    Compiling tp-state-machine v0.8.2
[INFO] [stderr]    Compiling futures-lite v1.11.3
[INFO] [stderr]    Compiling integer-sqrt v0.1.5
[INFO] [stderr]    Compiling paste-impl v0.1.18
[INFO] [stderr]    Compiling socket2 v0.4.0
[INFO] [stderr]    Compiling vec-arena v1.1.0
[INFO] [stderr]    Compiling pin-project-lite v0.1.12
[INFO] [stderr]    Compiling nb-connect v1.1.0
[INFO] [stderr]    Compiling arithmetic v2.0.2
[INFO] [stderr]    Compiling polling v2.0.3
[INFO] [stderr]    Compiling quick-error v1.2.3
[INFO] [stderr]    Compiling async-io v1.3.1
[INFO] [stderr]    Compiling paste v0.1.18
[INFO] [stderr]    Compiling wasm-bindgen-shared v0.2.73
[INFO] [stderr]    Compiling webpki v0.21.4
[INFO] [stderr]    Compiling sct v0.6.0
[INFO] [stderr]    Compiling block-cipher v0.8.0
[INFO] [stderr]    Compiling wasm-timer v0.2.5
[INFO] [stderr]    Compiling tet-io v2.0.2
[INFO] [stderr]    Compiling universal-hash v0.4.0
[INFO] [stderr]    Compiling cpuid-bool v0.2.0
[INFO] [stderr]    Compiling bumpalo v3.6.1
[INFO] [stderr]    Compiling socket2 v0.3.19
[INFO] [stderr]    Compiling crc32fast v1.2.1
[INFO] [stderr]    Compiling pkg-config v0.3.19
[INFO] [stderr]    Compiling wasm-bindgen-backend v0.2.73
[INFO] [stderr]    Compiling base64 v0.12.3
[INFO] [stderr]    Compiling tetsy-libp2p-swarm v0.27.1
[INFO] [stderr]    Compiling tokio-macros v0.2.6
[INFO] [stderr]    Compiling libz-sys v1.1.2
[INFO] [stderr]    Compiling wasm-bindgen v0.2.73
[INFO] [stderr]    Compiling event-listener v2.5.1
[INFO] [stderr]    Compiling polyval v0.4.5
[INFO] [stderr]    Compiling tet-application-crypto v2.0.2
[INFO] [stderr]    Compiling wasm-bindgen-macro-support v0.2.73
[INFO] [stderr]    Compiling tokio v0.2.25
[INFO] [stderr]    Compiling stream-cipher v0.7.1
[INFO] [stderr]    Compiling aes-soft v0.5.0
[INFO] [stderr]    Compiling aead v0.3.2
[INFO] [stderr]    Compiling tp-runtime v2.0.2
[INFO] [stderr]    Compiling try-lock v0.2.3
[INFO] [stderr]    Compiling ipnet v2.3.0
[INFO] [stderr]    Compiling prometheus v0.10.0
[INFO] [stderr]    Compiling aes v0.5.0
[INFO] [stderr]    Compiling chacha20 v0.5.0
[INFO] [stderr]    Compiling ghash v0.3.1
[INFO] [stderr]    Compiling poly1305 v0.6.2
[INFO] [stderr]    Compiling tp-api-proc-macro v2.0.2
[INFO] [stderr]    Compiling snow v0.7.2
[INFO] [stderr]    Compiling wasm-bindgen-macro v0.2.73
[INFO] [stderr]    Compiling base64 v0.13.0
[INFO] [stderr]    Compiling chacha20poly1305 v0.6.0
[INFO] [stderr]    Compiling rustls v0.19.0
[INFO] [stderr]    Compiling flate2 v1.0.20
[INFO] [stderr]    Compiling aes-gcm v0.7.0
[INFO] [stderr]    Compiling tp-version v2.0.2
[INFO] [stderr]    Compiling tetsy-libp2p-kad v0.28.2
[INFO] [stderr]    Compiling js-sys v0.3.50
[INFO] [stderr]    Compiling tetsy-libp2p-noise v0.29.2
[INFO] [stderr]    Compiling tetsy-libp2p-identify v0.27.1
[INFO] [stderr]    Compiling x25519-dalek v1.1.0
[INFO] [stderr]    Compiling minicbor-derive v0.6.2
[INFO] [stderr]    Compiling blake2 v0.9.1
[INFO] [stderr]    Compiling http v0.2.3
[INFO] [stderr]    Compiling sha-1 v0.9.4
[INFO] [stderr]    Compiling atomic v0.5.0
[INFO] [stderr]    Compiling signal-hook v0.3.8
[INFO] [stderr]    Compiling async-task v4.0.3
[INFO] [stderr]    Compiling nohash v0.2.0
[INFO] [stderr]    Compiling remux v0.8.0
[INFO] [stderr]    Compiling wasm-bindgen-futures v0.4.23
[INFO] [stderr]    Compiling soketto v0.4.2
[INFO] [stderr]    Compiling futures-rustls v0.21.1
[INFO] [stderr]    Compiling minicbor v0.7.2
[INFO] [stderr]    Compiling tokio-util v0.3.1
[INFO] [stderr]    Compiling if-watch v0.1.8
[INFO] [stderr]    Compiling if-watch v0.2.0
[INFO] [stderr]    Compiling async-channel v1.6.1
[INFO] [stderr]    Compiling webpki-roots v0.21.1
[INFO] [stderr]    Compiling dns-parser v0.8.0
[INFO] [stderr]    Compiling quicksink v0.1.2
[INFO] [stderr]    Compiling tracing-futures v0.2.5
[INFO] [stderr]    Compiling lru v0.6.5
[INFO] [stderr]    Compiling signal-hook-registry v1.3.0
[INFO] [stderr]    Compiling crossbeam-utils v0.8.3
[INFO] [stderr]    Compiling nohash-hasher v0.2.0
[INFO] [stderr]    Compiling atomic-waker v1.0.0
[INFO] [stderr]    Compiling tetsy-send-wrapper v0.1.0
[INFO] [stderr]    Compiling blocking v1.0.2
[INFO] [stderr]    Compiling tetsy-libp2p-wasm-ext v0.27.1
[INFO] [stderr]    Compiling tetsy-libp2p-mplex v0.27.2
[INFO] [stderr]    Compiling tetsy-libp2p-mdns v0.28.1
[INFO] [stderr]    Compiling tetsy-libp2p-request-response v0.9.1
[INFO] [stderr]    Compiling h2 v0.2.7
[INFO] [stderr]    Compiling tetsy-libp2p-websocket v0.28.2
[INFO] [stderr]    Compiling tetsy-libp2p-tcp v0.27.2
[INFO] [stderr]    Compiling http-body v0.3.1
[INFO] [stderr]    Compiling tetsy-libp2p-remux v0.30.1
[INFO] [stderr]    Compiling async-executor v1.4.0
[INFO] [stderr]    Compiling want v0.3.0
[INFO] [stderr]    Compiling async-mutex v1.4.0
[INFO] [stderr]    Compiling tetsy-libp2p-ping v0.27.1
[INFO] [stderr]    Compiling tetsy-libp2p-dns v0.27.2
[INFO] [stderr]    Compiling tetsy-libp2p-core-derive v0.21.1
[INFO] [stderr]    Compiling httpdate v0.3.2
[INFO] [stderr]    Compiling tower-service v0.3.1
[INFO] [stderr]    Compiling async-global-executor v2.0.2
[INFO] [stderr]    Compiling async-process v1.0.2
[INFO] [stderr]    Compiling tetcore-utils v2.0.2
[INFO] [stderr]    Compiling async-lock v2.3.0
[INFO] [stderr]    Compiling tp-inherents v2.0.2
[INFO] [stderr]    Compiling kv-log-macro v1.0.7
[INFO] [stderr]    Compiling tetsy-libp2p v0.34.3
[INFO] [stderr]    Compiling async-std v1.9.0
[INFO] [stderr]    Compiling tetsy-kvdb v0.9.0
[INFO] [stderr]    Compiling maybe-uninit v2.0.0
[INFO] [stderr]    Compiling lock_api v0.3.4
[INFO] [stderr]    Compiling crossbeam-utils v0.7.2
[INFO] [stderr]    Compiling tetcore-database v2.0.2
[INFO] [stderr]    Compiling tp-api v2.0.2
[INFO] [stderr]    Compiling bytes v0.4.12
[INFO] [stderr]    Compiling tp-allocator v2.0.2
[INFO] [stderr]    Compiling serializer v2.0.2
[INFO] [stderr]    Compiling hyper v0.13.10
[INFO] [stderr]    Compiling tc-executor-common v0.8.0
[INFO] [stderr]    Compiling tp-tasks v2.0.1
[INFO] [stderr]    Compiling parking_lot_core v0.6.2
[INFO] [stderr]    Compiling tc-executor-twasmi v0.8.0
[INFO] [stderr]    Compiling tokio-executor v0.1.10
[INFO] [stderr]    Compiling tc-executor v0.8.0
[INFO] [stderr]    Compiling smallvec v0.6.14
[INFO] [stderr]    Compiling parking_lot v0.9.0
[INFO] [stderr]    Compiling tokio-io v0.1.13
[INFO] [stderr]    Compiling memoffset v0.5.6
[INFO] [stderr]    Compiling crossbeam-epoch v0.8.2
[INFO] [stderr]    Compiling tokio-sync v0.1.8
[INFO] [stderr]    Compiling parking_lot_core v0.7.2
[INFO] [stderr]    Compiling parking_lot v0.10.2
[INFO] [stderr]    Compiling tokio-codec v0.1.2
[INFO] [stderr]    Compiling tokio-reactor v0.1.12
[INFO] [stderr]    Compiling crossbeam-queue v0.2.3
[INFO] [stderr]    Compiling atty v0.2.14
[INFO] [stderr]    Compiling glob v0.3.0
[INFO] [stderr]    Compiling crossbeam-deque v0.7.3
[INFO] [stderr]    Compiling prometheus-endpoint v0.8.1
[INFO] [stderr]    Compiling lazycell v1.3.0
[INFO] [stderr]    Compiling tokio-threadpool v0.1.18
[INFO] [stderr]    Compiling tp-consensus v0.8.2
[INFO] [stderr]    Compiling mio-uds v0.6.8
[INFO] [stderr]    Compiling tetsy-jsonrpc-core v15.1.0
[INFO] [stderr]    Compiling clang-sys v0.29.3
[INFO] [stderr]    Compiling libloading v0.5.2
[INFO] [stderr]    Compiling nom v5.1.2
[INFO] [stderr]    Compiling tp-blockchain v2.0.2
[INFO] [stderr]    Compiling linked-hash-map v0.5.4
[INFO] [stderr]    Compiling tokio-fs v0.1.7
[INFO] [stderr]    Compiling tokio-uds v0.2.7
[INFO] [stderr]    Compiling tokio-tcp v0.1.4
[INFO] [stderr]    Compiling tp-transaction-pool v2.0.2
[INFO] [stderr]    Compiling tokio-udp v0.1.6
[INFO] [stderr]    Compiling tokio-timer v0.2.13
[INFO] [stderr]    Compiling tokio-current-thread v0.1.7
[INFO] [stderr]    Compiling tp-block-builder v2.0.2
[INFO] [stderr]    Compiling unicode-width v0.1.8
[INFO] [stderr]    Compiling textwrap v0.11.0
[INFO] [stderr]    Compiling tc-client-api v2.0.0
[INFO] [stderr]    Compiling humantime v1.3.0
[INFO] [stderr]    Compiling tokio v0.1.22
[INFO] [stderr]    Compiling forktree v2.0.1
[INFO] [stderr]    Compiling erased-serde v0.3.13
[INFO] [stderr]    Compiling termcolor v1.1.2
[INFO] [stderr]    Compiling strsim v0.8.0
[INFO] [stderr]    Compiling bindgen v0.54.0
[INFO] [stderr]    Compiling ansi_term v0.11.0
[INFO] [stderr]    Compiling vec_map v0.8.2
[INFO] [stderr]    Compiling tc-block-builder v0.8.0
[INFO] [stderr]    Compiling env_logger v0.7.1
[INFO] [stderr]    Compiling tc-network v0.8.0
[INFO] [stderr]    Compiling clap v2.33.3
[INFO] [stderr]    Compiling which v3.1.1
[INFO] [stderr]    Compiling unicase v2.6.0
[INFO] [stderr]    Compiling failure_derive v0.1.8
[INFO] [stderr]    Compiling peeking_take_while v0.1.2
[INFO] [stderr]    Compiling shlex v0.1.1
[INFO] [stderr]    Compiling take_mut v0.2.2
[INFO] [stderr]    Compiling tc-telemetry v2.0.0
[INFO] [stderr]    Compiling linked_hash_set v0.1.4
[INFO] [stderr]    Compiling tc-peerset v2.0.0
[INFO] [stderr]    Compiling bstr v0.2.15
[INFO] [stderr]    Compiling winapi v0.3.9
[INFO] [stderr]    Compiling ip_network v0.3.4
[INFO] [stderr]    Compiling cexpr v0.4.0
[INFO] [stderr]    Compiling globset v0.4.6
[INFO] [stderr]    Compiling tetsy-jsonrpc-pubsub v15.1.0
[INFO] [stderr]    Compiling http v0.1.21
[INFO] [stderr]    Compiling tc-keystore v2.0.0
[INFO] [stderr]    Compiling idna v0.1.5
[INFO] [stderr]    Compiling percent-encoding v1.0.1
[INFO] [stderr]    Compiling failure v0.1.8
[INFO] [stderr]    Compiling url v1.7.2
[INFO] [stderr]    Compiling tetsy-jsonrpc-server-utils v15.1.0
[INFO] [stderr]    Compiling tokio-buf v0.1.1
[INFO] [stderr]    Compiling string v0.2.1
[INFO] [stderr]    Compiling tp-consensus-slots v0.8.2
[INFO] [stderr]    Compiling rustls v0.18.1
[INFO] [stderr]    Compiling hyper v0.12.36
[INFO] [stderr]    Compiling retain_mut v0.1.2
[INFO] [stderr]    Compiling mio-named-pipes v0.1.7
[INFO] [stderr]    Compiling tc-consensus-slots v0.8.0
[INFO] [stderr]    Compiling tokio-named-pipes v0.1.0
[INFO] [stderr]    Compiling tetsy-jsonrpc-client-transports v15.1.0
[INFO] [stderr]    Compiling h2 v0.1.26
[INFO] [stderr]    Compiling http-body v0.1.0
[INFO] [stderr]    Compiling miow v0.3.7
[INFO] [stderr]    Compiling mio-extras v2.0.6
[INFO] [stderr]    Compiling tp-timestamp v2.0.2
[INFO] [stderr]    Compiling tp-authorship v2.0.2
[INFO] [stderr]    Compiling tp-consensus-vrf v0.8.2
[INFO] [stderr]    Compiling want v0.2.0
[INFO] [stderr]    Compiling tetsy-finality-grandpa v0.13.0
[INFO] [stderr]    Compiling tp-chain-spec v2.0.2
[INFO] [stderr]    Compiling sha-1 v0.8.2
[INFO] [stderr]    Compiling futures-cpupool v0.1.8
[INFO] [stderr]    Compiling openssl-probe v0.1.2
[INFO] [stderr]    Compiling stable_deref_trait v1.2.0
[INFO] [stderr]    Compiling owning_ref v0.4.1
[INFO] [stderr]    Compiling rustls-native-certs v0.4.0
[INFO] [stderr]    Compiling tokio-rustls v0.14.1
[INFO] [stderr]    Compiling tp-finality-grandpa v2.0.2
[INFO] [stderr]    Compiling tetsy-ws v0.10.0
[INFO] [stderr]    Compiling tp-consensus-babe v0.8.2
[INFO] [stderr]    Compiling tc-consensus-uncles v0.8.0
[INFO] [stderr]    Compiling tetsy-jsonrpc-core-client v15.1.0
[INFO] [stderr]    Compiling tetsy-tokio-ipc v0.4.0
[INFO] [stderr]    Compiling tc-consensus v0.8.0
[INFO] [stderr]    Compiling tc-consensus-epochs v0.8.0
[INFO] [stderr]    Compiling tp-offchain v2.0.2
[INFO] [stderr]    Compiling tc-network-gossip v0.8.0
[INFO] [stderr]    Compiling tp-staking v2.0.2
[INFO] [stderr]    Compiling ct-logs v0.7.0
[INFO] [stderr]    Compiling tp-rpc v2.0.2
[INFO] [stderr]    Compiling tc-tracing-proc-macro v2.0.0
[INFO] [stderr]    Compiling tetsy-jsonrpc-derive v15.1.0
[INFO] [stderr]    Compiling tokio-service v0.1.0
[INFO] [stderr]    Compiling fs-swap v0.2.6
[INFO] [stderr]    Compiling memmap v0.7.0
[INFO] [stderr]    Compiling futures-timer v2.0.2
[INFO] [stderr]    Compiling pdqselect v0.1.0
[INFO] [stderr]    Compiling tc-consensus-babe v0.8.0
[INFO] [stderr]    Compiling intervalier v0.4.0
[INFO] [stderr]    Compiling tc-tracing v2.0.0
[INFO] [stderr]    Compiling tetsy-db v0.1.2
[INFO] [stderr]    Compiling tetsy-jsonrpc-ipc-server v15.1.0
[INFO] [stderr]    Compiling tc-finality-grandpa v0.8.0
[INFO] [stderr]    Compiling tp-session v2.0.2
[INFO] [stderr]    Compiling hyper-rustls v0.21.0
[INFO] [stderr]    Compiling tetsy-jsonrpc-http-server v15.1.0
[INFO] [stderr]    Compiling tetsy-jsonrpc-ws-server v15.1.0
[INFO] [stderr]    Compiling tc-transaction-graph v2.0.0
[INFO] [stderr]    Compiling tc-state-db v0.8.0
[INFO] [stderr]    Compiling futures-diagnose v1.0.1
[INFO] [stderr]    Compiling tetsy-kvdb-memorydb v0.9.0
[INFO] [stderr]    Compiling tc-chain-spec-derive v2.0.0
[INFO] [stderr]    Compiling threadpool v1.8.1
[INFO] [stderr]    Compiling dirs-sys v0.3.5
[INFO] [stderr]    Compiling tc-offchain v2.0.0
[INFO] [stderr]    Compiling directories v3.0.1
[INFO] [stderr]    Compiling tc-transaction-pool v2.0.0
[INFO] [stderr]    Compiling tc-rpc-server v2.0.0
[INFO] [stderr]    Compiling tc-chain-spec v2.0.0
[INFO] [stderr]    Compiling tc-informant v0.8.0
[INFO] [stderr]    Compiling tc-light v2.0.0
[INFO] [stderr]    Compiling tetcore-test-utils-derive v0.8.1
[INFO] [stderr]    Compiling tetsy-exit-future v0.2.0
[INFO] [stderr]    Compiling tc-rpc-api v0.8.0
[INFO] [stderr]    Compiling tetcore-test-utils v2.0.1
[INFO] [stderr]    Compiling tc-rpc v2.0.0
[INFO] [stderr]    Compiling librocksdb-sys v6.11.4
[INFO] [stderr] The following warnings were emitted during compilation:
[INFO] [stderr] 
[INFO] [stderr] warning: c++: fatal error: Killed signal terminated program cc1plus
[INFO] [stderr] warning: compilation terminated.
[INFO] [stderr] warning: c++: fatal error: Killed signal terminated program cc1plus
[INFO] [stderr] warning: compilation terminated.
[INFO] [stderr] warning: c++: fatal error: Killed signal terminated program cc1plus
[INFO] [stderr] warning: compilation terminated.
[INFO] [stderr] 
[INFO] [stderr] error: failed to run custom build command for `librocksdb-sys v6.11.4`
[INFO] [stderr] note: To improve backtraces for build dependencies, set the CARGO_PROFILE_TEST_BUILD_OVERRIDE_DEBUG=true environment variable to enable debug information generation.
[INFO] [stderr] 
[INFO] [stderr] Caused by:
[INFO] [stderr]   process didn't exit successfully: `/opt/rustwide/target/debug/build/librocksdb-sys-98635ad29e2ffd24/build-script-build` (exit status: 1)
[INFO] [stderr]   --- stdout
[INFO] [stderr]   cargo:rerun-if-changed=rocksdb/
[INFO] [stderr]   TARGET = Some("x86_64-unknown-linux-gnu")
[INFO] [stderr]   OPT_LEVEL = Some("0")
[INFO] [stderr]   HOST = Some("x86_64-unknown-linux-gnu")
[INFO] [stderr]   CXX_x86_64-unknown-linux-gnu = None
[INFO] [stderr]   CXX_x86_64_unknown_linux_gnu = None
[INFO] [stderr]   HOST_CXX = None
[INFO] [stderr]   CXX = None
[INFO] [stderr]   CXXFLAGS_x86_64-unknown-linux-gnu = None
[INFO] [stderr]   CXXFLAGS_x86_64_unknown_linux_gnu = None
[INFO] [stderr]   HOST_CXXFLAGS = None
[INFO] [stderr]   CXXFLAGS = None
[INFO] [stderr]   CRATE_CC_NO_DEFAULTS = None
[INFO] [stderr]   DEBUG = Some("true")
[INFO] [stderr]   CARGO_CFG_TARGET_FEATURE = Some("fxsr,sse,sse2")
[INFO] [stderr]   CXX_x86_64-unknown-linux-gnu = None
[INFO] [stderr]   CXX_x86_64_unknown_linux_gnu = None
[INFO] [stderr]   HOST_CXX = None
[INFO] [stderr]   CXX = None
[INFO] [stderr]   CXXFLAGS_x86_64-unknown-linux-gnu = None
[INFO] [stderr]   CXXFLAGS_x86_64_unknown_linux_gnu = None
[INFO] [stderr]   HOST_CXXFLAGS = None
[INFO] [stderr]   CXXFLAGS = None
[INFO] [stderr]   CRATE_CC_NO_DEFAULTS = None
[INFO] [stderr]   CARGO_CFG_TARGET_FEATURE = Some("fxsr,sse,sse2")
[INFO] [stderr]   CXX_x86_64-unknown-linux-gnu = None
[INFO] [stderr]   CXX_x86_64_unknown_linux_gnu = None
[INFO] [stderr]   HOST_CXX = None
[INFO] [stderr]   CXX = None
[INFO] [stderr]   CXXFLAGS_x86_64-unknown-linux-gnu = None
[INFO] [stderr]   CXXFLAGS_x86_64_unknown_linux_gnu = None
[INFO] [stderr]   HOST_CXXFLAGS = None
[INFO] [stderr]   CXXFLAGS = None
[INFO] [stderr]   CRATE_CC_NO_DEFAULTS = None
[INFO] [stderr]   CARGO_CFG_TARGET_FEATURE = Some("fxsr,sse,sse2")
[INFO] [stderr]   CXX_x86_64-unknown-linux-gnu = None
[INFO] [stderr]   CXX_x86_64_unknown_linux_gnu = None
[INFO] [stderr]   HOST_CXX = None
[INFO] [stderr]   CXX = None
[INFO] [stderr]   CXXFLAGS_x86_64-unknown-linux-gnu = None
[INFO] [stderr]   CXXFLAGS_x86_64_unknown_linux_gnu = None
[INFO] [stderr]   HOST_CXXFLAGS = None
[INFO] [stderr]   CXXFLAGS = None
[INFO] [stderr]   CRATE_CC_NO_DEFAULTS = None
[INFO] [stderr]   CARGO_CFG_TARGET_FEATURE = Some("fxsr,sse,sse2")
[INFO] [stderr]   CXX_x86_64-unknown-linux-gnu = None
[INFO] [stderr]   CXX_x86_64_unknown_linux_gnu = None
[INFO] [stderr]   HOST_CXX = None
[INFO] [stderr]   CXX = None
[INFO] [stderr]   CXXFLAGS_x86_64-unknown-linux-gnu = None
[INFO] [stderr]   CXXFLAGS_x86_64_unknown_linux_gnu = None
[INFO] [stderr]   HOST_CXXFLAGS = None
[INFO] [stderr]   CXXFLAGS = None
[INFO] [stderr]   CRATE_CC_NO_DEFAULTS = None
[INFO] [stderr]   CARGO_CFG_TARGET_FEATURE = Some("fxsr,sse,sse2")
[INFO] [stderr]   running: "c++" "-O0" "-ffunction-sections" "-fdata-sections" "-fPIC" "-g" "-fno-omit-frame-pointer" "-m64" "-I" "rocksdb/include/" "-I" "rocksdb/" "-I" "rocksdb/third-party/gtest-1.8.1/fused-src/" "-I" "snappy/" "-I" "." "-Wall" "-Wextra" "-std=c++11" "-Wno-unused-parameter" "-msse2" "-msse4.1" "-msse4.2" "-mpclmul" "-DSNAPPY=1" "-DNDEBUG=1" "-DHAVE_SSE42=1" "-DHAVE_PCLMUL=1" "-DOS_LINUX=1" "-DROCKSDB_PLATFORM_POSIX=1" "-DROCKSDB_LIB_IO_POSIX=1" "-o" "/opt/rustwide/target/debug/build/librocksdb-sys-038635e1456cbcdf/out/rocksdb/db/arena_wrapped_db_iter.o" "-c" "rocksdb/db/arena_wrapped_db_iter.cc"
[INFO] [stderr]   running: "c++" "-O0" "-ffunction-sections" "-fdata-sections" "-fPIC" "-g" "-fno-omit-frame-pointer" "-m64" "-I" "rocksdb/include/" "-I" "rocksdb/" "-I" "rocksdb/third-party/gtest-1.8.1/fused-src/" "-I" "snappy/" "-I" "." "-Wall" "-Wextra" "-std=c++11" "-Wno-unused-parameter" "-msse2" "-msse4.1" "-msse4.2" "-mpclmul" "-DSNAPPY=1" "-DNDEBUG=1" "-DHAVE_SSE42=1" "-DHAVE_PCLMUL=1" "-DOS_LINUX=1" "-DROCKSDB_PLATFORM_POSIX=1" "-DROCKSDB_LIB_IO_POSIX=1" "-o" "/opt/rustwide/target/debug/build/librocksdb-sys-038635e1456cbcdf/out/rocksdb/db/blob/blob_file_garbage.o" "-c" "rocksdb/db/blob/blob_file_garbage.cc"
[INFO] [stderr]   running: "c++" "-O0" "-ffunction-sections" "-fdata-sections" "-fPIC" "-g" "-fno-omit-frame-pointer" "-m64" "-I" "rocksdb/include/" "-I" "rocksdb/" "-I" "rocksdb/third-party/gtest-1.8.1/fused-src/" "-I" "snappy/" "-I" "." "-Wall" "-Wextra" "-std=c++11" "-Wno-unused-parameter" "-msse2" "-msse4.1" "-msse4.2" "-mpclmul" "-DSNAPPY=1" "-DNDEBUG=1" "-DHAVE_SSE42=1" "-DHAVE_PCLMUL=1" "-DOS_LINUX=1" "-DROCKSDB_PLATFORM_POSIX=1" "-DROCKSDB_LIB_IO_POSIX=1" "-o" "/opt/rustwide/target/debug/build/librocksdb-sys-038635e1456cbcdf/out/rocksdb/cache/clock_cache.o" "-c" "rocksdb/cache/clock_cache.cc"
[INFO] [stderr]   running: "c++" "-O0" "-ffunction-sections" "-fdata-sections" "-fPIC" "-g" "-fno-omit-frame-pointer" "-m64" "-I" "rocksdb/include/" "-I" "rocksdb/" "-I" "rocksdb/third-party/gtest-1.8.1/fused-src/" "-I" "snappy/" "-I" "." "-Wall" "-Wextra" "-std=c++11" "-Wno-unused-parameter" "-msse2" "-msse4.1" "-msse4.2" "-mpclmul" "-DSNAPPY=1" "-DNDEBUG=1" "-DHAVE_SSE42=1" "-DHAVE_PCLMUL=1" "-DOS_LINUX=1" "-DROCKSDB_PLATFORM_POSIX=1" "-DROCKSDB_LIB_IO_POSIX=1" "-o" "/opt/rustwide/target/debug/build/librocksdb-sys-038635e1456cbcdf/out/rocksdb/cache/cache.o" "-c" "rocksdb/cache/cache.cc"
[INFO] [stderr]   running: "c++" "-O0" "-ffunction-sections" "-fdata-sections" "-fPIC" "-g" "-fno-omit-frame-pointer" "-m64" "-I" "rocksdb/include/" "-I" "rocksdb/" "-I" "rocksdb/third-party/gtest-1.8.1/fused-src/" "-I" "snappy/" "-I" "." "-Wall" "-Wextra" "-std=c++11" "-Wno-unused-parameter" "-msse2" "-msse4.1" "-msse4.2" "-mpclmul" "-DSNAPPY=1" "-DNDEBUG=1" "-DHAVE_SSE42=1" "-DHAVE_PCLMUL=1" "-DOS_LINUX=1" "-DROCKSDB_PLATFORM_POSIX=1" "-DROCKSDB_LIB_IO_POSIX=1" "-o" "/opt/rustwide/target/debug/build/librocksdb-sys-038635e1456cbcdf/out/rocksdb/cache/sharded_cache.o" "-c" "rocksdb/cache/sharded_cache.cc"
[INFO] [stderr]   running: "c++" "-O0" "-ffunction-sections" "-fdata-sections" "-fPIC" "-g" "-fno-omit-frame-pointer" "-m64" "-I" "rocksdb/include/" "-I" "rocksdb/" "-I" "rocksdb/third-party/gtest-1.8.1/fused-src/" "-I" "snappy/" "-I" "." "-Wall" "-Wextra" "-std=c++11" "-Wno-unused-parameter" "-msse2" "-msse4.1" "-msse4.2" "-mpclmul" "-DSNAPPY=1" "-DNDEBUG=1" "-DHAVE_SSE42=1" "-DHAVE_PCLMUL=1" "-DOS_LINUX=1" "-DROCKSDB_PLATFORM_POSIX=1" "-DROCKSDB_LIB_IO_POSIX=1" "-o" "/opt/rustwide/target/debug/build/librocksdb-sys-038635e1456cbcdf/out/rocksdb/db/blob/blob_file_meta.o" "-c" "rocksdb/db/blob/blob_file_meta.cc"
[INFO] [stderr]   running: "c++" "-O0" "-ffunction-sections" "-fdata-sections" "-fPIC" "-g" "-fno-omit-frame-pointer" "-m64" "-I" "rocksdb/include/" "-I" "rocksdb/" "-I" "rocksdb/third-party/gtest-1.8.1/fused-src/" "-I" "snappy/" "-I" "." "-Wall" "-Wextra" "-std=c++11" "-Wno-unused-parameter" "-msse2" "-msse4.1" "-msse4.2" "-mpclmul" "-DSNAPPY=1" "-DNDEBUG=1" "-DHAVE_SSE42=1" "-DHAVE_PCLMUL=1" "-DOS_LINUX=1" "-DROCKSDB_PLATFORM_POSIX=1" "-DROCKSDB_LIB_IO_POSIX=1" "-o" "/opt/rustwide/target/debug/build/librocksdb-sys-038635e1456cbcdf/out/rocksdb/db/blob/blob_file_addition.o" "-c" "rocksdb/db/blob/blob_file_addition.cc"
[INFO] [stderr]   running: "c++" "-O0" "-ffunction-sections" "-fdata-sections" "-fPIC" "-g" "-fno-omit-frame-pointer" "-m64" "-I" "rocksdb/include/" "-I" "rocksdb/" "-I" "rocksdb/third-party/gtest-1.8.1/fused-src/" "-I" "snappy/" "-I" "." "-Wall" "-Wextra" "-std=c++11" "-Wno-unused-parameter" "-msse2" "-msse4.1" "-msse4.2" "-mpclmul" "-DSNAPPY=1" "-DNDEBUG=1" "-DHAVE_SSE42=1" "-DHAVE_PCLMUL=1" "-DOS_LINUX=1" "-DROCKSDB_PLATFORM_POSIX=1" "-DROCKSDB_LIB_IO_POSIX=1" "-o" "/opt/rustwide/target/debug/build/librocksdb-sys-038635e1456cbcdf/out/rocksdb/cache/lru_cache.o" "-c" "rocksdb/cache/lru_cache.cc"
[INFO] [stderr]   exit status: 0
[INFO] [stderr]   running: "c++" "-O0" "-ffunction-sections" "-fdata-sections" "-fPIC" "-g" "-fno-omit-frame-pointer" "-m64" "-I" "rocksdb/include/" "-I" "rocksdb/" "-I" "rocksdb/third-party/gtest-1.8.1/fused-src/" "-I" "snappy/" "-I" "." "-Wall" "-Wextra" "-std=c++11" "-Wno-unused-parameter" "-msse2" "-msse4.1" "-msse4.2" "-mpclmul" "-DSNAPPY=1" "-DNDEBUG=1" "-DHAVE_SSE42=1" "-DHAVE_PCLMUL=1" "-DOS_LINUX=1" "-DROCKSDB_PLATFORM_POSIX=1" "-DROCKSDB_LIB_IO_POSIX=1" "-o" "/opt/rustwide/target/debug/build/librocksdb-sys-038635e1456cbcdf/out/rocksdb/db/blob/blob_log_format.o" "-c" "rocksdb/db/blob/blob_log_format.cc"
[INFO] [stderr]   exit status: 0
[INFO] [stderr]   running: "c++" "-O0" "-ffunction-sections" "-fdata-sections" "-fPIC" "-g" "-fno-omit-frame-pointer" "-m64" "-I" "rocksdb/include/" "-I" "rocksdb/" "-I" "rocksdb/third-party/gtest-1.8.1/fused-src/" "-I" "snappy/" "-I" "." "-Wall" "-Wextra" "-std=c++11" "-Wno-unused-parameter" "-msse2" "-msse4.1" "-msse4.2" "-mpclmul" "-DSNAPPY=1" "-DNDEBUG=1" "-DHAVE_SSE42=1" "-DHAVE_PCLMUL=1" "-DOS_LINUX=1" "-DROCKSDB_PLATFORM_POSIX=1" "-DROCKSDB_LIB_IO_POSIX=1" "-o" "/opt/rustwide/target/debug/build/librocksdb-sys-038635e1456cbcdf/out/rocksdb/db/blob/blob_log_reader.o" "-c" "rocksdb/db/blob/blob_log_reader.cc"
[INFO] [stderr]   exit status: 0
[INFO] [stderr]   running: "c++" "-O0" "-ffunction-sections" "-fdata-sections" "-fPIC" "-g" "-fno-omit-frame-pointer" "-m64" "-I" "rocksdb/include/" "-I" "rocksdb/" "-I" "rocksdb/third-party/gtest-1.8.1/fused-src/" "-I" "snappy/" "-I" "." "-Wall" "-Wextra" "-std=c++11" "-Wno-unused-parameter" "-msse2" "-msse4.1" "-msse4.2" "-mpclmul" "-DSNAPPY=1" "-DNDEBUG=1" "-DHAVE_SSE42=1" "-DHAVE_PCLMUL=1" "-DOS_LINUX=1" "-DROCKSDB_PLATFORM_POSIX=1" "-DROCKSDB_LIB_IO_POSIX=1" "-o" "/opt/rustwide/target/debug/build/librocksdb-sys-038635e1456cbcdf/out/rocksdb/db/blob/blob_log_writer.o" "-c" "rocksdb/db/blob/blob_log_writer.cc"
[INFO] [stderr]   exit status: 0
[INFO] [stderr]   running: "c++" "-O0" "-ffunction-sections" "-fdata-sections" "-fPIC" "-g" "-fno-omit-frame-pointer" "-m64" "-I" "rocksdb/include/" "-I" "rocksdb/" "-I" "rocksdb/third-party/gtest-1.8.1/fused-src/" "-I" "snappy/" "-I" "." "-Wall" "-Wextra" "-std=c++11" "-Wno-unused-parameter" "-msse2" "-msse4.1" "-msse4.2" "-mpclmul" "-DSNAPPY=1" "-DNDEBUG=1" "-DHAVE_SSE42=1" "-DHAVE_PCLMUL=1" "-DOS_LINUX=1" "-DROCKSDB_PLATFORM_POSIX=1" "-DROCKSDB_LIB_IO_POSIX=1" "-o" "/opt/rustwide/target/debug/build/librocksdb-sys-038635e1456cbcdf/out/rocksdb/db/builder.o" "-c" "rocksdb/db/builder.cc"
[INFO] [stderr]   exit status: 0
[INFO] [stderr]   running: "c++" "-O0" "-ffunction-sections" "-fdata-sections" "-fPIC" "-g" "-fno-omit-frame-pointer" "-m64" "-I" "rocksdb/include/" "-I" "rocksdb/" "-I" "rocksdb/third-party/gtest-1.8.1/fused-src/" "-I" "snappy/" "-I" "." "-Wall" "-Wextra" "-std=c++11" "-Wno-unused-parameter" "-msse2" "-msse4.1" "-msse4.2" "-mpclmul" "-DSNAPPY=1" "-DNDEBUG=1" "-DHAVE_SSE42=1" "-DHAVE_PCLMUL=1" "-DOS_LINUX=1" "-DROCKSDB_PLATFORM_POSIX=1" "-DROCKSDB_LIB_IO_POSIX=1" "-o" "/opt/rustwide/target/debug/build/librocksdb-sys-038635e1456cbcdf/out/rocksdb/db/c.o" "-c" "rocksdb/db/c.cc"
[INFO] [stderr]   exit status: 0
[INFO] [stderr]   running: "c++" "-O0" "-ffunction-sections" "-fdata-sections" "-fPIC" "-g" "-fno-omit-frame-pointer" "-m64" "-I" "rocksdb/include/" "-I" "rocksdb/" "-I" "rocksdb/third-party/gtest-1.8.1/fused-src/" "-I" "snappy/" "-I" "." "-Wall" "-Wextra" "-std=c++11" "-Wno-unused-parameter" "-msse2" "-msse4.1" "-msse4.2" "-mpclmul" "-DSNAPPY=1" "-DNDEBUG=1" "-DHAVE_SSE42=1" "-DHAVE_PCLMUL=1" "-DOS_LINUX=1" "-DROCKSDB_PLATFORM_POSIX=1" "-DROCKSDB_LIB_IO_POSIX=1" "-o" "/opt/rustwide/target/debug/build/librocksdb-sys-038635e1456cbcdf/out/rocksdb/db/column_family.o" "-c" "rocksdb/db/column_family.cc"
[INFO] [stderr]   exit status: 0
[INFO] [stderr]   running: "c++" "-O0" "-ffunction-sections" "-fdata-sections" "-fPIC" "-g" "-fno-omit-frame-pointer" "-m64" "-I" "rocksdb/include/" "-I" "rocksdb/" "-I" "rocksdb/third-party/gtest-1.8.1/fused-src/" "-I" "snappy/" "-I" "." "-Wall" "-Wextra" "-std=c++11" "-Wno-unused-parameter" "-msse2" "-msse4.1" "-msse4.2" "-mpclmul" "-DSNAPPY=1" "-DNDEBUG=1" "-DHAVE_SSE42=1" "-DHAVE_PCLMUL=1" "-DOS_LINUX=1" "-DROCKSDB_PLATFORM_POSIX=1" "-DROCKSDB_LIB_IO_POSIX=1" "-o" "/opt/rustwide/target/debug/build/librocksdb-sys-038635e1456cbcdf/out/rocksdb/db/compacted_db_impl.o" "-c" "rocksdb/db/compacted_db_impl.cc"
[INFO] [stderr]   exit status: 0
[INFO] [stderr]   running: "c++" "-O0" "-ffunction-sections" "-fdata-sections" "-fPIC" "-g" "-fno-omit-frame-pointer" "-m64" "-I" "rocksdb/include/" "-I" "rocksdb/" "-I" "rocksdb/third-party/gtest-1.8.1/fused-src/" "-I" "snappy/" "-I" "." "-Wall" "-Wextra" "-std=c++11" "-Wno-unused-parameter" "-msse2" "-msse4.1" "-msse4.2" "-mpclmul" "-DSNAPPY=1" "-DNDEBUG=1" "-DHAVE_SSE42=1" "-DHAVE_PCLMUL=1" "-DOS_LINUX=1" "-DROCKSDB_PLATFORM_POSIX=1" "-DROCKSDB_LIB_IO_POSIX=1" "-o" "/opt/rustwide/target/debug/build/librocksdb-sys-038635e1456cbcdf/out/rocksdb/db/compaction/compaction.o" "-c" "rocksdb/db/compaction/compaction.cc"
[INFO] [stderr]   exit status: 0
[INFO] [stderr]   running: "c++" "-O0" "-ffunction-sections" "-fdata-sections" "-fPIC" "-g" "-fno-omit-frame-pointer" "-m64" "-I" "rocksdb/include/" "-I" "rocksdb/" "-I" "rocksdb/third-party/gtest-1.8.1/fused-src/" "-I" "snappy/" "-I" "." "-Wall" "-Wextra" "-std=c++11" "-Wno-unused-parameter" "-msse2" "-msse4.1" "-msse4.2" "-mpclmul" "-DSNAPPY=1" "-DNDEBUG=1" "-DHAVE_SSE42=1" "-DHAVE_PCLMUL=1" "-DOS_LINUX=1" "-DROCKSDB_PLATFORM_POSIX=1" "-DROCKSDB_LIB_IO_POSIX=1" "-o" "/opt/rustwide/target/debug/build/librocksdb-sys-038635e1456cbcdf/out/rocksdb/db/compaction/compaction_iterator.o" "-c" "rocksdb/db/compaction/compaction_iterator.cc"
[INFO] [stderr]   cargo:warning=c++: fatal error: Killed signal terminated program cc1plus
[INFO] [stderr]   cargo:warning=compilation terminated.
[INFO] [stderr]   exit status: 1
[INFO] [stderr]   running: "c++" "-O0" "-ffunction-sections" "-fdata-sections" "-fPIC" "-g" "-fno-omit-frame-pointer" "-m64" "-I" "rocksdb/include/" "-I" "rocksdb/" "-I" "rocksdb/third-party/gtest-1.8.1/fused-src/" "-I" "snappy/" "-I" "." "-Wall" "-Wextra" "-std=c++11" "-Wno-unused-parameter" "-msse2" "-msse4.1" "-msse4.2" "-mpclmul" "-DSNAPPY=1" "-DNDEBUG=1" "-DHAVE_SSE42=1" "-DHAVE_PCLMUL=1" "-DOS_LINUX=1" "-DROCKSDB_PLATFORM_POSIX=1" "-DROCKSDB_LIB_IO_POSIX=1" "-o" "/opt/rustwide/target/debug/build/librocksdb-sys-038635e1456cbcdf/out/rocksdb/db/compaction/compaction_job.o" "-c" "rocksdb/db/compaction/compaction_job.cc"
[INFO] [stderr]   cargo:warning=c++: fatal error: Killed signal terminated program cc1plus
[INFO] [stderr]   cargo:warning=compilation terminated.
[INFO] [stderr]   exit status: 1
[INFO] [stderr]   exit status: 0
[INFO] [stderr]   exit status: 0
[INFO] [stderr]   cargo:warning=c++: fatal error: Killed signal terminated program cc1plus
[INFO] [stderr]   cargo:warning=compilation terminated.
[INFO] [stderr]   exit status: 1
[INFO] [stderr]   exit status: 0
[INFO] [stderr]   exit status: 0
[INFO] [stderr]   exit status: 0
[INFO] [stderr]   exit status: 0
[INFO] [stderr] 
[INFO] [stderr]   --- stderr
[INFO] [stderr]   error: 'rustfmt' is not installed for the toolchain 'beta-2023-04-20-x86_64-unknown-linux-gnu'
[INFO] [stderr]   To install, run `rustup component add rustfmt --toolchain beta-2023-04-20-x86_64-unknown-linux-gnu`
[INFO] [stderr]   Failed to run rustfmt: Internal rustfmt error (non-fatal, continuing)
[INFO] [stderr] 
[INFO] [stderr] 
[INFO] [stderr]   error occurred: Command "c++" "-O0" "-ffunction-sections" "-fdata-sections" "-fPIC" "-g" "-fno-omit-frame-pointer" "-m64" "-I" "rocksdb/include/" "-I" "rocksdb/" "-I" "rocksdb/third-party/gtest-1.8.1/fused-src/" "-I" "snappy/" "-I" "." "-Wall" "-Wextra" "-std=c++11" "-Wno-unused-parameter" "-msse2" "-msse4.1" "-msse4.2" "-mpclmul" "-DSNAPPY=1" "-DNDEBUG=1" "-DHAVE_SSE42=1" "-DHAVE_PCLMUL=1" "-DOS_LINUX=1" "-DROCKSDB_PLATFORM_POSIX=1" "-DROCKSDB_LIB_IO_POSIX=1" "-o" "/opt/rustwide/target/debug/build/librocksdb-sys-038635e1456cbcdf/out/rocksdb/db/arena_wrapped_db_iter.o" "-c" "rocksdb/db/arena_wrapped_db_iter.cc" with args "c++" did not execute successfully (status code exit status: 1).
[INFO] [stderr] 
[INFO] [stderr] 
[INFO] running `Command { std: "docker" "inspect" "0c6282b9b41d0b0eb754fea50db2ebb2be4c4f100a26e557760277ccb568f826", kill_on_drop: false }`
[INFO] running `Command { std: "docker" "rm" "-f" "0c6282b9b41d0b0eb754fea50db2ebb2be4c4f100a26e557760277ccb568f826", kill_on_drop: false }`
[INFO] [stdout] 0c6282b9b41d0b0eb754fea50db2ebb2be4c4f100a26e557760277ccb568f826
