[INFO] fetching crate test-x25519-dalek 2.0.0-pre.2...
[INFO] testing test-x25519-dalek-2.0.0-pre.2 against 1.69.0 for beta-1.70-1
[INFO] extracting crate test-x25519-dalek 2.0.0-pre.2 into /workspace/builds/worker-4-tc1/source
[INFO] validating manifest of crates.io crate test-x25519-dalek 2.0.0-pre.2 on toolchain 1.69.0
[INFO] running `Command { std: CARGO_HOME="/workspace/cargo-home" RUSTUP_HOME="/workspace/rustup-home" "/workspace/cargo-home/bin/cargo" "+1.69.0" "metadata" "--manifest-path" "Cargo.toml" "--no-deps", kill_on_drop: false }`
[INFO] started tweaking crates.io crate test-x25519-dalek 2.0.0-pre.2
[INFO] finished tweaking crates.io crate test-x25519-dalek 2.0.0-pre.2
[INFO] tweaked toml for crates.io crate test-x25519-dalek 2.0.0-pre.2 written to /workspace/builds/worker-4-tc1/source/Cargo.toml
[INFO] running `Command { std: CARGO_HOME="/workspace/cargo-home" RUSTUP_HOME="/workspace/rustup-home" __CARGO_TEST_CHANNEL_OVERRIDE_DO_NOT_USE_THIS="nightly" "/workspace/cargo-home/bin/cargo" "+1.69.0" "generate-lockfile" "--manifest-path" "Cargo.toml" "-Zno-index-update", kill_on_drop: false }`
[INFO] [stderr]     Blocking waiting for file lock on package cache
[INFO] running `Command { std: CARGO_HOME="/workspace/cargo-home" RUSTUP_HOME="/workspace/rustup-home" "/workspace/cargo-home/bin/cargo" "+1.69.0" "fetch" "--manifest-path" "Cargo.toml", kill_on_drop: false }`
[INFO] running `Command { std: "docker" "create" "-v" "/var/lib/crater-agent-workspace/builds/worker-4-tc1/target:/opt/rustwide/target:rw,Z" "-v" "/var/lib/crater-agent-workspace/builds/worker-4-tc1/source:/opt/rustwide/workdir:ro,Z" "-v" "/var/lib/crater-agent-workspace/cargo-home:/opt/rustwide/cargo-home:ro,Z" "-v" "/var/lib/crater-agent-workspace/rustup-home:/opt/rustwide/rustup-home:ro,Z" "-e" "SOURCE_DIR=/opt/rustwide/workdir" "-e" "CARGO_TARGET_DIR=/opt/rustwide/target" "-e" "CARGO_HOME=/opt/rustwide/cargo-home" "-e" "RUSTUP_HOME=/opt/rustwide/rustup-home" "-w" "/opt/rustwide/workdir" "-m" "1610612736" "--user" "0:0" "--network" "none" "ghcr.io/rust-lang/crates-build-env/linux@sha256:5ff2268d62e97bff2cde7d5815dd6ed5b47097566f13b8d0ca110b04b60e07ed" "/opt/rustwide/cargo-home/bin/cargo" "+1.69.0" "metadata" "--no-deps" "--format-version=1", kill_on_drop: false }`
[INFO] [stdout] 8352ccd4c6620821419831be8abc66a4a53a464b646c2fa773016c31fdd74dc3
[INFO] running `Command { std: "docker" "start" "-a" "8352ccd4c6620821419831be8abc66a4a53a464b646c2fa773016c31fdd74dc3", kill_on_drop: false }`
[INFO] running `Command { std: "docker" "inspect" "8352ccd4c6620821419831be8abc66a4a53a464b646c2fa773016c31fdd74dc3", kill_on_drop: false }`
[INFO] running `Command { std: "docker" "rm" "-f" "8352ccd4c6620821419831be8abc66a4a53a464b646c2fa773016c31fdd74dc3", kill_on_drop: false }`
[INFO] [stdout] 8352ccd4c6620821419831be8abc66a4a53a464b646c2fa773016c31fdd74dc3
[INFO] running `Command { std: "docker" "create" "-v" "/var/lib/crater-agent-workspace/builds/worker-4-tc1/target:/opt/rustwide/target:rw,Z" "-v" "/var/lib/crater-agent-workspace/builds/worker-4-tc1/source:/opt/rustwide/workdir:ro,Z" "-v" "/var/lib/crater-agent-workspace/cargo-home:/opt/rustwide/cargo-home:ro,Z" "-v" "/var/lib/crater-agent-workspace/rustup-home:/opt/rustwide/rustup-home:ro,Z" "-e" "SOURCE_DIR=/opt/rustwide/workdir" "-e" "CARGO_TARGET_DIR=/opt/rustwide/target" "-e" "CARGO_INCREMENTAL=0" "-e" "RUST_BACKTRACE=full" "-e" "RUSTFLAGS=--cap-lints=warn" "-e" "RUSTDOCFLAGS=--cap-lints=warn" "-e" "CARGO_HOME=/opt/rustwide/cargo-home" "-e" "RUSTUP_HOME=/opt/rustwide/rustup-home" "-w" "/opt/rustwide/workdir" "-m" "1610612736" "--user" "0:0" "--network" "none" "ghcr.io/rust-lang/crates-build-env/linux@sha256:5ff2268d62e97bff2cde7d5815dd6ed5b47097566f13b8d0ca110b04b60e07ed" "/opt/rustwide/cargo-home/bin/cargo" "+1.69.0" "build" "--frozen" "--message-format=json", kill_on_drop: false }`
[INFO] [stdout] 041f2dab77d49bdd2e84c49dda920071ead57a7ee805b28d50e0ba6f686e185b
[INFO] running `Command { std: "docker" "start" "-a" "041f2dab77d49bdd2e84c49dda920071ead57a7ee805b28d50e0ba6f686e185b", kill_on_drop: false }`
[INFO] [stderr]    Compiling platforms v3.0.2
[INFO] [stderr]    Compiling subtle v2.5.0
[INFO] [stderr]    Compiling syn v2.0.15
[INFO] [stderr]    Compiling getrandom v0.2.9
[INFO] [stderr]    Compiling rand_core v0.6.4
[INFO] [stderr]    Compiling curve25519-dalek v4.0.0-rc.2
[INFO] [stderr]    Compiling zeroize_derive v1.4.2
[INFO] [stderr]    Compiling zeroize v1.6.0
[INFO] [stderr]    Compiling test-x25519-dalek v2.0.0-pre.2 (/opt/rustwide/workdir)
[INFO] [stderr]     Finished dev [unoptimized + debuginfo] target(s) in 7.96s
[INFO] running `Command { std: "docker" "inspect" "041f2dab77d49bdd2e84c49dda920071ead57a7ee805b28d50e0ba6f686e185b", kill_on_drop: false }`
[INFO] running `Command { std: "docker" "rm" "-f" "041f2dab77d49bdd2e84c49dda920071ead57a7ee805b28d50e0ba6f686e185b", kill_on_drop: false }`
[INFO] [stdout] 041f2dab77d49bdd2e84c49dda920071ead57a7ee805b28d50e0ba6f686e185b
[INFO] running `Command { std: "docker" "create" "-v" "/var/lib/crater-agent-workspace/builds/worker-4-tc1/target:/opt/rustwide/target:rw,Z" "-v" "/var/lib/crater-agent-workspace/builds/worker-4-tc1/source:/opt/rustwide/workdir:ro,Z" "-v" "/var/lib/crater-agent-workspace/cargo-home:/opt/rustwide/cargo-home:ro,Z" "-v" "/var/lib/crater-agent-workspace/rustup-home:/opt/rustwide/rustup-home:ro,Z" "-e" "SOURCE_DIR=/opt/rustwide/workdir" "-e" "CARGO_TARGET_DIR=/opt/rustwide/target" "-e" "CARGO_INCREMENTAL=0" "-e" "RUST_BACKTRACE=full" "-e" "RUSTFLAGS=--cap-lints=warn" "-e" "RUSTDOCFLAGS=--cap-lints=warn" "-e" "CARGO_HOME=/opt/rustwide/cargo-home" "-e" "RUSTUP_HOME=/opt/rustwide/rustup-home" "-w" "/opt/rustwide/workdir" "-m" "1610612736" "--user" "0:0" "--network" "none" "ghcr.io/rust-lang/crates-build-env/linux@sha256:5ff2268d62e97bff2cde7d5815dd6ed5b47097566f13b8d0ca110b04b60e07ed" "/opt/rustwide/cargo-home/bin/cargo" "+1.69.0" "test" "--frozen" "--no-run" "--message-format=json", kill_on_drop: false }`
[INFO] [stdout] 6e3d7978731fd2874150ecbce154f51b911c834b5baa8c839b70d0a129c562bb
[INFO] running `Command { std: "docker" "start" "-a" "6e3d7978731fd2874150ecbce154f51b911c834b5baa8c839b70d0a129c562bb", kill_on_drop: false }`
[INFO] [stderr]    Compiling crossbeam-utils v0.8.15
[INFO] [stderr]    Compiling either v1.8.1
[INFO] [stderr]    Compiling rayon-core v1.11.0
[INFO] [stderr]    Compiling plotters-backend v0.3.4
[INFO] [stderr]    Compiling regex-syntax v0.7.1
[INFO] [stderr]    Compiling half v1.8.2
[INFO] [stderr]    Compiling csv-core v0.1.10
[INFO] [stderr]    Compiling getrandom v0.2.9
[INFO] [stderr]    Compiling serde_json v1.0.96
[INFO] [stderr]    Compiling same-file v1.0.6
[INFO] [stderr]    Compiling cast v0.3.0
[INFO] [stderr]    Compiling clap v2.34.0
[INFO] [stderr]    Compiling oorandom v11.1.3
[INFO] [stderr]    Compiling serde_derive v1.0.160
[INFO] [stderr]    Compiling bincode v1.3.3
[INFO] [stderr]    Compiling walkdir v2.3.3
[INFO] [stderr]    Compiling rand_core v0.6.4
[INFO] [stderr]    Compiling csv v1.2.1
[INFO] [stderr]    Compiling plotters-svg v0.3.3
[INFO] [stderr]    Compiling itertools v0.10.5
[INFO] [stderr]    Compiling serde_cbor v0.11.2
[INFO] [stderr]    Compiling test-x25519-dalek v2.0.0-pre.2 (/opt/rustwide/workdir)
[INFO] [stderr]    Compiling plotters v0.3.4
[INFO] [stderr]    Compiling crossbeam-epoch v0.9.14
[INFO] [stderr]    Compiling crossbeam-channel v0.5.8
[INFO] [stderr]    Compiling tinytemplate v1.2.1
[INFO] [stderr]    Compiling crossbeam-deque v0.8.3
[INFO] [stderr]    Compiling regex v1.8.1
[INFO] [stderr]    Compiling criterion-plot v0.4.5
[INFO] [stderr]    Compiling rayon v1.7.0
[INFO] [stderr]    Compiling criterion v0.3.6
[INFO] [stdout] error[E0432]: unresolved import `x25519_dalek`
[INFO] [stdout]  --> tests/x25519_tests.rs:3:5
[INFO] [stdout]   |
[INFO] [stdout] 3 | use x25519_dalek::*;
[INFO] [stdout]   |     ^^^^^^^^^^^^ use of undeclared crate or module `x25519_dalek`
[INFO] [stdout] 
[INFO] [stdout] 
[INFO] [stdout] error[E0425]: cannot find function `x25519` in this scope
[INFO] [stdout]   --> tests/x25519_tests.rs:12:22
[INFO] [stdout]    |
[INFO] [stdout] 12 |         let result = x25519(scalar_bytes, X25519_BASEPOINT_BYTES);
[INFO] [stdout]    |                      ^^^^^^ not found in this scope
[INFO] [stdout]    |
[INFO] [stdout] help: consider importing this function
[INFO] [stdout]    |
[INFO] [stdout] 1  | use test_x25519_dalek::x25519;
[INFO] [stdout]    |
[INFO] [stdout] 
[INFO] [stdout] 
[INFO] [stdout] error[E0425]: cannot find value `X25519_BASEPOINT_BYTES` in this scope
[INFO] [stdout]   --> tests/x25519_tests.rs:12:43
[INFO] [stdout]    |
[INFO] [stdout] 12 |         let result = x25519(scalar_bytes, X25519_BASEPOINT_BYTES);
[INFO] [stdout]    |                                           ^^^^^^^^^^^^^^^^^^^^^^ not found in this scope
[INFO] [stdout]    |
[INFO] [stdout] help: consider importing this constant
[INFO] [stdout]    |
[INFO] [stdout] 1  | use test_x25519_dalek::X25519_BASEPOINT_BYTES;
[INFO] [stdout]    |
[INFO] [stdout] 
[INFO] [stdout] 
[INFO] [stdout] error[E0425]: cannot find function `x25519` in this scope
[INFO] [stdout]   --> tests/x25519_tests.rs:74:18
[INFO] [stdout]    |
[INFO] [stdout] 74 |     let result = x25519(input_scalar, input_point);
[INFO] [stdout]    |                  ^^^^^^ not found in this scope
[INFO] [stdout]    |
[INFO] [stdout] help: consider importing this function
[INFO] [stdout]    |
[INFO] [stdout] 1  | use test_x25519_dalek::x25519;
[INFO] [stdout]    |
[INFO] [stdout] 
[INFO] [stdout] 
[INFO] [stdout] error[E0425]: cannot find function `x25519` in this scope
[INFO] [stdout]    --> tests/x25519_tests.rs:133:26
[INFO] [stdout]     |
[INFO] [stdout] 133 |                 result = x25519(k, u);
[INFO] [stdout]     |                          ^^^^^^ not found in this scope
[INFO] [stdout] ...
[INFO] [stdout] 155 |     do_iterations!(1);
[INFO] [stdout]     |     ----------------- in this macro invocation
[INFO] [stdout]     |
[INFO] [stdout]     = note: this error originates in the macro `do_iterations` (in Nightly builds, run with -Z macro-backtrace for more info)
[INFO] [stdout] help: consider importing this function
[INFO] [stdout]     |
[INFO] [stdout] 1   | use test_x25519_dalek::x25519;
[INFO] [stdout]     |
[INFO] [stdout] 
[INFO] [stdout] 
[INFO] [stdout] error[E0425]: cannot find function `x25519` in this scope
[INFO] [stdout]    --> tests/x25519_tests.rs:133:26
[INFO] [stdout]     |
[INFO] [stdout] 133 |                 result = x25519(k, u);
[INFO] [stdout]     |                          ^^^^^^ not found in this scope
[INFO] [stdout] ...
[INFO] [stdout] 164 |     do_iterations!(999);
[INFO] [stdout]     |     ------------------- in this macro invocation
[INFO] [stdout]     |
[INFO] [stdout]     = note: this error originates in the macro `do_iterations` (in Nightly builds, run with -Z macro-backtrace for more info)
[INFO] [stdout] help: consider importing this function
[INFO] [stdout]     |
[INFO] [stdout] 1   | use test_x25519_dalek::x25519;
[INFO] [stdout]     |
[INFO] [stdout] 
[INFO] [stdout] 
[INFO] [stdout] error[E0425]: cannot find function `x25519` in this scope
[INFO] [stdout]    --> tests/x25519_tests.rs:133:26
[INFO] [stdout]     |
[INFO] [stdout] 133 |                 result = x25519(k, u);
[INFO] [stdout]     |                          ^^^^^^ not found in this scope
[INFO] [stdout] ...
[INFO] [stdout] 173 |     do_iterations!(999_000);
[INFO] [stdout]     |     ----------------------- in this macro invocation
[INFO] [stdout]     |
[INFO] [stdout]     = note: this error originates in the macro `do_iterations` (in Nightly builds, run with -Z macro-backtrace for more info)
[INFO] [stdout] help: consider importing this function
[INFO] [stdout]     |
[INFO] [stdout] 1   | use test_x25519_dalek::x25519;
[INFO] [stdout]     |
[INFO] [stdout] 
[INFO] [stdout] 
[INFO] [stdout] error: aborting due to 7 previous errors
[INFO] [stdout] 
[INFO] [stdout] 
[INFO] [stdout] Some errors have detailed explanations: E0425, E0432.
[INFO] [stdout] 
[INFO] [stdout] For more information about an error, try `rustc --explain E0425`.
[INFO] [stdout] 
[INFO] [stderr] error: could not compile `test-x25519-dalek` due to 8 previous errors
[INFO] [stderr] warning: build failed, waiting for other jobs to finish...
[INFO] running `Command { std: "docker" "inspect" "6e3d7978731fd2874150ecbce154f51b911c834b5baa8c839b70d0a129c562bb", kill_on_drop: false }`
[INFO] running `Command { std: "docker" "rm" "-f" "6e3d7978731fd2874150ecbce154f51b911c834b5baa8c839b70d0a129c562bb", kill_on_drop: false }`
[INFO] [stdout] 6e3d7978731fd2874150ecbce154f51b911c834b5baa8c839b70d0a129c562bb
