[INFO] fetching crate teslatte 0.0.1...
[INFO] testing teslatte-0.0.1 against beta-2023-04-20 for beta-1.70-1
[INFO] extracting crate teslatte 0.0.1 into /workspace/builds/worker-6-tc2/source
[INFO] validating manifest of crates.io crate teslatte 0.0.1 on toolchain beta-2023-04-20
[INFO] running `Command { std: CARGO_HOME="/workspace/cargo-home" RUSTUP_HOME="/workspace/rustup-home" "/workspace/cargo-home/bin/cargo" "+beta-2023-04-20" "metadata" "--manifest-path" "Cargo.toml" "--no-deps", kill_on_drop: false }`
[INFO] started tweaking crates.io crate teslatte 0.0.1
[INFO] finished tweaking crates.io crate teslatte 0.0.1
[INFO] tweaked toml for crates.io crate teslatte 0.0.1 written to /workspace/builds/worker-6-tc2/source/Cargo.toml
[INFO] crate crates.io crate teslatte 0.0.1 already has a lockfile, it will not be regenerated
[INFO] running `Command { std: CARGO_HOME="/workspace/cargo-home" RUSTUP_HOME="/workspace/rustup-home" "/workspace/cargo-home/bin/cargo" "+beta-2023-04-20" "fetch" "--manifest-path" "Cargo.toml", kill_on_drop: false }`
[INFO] [stderr]     Updating crates.io index
[INFO] [stderr]  Downloading crates ...
[INFO] [stderr]   Downloaded test-log v0.2.10
[INFO] [stderr]   Downloaded psl-types v2.0.10
[INFO] [stderr]   Downloaded miette v5.1.1
[INFO] [stderr]   Downloaded miette-derive v5.1.1
[INFO] [stderr]   Downloaded tokio v1.20.0
[INFO] [stderr]   Downloaded publicsuffix v2.1.1
[INFO] running `Command { std: "docker" "create" "-v" "/var/lib/crater-agent-workspace/builds/worker-6-tc2/target:/opt/rustwide/target:rw,Z" "-v" "/var/lib/crater-agent-workspace/builds/worker-6-tc2/source:/opt/rustwide/workdir:ro,Z" "-v" "/var/lib/crater-agent-workspace/cargo-home:/opt/rustwide/cargo-home:ro,Z" "-v" "/var/lib/crater-agent-workspace/rustup-home:/opt/rustwide/rustup-home:ro,Z" "-e" "SOURCE_DIR=/opt/rustwide/workdir" "-e" "CARGO_TARGET_DIR=/opt/rustwide/target" "-e" "CARGO_HOME=/opt/rustwide/cargo-home" "-e" "RUSTUP_HOME=/opt/rustwide/rustup-home" "-w" "/opt/rustwide/workdir" "-m" "1610612736" "--user" "0:0" "--network" "none" "ghcr.io/rust-lang/crates-build-env/linux@sha256:5ff2268d62e97bff2cde7d5815dd6ed5b47097566f13b8d0ca110b04b60e07ed" "/opt/rustwide/cargo-home/bin/cargo" "+beta-2023-04-20" "metadata" "--no-deps" "--format-version=1", kill_on_drop: false }`
[INFO] [stdout] 2a7f9a9f57bde091c936c68a4aff0ce5cb36d4b7a8d42d88a8d92f7cef64d025
[INFO] running `Command { std: "docker" "start" "-a" "2a7f9a9f57bde091c936c68a4aff0ce5cb36d4b7a8d42d88a8d92f7cef64d025", kill_on_drop: false }`
[INFO] running `Command { std: "docker" "inspect" "2a7f9a9f57bde091c936c68a4aff0ce5cb36d4b7a8d42d88a8d92f7cef64d025", kill_on_drop: false }`
[INFO] running `Command { std: "docker" "rm" "-f" "2a7f9a9f57bde091c936c68a4aff0ce5cb36d4b7a8d42d88a8d92f7cef64d025", kill_on_drop: false }`
[INFO] [stdout] 2a7f9a9f57bde091c936c68a4aff0ce5cb36d4b7a8d42d88a8d92f7cef64d025
[INFO] running `Command { std: "docker" "create" "-v" "/var/lib/crater-agent-workspace/builds/worker-6-tc2/target:/opt/rustwide/target:rw,Z" "-v" "/var/lib/crater-agent-workspace/builds/worker-6-tc2/source:/opt/rustwide/workdir:ro,Z" "-v" "/var/lib/crater-agent-workspace/cargo-home:/opt/rustwide/cargo-home:ro,Z" "-v" "/var/lib/crater-agent-workspace/rustup-home:/opt/rustwide/rustup-home:ro,Z" "-e" "SOURCE_DIR=/opt/rustwide/workdir" "-e" "CARGO_TARGET_DIR=/opt/rustwide/target" "-e" "CARGO_INCREMENTAL=0" "-e" "RUST_BACKTRACE=full" "-e" "RUSTFLAGS=--cap-lints=warn" "-e" "RUSTDOCFLAGS=--cap-lints=warn" "-e" "CARGO_HOME=/opt/rustwide/cargo-home" "-e" "RUSTUP_HOME=/opt/rustwide/rustup-home" "-w" "/opt/rustwide/workdir" "-m" "1610612736" "--user" "0:0" "--network" "none" "ghcr.io/rust-lang/crates-build-env/linux@sha256:5ff2268d62e97bff2cde7d5815dd6ed5b47097566f13b8d0ca110b04b60e07ed" "/opt/rustwide/cargo-home/bin/cargo" "+beta-2023-04-20" "build" "--frozen" "--message-format=json", kill_on_drop: false }`
[INFO] [stdout] 0195f2c35ed154fd0b9599269fcfa2ea882f2af82169eb7203828ebb3327ad68
[INFO] running `Command { std: "docker" "start" "-a" "0195f2c35ed154fd0b9599269fcfa2ea882f2af82169eb7203828ebb3327ad68", kill_on_drop: false }`
[INFO] [stderr]    Compiling libc v0.2.126
[INFO] [stderr]    Compiling proc-macro2 v1.0.40
[INFO] [stderr]    Compiling quote v1.0.20
[INFO] [stderr]    Compiling unicode-ident v1.0.2
[INFO] [stderr]    Compiling syn v1.0.98
[INFO] [stderr]    Compiling cc v1.0.73
[INFO] [stderr]    Compiling memchr v2.5.0
[INFO] [stderr]    Compiling once_cell v1.13.0
[INFO] [stderr]    Compiling log v0.4.17
[INFO] [stderr]    Compiling parking_lot_core v0.9.3
[INFO] [stderr]    Compiling itoa v1.0.2
[INFO] [stderr]    Compiling version_check v0.9.4
[INFO] [stderr]    Compiling lock_api v0.4.7
[INFO] [stderr]    Compiling smallvec v1.9.0
[INFO] [stderr]    Compiling bytes v1.2.0
[INFO] [stderr]    Compiling tokio v1.20.0
[INFO] [stderr]    Compiling pkg-config v0.3.25
[INFO] [stderr]    Compiling futures-core v0.3.21
[INFO] [stderr]    Compiling futures-task v0.3.21
[INFO] [stderr]    Compiling tracing-core v0.1.28
[INFO] [stderr]    Compiling slab v0.4.7
[INFO] [stderr]    Compiling indexmap v1.9.1
[INFO] [stderr]    Compiling matches v0.1.9
[INFO] [stderr]    Compiling serde_derive v1.0.140
[INFO] [stderr]    Compiling typenum v1.15.0
[INFO] [stderr]    Compiling futures-util v0.3.21
[INFO] [stderr]    Compiling http v0.2.8
[INFO] [stderr]    Compiling generic-array v0.14.5
[INFO] [stderr]    Compiling tinyvec v1.6.0
[INFO] [stderr]    Compiling regex-syntax v0.6.27
[INFO] [stderr]    Compiling serde v1.0.140
[INFO] [stderr]    Compiling percent-encoding v2.1.0
[INFO] [stderr]    Compiling openssl v0.10.41
[INFO] [stderr]    Compiling foreign-types-shared v0.1.1
[INFO] [stderr]    Compiling futures-channel v0.3.21
[INFO] [stderr]    Compiling aho-corasick v0.7.18
[INFO] [stderr]    Compiling httparse v1.7.1
[INFO] [stderr]    Compiling num_cpus v1.13.1
[INFO] [stderr]    Compiling signal-hook-registry v1.4.0
[INFO] [stderr]    Compiling mio v0.8.4
[INFO] [stderr]    Compiling socket2 v0.4.4
[INFO] [stderr]    Compiling hashbrown v0.12.3
[INFO] [stderr]    Compiling parking_lot v0.12.1
[INFO] [stderr]    Compiling futures-sink v0.3.21
[INFO] [stderr]    Compiling ring v0.16.20
[INFO] [stderr]    Compiling openssl-sys v0.9.75
[INFO] [stderr]    Compiling unicode-normalization v0.1.21
[INFO] [stderr]    Compiling foreign-types v0.3.2
[INFO] [stderr]    Compiling unicode-bidi v0.3.8
[INFO] [stderr]    Compiling rustls v0.20.6
[INFO] [stderr]    Compiling native-tls v0.2.10
[INFO] [stderr]    Compiling want v0.3.0
[INFO] [stderr]    Compiling idna v0.2.3
[INFO] [stderr]    Compiling http-body v0.4.5
[INFO] [stderr]    Compiling atty v0.2.14
[INFO] [stderr]    Compiling form_urlencoded v1.0.1
[INFO] [stderr]    Compiling cookie v0.16.0
[INFO] [stderr]    Compiling regex v1.6.0
[INFO] [stderr]    Compiling serde_json v1.0.82
[INFO] [stderr]    Compiling ryu v1.0.10
[INFO] [stderr]    Compiling time-macros v0.2.4
[INFO] [stderr]    Compiling httpdate v1.0.2
[INFO] [stderr]    Compiling num_threads v0.1.6
[INFO] [stderr]    Compiling tower-service v0.3.2
[INFO] [stderr]    Compiling openssl-probe v0.1.5
[INFO] [stderr]    Compiling backtrace v0.3.66
[INFO] [stderr]    Compiling getrandom v0.2.7
[INFO] [stderr]    Compiling psl-types v2.0.10
[INFO] [stderr]    Compiling adler v1.0.2
[INFO] [stderr]    Compiling hashbrown v0.11.2
[INFO] [stderr]    Compiling byteorder v1.4.3
[INFO] [stderr]    Compiling gimli v0.26.2
[INFO] [stderr]    Compiling encoding_rs v0.8.31
[INFO] [stderr]    Compiling proc-macro-hack v0.5.19
[INFO] [stderr]    Compiling miniz_oxide v0.5.3
[INFO] [stderr]    Compiling rand_core v0.6.3
[INFO] [stderr]    Compiling url v2.2.2
[INFO] [stderr]    Compiling block-buffer v0.9.0
[INFO] [stderr]    Compiling digest v0.9.0
[INFO] [stderr]    Compiling object v0.29.0
[INFO] [stderr]    Compiling smawk v0.3.1
[INFO] [stderr]    Compiling ppv-lite86 v0.2.16
[INFO] [stderr]    Compiling rustc-demangle v0.1.21
[INFO] [stderr]    Compiling cpufeatures v0.2.2
[INFO] [stderr]    Compiling publicsuffix v2.1.1
[INFO] [stderr]    Compiling opaque-debug v0.3.0
[INFO] [stderr]    Compiling unicode-width v0.1.9
[INFO] [stderr]    Compiling is_ci v1.1.1
[INFO] [stderr]    Compiling sha2 v0.9.9
[INFO] [stderr]    Compiling supports-color v1.3.0
[INFO] [stderr]    Compiling rand_chacha v0.3.1
[INFO] [stderr]    Compiling rustls-pemfile v1.0.0
[INFO] [stderr]    Compiling supports-hyperlinks v1.2.0
[INFO] [stderr]    Compiling supports-unicode v1.0.2
[INFO] [stderr]    Compiling terminal_size v0.1.17
[INFO] [stderr]    Compiling owo-colors v3.4.0
[INFO] [stderr]    Compiling ipnet v2.5.0
[INFO] [stderr]    Compiling sha256 v1.0.3
[INFO] [stderr]    Compiling time v0.3.11
[INFO] [stderr]    Compiling rand v0.8.5
[INFO] [stderr]    Compiling webpki v0.22.0
[INFO] [stderr]    Compiling sct v0.7.0
[INFO] [stderr]    Compiling webpki-roots v0.22.4
[INFO] [stderr]    Compiling unicode-linebreak v0.1.2
[INFO] [stderr]    Compiling addr2line v0.17.0
[INFO] [stderr]    Compiling tokio-macros v1.8.0
[INFO] [stderr]    Compiling tracing-attributes v0.1.22
[INFO] [stderr]    Compiling openssl-macros v0.1.0
[INFO] [stderr]    Compiling thiserror-impl v1.0.31
[INFO] [stderr]    Compiling miette-derive v5.1.1
[INFO] [stderr]    Compiling textwrap v0.15.0
[INFO] [stderr]    Compiling tracing v0.1.35
[INFO] [stderr]    Compiling thiserror v1.0.31
[INFO] [stderr]    Compiling miette v5.1.1
[INFO] [stderr]    Compiling tokio-util v0.7.3
[INFO] [stderr]    Compiling tokio-rustls v0.23.4
[INFO] [stderr]    Compiling tokio-native-tls v0.3.0
[INFO] [stderr]    Compiling h2 v0.3.13
[INFO] [stderr]    Compiling serde_urlencoded v0.7.1
[INFO] [stderr]    Compiling cookie_store v0.16.1
[INFO] [stderr]    Compiling hyper v0.14.20
[INFO] [stderr]    Compiling hyper-rustls v0.23.0
[INFO] [stderr]    Compiling hyper-tls v0.5.0
[INFO] [stderr]    Compiling reqwest v0.11.11
[INFO] [stderr]    Compiling teslatte v0.0.1 (/opt/rustwide/workdir)
[INFO] [stdout] warning: fields `id`, `user_id`, and `display_name` are never read
[INFO] [stdout]    --> src/lib.rs:258:5
[INFO] [stdout]     |
[INFO] [stdout] 257 | pub struct VehicleData {
[INFO] [stdout]     |            ----------- fields in this struct
[INFO] [stdout] 258 |     id: Id,
[INFO] [stdout]     |     ^^
[INFO] [stdout] 259 |     user_id: u64,
[INFO] [stdout]     |     ^^^^^^^
[INFO] [stdout] 260 |     display_name: String,
[INFO] [stdout]     |     ^^^^^^^^^^^^
[INFO] [stdout]     |
[INFO] [stdout]     = note: `VehicleData` has a derived impl for the trait `Debug`, but this is intentionally ignored during dead code analysis
[INFO] [stdout]     = note: `#[warn(dead_code)]` on by default
[INFO] [stdout] 
[INFO] [stdout] 
[INFO] [stdout] warning: fields `url` and `state` are never read
[INFO] [stdout]    --> src/auth.rs:170:5
[INFO] [stdout]     |
[INFO] [stdout] 169 | pub struct LoginForm {
[INFO] [stdout]     |            --------- fields in this struct
[INFO] [stdout] 170 |     url: String,
[INFO] [stdout]     |     ^^^
[INFO] [stdout] 171 |     code: Code,
[INFO] [stdout] 172 |     state: String,
[INFO] [stdout]     |     ^^^^^
[INFO] [stdout]     |
[INFO] [stdout]     = note: `LoginForm` has a derived impl for the trait `Debug`, but this is intentionally ignored during dead code analysis
[INFO] [stdout] 
[INFO] [stdout] 
[INFO] [stdout] warning: fields `expires_in`, `state`, `token_type`, and `id_token` are never read
[INFO] [stdout]    --> src/auth.rs:189:5
[INFO] [stdout]     |
[INFO] [stdout] 186 | struct BearerTokenResponse {
[INFO] [stdout]     |        ------------------- fields in this struct
[INFO] [stdout] ...
[INFO] [stdout] 189 |     expires_in: u32,
[INFO] [stdout]     |     ^^^^^^^^^^
[INFO] [stdout] 190 |     state: String,
[INFO] [stdout]     |     ^^^^^
[INFO] [stdout] 191 |     token_type: String,
[INFO] [stdout]     |     ^^^^^^^^^^
[INFO] [stdout] 192 |     id_token: String,
[INFO] [stdout]     |     ^^^^^^^^
[INFO] [stdout]     |
[INFO] [stdout]     = note: `BearerTokenResponse` has a derived impl for the trait `Debug`, but this is intentionally ignored during dead code analysis
[INFO] [stdout] 
[INFO] [stdout] 
[INFO] [stdout] warning: 3 warnings emitted
[INFO] [stdout] 
[INFO] [stdout] 
[INFO] [stderr]     Finished dev [unoptimized + debuginfo] target(s) in 30.88s
[INFO] running `Command { std: "docker" "inspect" "0195f2c35ed154fd0b9599269fcfa2ea882f2af82169eb7203828ebb3327ad68", kill_on_drop: false }`
[INFO] running `Command { std: "docker" "rm" "-f" "0195f2c35ed154fd0b9599269fcfa2ea882f2af82169eb7203828ebb3327ad68", kill_on_drop: false }`
[INFO] [stdout] 0195f2c35ed154fd0b9599269fcfa2ea882f2af82169eb7203828ebb3327ad68
[INFO] running `Command { std: "docker" "create" "-v" "/var/lib/crater-agent-workspace/builds/worker-6-tc2/target:/opt/rustwide/target:rw,Z" "-v" "/var/lib/crater-agent-workspace/builds/worker-6-tc2/source:/opt/rustwide/workdir:ro,Z" "-v" "/var/lib/crater-agent-workspace/cargo-home:/opt/rustwide/cargo-home:ro,Z" "-v" "/var/lib/crater-agent-workspace/rustup-home:/opt/rustwide/rustup-home:ro,Z" "-e" "SOURCE_DIR=/opt/rustwide/workdir" "-e" "CARGO_TARGET_DIR=/opt/rustwide/target" "-e" "CARGO_INCREMENTAL=0" "-e" "RUST_BACKTRACE=full" "-e" "RUSTFLAGS=--cap-lints=warn" "-e" "RUSTDOCFLAGS=--cap-lints=warn" "-e" "CARGO_HOME=/opt/rustwide/cargo-home" "-e" "RUSTUP_HOME=/opt/rustwide/rustup-home" "-w" "/opt/rustwide/workdir" "-m" "1610612736" "--user" "0:0" "--network" "none" "ghcr.io/rust-lang/crates-build-env/linux@sha256:5ff2268d62e97bff2cde7d5815dd6ed5b47097566f13b8d0ca110b04b60e07ed" "/opt/rustwide/cargo-home/bin/cargo" "+beta-2023-04-20" "test" "--frozen" "--no-run" "--message-format=json", kill_on_drop: false }`
[INFO] [stdout] 876ab913d593ee82fbc32ea4b2152ee5bf002509af3cdded92571fc0636ce9fb
[INFO] running `Command { std: "docker" "start" "-a" "876ab913d593ee82fbc32ea4b2152ee5bf002509af3cdded92571fc0636ce9fb", kill_on_drop: false }`
[INFO] [stderr]    Compiling test-log v0.2.10
[INFO] [stdout] warning: fields `id`, `user_id`, and `display_name` are never read
[INFO] [stdout]    --> src/lib.rs:258:5
[INFO] [stdout]     |
[INFO] [stdout] 257 | pub struct VehicleData {
[INFO] [stdout]     |            ----------- fields in this struct
[INFO] [stdout] 258 |     id: Id,
[INFO] [stdout]     |     ^^
[INFO] [stdout] 259 |     user_id: u64,
[INFO] [stdout]     |     ^^^^^^^
[INFO] [stdout] 260 |     display_name: String,
[INFO] [stdout]     |     ^^^^^^^^^^^^
[INFO] [stdout]     |
[INFO] [stdout]     = note: `VehicleData` has a derived impl for the trait `Debug`, but this is intentionally ignored during dead code analysis
[INFO] [stdout]     = note: `#[warn(dead_code)]` on by default
[INFO] [stdout] 
[INFO] [stdout] 
[INFO] [stdout] warning: fields `url` and `state` are never read
[INFO] [stdout]    --> src/auth.rs:170:5
[INFO] [stdout]     |
[INFO] [stdout] 169 | pub struct LoginForm {
[INFO] [stdout]     |            --------- fields in this struct
[INFO] [stdout] 170 |     url: String,
[INFO] [stdout]     |     ^^^
[INFO] [stdout] 171 |     code: Code,
[INFO] [stdout] 172 |     state: String,
[INFO] [stdout]     |     ^^^^^
[INFO] [stdout]     |
[INFO] [stdout]     = note: `LoginForm` has a derived impl for the trait `Debug`, but this is intentionally ignored during dead code analysis
[INFO] [stdout] 
[INFO] [stdout] 
[INFO] [stdout] warning: fields `expires_in`, `state`, `token_type`, and `id_token` are never read
[INFO] [stdout]    --> src/auth.rs:189:5
[INFO] [stdout]     |
[INFO] [stdout] 186 | struct BearerTokenResponse {
[INFO] [stdout]     |        ------------------- fields in this struct
[INFO] [stdout] ...
[INFO] [stdout] 189 |     expires_in: u32,
[INFO] [stdout]     |     ^^^^^^^^^^
[INFO] [stdout] 190 |     state: String,
[INFO] [stdout]     |     ^^^^^
[INFO] [stdout] 191 |     token_type: String,
[INFO] [stdout]     |     ^^^^^^^^^^
[INFO] [stdout] 192 |     id_token: String,
[INFO] [stdout]     |     ^^^^^^^^
[INFO] [stdout]     |
[INFO] [stdout]     = note: `BearerTokenResponse` has a derived impl for the trait `Debug`, but this is intentionally ignored during dead code analysis
[INFO] [stdout] 
[INFO] [stdout] 
[INFO] [stdout] warning: 3 warnings emitted
[INFO] [stdout] 
[INFO] [stdout] 
[INFO] [stderr]    Compiling teslatte v0.0.1 (/opt/rustwide/workdir)
[INFO] [stdout] error[E0433]: failed to resolve: use of undeclared crate or module `tracing_subscriber`
[INFO] [stdout]  --> examples/basic.rs:6:5
[INFO] [stdout]   |
[INFO] [stdout] 6 |     tracing_subscriber::fmt::init();
[INFO] [stdout]   |     ^^^^^^^^^^^^^^^^^^ use of undeclared crate or module `tracing_subscriber`
[INFO] [stdout] 
[INFO] [stdout] 
[INFO] [stdout] error: aborting due to previous error
[INFO] [stdout] 
[INFO] [stdout] 
[INFO] [stdout] For more information about this error, try `rustc --explain E0433`.
[INFO] [stdout] 
[INFO] [stderr] error: could not compile `teslatte` (example "basic") due to 2 previous errors
[INFO] [stderr] warning: build failed, waiting for other jobs to finish...
[INFO] [stdout] error[E0433]: failed to resolve: could not find `tracing_subscriber` in the list of imported crates
[INFO] [stdout]    --> src/lib.rs:333:5
[INFO] [stdout]     |
[INFO] [stdout] 333 |     #[test]
[INFO] [stdout]     |     ^^^^^^^ could not find `tracing_subscriber` in the list of imported crates
[INFO] [stdout]     |
[INFO] [stdout]     = note: this error originates in the attribute macro `test` (in Nightly builds, run with -Z macro-backtrace for more info)
[INFO] [stdout] 
[INFO] [stdout] 
[INFO] [stdout] error[E0433]: failed to resolve: could not find `tracing_subscriber` in the list of imported crates
[INFO] [stdout]    --> src/lib.rs:400:5
[INFO] [stdout]     |
[INFO] [stdout] 400 |     #[test]
[INFO] [stdout]     |     ^^^^^^^ could not find `tracing_subscriber` in the list of imported crates
[INFO] [stdout]     |
[INFO] [stdout]     = note: this error originates in the attribute macro `test` (in Nightly builds, run with -Z macro-backtrace for more info)
[INFO] [stdout] 
[INFO] [stdout] 
[INFO] [stdout] error: aborting due to 2 previous errors
[INFO] [stdout] 
[INFO] [stdout] 
[INFO] [stdout] For more information about this error, try `rustc --explain E0433`.
[INFO] [stdout] 
[INFO] [stderr] error: could not compile `teslatte` (lib test) due to 3 previous errors
[INFO] running `Command { std: "docker" "inspect" "876ab913d593ee82fbc32ea4b2152ee5bf002509af3cdded92571fc0636ce9fb", kill_on_drop: false }`
[INFO] running `Command { std: "docker" "rm" "-f" "876ab913d593ee82fbc32ea4b2152ee5bf002509af3cdded92571fc0636ce9fb", kill_on_drop: false }`
[INFO] [stdout] 876ab913d593ee82fbc32ea4b2152ee5bf002509af3cdded92571fc0636ce9fb
